{"id":102912,"date":"2020-06-30T16:34:26","date_gmt":"2020-06-30T14:34:26","guid":{"rendered":"https:\/\/www.vetorino.com\/boutique\/product\/tonivet-chien-adulte-mini-sterilise-2\/"},"modified":"2025-11-20T16:05:11","modified_gmt":"2025-11-20T15:05:11","slug":"tonivet-chien-adulte-mini-sterilise-2","status":"publish","type":"product","link":"https:\/\/www.vetorino.com\/boutique\/product\/tonivet-chien-adulte-mini-sterilise-2\/","title":{"rendered":"Chien Adulte Mini St\u00e9rilis\u00e9"},"content":{"rendered":"<p><strong>Tonivet Chien Adult Mini St\u00e9rilis\u00e9<\/strong> sont des croquettes fran\u00e7aises \u00e9labor\u00e9es pour r\u00e9pondre au statut carnivore du chien gr\u00e2ce \u00e0 une alimentation riche en prot\u00e9ines d\u2019origine animale, de haute digestibilit\u00e9 et une teneur raisonn\u00e9e en cendres.<\/p>\n<p>Taille de la croquette : 10 mm.<\/p>\n<p><strong>Utilisation :<\/strong><\/p>\n<ul>\n<li>Chien st\u00e9rilis\u00e9 \u00e0 partir de 10 mois<\/li>\n<li>Petite race\u00a0(moins de\u00a010 kg)<\/li>\n<\/ul>\n<p><strong>Bienfaits essentiels :<\/strong><\/p>\n<ul>\n<li>Formulation unique\u00a0<strong>faible en glucides<\/strong>\u00a0assimilables.<\/li>\n<li>Aliment parfaitement dos\u00e9 en acides anim\u00e9s, acides gras essentiels et vitamines\u00a0<strong>pour les chiens adultes<\/strong>.<\/li>\n<li>Fabriqu\u00e9 \u00e0 partir de prot\u00e9ines d\u00e9shydrat\u00e9es de canard-volaille, viandes blanches et de graisse de canard.\u00a0Ces prot\u00e9ines d\u00e9shydrat\u00e9es associ\u00e9es \u00e0 des prot\u00e9ines \u00e0 haute valeur biologique (poudre d&#8217;oeuf, levure de bi\u00e8re, farine de saumon &#8230;) conf\u00e8rent au produit une\u00a0<strong>tr\u00e8s bonne digestibilit\u00e9<\/strong>.<\/li>\n<li>Sacs <strong>recyclables<\/strong> et <strong>compostables<\/strong>.<\/li>\n<\/ul>\n<p>&nbsp;<\/p>\n","protected":false},"excerpt":{"rendered":"<p><strong>TONIVET MINI STERILISE<\/strong> aide \u00e0 maintenir un poids de forme optimal chez les chiens st\u00e9rilis\u00e9s de petite taille gr\u00e2ce \u00e0<strong> une teneur \u00e9lev\u00e9e en prot\u00e9ines<\/strong> (33%), un apport mod\u00e9r\u00e9 en mati\u00e8res grasses (13%) et un rationnement contr\u00f4l\u00e9. La richesse en fibres de ce produit favorise le transit et apporte une sensation de sati\u00e9t\u00e9. La pr\u00e9sence de chondroprotecteurs favorise le soutien articulaire.<\/p>\n","protected":false},"featured_media":296607,"template":"","meta":[],"product_cat":[12552,12584,2698],"product_tag":[],"class_list":{"0":"post-102912","1":"product","2":"type-product","3":"status-publish","4":"has-post-thumbnail","6":"product_cat-alimentation-du-chien","7":"product_cat-alimentation-premium-pour-chien","8":"product_cat-chien","9":"pa_marque-tonivet","11":"first","12":"instock","13":"taxable","14":"shipping-taxable","15":"purchasable","16":"product-type-variable"},"yoast_head":"<!-- This site is optimized with the Yoast SEO plugin v27.3 - https:\/\/yoast.com\/product\/yoast-seo-wordpress\/ -->\n<title>Chien Adulte Mini St\u00e9rilis\u00e9 Tonivet - V\u00e9torino<\/title>\n<meta name=\"description\" content=\"Tonivet Chien Adult Mini St\u00e9rilis\u00e9 sont des croquettes \u00e9labor\u00e9es qui r\u00e9pondent au statut carnivore du chien gr\u00e2ce \u00e0 une alimentation riche en prot\u00e9ines animale\" \/>\n<meta name=\"robots\" content=\"index, follow, max-snippet:-1, max-image-preview:large, max-video-preview:-1\" \/>\n<link rel=\"canonical\" href=\"https:\/\/www.vetorino.com\/boutique\/product\/tonivet-chien-adulte-mini-sterilise-2\/\" \/>\n<meta property=\"og:locale\" content=\"fr_FR\" \/>\n<meta property=\"og:type\" content=\"article\" \/>\n<meta property=\"og:title\" content=\"Chien Adulte Mini St\u00e9rilis\u00e9 Tonivet - V\u00e9torino\" \/>\n<meta property=\"og:description\" content=\"Tonivet Chien Adult Mini St\u00e9rilis\u00e9 sont des croquettes \u00e9labor\u00e9es qui r\u00e9pondent au statut carnivore du chien gr\u00e2ce \u00e0 une alimentation riche en prot\u00e9ines animale\" \/>\n<meta property=\"og:url\" content=\"https:\/\/www.vetorino.com\/boutique\/product\/tonivet-chien-adulte-mini-sterilise-2\/\" \/>\n<meta property=\"og:site_name\" content=\"V\u00e9torino\" \/>\n<meta property=\"article:publisher\" content=\"https:\/\/www.facebook.com\/Vetorino\/\" \/>\n<meta property=\"article:modified_time\" content=\"2025-11-20T15:05:11+00:00\" \/>\n<meta property=\"og:image\" content=\"https:\/\/www.vetorino.com\/boutique\/wp-content\/uploads\/2020\/06\/tonivet-chien-adulte-mini-sterilise-vetorino.jpg\" \/>\n\t<meta property=\"og:image:width\" content=\"540\" \/>\n\t<meta property=\"og:image:height\" content=\"540\" \/>\n\t<meta property=\"og:image:type\" content=\"image\/jpeg\" \/>\n<meta name=\"twitter:card\" content=\"summary_large_image\" \/>\n<meta name=\"twitter:label1\" content=\"Disponibilit\u00e9\" \/>\n\t<meta name=\"twitter:data1\" content=\"En stock\" \/>\n<script type=\"application\/ld+json\" class=\"yoast-schema-graph\">{\"@context\":\"https:\\\/\\\/schema.org\",\"@graph\":[{\"@type\":\"WebPage\",\"@id\":\"https:\\\/\\\/www.vetorino.com\\\/boutique\\\/product\\\/tonivet-chien-adulte-mini-sterilise-2\\\/\",\"url\":\"https:\\\/\\\/www.vetorino.com\\\/boutique\\\/product\\\/tonivet-chien-adulte-mini-sterilise-2\\\/\",\"name\":\"Chien Adulte Mini St\u00e9rilis\u00e9 Tonivet - V\u00e9torino\",\"isPartOf\":{\"@id\":\"https:\\\/\\\/www.vetorino.com\\\/boutique\\\/#website\"},\"primaryImageOfPage\":{\"@id\":\"https:\\\/\\\/www.vetorino.com\\\/boutique\\\/product\\\/tonivet-chien-adulte-mini-sterilise-2\\\/#primaryimage\"},\"image\":{\"@id\":\"https:\\\/\\\/www.vetorino.com\\\/boutique\\\/product\\\/tonivet-chien-adulte-mini-sterilise-2\\\/#primaryimage\"},\"thumbnailUrl\":\"https:\\\/\\\/www.vetorino.com\\\/boutique\\\/wp-content\\\/uploads\\\/2020\\\/06\\\/tonivet-chien-adulte-mini-sterilise-vetorino.jpg\",\"datePublished\":\"2020-06-30T14:34:26+00:00\",\"dateModified\":\"2025-11-20T15:05:11+00:00\",\"description\":\"Tonivet Chien Adult Mini St\u00e9rilis\u00e9 sont des croquettes \u00e9labor\u00e9es qui r\u00e9pondent au statut carnivore du chien gr\u00e2ce \u00e0 une alimentation riche en prot\u00e9ines animale\",\"breadcrumb\":{\"@id\":\"https:\\\/\\\/www.vetorino.com\\\/boutique\\\/product\\\/tonivet-chien-adulte-mini-sterilise-2\\\/#breadcrumb\"},\"inLanguage\":\"fr-FR\",\"potentialAction\":[{\"@type\":\"ReadAction\",\"target\":[\"https:\\\/\\\/www.vetorino.com\\\/boutique\\\/product\\\/tonivet-chien-adulte-mini-sterilise-2\\\/\"]}]},{\"@type\":\"ImageObject\",\"inLanguage\":\"fr-FR\",\"@id\":\"https:\\\/\\\/www.vetorino.com\\\/boutique\\\/product\\\/tonivet-chien-adulte-mini-sterilise-2\\\/#primaryimage\",\"url\":\"https:\\\/\\\/www.vetorino.com\\\/boutique\\\/wp-content\\\/uploads\\\/2020\\\/06\\\/tonivet-chien-adulte-mini-sterilise-vetorino.jpg\",\"contentUrl\":\"https:\\\/\\\/www.vetorino.com\\\/boutique\\\/wp-content\\\/uploads\\\/2020\\\/06\\\/tonivet-chien-adulte-mini-sterilise-vetorino.jpg\",\"width\":540,\"height\":540,\"caption\":\"croquettes Tonivet chien adulte mini st\u00e9rilis\u00e9 vetorino\"},{\"@type\":\"BreadcrumbList\",\"@id\":\"https:\\\/\\\/www.vetorino.com\\\/boutique\\\/product\\\/tonivet-chien-adulte-mini-sterilise-2\\\/#breadcrumb\",\"itemListElement\":[{\"@type\":\"ListItem\",\"position\":1,\"name\":\"Accueil\",\"item\":\"https:\\\/\\\/www.vetorino.com\\\/boutique\\\/\"},{\"@type\":\"ListItem\",\"position\":2,\"name\":\"Produits\",\"item\":\"https:\\\/\\\/www.vetorino.com\\\/boutique\\\/\"},{\"@type\":\"ListItem\",\"position\":3,\"name\":\"Chien Adulte Mini St\u00e9rilis\u00e9\"}]},{\"@type\":\"WebSite\",\"@id\":\"https:\\\/\\\/www.vetorino.com\\\/boutique\\\/#website\",\"url\":\"https:\\\/\\\/www.vetorino.com\\\/boutique\\\/\",\"name\":\"V\u00e9torino\",\"description\":\"\",\"publisher\":{\"@id\":\"https:\\\/\\\/www.vetorino.com\\\/boutique\\\/#organization\"},\"potentialAction\":[{\"@type\":\"SearchAction\",\"target\":{\"@type\":\"EntryPoint\",\"urlTemplate\":\"https:\\\/\\\/www.vetorino.com\\\/boutique\\\/?s={search_term_string}\"},\"query-input\":{\"@type\":\"PropertyValueSpecification\",\"valueRequired\":true,\"valueName\":\"search_term_string\"}}],\"inLanguage\":\"fr-FR\"},{\"@type\":\"Organization\",\"@id\":\"https:\\\/\\\/www.vetorino.com\\\/boutique\\\/#organization\",\"name\":\"V\u00e9torino\",\"url\":\"https:\\\/\\\/www.vetorino.com\\\/boutique\\\/\",\"logo\":{\"@type\":\"ImageObject\",\"inLanguage\":\"fr-FR\",\"@id\":\"https:\\\/\\\/www.vetorino.com\\\/boutique\\\/#\\\/schema\\\/logo\\\/image\\\/\",\"url\":\"https:\\\/\\\/www.vetorino.com\\\/boutique\\\/wp-content\\\/uploads\\\/2024\\\/10\\\/logo.jpg\",\"contentUrl\":\"https:\\\/\\\/www.vetorino.com\\\/boutique\\\/wp-content\\\/uploads\\\/2024\\\/10\\\/logo.jpg\",\"width\":1200,\"height\":610,\"caption\":\"V\u00e9torino\"},\"image\":{\"@id\":\"https:\\\/\\\/www.vetorino.com\\\/boutique\\\/#\\\/schema\\\/logo\\\/image\\\/\"},\"sameAs\":[\"https:\\\/\\\/www.facebook.com\\\/Vetorino\\\/\",\"https:\\\/\\\/www.instagram.com\\\/vetorino_off\\\/\",\"https:\\\/\\\/www.linkedin.com\\\/company\\\/vtorino\\\/\"]}]}<\/script>\n<meta property=\"product:brand\" content=\"Tonivet\" \/>\n<meta property=\"og:availability\" content=\"instock\" \/>\n<meta property=\"product:availability\" content=\"instock\" \/>\n<meta property=\"product:condition\" content=\"new\" \/>\n<!-- \/ Yoast SEO plugin. -->","yoast_head_json":{"title":"Chien Adulte Mini St\u00e9rilis\u00e9 Tonivet - V\u00e9torino","description":"Tonivet Chien Adult Mini St\u00e9rilis\u00e9 sont des croquettes \u00e9labor\u00e9es qui r\u00e9pondent au statut carnivore du chien gr\u00e2ce \u00e0 une alimentation riche en prot\u00e9ines animale","robots":{"index":"index","follow":"follow","max-snippet":"max-snippet:-1","max-image-preview":"max-image-preview:large","max-video-preview":"max-video-preview:-1"},"canonical":"https:\/\/www.vetorino.com\/boutique\/product\/tonivet-chien-adulte-mini-sterilise-2\/","og_locale":"fr_FR","og_type":"article","og_title":"Chien Adulte Mini St\u00e9rilis\u00e9 Tonivet - V\u00e9torino","og_description":"Tonivet Chien Adult Mini St\u00e9rilis\u00e9 sont des croquettes \u00e9labor\u00e9es qui r\u00e9pondent au statut carnivore du chien gr\u00e2ce \u00e0 une alimentation riche en prot\u00e9ines animale","og_url":"https:\/\/www.vetorino.com\/boutique\/product\/tonivet-chien-adulte-mini-sterilise-2\/","og_site_name":"V\u00e9torino","article_publisher":"https:\/\/www.facebook.com\/Vetorino\/","article_modified_time":"2025-11-20T15:05:11+00:00","og_image":[{"width":540,"height":540,"url":"https:\/\/www.vetorino.com\/boutique\/wp-content\/uploads\/2020\/06\/tonivet-chien-adulte-mini-sterilise-vetorino.jpg","type":"image\/jpeg"}],"twitter_card":"summary_large_image","twitter_misc":{"Disponibilit\u00e9":"En stock"},"schema":{"@context":"https:\/\/schema.org","@graph":[{"@type":"WebPage","@id":"https:\/\/www.vetorino.com\/boutique\/product\/tonivet-chien-adulte-mini-sterilise-2\/","url":"https:\/\/www.vetorino.com\/boutique\/product\/tonivet-chien-adulte-mini-sterilise-2\/","name":"Chien Adulte Mini St\u00e9rilis\u00e9 Tonivet - V\u00e9torino","isPartOf":{"@id":"https:\/\/www.vetorino.com\/boutique\/#website"},"primaryImageOfPage":{"@id":"https:\/\/www.vetorino.com\/boutique\/product\/tonivet-chien-adulte-mini-sterilise-2\/#primaryimage"},"image":{"@id":"https:\/\/www.vetorino.com\/boutique\/product\/tonivet-chien-adulte-mini-sterilise-2\/#primaryimage"},"thumbnailUrl":"https:\/\/www.vetorino.com\/boutique\/wp-content\/uploads\/2020\/06\/tonivet-chien-adulte-mini-sterilise-vetorino.jpg","datePublished":"2020-06-30T14:34:26+00:00","dateModified":"2025-11-20T15:05:11+00:00","description":"Tonivet Chien Adult Mini St\u00e9rilis\u00e9 sont des croquettes \u00e9labor\u00e9es qui r\u00e9pondent au statut carnivore du chien gr\u00e2ce \u00e0 une alimentation riche en prot\u00e9ines animale","breadcrumb":{"@id":"https:\/\/www.vetorino.com\/boutique\/product\/tonivet-chien-adulte-mini-sterilise-2\/#breadcrumb"},"inLanguage":"fr-FR","potentialAction":[{"@type":"ReadAction","target":["https:\/\/www.vetorino.com\/boutique\/product\/tonivet-chien-adulte-mini-sterilise-2\/"]}]},{"@type":"ImageObject","inLanguage":"fr-FR","@id":"https:\/\/www.vetorino.com\/boutique\/product\/tonivet-chien-adulte-mini-sterilise-2\/#primaryimage","url":"https:\/\/www.vetorino.com\/boutique\/wp-content\/uploads\/2020\/06\/tonivet-chien-adulte-mini-sterilise-vetorino.jpg","contentUrl":"https:\/\/www.vetorino.com\/boutique\/wp-content\/uploads\/2020\/06\/tonivet-chien-adulte-mini-sterilise-vetorino.jpg","width":540,"height":540,"caption":"croquettes Tonivet chien adulte mini st\u00e9rilis\u00e9 vetorino"},{"@type":"BreadcrumbList","@id":"https:\/\/www.vetorino.com\/boutique\/product\/tonivet-chien-adulte-mini-sterilise-2\/#breadcrumb","itemListElement":[{"@type":"ListItem","position":1,"name":"Accueil","item":"https:\/\/www.vetorino.com\/boutique\/"},{"@type":"ListItem","position":2,"name":"Produits","item":"https:\/\/www.vetorino.com\/boutique\/"},{"@type":"ListItem","position":3,"name":"Chien Adulte Mini St\u00e9rilis\u00e9"}]},{"@type":"WebSite","@id":"https:\/\/www.vetorino.com\/boutique\/#website","url":"https:\/\/www.vetorino.com\/boutique\/","name":"V\u00e9torino","description":"","publisher":{"@id":"https:\/\/www.vetorino.com\/boutique\/#organization"},"potentialAction":[{"@type":"SearchAction","target":{"@type":"EntryPoint","urlTemplate":"https:\/\/www.vetorino.com\/boutique\/?s={search_term_string}"},"query-input":{"@type":"PropertyValueSpecification","valueRequired":true,"valueName":"search_term_string"}}],"inLanguage":"fr-FR"},{"@type":"Organization","@id":"https:\/\/www.vetorino.com\/boutique\/#organization","name":"V\u00e9torino","url":"https:\/\/www.vetorino.com\/boutique\/","logo":{"@type":"ImageObject","inLanguage":"fr-FR","@id":"https:\/\/www.vetorino.com\/boutique\/#\/schema\/logo\/image\/","url":"https:\/\/www.vetorino.com\/boutique\/wp-content\/uploads\/2024\/10\/logo.jpg","contentUrl":"https:\/\/www.vetorino.com\/boutique\/wp-content\/uploads\/2024\/10\/logo.jpg","width":1200,"height":610,"caption":"V\u00e9torino"},"image":{"@id":"https:\/\/www.vetorino.com\/boutique\/#\/schema\/logo\/image\/"},"sameAs":["https:\/\/www.facebook.com\/Vetorino\/","https:\/\/www.instagram.com\/vetorino_off\/","https:\/\/www.linkedin.com\/company\/vtorino\/"]}]},"product_brand":"Tonivet","og_availability":"instock","product_availability":"instock","product_condition":"new"},"_links":{"self":[{"href":"https:\/\/www.vetorino.com\/boutique\/wp-json\/wp\/v2\/product\/102912","targetHints":{"allow":["GET"]}}],"collection":[{"href":"https:\/\/www.vetorino.com\/boutique\/wp-json\/wp\/v2\/product"}],"about":[{"href":"https:\/\/www.vetorino.com\/boutique\/wp-json\/wp\/v2\/types\/product"}],"wp:featuredmedia":[{"embeddable":true,"href":"https:\/\/www.vetorino.com\/boutique\/wp-json\/wp\/v2\/media\/296607"}],"wp:attachment":[{"href":"https:\/\/www.vetorino.com\/boutique\/wp-json\/wp\/v2\/media?parent=102912"}],"wp:term":[{"taxonomy":"product_cat","embeddable":true,"href":"https:\/\/www.vetorino.com\/boutique\/wp-json\/wp\/v2\/product_cat?post=102912"},{"taxonomy":"product_tag","embeddable":true,"href":"https:\/\/www.vetorino.com\/boutique\/wp-json\/wp\/v2\/product_tag?post=102912"}],"curies":[{"name":"wp","href":"https:\/\/api.w.org\/{rel}","templated":true}]}}