{"id":465972,"date":"2022-09-15T11:00:48","date_gmt":"2022-09-15T09:00:48","guid":{"rendered":"https:\/\/www.vetorino.com\/boutique\/product\/fungfeed-chien-adulte-hypoallergenique-patee\/"},"modified":"2025-06-19T21:24:19","modified_gmt":"2025-06-19T19:24:19","slug":"fungfeed-chien-adulte-hypoallergenique-patee","status":"publish","type":"product","link":"https:\/\/www.vetorino.com\/boutique\/product\/fungfeed-chien-adulte-hypoallergenique-patee\/","title":{"rendered":"Chien Adulte Hypoallerg\u00e9nique"},"content":{"rendered":"<p><strong>P\u00e2t\u00e9e pour chien contenant des larves de\u00a0<em>Tenebrio molitor<\/em>\u00a0\u00e9lev\u00e9es dans le nord de la France comme unique source de prot\u00e9ines animales. Le nombre d\u2019ingr\u00e9dients est r\u00e9duit au minimum afin de minimiser les risques de r\u00e9actions allergiques.<\/strong><\/p>\n<p>Peut aussi \u00eatre donn\u00e9 \u00e0 des chats qui n\u2019ont pas de pathologie mais dont les propri\u00e9taires sont sensibles \u00e0 l\u2019environnement tout en d\u00e9sirant fournir des prot\u00e9ines \u00e0 leurs chiens.<\/p>\n<p><strong>Utilisation :<\/strong><\/p>\n<ul>\n<li>Chien adulte.<\/li>\n<li>R\u00e9duction des intol\u00e9rances \u00e0 certains ingr\u00e9dients et nutriments.<\/li>\n<\/ul>\n<p><strong>Bienfaits essentiels :<\/strong><\/p>\n<ul>\n<li>La p\u00e2t\u00e9e, alimentation humide (environ 70% d\u2019eau), est<strong>\u00a0recommand\u00e9e dans le cadre d\u2019une alimentation mixte<\/strong>\u00a0par les v\u00e9t\u00e9rinaires.<\/li>\n<li>A base\u00a0<strong>d&#8217;insectes<\/strong>\u00a0comme unique source de prot\u00e9ine animale, rare et riche en acides amin\u00e9s essentiels.<\/li>\n<li>Hautement\u00a0<strong>digestible.<\/strong><\/li>\n<li>Riche en\u00a0<strong>prot\u00e9ines animales<\/strong>, pauvre en glucides.<\/li>\n<li><strong>R\u00e9duction des intol\u00e9rances<\/strong>\u00a0\u00e0 certains ingr\u00e9dients et nutriments<\/li>\n<li>Ingr\u00e9dients et fabrication<strong> fran\u00e7aise.<\/strong><\/li>\n<li><strong>Bo\u00eete recyclable.<\/strong><\/li>\n<\/ul>\n","protected":false},"excerpt":{"rendered":"<p><strong>P\u00e2t\u00e9e hautement digestibles riches en prot\u00e9ines animales, pauvre en glucides. Cet aliment contient\u00a0de l\u2019insecte comme unique source de prot\u00e9ines animales ainsi qu\u2019un nombre r\u00e9duit d\u2019ingr\u00e9dients afin de\u00a0minimiser les risques de r\u00e9actions allergiques.<\/strong><\/p>\n<p>Peut aussi \u00eatre donn\u00e9 \u00e0 des chiens qui n\u2019ont pas de pathologie mais dont les propri\u00e9taires sont sensibles \u00e0 l\u2019environnement tout en d\u00e9sirant fournir des prot\u00e9ines \u00e0 leurs chats.<\/p>\n<p><strong>Utilisation :<\/strong><\/p>\n<ul>\n<li>Chien adulte.<\/li>\n<li>R\u00e9duction des intol\u00e9rances \u00e0 certains ingr\u00e9dients et nutriments.<\/li>\n<\/ul>\n<p><strong>Cet aliment a \u00e9t\u00e9 formul\u00e9 pour les r\u00e9gimes d\u2019\u00e9victions et pour les animaux allergiques. Si vous \u00eates dans cette d\u00e9marche, nous vous recommandons de demander conseil \u00e0 votre v\u00e9t\u00e9rinaire.<\/strong><\/p>\n","protected":false},"featured_media":642776,"template":"","meta":[],"product_cat":[12552,12584,2698],"product_tag":[],"class_list":{"0":"post-465972","1":"product","2":"type-product","3":"status-publish","4":"has-post-thumbnail","6":"product_cat-alimentation-du-chien","7":"product_cat-alimentation-premium-pour-chien","8":"product_cat-chien","9":"pa_marque-fungfeed","11":"first","12":"outofstock","13":"taxable","14":"shipping-taxable","15":"purchasable","16":"product-type-simple"},"yoast_head":"<!-- This site is optimized with the Yoast SEO plugin v27.3 - https:\/\/yoast.com\/product\/yoast-seo-wordpress\/ -->\n<title>Chien Adulte Hypoallerg\u00e9nique Fungfeed - V\u00e9torino<\/title>\n<meta name=\"description\" content=\"P\u00e2t\u00e9e hautement digestibles riches en prot\u00e9ines animales, pauvre en glucides. Cet aliment contient\u00a0de l\u2019insecte comme unique source de prot\u00e9ines animales ainsi qu\u2019un nombre r\u00e9duit d\u2019ingr\u00e9dients afin de\u00a0minimiser les risques de r\u00e9actions allergiques.  Peut aussi \u00eatre donn\u00e9 \u00e0 des chiens qui n\u2019ont pas de pathologie mais dont les propri\u00e9taires sont sensibles \u00e0 l\u2019environnement tout en d\u00e9sirant fournir des prot\u00e9ines \u00e0 leurs chats.  Utilisation :   Chien adulte.  R\u00e9duction des intol\u00e9rances \u00e0 certains ingr\u00e9dients et nutriments.  Cet aliment a \u00e9t\u00e9 formul\u00e9 pour les r\u00e9gimes d\u2019\u00e9victions et pour les animaux allergiques. Si vous \u00eates dans cette d\u00e9marche, nous vous recommandons de demander conseil \u00e0 votre v\u00e9t\u00e9rinaire.\" \/>\n<meta name=\"robots\" content=\"index, follow, max-snippet:-1, max-image-preview:large, max-video-preview:-1\" \/>\n<link rel=\"canonical\" href=\"https:\/\/www.vetorino.com\/boutique\/product\/fungfeed-chien-adulte-hypoallergenique-patee\/\" \/>\n<meta property=\"og:locale\" content=\"fr_FR\" \/>\n<meta property=\"og:type\" content=\"article\" \/>\n<meta property=\"og:title\" content=\"Chien Adulte Hypoallerg\u00e9nique Fungfeed - V\u00e9torino\" \/>\n<meta property=\"og:description\" content=\"P\u00e2t\u00e9e hautement digestibles riches en prot\u00e9ines animales, pauvre en glucides. Cet aliment contient\u00a0de l\u2019insecte comme unique source de prot\u00e9ines animales ainsi qu\u2019un nombre r\u00e9duit d\u2019ingr\u00e9dients afin de\u00a0minimiser les risques de r\u00e9actions allergiques.  Peut aussi \u00eatre donn\u00e9 \u00e0 des chiens qui n\u2019ont pas de pathologie mais dont les propri\u00e9taires sont sensibles \u00e0 l\u2019environnement tout en d\u00e9sirant fournir des prot\u00e9ines \u00e0 leurs chats.  Utilisation :   Chien adulte.  R\u00e9duction des intol\u00e9rances \u00e0 certains ingr\u00e9dients et nutriments.  Cet aliment a \u00e9t\u00e9 formul\u00e9 pour les r\u00e9gimes d\u2019\u00e9victions et pour les animaux allergiques. Si vous \u00eates dans cette d\u00e9marche, nous vous recommandons de demander conseil \u00e0 votre v\u00e9t\u00e9rinaire.\" \/>\n<meta property=\"og:url\" content=\"https:\/\/www.vetorino.com\/boutique\/product\/fungfeed-chien-adulte-hypoallergenique-patee\/\" \/>\n<meta property=\"og:site_name\" content=\"V\u00e9torino\" \/>\n<meta property=\"article:publisher\" content=\"https:\/\/www.facebook.com\/Vetorino\/\" \/>\n<meta property=\"article:modified_time\" content=\"2025-06-19T19:24:19+00:00\" \/>\n<meta property=\"og:image\" content=\"https:\/\/www.vetorino.com\/boutique\/wp-content\/uploads\/2023\/04\/fungfeed-patee-chien.png\" \/>\n\t<meta property=\"og:image:width\" content=\"1000\" \/>\n\t<meta property=\"og:image:height\" content=\"1000\" \/>\n\t<meta property=\"og:image:type\" content=\"image\/png\" \/>\n<meta name=\"twitter:card\" content=\"summary_large_image\" \/>\n<meta name=\"twitter:label1\" content=\"Prix\" \/>\n\t<meta name=\"twitter:data1\" content=\"96,44&euro;\" \/>\n\t<meta name=\"twitter:label2\" content=\"Disponibilit\u00e9\" \/>\n\t<meta name=\"twitter:data2\" content=\"Rupture de stock\" \/>\n<script type=\"application\/ld+json\" class=\"yoast-schema-graph\">{\"@context\":\"https:\\\/\\\/schema.org\",\"@graph\":[{\"@type\":\"WebPage\",\"@id\":\"https:\\\/\\\/www.vetorino.com\\\/boutique\\\/product\\\/fungfeed-chien-adulte-hypoallergenique-patee\\\/\",\"url\":\"https:\\\/\\\/www.vetorino.com\\\/boutique\\\/product\\\/fungfeed-chien-adulte-hypoallergenique-patee\\\/\",\"name\":\"Chien Adulte Hypoallerg\u00e9nique Fungfeed - V\u00e9torino\",\"isPartOf\":{\"@id\":\"https:\\\/\\\/www.vetorino.com\\\/boutique\\\/#website\"},\"primaryImageOfPage\":{\"@id\":\"https:\\\/\\\/www.vetorino.com\\\/boutique\\\/product\\\/fungfeed-chien-adulte-hypoallergenique-patee\\\/#primaryimage\"},\"image\":{\"@id\":\"https:\\\/\\\/www.vetorino.com\\\/boutique\\\/product\\\/fungfeed-chien-adulte-hypoallergenique-patee\\\/#primaryimage\"},\"thumbnailUrl\":\"https:\\\/\\\/www.vetorino.com\\\/boutique\\\/wp-content\\\/uploads\\\/2023\\\/04\\\/fungfeed-patee-chien.png\",\"datePublished\":\"2022-09-15T09:00:48+00:00\",\"dateModified\":\"2025-06-19T19:24:19+00:00\",\"description\":\"P\u00e2t\u00e9e hautement digestibles riches en prot\u00e9ines animales, pauvre en glucides. Cet aliment contient\u00a0de l\u2019insecte comme unique source de prot\u00e9ines animales ainsi qu\u2019un nombre r\u00e9duit d\u2019ingr\u00e9dients afin de\u00a0minimiser les risques de r\u00e9actions allergiques. Peut aussi \u00eatre donn\u00e9 \u00e0 des chiens qui n\u2019ont pas de pathologie mais dont les propri\u00e9taires sont sensibles \u00e0 l\u2019environnement tout en d\u00e9sirant fournir des prot\u00e9ines \u00e0 leurs chats. Utilisation : Chien adulte. R\u00e9duction des intol\u00e9rances \u00e0 certains ingr\u00e9dients et nutriments. Cet aliment a \u00e9t\u00e9 formul\u00e9 pour les r\u00e9gimes d\u2019\u00e9victions et pour les animaux allergiques. Si vous \u00eates dans cette d\u00e9marche, nous vous recommandons de demander conseil \u00e0 votre v\u00e9t\u00e9rinaire.\",\"breadcrumb\":{\"@id\":\"https:\\\/\\\/www.vetorino.com\\\/boutique\\\/product\\\/fungfeed-chien-adulte-hypoallergenique-patee\\\/#breadcrumb\"},\"inLanguage\":\"fr-FR\",\"potentialAction\":[{\"@type\":\"ReadAction\",\"target\":[\"https:\\\/\\\/www.vetorino.com\\\/boutique\\\/product\\\/fungfeed-chien-adulte-hypoallergenique-patee\\\/\"]}]},{\"@type\":\"ImageObject\",\"inLanguage\":\"fr-FR\",\"@id\":\"https:\\\/\\\/www.vetorino.com\\\/boutique\\\/product\\\/fungfeed-chien-adulte-hypoallergenique-patee\\\/#primaryimage\",\"url\":\"https:\\\/\\\/www.vetorino.com\\\/boutique\\\/wp-content\\\/uploads\\\/2023\\\/04\\\/fungfeed-patee-chien.png\",\"contentUrl\":\"https:\\\/\\\/www.vetorino.com\\\/boutique\\\/wp-content\\\/uploads\\\/2023\\\/04\\\/fungfeed-patee-chien.png\",\"width\":1000,\"height\":1000},{\"@type\":\"BreadcrumbList\",\"@id\":\"https:\\\/\\\/www.vetorino.com\\\/boutique\\\/product\\\/fungfeed-chien-adulte-hypoallergenique-patee\\\/#breadcrumb\",\"itemListElement\":[{\"@type\":\"ListItem\",\"position\":1,\"name\":\"Accueil\",\"item\":\"https:\\\/\\\/www.vetorino.com\\\/boutique\\\/\"},{\"@type\":\"ListItem\",\"position\":2,\"name\":\"Produits\",\"item\":\"https:\\\/\\\/www.vetorino.com\\\/boutique\\\/\"},{\"@type\":\"ListItem\",\"position\":3,\"name\":\"Chien Adulte Hypoallerg\u00e9nique\"}]},{\"@type\":\"WebSite\",\"@id\":\"https:\\\/\\\/www.vetorino.com\\\/boutique\\\/#website\",\"url\":\"https:\\\/\\\/www.vetorino.com\\\/boutique\\\/\",\"name\":\"V\u00e9torino\",\"description\":\"\",\"publisher\":{\"@id\":\"https:\\\/\\\/www.vetorino.com\\\/boutique\\\/#organization\"},\"potentialAction\":[{\"@type\":\"SearchAction\",\"target\":{\"@type\":\"EntryPoint\",\"urlTemplate\":\"https:\\\/\\\/www.vetorino.com\\\/boutique\\\/?s={search_term_string}\"},\"query-input\":{\"@type\":\"PropertyValueSpecification\",\"valueRequired\":true,\"valueName\":\"search_term_string\"}}],\"inLanguage\":\"fr-FR\"},{\"@type\":\"Organization\",\"@id\":\"https:\\\/\\\/www.vetorino.com\\\/boutique\\\/#organization\",\"name\":\"V\u00e9torino\",\"url\":\"https:\\\/\\\/www.vetorino.com\\\/boutique\\\/\",\"logo\":{\"@type\":\"ImageObject\",\"inLanguage\":\"fr-FR\",\"@id\":\"https:\\\/\\\/www.vetorino.com\\\/boutique\\\/#\\\/schema\\\/logo\\\/image\\\/\",\"url\":\"https:\\\/\\\/www.vetorino.com\\\/boutique\\\/wp-content\\\/uploads\\\/2024\\\/10\\\/logo.jpg\",\"contentUrl\":\"https:\\\/\\\/www.vetorino.com\\\/boutique\\\/wp-content\\\/uploads\\\/2024\\\/10\\\/logo.jpg\",\"width\":1200,\"height\":610,\"caption\":\"V\u00e9torino\"},\"image\":{\"@id\":\"https:\\\/\\\/www.vetorino.com\\\/boutique\\\/#\\\/schema\\\/logo\\\/image\\\/\"},\"sameAs\":[\"https:\\\/\\\/www.facebook.com\\\/Vetorino\\\/\",\"https:\\\/\\\/www.instagram.com\\\/vetorino_off\\\/\",\"https:\\\/\\\/www.linkedin.com\\\/company\\\/vtorino\\\/\"]}]}<\/script>\n<meta property=\"product:brand\" content=\"Fungfeed\" \/>\n<meta property=\"product:price:amount\" content=\"96.44\" \/>\n<meta property=\"product:price:currency\" content=\"EUR\" \/>\n<meta property=\"og:availability\" content=\"out of stock\" \/>\n<meta property=\"product:availability\" content=\"out of stock\" \/>\n<meta property=\"product:retailer_item_id\" content=\"C-FUN007\" \/>\n<meta property=\"product:condition\" content=\"new\" \/>\n<!-- \/ Yoast SEO plugin. -->","yoast_head_json":{"title":"Chien Adulte Hypoallerg\u00e9nique Fungfeed - V\u00e9torino","description":"P\u00e2t\u00e9e hautement digestibles riches en prot\u00e9ines animales, pauvre en glucides. Cet aliment contient\u00a0de l\u2019insecte comme unique source de prot\u00e9ines animales ainsi qu\u2019un nombre r\u00e9duit d\u2019ingr\u00e9dients afin de\u00a0minimiser les risques de r\u00e9actions allergiques.  Peut aussi \u00eatre donn\u00e9 \u00e0 des chiens qui n\u2019ont pas de pathologie mais dont les propri\u00e9taires sont sensibles \u00e0 l\u2019environnement tout en d\u00e9sirant fournir des prot\u00e9ines \u00e0 leurs chats.  Utilisation :   Chien adulte.  R\u00e9duction des intol\u00e9rances \u00e0 certains ingr\u00e9dients et nutriments.  Cet aliment a \u00e9t\u00e9 formul\u00e9 pour les r\u00e9gimes d\u2019\u00e9victions et pour les animaux allergiques. Si vous \u00eates dans cette d\u00e9marche, nous vous recommandons de demander conseil \u00e0 votre v\u00e9t\u00e9rinaire.","robots":{"index":"index","follow":"follow","max-snippet":"max-snippet:-1","max-image-preview":"max-image-preview:large","max-video-preview":"max-video-preview:-1"},"canonical":"https:\/\/www.vetorino.com\/boutique\/product\/fungfeed-chien-adulte-hypoallergenique-patee\/","og_locale":"fr_FR","og_type":"article","og_title":"Chien Adulte Hypoallerg\u00e9nique Fungfeed - V\u00e9torino","og_description":"P\u00e2t\u00e9e hautement digestibles riches en prot\u00e9ines animales, pauvre en glucides. Cet aliment contient\u00a0de l\u2019insecte comme unique source de prot\u00e9ines animales ainsi qu\u2019un nombre r\u00e9duit d\u2019ingr\u00e9dients afin de\u00a0minimiser les risques de r\u00e9actions allergiques.  Peut aussi \u00eatre donn\u00e9 \u00e0 des chiens qui n\u2019ont pas de pathologie mais dont les propri\u00e9taires sont sensibles \u00e0 l\u2019environnement tout en d\u00e9sirant fournir des prot\u00e9ines \u00e0 leurs chats.  Utilisation :   Chien adulte.  R\u00e9duction des intol\u00e9rances \u00e0 certains ingr\u00e9dients et nutriments.  Cet aliment a \u00e9t\u00e9 formul\u00e9 pour les r\u00e9gimes d\u2019\u00e9victions et pour les animaux allergiques. Si vous \u00eates dans cette d\u00e9marche, nous vous recommandons de demander conseil \u00e0 votre v\u00e9t\u00e9rinaire.","og_url":"https:\/\/www.vetorino.com\/boutique\/product\/fungfeed-chien-adulte-hypoallergenique-patee\/","og_site_name":"V\u00e9torino","article_publisher":"https:\/\/www.facebook.com\/Vetorino\/","article_modified_time":"2025-06-19T19:24:19+00:00","og_image":[{"width":1000,"height":1000,"url":"https:\/\/www.vetorino.com\/boutique\/wp-content\/uploads\/2023\/04\/fungfeed-patee-chien.png","type":"image\/png"}],"twitter_card":"summary_large_image","twitter_misc":{"Prix":"96,44&euro;","Disponibilit\u00e9":"Rupture de stock"},"schema":{"@context":"https:\/\/schema.org","@graph":[{"@type":"WebPage","@id":"https:\/\/www.vetorino.com\/boutique\/product\/fungfeed-chien-adulte-hypoallergenique-patee\/","url":"https:\/\/www.vetorino.com\/boutique\/product\/fungfeed-chien-adulte-hypoallergenique-patee\/","name":"Chien Adulte Hypoallerg\u00e9nique Fungfeed - V\u00e9torino","isPartOf":{"@id":"https:\/\/www.vetorino.com\/boutique\/#website"},"primaryImageOfPage":{"@id":"https:\/\/www.vetorino.com\/boutique\/product\/fungfeed-chien-adulte-hypoallergenique-patee\/#primaryimage"},"image":{"@id":"https:\/\/www.vetorino.com\/boutique\/product\/fungfeed-chien-adulte-hypoallergenique-patee\/#primaryimage"},"thumbnailUrl":"https:\/\/www.vetorino.com\/boutique\/wp-content\/uploads\/2023\/04\/fungfeed-patee-chien.png","datePublished":"2022-09-15T09:00:48+00:00","dateModified":"2025-06-19T19:24:19+00:00","description":"P\u00e2t\u00e9e hautement digestibles riches en prot\u00e9ines animales, pauvre en glucides. Cet aliment contient\u00a0de l\u2019insecte comme unique source de prot\u00e9ines animales ainsi qu\u2019un nombre r\u00e9duit d\u2019ingr\u00e9dients afin de\u00a0minimiser les risques de r\u00e9actions allergiques. Peut aussi \u00eatre donn\u00e9 \u00e0 des chiens qui n\u2019ont pas de pathologie mais dont les propri\u00e9taires sont sensibles \u00e0 l\u2019environnement tout en d\u00e9sirant fournir des prot\u00e9ines \u00e0 leurs chats. Utilisation : Chien adulte. R\u00e9duction des intol\u00e9rances \u00e0 certains ingr\u00e9dients et nutriments. Cet aliment a \u00e9t\u00e9 formul\u00e9 pour les r\u00e9gimes d\u2019\u00e9victions et pour les animaux allergiques. Si vous \u00eates dans cette d\u00e9marche, nous vous recommandons de demander conseil \u00e0 votre v\u00e9t\u00e9rinaire.","breadcrumb":{"@id":"https:\/\/www.vetorino.com\/boutique\/product\/fungfeed-chien-adulte-hypoallergenique-patee\/#breadcrumb"},"inLanguage":"fr-FR","potentialAction":[{"@type":"ReadAction","target":["https:\/\/www.vetorino.com\/boutique\/product\/fungfeed-chien-adulte-hypoallergenique-patee\/"]}]},{"@type":"ImageObject","inLanguage":"fr-FR","@id":"https:\/\/www.vetorino.com\/boutique\/product\/fungfeed-chien-adulte-hypoallergenique-patee\/#primaryimage","url":"https:\/\/www.vetorino.com\/boutique\/wp-content\/uploads\/2023\/04\/fungfeed-patee-chien.png","contentUrl":"https:\/\/www.vetorino.com\/boutique\/wp-content\/uploads\/2023\/04\/fungfeed-patee-chien.png","width":1000,"height":1000},{"@type":"BreadcrumbList","@id":"https:\/\/www.vetorino.com\/boutique\/product\/fungfeed-chien-adulte-hypoallergenique-patee\/#breadcrumb","itemListElement":[{"@type":"ListItem","position":1,"name":"Accueil","item":"https:\/\/www.vetorino.com\/boutique\/"},{"@type":"ListItem","position":2,"name":"Produits","item":"https:\/\/www.vetorino.com\/boutique\/"},{"@type":"ListItem","position":3,"name":"Chien Adulte Hypoallerg\u00e9nique"}]},{"@type":"WebSite","@id":"https:\/\/www.vetorino.com\/boutique\/#website","url":"https:\/\/www.vetorino.com\/boutique\/","name":"V\u00e9torino","description":"","publisher":{"@id":"https:\/\/www.vetorino.com\/boutique\/#organization"},"potentialAction":[{"@type":"SearchAction","target":{"@type":"EntryPoint","urlTemplate":"https:\/\/www.vetorino.com\/boutique\/?s={search_term_string}"},"query-input":{"@type":"PropertyValueSpecification","valueRequired":true,"valueName":"search_term_string"}}],"inLanguage":"fr-FR"},{"@type":"Organization","@id":"https:\/\/www.vetorino.com\/boutique\/#organization","name":"V\u00e9torino","url":"https:\/\/www.vetorino.com\/boutique\/","logo":{"@type":"ImageObject","inLanguage":"fr-FR","@id":"https:\/\/www.vetorino.com\/boutique\/#\/schema\/logo\/image\/","url":"https:\/\/www.vetorino.com\/boutique\/wp-content\/uploads\/2024\/10\/logo.jpg","contentUrl":"https:\/\/www.vetorino.com\/boutique\/wp-content\/uploads\/2024\/10\/logo.jpg","width":1200,"height":610,"caption":"V\u00e9torino"},"image":{"@id":"https:\/\/www.vetorino.com\/boutique\/#\/schema\/logo\/image\/"},"sameAs":["https:\/\/www.facebook.com\/Vetorino\/","https:\/\/www.instagram.com\/vetorino_off\/","https:\/\/www.linkedin.com\/company\/vtorino\/"]}]},"product_brand":"Fungfeed","product_price_amount":"96.44","product_price_currency":"EUR","og_availability":"out of stock","product_availability":"out of stock","product_retailer_item_id":"C-FUN007","product_condition":"new"},"_links":{"self":[{"href":"https:\/\/www.vetorino.com\/boutique\/wp-json\/wp\/v2\/product\/465972","targetHints":{"allow":["GET"]}}],"collection":[{"href":"https:\/\/www.vetorino.com\/boutique\/wp-json\/wp\/v2\/product"}],"about":[{"href":"https:\/\/www.vetorino.com\/boutique\/wp-json\/wp\/v2\/types\/product"}],"wp:featuredmedia":[{"embeddable":true,"href":"https:\/\/www.vetorino.com\/boutique\/wp-json\/wp\/v2\/media\/642776"}],"wp:attachment":[{"href":"https:\/\/www.vetorino.com\/boutique\/wp-json\/wp\/v2\/media?parent=465972"}],"wp:term":[{"taxonomy":"product_cat","embeddable":true,"href":"https:\/\/www.vetorino.com\/boutique\/wp-json\/wp\/v2\/product_cat?post=465972"},{"taxonomy":"product_tag","embeddable":true,"href":"https:\/\/www.vetorino.com\/boutique\/wp-json\/wp\/v2\/product_tag?post=465972"}],"curies":[{"name":"wp","href":"https:\/\/api.w.org\/{rel}","templated":true}]}}