{"id":131341,"date":"2020-11-27T00:34:56","date_gmt":"2020-11-26T23:34:56","guid":{"rendered":"https:\/\/www.vetorino.com\/boutique\/product\/specific-chat-f-bio-wp-poulet-barquette\/"},"modified":"2025-08-20T17:51:46","modified_gmt":"2025-08-20T15:51:46","slug":"specific-chat-f-bio-wp-poulet-barquette","status":"publish","type":"product","link":"https:\/\/www.vetorino.com\/veterinaire\/balaruclevieux-34540\/boutique\/product\/specific-chat-f-bio-wp-poulet-barquette\/","title":{"rendered":"F-BIO-W Organic Poulet &#8211; chat"},"content":{"rendered":"<p><strong>Aliment complet et \u00e9quilibr\u00e9 qui fournit au chat adulte tous les nutriments n\u00e9cessaires pour une vie en bonne sant\u00e9.<\/strong><\/p>\n<p><strong>Utilisation :<\/strong><\/p>\n<ul>\n<li>Alimentation quotidienne\u00a0du\u00a0chat adulte en bonne sant\u00e9, st\u00e9rilis\u00e9 ou non<\/li>\n<li>Diab\u00e8te<\/li>\n<li>Cystite idiopathique<\/li>\n<\/ul>\n<p><strong>Attention : le passage \u00e0 cet aliment peut diminuer les besoins en insuline des chats diab\u00e9tiques.<br \/>\n<\/strong><\/p>\n<p><strong>Bienfaits essentiels :<\/strong><\/p>\n<ul>\n<li>Les ingr\u00e9dients hautement digestibles de qualit\u00e9 sup\u00e9rieure garantissent un\u00a0<strong>apport optimal de nutriments \u00e0 partir de l\u2019alimentation<\/strong>, tout en r\u00e9duisant le volume des selles.<\/li>\n<li>L\u2019aliment\u00a0<strong>complet et \u00e9quilibr\u00e9<\/strong>\u00a0fournit aux chats adultes tous les nutriments n\u00e9cessaires pour une vie en bonne sant\u00e9.<\/li>\n<li>Les ingr\u00e9dients sont issus de\u00a0<strong>l\u2019agriculture biologique<\/strong>\u00a0\u00e0 concurrence d\u2019au moins 95 %. SPECIFIC\u00ae F-BIO-W Organic a re\u00e7u le\u00a0<strong>label bio<\/strong>\u00a0d\u00e9cern\u00e9 par Austria Bio Garantie, l\u2019organisme autrichien de contr\u00f4le de l\u2019agriculture biologique.<\/li>\n<li>La consommation d\u2019un aliment humide tel que SPECIFIC\u00ae F-BIO-W Organic augmente la diur\u00e8se. Combin\u00e9e \u00e0 un pH urinaire contr\u00f4l\u00e9, cela\u00a0<strong>contribue \u00e0 la bonne sant\u00e9 du syst\u00e8me urinaire<\/strong>\u00a0et apporte un soutien aux chats souffrant de cystite idiopathique.<\/li>\n<li>Chez les chats, les acides amin\u00e9s d\u00e9clenchent davantage la lib\u00e9ration d\u2019insuline que le glucose et un apport excessif de glucides est souvent mal tol\u00e9r\u00e9. Gr\u00e2ce \u00e0 sa teneur \u00e9lev\u00e9e en prot\u00e9ines et \u00e0 sa faible teneur en glucides, SPECIFIC\u00ae F-BIO-W Organic\u00a0<strong>convient donc parfaitement aux chats diab\u00e9tiques<\/strong>.<\/li>\n<\/ul>\n","protected":false},"excerpt":{"rendered":"<p><strong>Aliment complet et \u00e9quilibr\u00e9 qui fournit au chat adulte tous les nutriments n\u00e9cessaires pour une vie en bonne sant\u00e9.<\/p>\n<p><\/strong><\/p>\n<p><strong>Utilisation :<\/strong><\/p>\n<ul>\n<li>Alimentation quotidienne du chat adulte en bonne sant\u00e9, st\u00e9rilis\u00e9 ou non<\/li>\n<li>Diab\u00e8te<\/li>\n<li>Cystite idiopathique<\/li>\n<\/ul>\n<p><strong>Attention : le passage \u00e0 cet aliment peut diminuer les besoins en insuline des chats diab\u00e9tiques.<\/strong><\/p>\n","protected":false},"featured_media":156605,"template":"","meta":[],"product_cat":[12551,12583,2697],"product_tag":[],"class_list":{"0":"post-131341","1":"product","2":"type-product","3":"status-publish","4":"has-post-thumbnail","6":"product_cat-alimentation-du-chat","7":"product_cat-alimentation-premium-pour-chat","8":"product_cat-chat","9":"pa_marque-specific","11":"first","12":"instock","13":"taxable","14":"shipping-taxable","15":"purchasable","16":"product-type-simple"},"yoast_head":"<!-- This site is optimized with the Yoast SEO plugin v27.3 - https:\/\/yoast.com\/product\/yoast-seo-wordpress\/ -->\n<title>F-BIO-W Organic Poulet - chat Specific - V\u00e9torino<\/title>\n<meta name=\"description\" content=\"Aliment complet et \u00e9quilibr\u00e9 qui fournit au chat adulte tous les nutriments n\u00e9cessaires pour une vie en bonne sant\u00e9.    Utilisation :   Alimentation quotidienne du chat adulte en bonne sant\u00e9, st\u00e9rilis\u00e9 ou non  Diab\u00e8te  Cystite idiopathique  Attention : le passage \u00e0 cet aliment peut diminuer les besoins en insuline des chats diab\u00e9tiques.\" \/>\n<meta name=\"robots\" content=\"noindex, nofollow\" \/>\n<meta property=\"og:locale\" content=\"fr_FR\" \/>\n<meta property=\"og:type\" content=\"article\" \/>\n<meta property=\"og:title\" content=\"F-BIO-W Organic Poulet - chat Specific - V\u00e9torino\" \/>\n<meta property=\"og:description\" content=\"Aliment complet et \u00e9quilibr\u00e9 qui fournit au chat adulte tous les nutriments n\u00e9cessaires pour une vie en bonne sant\u00e9.    Utilisation :   Alimentation quotidienne du chat adulte en bonne sant\u00e9, st\u00e9rilis\u00e9 ou non  Diab\u00e8te  Cystite idiopathique  Attention : le passage \u00e0 cet aliment peut diminuer les besoins en insuline des chats diab\u00e9tiques.\" \/>\n<meta property=\"og:url\" content=\"https:\/\/www.vetorino.com\/veterinaire\/balaruclevieux-34540\/boutique\/product\/specific-chat-f-bio-wp-poulet-barquette\/\" \/>\n<meta property=\"og:site_name\" content=\"V\u00e9torino\" \/>\n<meta property=\"article:publisher\" content=\"https:\/\/www.facebook.com\/Vetorino\/\" \/>\n<meta property=\"article:modified_time\" content=\"2025-08-20T15:51:46+00:00\" \/>\n<meta property=\"og:image\" content=\"https:\/\/www.vetorino.com\/boutique\/wp-content\/uploads\/2020\/11\/chat-f-bio-w-organic-chicken.jpg\" \/>\n\t<meta property=\"og:image:width\" content=\"458\" \/>\n\t<meta property=\"og:image:height\" content=\"458\" \/>\n\t<meta property=\"og:image:type\" content=\"image\/jpeg\" \/>\n<meta name=\"twitter:card\" content=\"summary_large_image\" \/>\n<meta name=\"twitter:label1\" content=\"Prix\" \/>\n\t<meta name=\"twitter:data1\" content=\"12,71&euro;\" \/>\n\t<meta name=\"twitter:label2\" content=\"Disponibilit\u00e9\" \/>\n\t<meta name=\"twitter:data2\" content=\"En stock\" \/>\n<script type=\"application\/ld+json\" class=\"yoast-schema-graph\">{\"@context\":\"https:\\\/\\\/schema.org\",\"@graph\":[{\"@type\":\"WebPage\",\"@id\":\"https:\\\/\\\/www.vetorino.com\\\/boutique\\\/product\\\/specific-chat-f-bio-wp-poulet-barquette\\\/\",\"url\":\"https:\\\/\\\/www.vetorino.com\\\/boutique\\\/product\\\/specific-chat-f-bio-wp-poulet-barquette\\\/\",\"name\":\"F-BIO-W Organic Poulet - chat Specific - V\u00e9torino\",\"isPartOf\":{\"@id\":\"https:\\\/\\\/www.vetorino.com\\\/boutique\\\/#website\"},\"primaryImageOfPage\":{\"@id\":\"https:\\\/\\\/www.vetorino.com\\\/boutique\\\/product\\\/specific-chat-f-bio-wp-poulet-barquette\\\/#primaryimage\"},\"image\":{\"@id\":\"https:\\\/\\\/www.vetorino.com\\\/boutique\\\/product\\\/specific-chat-f-bio-wp-poulet-barquette\\\/#primaryimage\"},\"thumbnailUrl\":\"https:\\\/\\\/www.vetorino.com\\\/boutique\\\/wp-content\\\/uploads\\\/2020\\\/11\\\/chat-f-bio-w-organic-chicken.jpg\",\"datePublished\":\"2020-11-26T23:34:56+00:00\",\"dateModified\":\"2025-08-20T15:51:46+00:00\",\"description\":\"Aliment complet et \u00e9quilibr\u00e9 qui fournit au chat adulte tous les nutriments n\u00e9cessaires pour une vie en bonne sant\u00e9. Utilisation : Alimentation quotidienne du chat adulte en bonne sant\u00e9, st\u00e9rilis\u00e9 ou non Diab\u00e8te Cystite idiopathique Attention : le passage \u00e0 cet aliment peut diminuer les besoins en insuline des chats diab\u00e9tiques.\",\"breadcrumb\":{\"@id\":\"https:\\\/\\\/www.vetorino.com\\\/boutique\\\/product\\\/specific-chat-f-bio-wp-poulet-barquette\\\/#breadcrumb\"},\"inLanguage\":\"fr-FR\",\"potentialAction\":[{\"@type\":\"ReadAction\",\"target\":[\"https:\\\/\\\/www.vetorino.com\\\/boutique\\\/product\\\/specific-chat-f-bio-wp-poulet-barquette\\\/\"]}]},{\"@type\":\"ImageObject\",\"inLanguage\":\"fr-FR\",\"@id\":\"https:\\\/\\\/www.vetorino.com\\\/boutique\\\/product\\\/specific-chat-f-bio-wp-poulet-barquette\\\/#primaryimage\",\"url\":\"https:\\\/\\\/www.vetorino.com\\\/boutique\\\/wp-content\\\/uploads\\\/2020\\\/11\\\/chat-f-bio-w-organic-chicken.jpg\",\"contentUrl\":\"https:\\\/\\\/www.vetorino.com\\\/boutique\\\/wp-content\\\/uploads\\\/2020\\\/11\\\/chat-f-bio-w-organic-chicken.jpg\",\"width\":458,\"height\":458},{\"@type\":\"BreadcrumbList\",\"@id\":\"https:\\\/\\\/www.vetorino.com\\\/boutique\\\/product\\\/specific-chat-f-bio-wp-poulet-barquette\\\/#breadcrumb\",\"itemListElement\":[{\"@type\":\"ListItem\",\"position\":1,\"name\":\"Accueil\",\"item\":\"https:\\\/\\\/www.vetorino.com\\\/boutique\\\/\"},{\"@type\":\"ListItem\",\"position\":2,\"name\":\"Produits\",\"item\":\"https:\\\/\\\/www.vetorino.com\\\/boutique\\\/\"},{\"@type\":\"ListItem\",\"position\":3,\"name\":\"F-BIO-W Organic Poulet &#8211; chat\"}]},{\"@type\":\"WebSite\",\"@id\":\"https:\\\/\\\/www.vetorino.com\\\/boutique\\\/#website\",\"url\":\"https:\\\/\\\/www.vetorino.com\\\/boutique\\\/\",\"name\":\"V\u00e9torino\",\"description\":\"\",\"publisher\":{\"@id\":\"https:\\\/\\\/www.vetorino.com\\\/boutique\\\/#organization\"},\"potentialAction\":[{\"@type\":\"SearchAction\",\"target\":{\"@type\":\"EntryPoint\",\"urlTemplate\":\"https:\\\/\\\/www.vetorino.com\\\/boutique\\\/?s={search_term_string}\"},\"query-input\":{\"@type\":\"PropertyValueSpecification\",\"valueRequired\":true,\"valueName\":\"search_term_string\"}}],\"inLanguage\":\"fr-FR\"},{\"@type\":\"Organization\",\"@id\":\"https:\\\/\\\/www.vetorino.com\\\/boutique\\\/#organization\",\"name\":\"V\u00e9torino\",\"url\":\"https:\\\/\\\/www.vetorino.com\\\/boutique\\\/\",\"logo\":{\"@type\":\"ImageObject\",\"inLanguage\":\"fr-FR\",\"@id\":\"https:\\\/\\\/www.vetorino.com\\\/boutique\\\/#\\\/schema\\\/logo\\\/image\\\/\",\"url\":\"https:\\\/\\\/www.vetorino.com\\\/boutique\\\/wp-content\\\/uploads\\\/2024\\\/10\\\/logo.jpg\",\"contentUrl\":\"https:\\\/\\\/www.vetorino.com\\\/boutique\\\/wp-content\\\/uploads\\\/2024\\\/10\\\/logo.jpg\",\"width\":1200,\"height\":610,\"caption\":\"V\u00e9torino\"},\"image\":{\"@id\":\"https:\\\/\\\/www.vetorino.com\\\/boutique\\\/#\\\/schema\\\/logo\\\/image\\\/\"},\"sameAs\":[\"https:\\\/\\\/www.facebook.com\\\/Vetorino\\\/\",\"https:\\\/\\\/www.instagram.com\\\/vetorino_off\\\/\",\"https:\\\/\\\/www.linkedin.com\\\/company\\\/vtorino\\\/\"]}]}<\/script>\n<meta property=\"product:brand\" content=\"Specific\" \/>\n<meta property=\"product:price:amount\" content=\"12.71\" \/>\n<meta property=\"product:price:currency\" content=\"EUR\" \/>\n<meta property=\"og:availability\" content=\"instock\" \/>\n<meta property=\"product:availability\" content=\"instock\" \/>\n<meta property=\"product:retailer_item_id\" content=\"A-1853080\" \/>\n<meta property=\"product:condition\" content=\"new\" \/>\n<!-- \/ Yoast SEO plugin. -->","yoast_head_json":{"title":"F-BIO-W Organic Poulet - chat Specific - V\u00e9torino","description":"Aliment complet et \u00e9quilibr\u00e9 qui fournit au chat adulte tous les nutriments n\u00e9cessaires pour une vie en bonne sant\u00e9.    Utilisation :   Alimentation quotidienne du chat adulte en bonne sant\u00e9, st\u00e9rilis\u00e9 ou non  Diab\u00e8te  Cystite idiopathique  Attention : le passage \u00e0 cet aliment peut diminuer les besoins en insuline des chats diab\u00e9tiques.","robots":{"index":"noindex","follow":"nofollow"},"og_locale":"fr_FR","og_type":"article","og_title":"F-BIO-W Organic Poulet - chat Specific - V\u00e9torino","og_description":"Aliment complet et \u00e9quilibr\u00e9 qui fournit au chat adulte tous les nutriments n\u00e9cessaires pour une vie en bonne sant\u00e9.    Utilisation :   Alimentation quotidienne du chat adulte en bonne sant\u00e9, st\u00e9rilis\u00e9 ou non  Diab\u00e8te  Cystite idiopathique  Attention : le passage \u00e0 cet aliment peut diminuer les besoins en insuline des chats diab\u00e9tiques.","og_url":"https:\/\/www.vetorino.com\/veterinaire\/balaruclevieux-34540\/boutique\/product\/specific-chat-f-bio-wp-poulet-barquette\/","og_site_name":"V\u00e9torino","article_publisher":"https:\/\/www.facebook.com\/Vetorino\/","article_modified_time":"2025-08-20T15:51:46+00:00","og_image":[{"width":458,"height":458,"url":"https:\/\/www.vetorino.com\/boutique\/wp-content\/uploads\/2020\/11\/chat-f-bio-w-organic-chicken.jpg","type":"image\/jpeg"}],"twitter_card":"summary_large_image","twitter_misc":{"Prix":"12,71&euro;","Disponibilit\u00e9":"En stock"},"schema":{"@context":"https:\/\/schema.org","@graph":[{"@type":"WebPage","@id":"https:\/\/www.vetorino.com\/boutique\/product\/specific-chat-f-bio-wp-poulet-barquette\/","url":"https:\/\/www.vetorino.com\/boutique\/product\/specific-chat-f-bio-wp-poulet-barquette\/","name":"F-BIO-W Organic Poulet - chat Specific - V\u00e9torino","isPartOf":{"@id":"https:\/\/www.vetorino.com\/boutique\/#website"},"primaryImageOfPage":{"@id":"https:\/\/www.vetorino.com\/boutique\/product\/specific-chat-f-bio-wp-poulet-barquette\/#primaryimage"},"image":{"@id":"https:\/\/www.vetorino.com\/boutique\/product\/specific-chat-f-bio-wp-poulet-barquette\/#primaryimage"},"thumbnailUrl":"https:\/\/www.vetorino.com\/boutique\/wp-content\/uploads\/2020\/11\/chat-f-bio-w-organic-chicken.jpg","datePublished":"2020-11-26T23:34:56+00:00","dateModified":"2025-08-20T15:51:46+00:00","description":"Aliment complet et \u00e9quilibr\u00e9 qui fournit au chat adulte tous les nutriments n\u00e9cessaires pour une vie en bonne sant\u00e9. Utilisation : Alimentation quotidienne du chat adulte en bonne sant\u00e9, st\u00e9rilis\u00e9 ou non Diab\u00e8te Cystite idiopathique Attention : le passage \u00e0 cet aliment peut diminuer les besoins en insuline des chats diab\u00e9tiques.","breadcrumb":{"@id":"https:\/\/www.vetorino.com\/boutique\/product\/specific-chat-f-bio-wp-poulet-barquette\/#breadcrumb"},"inLanguage":"fr-FR","potentialAction":[{"@type":"ReadAction","target":["https:\/\/www.vetorino.com\/boutique\/product\/specific-chat-f-bio-wp-poulet-barquette\/"]}]},{"@type":"ImageObject","inLanguage":"fr-FR","@id":"https:\/\/www.vetorino.com\/boutique\/product\/specific-chat-f-bio-wp-poulet-barquette\/#primaryimage","url":"https:\/\/www.vetorino.com\/boutique\/wp-content\/uploads\/2020\/11\/chat-f-bio-w-organic-chicken.jpg","contentUrl":"https:\/\/www.vetorino.com\/boutique\/wp-content\/uploads\/2020\/11\/chat-f-bio-w-organic-chicken.jpg","width":458,"height":458},{"@type":"BreadcrumbList","@id":"https:\/\/www.vetorino.com\/boutique\/product\/specific-chat-f-bio-wp-poulet-barquette\/#breadcrumb","itemListElement":[{"@type":"ListItem","position":1,"name":"Accueil","item":"https:\/\/www.vetorino.com\/boutique\/"},{"@type":"ListItem","position":2,"name":"Produits","item":"https:\/\/www.vetorino.com\/boutique\/"},{"@type":"ListItem","position":3,"name":"F-BIO-W Organic Poulet &#8211; chat"}]},{"@type":"WebSite","@id":"https:\/\/www.vetorino.com\/boutique\/#website","url":"https:\/\/www.vetorino.com\/boutique\/","name":"V\u00e9torino","description":"","publisher":{"@id":"https:\/\/www.vetorino.com\/boutique\/#organization"},"potentialAction":[{"@type":"SearchAction","target":{"@type":"EntryPoint","urlTemplate":"https:\/\/www.vetorino.com\/boutique\/?s={search_term_string}"},"query-input":{"@type":"PropertyValueSpecification","valueRequired":true,"valueName":"search_term_string"}}],"inLanguage":"fr-FR"},{"@type":"Organization","@id":"https:\/\/www.vetorino.com\/boutique\/#organization","name":"V\u00e9torino","url":"https:\/\/www.vetorino.com\/boutique\/","logo":{"@type":"ImageObject","inLanguage":"fr-FR","@id":"https:\/\/www.vetorino.com\/boutique\/#\/schema\/logo\/image\/","url":"https:\/\/www.vetorino.com\/boutique\/wp-content\/uploads\/2024\/10\/logo.jpg","contentUrl":"https:\/\/www.vetorino.com\/boutique\/wp-content\/uploads\/2024\/10\/logo.jpg","width":1200,"height":610,"caption":"V\u00e9torino"},"image":{"@id":"https:\/\/www.vetorino.com\/boutique\/#\/schema\/logo\/image\/"},"sameAs":["https:\/\/www.facebook.com\/Vetorino\/","https:\/\/www.instagram.com\/vetorino_off\/","https:\/\/www.linkedin.com\/company\/vtorino\/"]}]},"product_brand":"Specific","product_price_amount":"12.71","product_price_currency":"EUR","og_availability":"instock","product_availability":"instock","product_retailer_item_id":"A-1853080","product_condition":"new"},"_links":{"self":[{"href":"https:\/\/www.vetorino.com\/veterinaire\/balaruclevieux-34540\/boutique\/wp-json\/wp\/v2\/product\/131341","targetHints":{"allow":["GET"]}}],"collection":[{"href":"https:\/\/www.vetorino.com\/veterinaire\/balaruclevieux-34540\/boutique\/wp-json\/wp\/v2\/product"}],"about":[{"href":"https:\/\/www.vetorino.com\/veterinaire\/balaruclevieux-34540\/boutique\/wp-json\/wp\/v2\/types\/product"}],"wp:featuredmedia":[{"embeddable":true,"href":"https:\/\/www.vetorino.com\/veterinaire\/balaruclevieux-34540\/boutique\/wp-json\/wp\/v2\/media\/156605"}],"wp:attachment":[{"href":"https:\/\/www.vetorino.com\/veterinaire\/balaruclevieux-34540\/boutique\/wp-json\/wp\/v2\/media?parent=131341"}],"wp:term":[{"taxonomy":"product_cat","embeddable":true,"href":"https:\/\/www.vetorino.com\/veterinaire\/balaruclevieux-34540\/boutique\/wp-json\/wp\/v2\/product_cat?post=131341"},{"taxonomy":"product_tag","embeddable":true,"href":"https:\/\/www.vetorino.com\/veterinaire\/balaruclevieux-34540\/boutique\/wp-json\/wp\/v2\/product_tag?post=131341"}],"curies":[{"name":"wp","href":"https:\/\/api.w.org\/{rel}","templated":true}]}}