{"id":1369761,"date":"2025-06-12T05:35:20","date_gmt":"2025-06-12T03:35:20","guid":{"rendered":"https:\/\/www.vetorino.com\/boutique\/product\/advance-veterinary-diets-chien-hypoallergenic-gastroenteric\/"},"modified":"2025-10-29T17:22:17","modified_gmt":"2025-10-29T16:22:17","slug":"advance-veterinary-diets-chien-hypoallergenic-gastroenteric","status":"publish","type":"product","link":"https:\/\/www.vetorino.com\/veterinaire\/balaruclevieux-34540\/boutique\/product\/advance-veterinary-diets-chien-hypoallergenic-gastroenteric\/","title":{"rendered":"Chien Hypoallergenic &amp; Gastroenteric"},"content":{"rendered":"<p>ADVANCE VETERINARY DIETS Hypoallergenic &amp; Gastroenteric est u<strong>n aliment di\u00e9t\u00e9tique complet pour chiens adultes,<\/strong> aux r\u00e9sultats cliniquement prouv\u00e9s, visant \u00e0<strong> r\u00e9duire les intol\u00e9rances aux ingr\u00e9dients et aux nutriments.<\/strong><\/p>\n<p>\u00c9labor\u00e9 \u00e0 base de prot\u00e9ine de soja hydrolys\u00e9e de tr\u00e8s faible poids mol\u00e9culaire comme source unique de prot\u00e9ine et d&#8217;amidon purifi\u00e9 comme source unique de glucides, il <strong>am\u00e9liore la digestion<\/strong> des chiens souffrant d\u2019allergies et d\u2018intol\u00e9rances alimentaires. Par ailleurs, son enrobage hypoallerg\u00e9nique lui conf\u00e8re une<strong> excellente saveur.<\/strong><\/p>\n<p><strong>Utilisation :<\/strong><\/p>\n<p>\u2022 R\u00e9gime d\u2019\u00e9viction dans le cadre de tests alimentaires<br \/>\n\u2022 Insuffisance pancr\u00e9atique exocrine<br \/>\n\u2022 Dermatite li\u00e9e aux allergies alimentaires<br \/>\n\u2022 Maladie inflammatoire de l\u2019intestin<br \/>\n\u2022 Gastro-ent\u00e9rite li\u00e9e aux allergies alimentaires<br \/>\n\u2022 Ent\u00e9ropathie exsudative<br \/>\n\u2022 Ent\u00e9ropathie sensible \u00e0 l\u2019alimentation<br \/>\n\u2022 Lymphangiectasie<br \/>\n\u2022 Malabsorption<br \/>\n\u2022 Hyperlipid\u00e9mie<br \/>\n\u2022 Gastrite<\/p>\n<p><strong>Il est recommand\u00e9 de consulter un v\u00e9t\u00e9rinaire avant l&#8217;introduction d&#8217;un r\u00e9gime alimentaire v\u00e9t\u00e9rinaire.<\/strong><\/p>\n","protected":false},"excerpt":{"rendered":"<p>ADVANCE VETERINARY DIETS Hypoallergenic &amp; Gastroenteric est u<strong>n aliment di\u00e9t\u00e9tique complet pour chiens adultes,<\/strong> aux r\u00e9sultats cliniquement prouv\u00e9s.<\/p>\n<p>Formul\u00e9 pour<strong>\u00a0r\u00e9duire les intol\u00e9rances aux ingr\u00e9dients et aux nutriments.<\/strong><\/p>\n","protected":false},"featured_media":1371576,"template":"","meta":[],"product_cat":[12552,12582,2698],"product_tag":[],"class_list":{"0":"post-1369761","1":"product","2":"type-product","3":"status-publish","4":"has-post-thumbnail","6":"product_cat-alimentation-du-chien","7":"product_cat-alimentation-medicalisee-pour-chien","8":"product_cat-chien","9":"pa_marque-advance","11":"first","12":"instock","13":"taxable","14":"shipping-taxable","15":"purchasable","16":"product-type-simple"},"yoast_head":"<!-- This site is optimized with the Yoast SEO plugin v27.3 - https:\/\/yoast.com\/product\/yoast-seo-wordpress\/ -->\n<title>Veterinary Diets (Advance) Chien Hypoallergenic &amp; Gastroenteric Advance - V\u00e9torino<\/title>\n<meta name=\"description\" content=\"ADVANCE VETERINARY DIETS Hypoallergenic &amp; Gastroenteric est un aliment di\u00e9t\u00e9tique complet pour chiens adultes, aux r\u00e9sultats cliniquement prouv\u00e9s.  Formul\u00e9 pour\u00a0r\u00e9duire les intol\u00e9rances aux ingr\u00e9dients et aux nutriments.\" \/>\n<meta name=\"robots\" content=\"noindex, nofollow\" \/>\n<meta property=\"og:locale\" content=\"fr_FR\" \/>\n<meta property=\"og:type\" content=\"article\" \/>\n<meta property=\"og:title\" content=\"Veterinary Diets (Advance) Chien Hypoallergenic &amp; Gastroenteric Advance - V\u00e9torino\" \/>\n<meta property=\"og:description\" content=\"ADVANCE VETERINARY DIETS Hypoallergenic &amp; Gastroenteric est un aliment di\u00e9t\u00e9tique complet pour chiens adultes, aux r\u00e9sultats cliniquement prouv\u00e9s.  Formul\u00e9 pour\u00a0r\u00e9duire les intol\u00e9rances aux ingr\u00e9dients et aux nutriments.\" \/>\n<meta property=\"og:url\" content=\"https:\/\/www.vetorino.com\/veterinaire\/balaruclevieux-34540\/boutique\/product\/advance-veterinary-diets-chien-hypoallergenic-gastroenteric\/\" \/>\n<meta property=\"og:site_name\" content=\"V\u00e9torino\" \/>\n<meta property=\"article:publisher\" content=\"https:\/\/www.facebook.com\/Vetorino\/\" \/>\n<meta property=\"article:modified_time\" content=\"2025-10-29T16:22:17+00:00\" \/>\n<meta property=\"og:image\" content=\"https:\/\/www.vetorino.com\/boutique\/wp-content\/uploads\/2025\/06\/advance-hypoallergeniqueggastroenteric-chien-croquette-advance.jpg\" \/>\n\t<meta property=\"og:image:width\" content=\"1208\" \/>\n\t<meta property=\"og:image:height\" content=\"1280\" \/>\n\t<meta property=\"og:image:type\" content=\"image\/jpeg\" \/>\n<meta name=\"twitter:card\" content=\"summary_large_image\" \/>\n<meta name=\"twitter:label1\" content=\"Prix\" \/>\n\t<meta name=\"twitter:data1\" content=\"33,99&euro;\" \/>\n\t<meta name=\"twitter:label2\" content=\"Disponibilit\u00e9\" \/>\n\t<meta name=\"twitter:data2\" content=\"En stock\" \/>\n<script type=\"application\/ld+json\" class=\"yoast-schema-graph\">{\"@context\":\"https:\\\/\\\/schema.org\",\"@graph\":[{\"@type\":\"WebPage\",\"@id\":\"https:\\\/\\\/www.vetorino.com\\\/veterinaire\\\/briancon-05100\\\/boutique\\\/product\\\/advance-veterinary-diets-chien-hypoallergenic-gastroenteric\\\/\",\"url\":\"https:\\\/\\\/www.vetorino.com\\\/veterinaire\\\/briancon-05100\\\/boutique\\\/product\\\/advance-veterinary-diets-chien-hypoallergenic-gastroenteric\\\/\",\"name\":\"Veterinary Diets (Advance) Chien Hypoallergenic &amp; Gastroenteric Advance - V\u00e9torino\",\"isPartOf\":{\"@id\":\"https:\\\/\\\/www.vetorino.com\\\/boutique\\\/#website\"},\"primaryImageOfPage\":{\"@id\":\"https:\\\/\\\/www.vetorino.com\\\/veterinaire\\\/briancon-05100\\\/boutique\\\/product\\\/advance-veterinary-diets-chien-hypoallergenic-gastroenteric\\\/#primaryimage\"},\"image\":{\"@id\":\"https:\\\/\\\/www.vetorino.com\\\/veterinaire\\\/briancon-05100\\\/boutique\\\/product\\\/advance-veterinary-diets-chien-hypoallergenic-gastroenteric\\\/#primaryimage\"},\"thumbnailUrl\":\"https:\\\/\\\/www.vetorino.com\\\/boutique\\\/wp-content\\\/uploads\\\/2025\\\/06\\\/advance-hypoallergeniqueggastroenteric-chien-croquette-advance.jpg\",\"datePublished\":\"2025-06-12T03:35:20+00:00\",\"dateModified\":\"2025-10-29T16:22:17+00:00\",\"description\":\"ADVANCE VETERINARY DIETS Hypoallergenic &amp; Gastroenteric est un aliment di\u00e9t\u00e9tique complet pour chiens adultes, aux r\u00e9sultats cliniquement prouv\u00e9s. Formul\u00e9 pour\u00a0r\u00e9duire les intol\u00e9rances aux ingr\u00e9dients et aux nutriments.\",\"breadcrumb\":{\"@id\":\"https:\\\/\\\/www.vetorino.com\\\/veterinaire\\\/briancon-05100\\\/boutique\\\/product\\\/advance-veterinary-diets-chien-hypoallergenic-gastroenteric\\\/#breadcrumb\"},\"inLanguage\":\"fr-FR\",\"potentialAction\":[{\"@type\":\"ReadAction\",\"target\":[\"https:\\\/\\\/www.vetorino.com\\\/veterinaire\\\/briancon-05100\\\/boutique\\\/product\\\/advance-veterinary-diets-chien-hypoallergenic-gastroenteric\\\/\"]}]},{\"@type\":\"ImageObject\",\"inLanguage\":\"fr-FR\",\"@id\":\"https:\\\/\\\/www.vetorino.com\\\/veterinaire\\\/briancon-05100\\\/boutique\\\/product\\\/advance-veterinary-diets-chien-hypoallergenic-gastroenteric\\\/#primaryimage\",\"url\":\"https:\\\/\\\/www.vetorino.com\\\/boutique\\\/wp-content\\\/uploads\\\/2025\\\/06\\\/advance-hypoallergeniqueggastroenteric-chien-croquette-advance.jpg\",\"contentUrl\":\"https:\\\/\\\/www.vetorino.com\\\/boutique\\\/wp-content\\\/uploads\\\/2025\\\/06\\\/advance-hypoallergeniqueggastroenteric-chien-croquette-advance.jpg\",\"width\":1208,\"height\":1280},{\"@type\":\"BreadcrumbList\",\"@id\":\"https:\\\/\\\/www.vetorino.com\\\/veterinaire\\\/briancon-05100\\\/boutique\\\/product\\\/advance-veterinary-diets-chien-hypoallergenic-gastroenteric\\\/#breadcrumb\",\"itemListElement\":[{\"@type\":\"ListItem\",\"position\":1,\"name\":\"Accueil\",\"item\":\"https:\\\/\\\/www.vetorino.com\\\/boutique\\\/\"},{\"@type\":\"ListItem\",\"position\":2,\"name\":\"Produits\",\"item\":\"https:\\\/\\\/www.vetorino.com\\\/boutique\\\/\"},{\"@type\":\"ListItem\",\"position\":3,\"name\":\"Chien Hypoallergenic &amp; Gastroenteric\"}]},{\"@type\":\"WebSite\",\"@id\":\"https:\\\/\\\/www.vetorino.com\\\/boutique\\\/#website\",\"url\":\"https:\\\/\\\/www.vetorino.com\\\/boutique\\\/\",\"name\":\"V\u00e9torino\",\"description\":\"\",\"publisher\":{\"@id\":\"https:\\\/\\\/www.vetorino.com\\\/boutique\\\/#organization\"},\"potentialAction\":[{\"@type\":\"SearchAction\",\"target\":{\"@type\":\"EntryPoint\",\"urlTemplate\":\"https:\\\/\\\/www.vetorino.com\\\/boutique\\\/?s={search_term_string}\"},\"query-input\":{\"@type\":\"PropertyValueSpecification\",\"valueRequired\":true,\"valueName\":\"search_term_string\"}}],\"inLanguage\":\"fr-FR\"},{\"@type\":\"Organization\",\"@id\":\"https:\\\/\\\/www.vetorino.com\\\/boutique\\\/#organization\",\"name\":\"V\u00e9torino\",\"url\":\"https:\\\/\\\/www.vetorino.com\\\/boutique\\\/\",\"logo\":{\"@type\":\"ImageObject\",\"inLanguage\":\"fr-FR\",\"@id\":\"https:\\\/\\\/www.vetorino.com\\\/boutique\\\/#\\\/schema\\\/logo\\\/image\\\/\",\"url\":\"https:\\\/\\\/www.vetorino.com\\\/boutique\\\/wp-content\\\/uploads\\\/2024\\\/10\\\/logo.jpg\",\"contentUrl\":\"https:\\\/\\\/www.vetorino.com\\\/boutique\\\/wp-content\\\/uploads\\\/2024\\\/10\\\/logo.jpg\",\"width\":1200,\"height\":610,\"caption\":\"V\u00e9torino\"},\"image\":{\"@id\":\"https:\\\/\\\/www.vetorino.com\\\/boutique\\\/#\\\/schema\\\/logo\\\/image\\\/\"},\"sameAs\":[\"https:\\\/\\\/www.facebook.com\\\/Vetorino\\\/\",\"https:\\\/\\\/www.instagram.com\\\/vetorino_off\\\/\",\"https:\\\/\\\/www.linkedin.com\\\/company\\\/vtorino\\\/\"]}]}<\/script>\n<meta property=\"product:brand\" content=\"Advance\" \/>\n<meta property=\"product:price:amount\" content=\"33.99\" \/>\n<meta property=\"product:price:currency\" content=\"EUR\" \/>\n<meta property=\"og:availability\" content=\"instock\" \/>\n<meta property=\"product:availability\" content=\"instock\" \/>\n<meta property=\"product:retailer_item_id\" content=\"A-1891400\" \/>\n<meta property=\"product:condition\" content=\"new\" \/>\n<!-- \/ Yoast SEO plugin. -->","yoast_head_json":{"title":"Veterinary Diets (Advance) Chien Hypoallergenic &amp; Gastroenteric Advance - V\u00e9torino","description":"ADVANCE VETERINARY DIETS Hypoallergenic &amp; Gastroenteric est un aliment di\u00e9t\u00e9tique complet pour chiens adultes, aux r\u00e9sultats cliniquement prouv\u00e9s.  Formul\u00e9 pour\u00a0r\u00e9duire les intol\u00e9rances aux ingr\u00e9dients et aux nutriments.","robots":{"index":"noindex","follow":"nofollow"},"og_locale":"fr_FR","og_type":"article","og_title":"Veterinary Diets (Advance) Chien Hypoallergenic &amp; Gastroenteric Advance - V\u00e9torino","og_description":"ADVANCE VETERINARY DIETS Hypoallergenic &amp; Gastroenteric est un aliment di\u00e9t\u00e9tique complet pour chiens adultes, aux r\u00e9sultats cliniquement prouv\u00e9s.  Formul\u00e9 pour\u00a0r\u00e9duire les intol\u00e9rances aux ingr\u00e9dients et aux nutriments.","og_url":"https:\/\/www.vetorino.com\/veterinaire\/balaruclevieux-34540\/boutique\/product\/advance-veterinary-diets-chien-hypoallergenic-gastroenteric\/","og_site_name":"V\u00e9torino","article_publisher":"https:\/\/www.facebook.com\/Vetorino\/","article_modified_time":"2025-10-29T16:22:17+00:00","og_image":[{"width":1208,"height":1280,"url":"https:\/\/www.vetorino.com\/boutique\/wp-content\/uploads\/2025\/06\/advance-hypoallergeniqueggastroenteric-chien-croquette-advance.jpg","type":"image\/jpeg"}],"twitter_card":"summary_large_image","twitter_misc":{"Prix":"33,99&euro;","Disponibilit\u00e9":"En stock"},"schema":{"@context":"https:\/\/schema.org","@graph":[{"@type":"WebPage","@id":"https:\/\/www.vetorino.com\/veterinaire\/briancon-05100\/boutique\/product\/advance-veterinary-diets-chien-hypoallergenic-gastroenteric\/","url":"https:\/\/www.vetorino.com\/veterinaire\/briancon-05100\/boutique\/product\/advance-veterinary-diets-chien-hypoallergenic-gastroenteric\/","name":"Veterinary Diets (Advance) Chien Hypoallergenic &amp; Gastroenteric Advance - V\u00e9torino","isPartOf":{"@id":"https:\/\/www.vetorino.com\/boutique\/#website"},"primaryImageOfPage":{"@id":"https:\/\/www.vetorino.com\/veterinaire\/briancon-05100\/boutique\/product\/advance-veterinary-diets-chien-hypoallergenic-gastroenteric\/#primaryimage"},"image":{"@id":"https:\/\/www.vetorino.com\/veterinaire\/briancon-05100\/boutique\/product\/advance-veterinary-diets-chien-hypoallergenic-gastroenteric\/#primaryimage"},"thumbnailUrl":"https:\/\/www.vetorino.com\/boutique\/wp-content\/uploads\/2025\/06\/advance-hypoallergeniqueggastroenteric-chien-croquette-advance.jpg","datePublished":"2025-06-12T03:35:20+00:00","dateModified":"2025-10-29T16:22:17+00:00","description":"ADVANCE VETERINARY DIETS Hypoallergenic &amp; Gastroenteric est un aliment di\u00e9t\u00e9tique complet pour chiens adultes, aux r\u00e9sultats cliniquement prouv\u00e9s. Formul\u00e9 pour\u00a0r\u00e9duire les intol\u00e9rances aux ingr\u00e9dients et aux nutriments.","breadcrumb":{"@id":"https:\/\/www.vetorino.com\/veterinaire\/briancon-05100\/boutique\/product\/advance-veterinary-diets-chien-hypoallergenic-gastroenteric\/#breadcrumb"},"inLanguage":"fr-FR","potentialAction":[{"@type":"ReadAction","target":["https:\/\/www.vetorino.com\/veterinaire\/briancon-05100\/boutique\/product\/advance-veterinary-diets-chien-hypoallergenic-gastroenteric\/"]}]},{"@type":"ImageObject","inLanguage":"fr-FR","@id":"https:\/\/www.vetorino.com\/veterinaire\/briancon-05100\/boutique\/product\/advance-veterinary-diets-chien-hypoallergenic-gastroenteric\/#primaryimage","url":"https:\/\/www.vetorino.com\/boutique\/wp-content\/uploads\/2025\/06\/advance-hypoallergeniqueggastroenteric-chien-croquette-advance.jpg","contentUrl":"https:\/\/www.vetorino.com\/boutique\/wp-content\/uploads\/2025\/06\/advance-hypoallergeniqueggastroenteric-chien-croquette-advance.jpg","width":1208,"height":1280},{"@type":"BreadcrumbList","@id":"https:\/\/www.vetorino.com\/veterinaire\/briancon-05100\/boutique\/product\/advance-veterinary-diets-chien-hypoallergenic-gastroenteric\/#breadcrumb","itemListElement":[{"@type":"ListItem","position":1,"name":"Accueil","item":"https:\/\/www.vetorino.com\/boutique\/"},{"@type":"ListItem","position":2,"name":"Produits","item":"https:\/\/www.vetorino.com\/boutique\/"},{"@type":"ListItem","position":3,"name":"Chien Hypoallergenic &amp; Gastroenteric"}]},{"@type":"WebSite","@id":"https:\/\/www.vetorino.com\/boutique\/#website","url":"https:\/\/www.vetorino.com\/boutique\/","name":"V\u00e9torino","description":"","publisher":{"@id":"https:\/\/www.vetorino.com\/boutique\/#organization"},"potentialAction":[{"@type":"SearchAction","target":{"@type":"EntryPoint","urlTemplate":"https:\/\/www.vetorino.com\/boutique\/?s={search_term_string}"},"query-input":{"@type":"PropertyValueSpecification","valueRequired":true,"valueName":"search_term_string"}}],"inLanguage":"fr-FR"},{"@type":"Organization","@id":"https:\/\/www.vetorino.com\/boutique\/#organization","name":"V\u00e9torino","url":"https:\/\/www.vetorino.com\/boutique\/","logo":{"@type":"ImageObject","inLanguage":"fr-FR","@id":"https:\/\/www.vetorino.com\/boutique\/#\/schema\/logo\/image\/","url":"https:\/\/www.vetorino.com\/boutique\/wp-content\/uploads\/2024\/10\/logo.jpg","contentUrl":"https:\/\/www.vetorino.com\/boutique\/wp-content\/uploads\/2024\/10\/logo.jpg","width":1200,"height":610,"caption":"V\u00e9torino"},"image":{"@id":"https:\/\/www.vetorino.com\/boutique\/#\/schema\/logo\/image\/"},"sameAs":["https:\/\/www.facebook.com\/Vetorino\/","https:\/\/www.instagram.com\/vetorino_off\/","https:\/\/www.linkedin.com\/company\/vtorino\/"]}]},"product_brand":"Advance","product_price_amount":"33.99","product_price_currency":"EUR","og_availability":"instock","product_availability":"instock","product_retailer_item_id":"A-1891400","product_condition":"new"},"_links":{"self":[{"href":"https:\/\/www.vetorino.com\/veterinaire\/balaruclevieux-34540\/boutique\/wp-json\/wp\/v2\/product\/1369761","targetHints":{"allow":["GET"]}}],"collection":[{"href":"https:\/\/www.vetorino.com\/veterinaire\/balaruclevieux-34540\/boutique\/wp-json\/wp\/v2\/product"}],"about":[{"href":"https:\/\/www.vetorino.com\/veterinaire\/balaruclevieux-34540\/boutique\/wp-json\/wp\/v2\/types\/product"}],"wp:featuredmedia":[{"embeddable":true,"href":"https:\/\/www.vetorino.com\/veterinaire\/balaruclevieux-34540\/boutique\/wp-json\/wp\/v2\/media\/1371576"}],"wp:attachment":[{"href":"https:\/\/www.vetorino.com\/veterinaire\/balaruclevieux-34540\/boutique\/wp-json\/wp\/v2\/media?parent=1369761"}],"wp:term":[{"taxonomy":"product_cat","embeddable":true,"href":"https:\/\/www.vetorino.com\/veterinaire\/balaruclevieux-34540\/boutique\/wp-json\/wp\/v2\/product_cat?post=1369761"},{"taxonomy":"product_tag","embeddable":true,"href":"https:\/\/www.vetorino.com\/veterinaire\/balaruclevieux-34540\/boutique\/wp-json\/wp\/v2\/product_tag?post=1369761"}],"curies":[{"name":"wp","href":"https:\/\/api.w.org\/{rel}","templated":true}]}}