{"id":192654,"date":"2021-06-14T18:36:27","date_gmt":"2021-06-14T16:36:27","guid":{"rendered":"https:\/\/www.vetorino.com\/boutique\/product\/harnais-julius-k9\/"},"modified":"2023-05-24T10:15:55","modified_gmt":"2023-05-24T08:15:55","slug":"harnais-julius-k9","status":"publish","type":"product","link":"https:\/\/www.vetorino.com\/veterinaire\/bergues-59380\/boutique\/product\/harnais-julius-k9\/","title":{"rendered":"Harnais Julius K9"},"content":{"rendered":"<div class=\"hidden\">MATERIEL<\/div>\n<div class=\"hidden\">Chiens<\/div>\n<p>Voici un harnais type norv\u00e9gien robuste, confortable et pratique, convenant \u00e0 tous les chiens, m\u00eame les chiens de travail ou d&#8217;intervention. Son tissu en polyester est imperm\u00e9able et r\u00e9sistant aux accrocs.<\/p>\n<ul>\n<li>Doublure int\u00e9rieure en coton, respirant et agr\u00e9able au toucher.<\/li>\n<li>Harnais ergonomique avec lani\u00e8re d&#8217;attache sur le poitrail (Velcro) et sous le ventre (boucle clipsable), r\u00e9glable au plus pr\u00e8s du corps.<\/li>\n<li>Boucle d&#8217;attache pour la laisse de grande r\u00e9sistance.<\/li>\n<li>Muni de bandes r\u00e9fl\u00e9chissantes sur la lani\u00e8re du poitrail et sur les bandes Velcro de c\u00f4t\u00e9.<\/li>\n<li>Dispose d&#8217;une poign\u00e9e sur le haut du harnais (\u00e0 partir de la taille S) afin de saisir rapidement le chien en cas d&#8217;urgence.<\/li>\n<\/ul>\n","protected":false},"excerpt":{"rendered":"<p>Pour la promenade, la randonn\u00e9e ou le travail au club, le\u00a0<b>harnais Power Julius-k9 Power<\/b>\u00a0sera tout \u00e0 fait adapt\u00e9. Sa forme ergonomique en fait un harnais tr\u00e8s confortable pour le chien, les sangles sont larges et r\u00e9glables que ce soit sur le poitrail ou sous le poitrail. Avec ses finitions de qualit\u00e9, ce harnais est con\u00e7u pour durer, il est tr\u00e8s r\u00e9sistant et permet de contr\u00f4ler facilement le chien.<\/p>\n","protected":false},"featured_media":192653,"template":"","meta":[],"product_cat":[12550,2698,2777],"product_tag":[],"class_list":{"0":"post-192654","1":"product","2":"type-product","3":"status-publish","4":"has-post-thumbnail","6":"product_cat-accessoires-du-chien","7":"product_cat-chien","8":"product_cat-colliers-laisses-et-harnais-pour-chien","9":"pa_marque-julius-k9","11":"first","12":"instock","13":"taxable","14":"shipping-taxable","15":"purchasable","16":"product-type-variable"},"yoast_head":"<!-- This site is optimized with the Yoast SEO plugin v27.3 - https:\/\/yoast.com\/product\/yoast-seo-wordpress\/ -->\n<title>Harnais Julius K9 Julius k9 - V\u00e9torino<\/title>\n<meta name=\"description\" content=\"Pour la promenade, la randonn\u00e9e ou le travail au club, le\u00a0harnais Power Julius-k9 Power\u00a0sera tout \u00e0 fait adapt\u00e9. Sa forme ergonomique en fait un harnais tr\u00e8s confortable pour le chien, les sangles sont larges et r\u00e9glables que ce soit sur le poitrail ou sous le poitrail. Avec ses finitions de qualit\u00e9, ce harnais est con\u00e7u pour durer, il est tr\u00e8s r\u00e9sistant et permet de contr\u00f4ler facilement le chien.\" \/>\n<meta name=\"robots\" content=\"noindex, nofollow\" \/>\n<meta property=\"og:locale\" content=\"fr_FR\" \/>\n<meta property=\"og:type\" content=\"article\" \/>\n<meta property=\"og:title\" content=\"Harnais Julius K9 Julius k9 - V\u00e9torino\" \/>\n<meta property=\"og:description\" content=\"Pour la promenade, la randonn\u00e9e ou le travail au club, le\u00a0harnais Power Julius-k9 Power\u00a0sera tout \u00e0 fait adapt\u00e9. Sa forme ergonomique en fait un harnais tr\u00e8s confortable pour le chien, les sangles sont larges et r\u00e9glables que ce soit sur le poitrail ou sous le poitrail. Avec ses finitions de qualit\u00e9, ce harnais est con\u00e7u pour durer, il est tr\u00e8s r\u00e9sistant et permet de contr\u00f4ler facilement le chien.\" \/>\n<meta property=\"og:url\" content=\"https:\/\/www.vetorino.com\/veterinaire\/bergues-59380\/boutique\/product\/harnais-julius-k9\/\" \/>\n<meta property=\"og:site_name\" content=\"V\u00e9torino\" \/>\n<meta property=\"article:publisher\" content=\"https:\/\/www.facebook.com\/Vetorino\/\" \/>\n<meta property=\"article:modified_time\" content=\"2023-05-24T08:15:55+00:00\" \/>\n<meta property=\"og:image\" content=\"https:\/\/www.vetorino.com\/boutique\/wp-content\/uploads\/2021\/06\/1010980-3.jpg\" \/>\n\t<meta property=\"og:image:width\" content=\"255\" \/>\n\t<meta property=\"og:image:height\" content=\"255\" \/>\n\t<meta property=\"og:image:type\" content=\"image\/jpeg\" \/>\n<meta name=\"twitter:card\" content=\"summary_large_image\" \/>\n<meta name=\"twitter:label1\" content=\"Disponibilit\u00e9\" \/>\n\t<meta name=\"twitter:data1\" content=\"En stock\" \/>\n<script type=\"application\/ld+json\" class=\"yoast-schema-graph\">{\"@context\":\"https:\\\/\\\/schema.org\",\"@graph\":[{\"@type\":\"WebPage\",\"@id\":\"https:\\\/\\\/www.vetorino.com\\\/boutique\\\/product\\\/harnais-julius-k9\\\/\",\"url\":\"https:\\\/\\\/www.vetorino.com\\\/boutique\\\/product\\\/harnais-julius-k9\\\/\",\"name\":\"Harnais Julius K9 Julius k9 - V\u00e9torino\",\"isPartOf\":{\"@id\":\"https:\\\/\\\/www.vetorino.com\\\/boutique\\\/#website\"},\"primaryImageOfPage\":{\"@id\":\"https:\\\/\\\/www.vetorino.com\\\/boutique\\\/product\\\/harnais-julius-k9\\\/#primaryimage\"},\"image\":{\"@id\":\"https:\\\/\\\/www.vetorino.com\\\/boutique\\\/product\\\/harnais-julius-k9\\\/#primaryimage\"},\"thumbnailUrl\":\"https:\\\/\\\/www.vetorino.com\\\/boutique\\\/wp-content\\\/uploads\\\/2021\\\/06\\\/1010980-3.jpg\",\"datePublished\":\"2021-06-14T16:36:27+00:00\",\"dateModified\":\"2023-05-24T08:15:55+00:00\",\"description\":\"Pour la promenade, la randonn\u00e9e ou le travail au club, le\u00a0harnais Power Julius-k9 Power\u00a0sera tout \u00e0 fait adapt\u00e9. Sa forme ergonomique en fait un harnais tr\u00e8s confortable pour le chien, les sangles sont larges et r\u00e9glables que ce soit sur le poitrail ou sous le poitrail. Avec ses finitions de qualit\u00e9, ce harnais est con\u00e7u pour durer, il est tr\u00e8s r\u00e9sistant et permet de contr\u00f4ler facilement le chien.\",\"breadcrumb\":{\"@id\":\"https:\\\/\\\/www.vetorino.com\\\/boutique\\\/product\\\/harnais-julius-k9\\\/#breadcrumb\"},\"inLanguage\":\"fr-FR\",\"potentialAction\":[{\"@type\":\"ReadAction\",\"target\":[\"https:\\\/\\\/www.vetorino.com\\\/boutique\\\/product\\\/harnais-julius-k9\\\/\"]}]},{\"@type\":\"ImageObject\",\"inLanguage\":\"fr-FR\",\"@id\":\"https:\\\/\\\/www.vetorino.com\\\/boutique\\\/product\\\/harnais-julius-k9\\\/#primaryimage\",\"url\":\"https:\\\/\\\/www.vetorino.com\\\/boutique\\\/wp-content\\\/uploads\\\/2021\\\/06\\\/1010980-3.jpg\",\"contentUrl\":\"https:\\\/\\\/www.vetorino.com\\\/boutique\\\/wp-content\\\/uploads\\\/2021\\\/06\\\/1010980-3.jpg\",\"width\":255,\"height\":255},{\"@type\":\"BreadcrumbList\",\"@id\":\"https:\\\/\\\/www.vetorino.com\\\/boutique\\\/product\\\/harnais-julius-k9\\\/#breadcrumb\",\"itemListElement\":[{\"@type\":\"ListItem\",\"position\":1,\"name\":\"Accueil\",\"item\":\"https:\\\/\\\/www.vetorino.com\\\/boutique\\\/\"},{\"@type\":\"ListItem\",\"position\":2,\"name\":\"Produits\",\"item\":\"https:\\\/\\\/www.vetorino.com\\\/boutique\\\/\"},{\"@type\":\"ListItem\",\"position\":3,\"name\":\"Harnais Julius K9\"}]},{\"@type\":\"WebSite\",\"@id\":\"https:\\\/\\\/www.vetorino.com\\\/boutique\\\/#website\",\"url\":\"https:\\\/\\\/www.vetorino.com\\\/boutique\\\/\",\"name\":\"V\u00e9torino\",\"description\":\"\",\"publisher\":{\"@id\":\"https:\\\/\\\/www.vetorino.com\\\/boutique\\\/#organization\"},\"potentialAction\":[{\"@type\":\"SearchAction\",\"target\":{\"@type\":\"EntryPoint\",\"urlTemplate\":\"https:\\\/\\\/www.vetorino.com\\\/boutique\\\/?s={search_term_string}\"},\"query-input\":{\"@type\":\"PropertyValueSpecification\",\"valueRequired\":true,\"valueName\":\"search_term_string\"}}],\"inLanguage\":\"fr-FR\"},{\"@type\":\"Organization\",\"@id\":\"https:\\\/\\\/www.vetorino.com\\\/boutique\\\/#organization\",\"name\":\"V\u00e9torino\",\"url\":\"https:\\\/\\\/www.vetorino.com\\\/boutique\\\/\",\"logo\":{\"@type\":\"ImageObject\",\"inLanguage\":\"fr-FR\",\"@id\":\"https:\\\/\\\/www.vetorino.com\\\/boutique\\\/#\\\/schema\\\/logo\\\/image\\\/\",\"url\":\"https:\\\/\\\/www.vetorino.com\\\/boutique\\\/wp-content\\\/uploads\\\/2024\\\/10\\\/logo.jpg\",\"contentUrl\":\"https:\\\/\\\/www.vetorino.com\\\/boutique\\\/wp-content\\\/uploads\\\/2024\\\/10\\\/logo.jpg\",\"width\":1200,\"height\":610,\"caption\":\"V\u00e9torino\"},\"image\":{\"@id\":\"https:\\\/\\\/www.vetorino.com\\\/boutique\\\/#\\\/schema\\\/logo\\\/image\\\/\"},\"sameAs\":[\"https:\\\/\\\/www.facebook.com\\\/Vetorino\\\/\",\"https:\\\/\\\/www.instagram.com\\\/vetorino_off\\\/\",\"https:\\\/\\\/www.linkedin.com\\\/company\\\/vtorino\\\/\"]}]}<\/script>\n<meta property=\"product:brand\" content=\"Julius k9\" \/>\n<meta property=\"og:availability\" content=\"instock\" \/>\n<meta property=\"product:availability\" content=\"instock\" \/>\n<meta property=\"product:condition\" content=\"new\" \/>\n<!-- \/ Yoast SEO plugin. -->","yoast_head_json":{"title":"Harnais Julius K9 Julius k9 - V\u00e9torino","description":"Pour la promenade, la randonn\u00e9e ou le travail au club, le\u00a0harnais Power Julius-k9 Power\u00a0sera tout \u00e0 fait adapt\u00e9. Sa forme ergonomique en fait un harnais tr\u00e8s confortable pour le chien, les sangles sont larges et r\u00e9glables que ce soit sur le poitrail ou sous le poitrail. Avec ses finitions de qualit\u00e9, ce harnais est con\u00e7u pour durer, il est tr\u00e8s r\u00e9sistant et permet de contr\u00f4ler facilement le chien.","robots":{"index":"noindex","follow":"nofollow"},"og_locale":"fr_FR","og_type":"article","og_title":"Harnais Julius K9 Julius k9 - V\u00e9torino","og_description":"Pour la promenade, la randonn\u00e9e ou le travail au club, le\u00a0harnais Power Julius-k9 Power\u00a0sera tout \u00e0 fait adapt\u00e9. Sa forme ergonomique en fait un harnais tr\u00e8s confortable pour le chien, les sangles sont larges et r\u00e9glables que ce soit sur le poitrail ou sous le poitrail. Avec ses finitions de qualit\u00e9, ce harnais est con\u00e7u pour durer, il est tr\u00e8s r\u00e9sistant et permet de contr\u00f4ler facilement le chien.","og_url":"https:\/\/www.vetorino.com\/veterinaire\/bergues-59380\/boutique\/product\/harnais-julius-k9\/","og_site_name":"V\u00e9torino","article_publisher":"https:\/\/www.facebook.com\/Vetorino\/","article_modified_time":"2023-05-24T08:15:55+00:00","og_image":[{"width":255,"height":255,"url":"https:\/\/www.vetorino.com\/boutique\/wp-content\/uploads\/2021\/06\/1010980-3.jpg","type":"image\/jpeg"}],"twitter_card":"summary_large_image","twitter_misc":{"Disponibilit\u00e9":"En stock"},"schema":{"@context":"https:\/\/schema.org","@graph":[{"@type":"WebPage","@id":"https:\/\/www.vetorino.com\/boutique\/product\/harnais-julius-k9\/","url":"https:\/\/www.vetorino.com\/boutique\/product\/harnais-julius-k9\/","name":"Harnais Julius K9 Julius k9 - V\u00e9torino","isPartOf":{"@id":"https:\/\/www.vetorino.com\/boutique\/#website"},"primaryImageOfPage":{"@id":"https:\/\/www.vetorino.com\/boutique\/product\/harnais-julius-k9\/#primaryimage"},"image":{"@id":"https:\/\/www.vetorino.com\/boutique\/product\/harnais-julius-k9\/#primaryimage"},"thumbnailUrl":"https:\/\/www.vetorino.com\/boutique\/wp-content\/uploads\/2021\/06\/1010980-3.jpg","datePublished":"2021-06-14T16:36:27+00:00","dateModified":"2023-05-24T08:15:55+00:00","description":"Pour la promenade, la randonn\u00e9e ou le travail au club, le\u00a0harnais Power Julius-k9 Power\u00a0sera tout \u00e0 fait adapt\u00e9. Sa forme ergonomique en fait un harnais tr\u00e8s confortable pour le chien, les sangles sont larges et r\u00e9glables que ce soit sur le poitrail ou sous le poitrail. Avec ses finitions de qualit\u00e9, ce harnais est con\u00e7u pour durer, il est tr\u00e8s r\u00e9sistant et permet de contr\u00f4ler facilement le chien.","breadcrumb":{"@id":"https:\/\/www.vetorino.com\/boutique\/product\/harnais-julius-k9\/#breadcrumb"},"inLanguage":"fr-FR","potentialAction":[{"@type":"ReadAction","target":["https:\/\/www.vetorino.com\/boutique\/product\/harnais-julius-k9\/"]}]},{"@type":"ImageObject","inLanguage":"fr-FR","@id":"https:\/\/www.vetorino.com\/boutique\/product\/harnais-julius-k9\/#primaryimage","url":"https:\/\/www.vetorino.com\/boutique\/wp-content\/uploads\/2021\/06\/1010980-3.jpg","contentUrl":"https:\/\/www.vetorino.com\/boutique\/wp-content\/uploads\/2021\/06\/1010980-3.jpg","width":255,"height":255},{"@type":"BreadcrumbList","@id":"https:\/\/www.vetorino.com\/boutique\/product\/harnais-julius-k9\/#breadcrumb","itemListElement":[{"@type":"ListItem","position":1,"name":"Accueil","item":"https:\/\/www.vetorino.com\/boutique\/"},{"@type":"ListItem","position":2,"name":"Produits","item":"https:\/\/www.vetorino.com\/boutique\/"},{"@type":"ListItem","position":3,"name":"Harnais Julius K9"}]},{"@type":"WebSite","@id":"https:\/\/www.vetorino.com\/boutique\/#website","url":"https:\/\/www.vetorino.com\/boutique\/","name":"V\u00e9torino","description":"","publisher":{"@id":"https:\/\/www.vetorino.com\/boutique\/#organization"},"potentialAction":[{"@type":"SearchAction","target":{"@type":"EntryPoint","urlTemplate":"https:\/\/www.vetorino.com\/boutique\/?s={search_term_string}"},"query-input":{"@type":"PropertyValueSpecification","valueRequired":true,"valueName":"search_term_string"}}],"inLanguage":"fr-FR"},{"@type":"Organization","@id":"https:\/\/www.vetorino.com\/boutique\/#organization","name":"V\u00e9torino","url":"https:\/\/www.vetorino.com\/boutique\/","logo":{"@type":"ImageObject","inLanguage":"fr-FR","@id":"https:\/\/www.vetorino.com\/boutique\/#\/schema\/logo\/image\/","url":"https:\/\/www.vetorino.com\/boutique\/wp-content\/uploads\/2024\/10\/logo.jpg","contentUrl":"https:\/\/www.vetorino.com\/boutique\/wp-content\/uploads\/2024\/10\/logo.jpg","width":1200,"height":610,"caption":"V\u00e9torino"},"image":{"@id":"https:\/\/www.vetorino.com\/boutique\/#\/schema\/logo\/image\/"},"sameAs":["https:\/\/www.facebook.com\/Vetorino\/","https:\/\/www.instagram.com\/vetorino_off\/","https:\/\/www.linkedin.com\/company\/vtorino\/"]}]},"product_brand":"Julius k9","og_availability":"instock","product_availability":"instock","product_condition":"new"},"_links":{"self":[{"href":"https:\/\/www.vetorino.com\/veterinaire\/bergues-59380\/boutique\/wp-json\/wp\/v2\/product\/192654","targetHints":{"allow":["GET"]}}],"collection":[{"href":"https:\/\/www.vetorino.com\/veterinaire\/bergues-59380\/boutique\/wp-json\/wp\/v2\/product"}],"about":[{"href":"https:\/\/www.vetorino.com\/veterinaire\/bergues-59380\/boutique\/wp-json\/wp\/v2\/types\/product"}],"wp:featuredmedia":[{"embeddable":true,"href":"https:\/\/www.vetorino.com\/veterinaire\/bergues-59380\/boutique\/wp-json\/wp\/v2\/media\/192653"}],"wp:attachment":[{"href":"https:\/\/www.vetorino.com\/veterinaire\/bergues-59380\/boutique\/wp-json\/wp\/v2\/media?parent=192654"}],"wp:term":[{"taxonomy":"product_cat","embeddable":true,"href":"https:\/\/www.vetorino.com\/veterinaire\/bergues-59380\/boutique\/wp-json\/wp\/v2\/product_cat?post=192654"},{"taxonomy":"product_tag","embeddable":true,"href":"https:\/\/www.vetorino.com\/veterinaire\/bergues-59380\/boutique\/wp-json\/wp\/v2\/product_tag?post=192654"}],"curies":[{"name":"wp","href":"https:\/\/api.w.org\/{rel}","templated":true}]}}