{"id":1248053,"date":"2025-03-13T11:18:15","date_gmt":"2025-03-13T10:18:15","guid":{"rendered":"https:\/\/www.vetorino.com\/boutique\/product\/versikor-500-chews-chat\/"},"modified":"2025-11-10T14:56:48","modified_gmt":"2025-11-10T13:56:48","slug":"versikor-500-chews-chat","status":"publish","type":"product","link":"https:\/\/www.vetorino.com\/veterinaire\/beugnies-59216\/boutique\/product\/versikor-500-chews-chat\/","title":{"rendered":"Versikor 250 Chew Chat"},"content":{"rendered":"<p><strong>Versikor 250 Chews<\/strong>\u00a0est un<strong>\u00a0aliment compl\u00e9mentaire<\/strong>\u00a0pour chat notamment formul\u00e9 pour les\u00a0<strong>chat atteints de pathologies chroniques<\/strong>\u00a0pouvant affaiblir leur organisme.<\/p>\n<p>Gr\u00e2ce \u00e0 sa\u00a0<strong>formule enrichie en PSP<\/strong>, Versikor 250 chews aide \u00e0 soutenir les d\u00e9fenses immunitaires naturelles et<strong>\u00a0soutien la qualit\u00e9 de vie<\/strong>, le\u00a0<strong>poids<\/strong>,\u00a0<strong>l\u2019app\u00e9tit<\/strong>\u00a0et la vivacit\u00e9 en cas de maladie.<\/p>\n<p>Sous forme de\u00a0<strong>bouch\u00e9es<\/strong>\u00a0<strong>tendres<\/strong>\u00a0et\u00a0<strong>app\u00e9tentes<\/strong>, Versikor 250 chews sera<strong>\u00a0facile \u00e0 administrer<\/strong>\u00a0\u00e0 votre chat.<\/p>\n<h3>Les plus du produit :<\/h3>\n<ul>\n<li>Enrichi en PSP.<\/li>\n<li>Soutient la qualit\u00e9 de vie, le poids et l&#8217;app\u00e9tit.<\/li>\n<li>Sous forme de bouch\u00e9es app\u00e9tentes.<\/li>\n<li>Facile \u00e0 adminsitrer.<\/li>\n<\/ul>\n<p><strong>Dosage recommand\u00e9<\/strong>\u00a0: 2 bouch\u00e9es par jour<\/p>\n<p>Administration par voie orale.<\/p>\n<p>Vous pouvez donner directement la bouch\u00e9e \u00e0 votre chat comme une friandise ou bien l&#8217;ajouter \u00e0 la ration.<\/p>\n<p><strong>Garder dans un endroit frais et sec. <\/strong><strong>Tenir hors de la vue et de la port\u00e9e des enfants.<\/strong><\/p>\n","protected":false},"excerpt":{"rendered":"<p><strong>Versikor 250 Chews est un aliment compl\u00e9mentaire pour chat enrichi en PSP sous forme de bouch\u00e9es app\u00e9tentes. Il aide \u00e0 soutenir la qualit\u00e9 de vie, le poids et l&#8217;app\u00e9tit de votre animal.<\/strong><\/p>\n<p>Sachet de 60 bouch\u00e9es de 2 g environ.<\/p>\n","protected":false},"featured_media":1563571,"template":"","meta":[],"product_cat":[12551,2730,2697],"product_tag":[],"class_list":{"0":"post-1248053","1":"product","2":"type-product","3":"status-publish","4":"has-post-thumbnail","6":"product_cat-alimentation-du-chat","7":"product_cat-aliments-complementaires-pour-chat","8":"product_cat-chat","9":"pa_marque-osalia","11":"first","12":"instock","13":"taxable","14":"shipping-taxable","15":"purchasable","16":"product-type-simple"},"yoast_head":"<!-- This site is optimized with the Yoast SEO plugin v27.3 - https:\/\/yoast.com\/product\/yoast-seo-wordpress\/ -->\n<title>Versikor 250 Chew Chat Osalia - V\u00e9torino<\/title>\n<meta name=\"description\" content=\"Versikor 250 Chews est un aliment compl\u00e9mentaire pour chat enrichi en PSP sous forme de bouch\u00e9es app\u00e9tentes. Il aide \u00e0 soutenir la qualit\u00e9 de vie, le poids et l&#039;app\u00e9tit de votre animal.  Sachet de 60 bouch\u00e9es de 2 g environ.\" \/>\n<meta name=\"robots\" content=\"noindex, nofollow\" \/>\n<meta property=\"og:locale\" content=\"fr_FR\" \/>\n<meta property=\"og:type\" content=\"article\" \/>\n<meta property=\"og:title\" content=\"Versikor 250 Chew Chat Osalia - V\u00e9torino\" \/>\n<meta property=\"og:description\" content=\"Versikor 250 Chews est un aliment compl\u00e9mentaire pour chat enrichi en PSP sous forme de bouch\u00e9es app\u00e9tentes. Il aide \u00e0 soutenir la qualit\u00e9 de vie, le poids et l&#039;app\u00e9tit de votre animal.  Sachet de 60 bouch\u00e9es de 2 g environ.\" \/>\n<meta property=\"og:url\" content=\"https:\/\/www.vetorino.com\/veterinaire\/beugnies-59216\/boutique\/product\/versikor-500-chews-chat\/\" \/>\n<meta property=\"og:site_name\" content=\"V\u00e9torino\" \/>\n<meta property=\"article:publisher\" content=\"https:\/\/www.facebook.com\/Vetorino\/\" \/>\n<meta property=\"article:modified_time\" content=\"2025-11-10T13:56:48+00:00\" \/>\n<meta property=\"og:image\" content=\"https:\/\/www.vetorino.com\/boutique\/wp-content\/uploads\/2025\/03\/image001.png\" \/>\n\t<meta property=\"og:image:width\" content=\"690\" \/>\n\t<meta property=\"og:image:height\" content=\"747\" \/>\n\t<meta property=\"og:image:type\" content=\"image\/png\" \/>\n<meta name=\"twitter:card\" content=\"summary_large_image\" \/>\n<meta name=\"twitter:label1\" content=\"Prix\" \/>\n\t<meta name=\"twitter:data1\" content=\"33,88&euro;\" \/>\n\t<meta name=\"twitter:label2\" content=\"Disponibilit\u00e9\" \/>\n\t<meta name=\"twitter:data2\" content=\"En stock\" \/>\n<script type=\"application\/ld+json\" class=\"yoast-schema-graph\">{\"@context\":\"https:\\\/\\\/schema.org\",\"@graph\":[{\"@type\":\"WebPage\",\"@id\":\"https:\\\/\\\/www.vetorino.com\\\/boutique\\\/product\\\/versikor-500-chews-chat\\\/\",\"url\":\"https:\\\/\\\/www.vetorino.com\\\/boutique\\\/product\\\/versikor-500-chews-chat\\\/\",\"name\":\"Versikor 250 Chew Chat Osalia - V\u00e9torino\",\"isPartOf\":{\"@id\":\"https:\\\/\\\/www.vetorino.com\\\/boutique\\\/#website\"},\"primaryImageOfPage\":{\"@id\":\"https:\\\/\\\/www.vetorino.com\\\/boutique\\\/product\\\/versikor-500-chews-chat\\\/#primaryimage\"},\"image\":{\"@id\":\"https:\\\/\\\/www.vetorino.com\\\/boutique\\\/product\\\/versikor-500-chews-chat\\\/#primaryimage\"},\"thumbnailUrl\":\"https:\\\/\\\/www.vetorino.com\\\/boutique\\\/wp-content\\\/uploads\\\/2025\\\/03\\\/image001.png\",\"datePublished\":\"2025-03-13T10:18:15+00:00\",\"dateModified\":\"2025-11-10T13:56:48+00:00\",\"description\":\"Versikor 250 Chews est un aliment compl\u00e9mentaire pour chat enrichi en PSP sous forme de bouch\u00e9es app\u00e9tentes. Il aide \u00e0 soutenir la qualit\u00e9 de vie, le poids et l'app\u00e9tit de votre animal. Sachet de 60 bouch\u00e9es de 2 g environ.\",\"breadcrumb\":{\"@id\":\"https:\\\/\\\/www.vetorino.com\\\/boutique\\\/product\\\/versikor-500-chews-chat\\\/#breadcrumb\"},\"inLanguage\":\"fr-FR\",\"potentialAction\":[{\"@type\":\"ReadAction\",\"target\":[\"https:\\\/\\\/www.vetorino.com\\\/boutique\\\/product\\\/versikor-500-chews-chat\\\/\"]}]},{\"@type\":\"ImageObject\",\"inLanguage\":\"fr-FR\",\"@id\":\"https:\\\/\\\/www.vetorino.com\\\/boutique\\\/product\\\/versikor-500-chews-chat\\\/#primaryimage\",\"url\":\"https:\\\/\\\/www.vetorino.com\\\/boutique\\\/wp-content\\\/uploads\\\/2025\\\/03\\\/image001.png\",\"contentUrl\":\"https:\\\/\\\/www.vetorino.com\\\/boutique\\\/wp-content\\\/uploads\\\/2025\\\/03\\\/image001.png\",\"width\":690,\"height\":747},{\"@type\":\"BreadcrumbList\",\"@id\":\"https:\\\/\\\/www.vetorino.com\\\/boutique\\\/product\\\/versikor-500-chews-chat\\\/#breadcrumb\",\"itemListElement\":[{\"@type\":\"ListItem\",\"position\":1,\"name\":\"Accueil\",\"item\":\"https:\\\/\\\/www.vetorino.com\\\/boutique\\\/\"},{\"@type\":\"ListItem\",\"position\":2,\"name\":\"Produits\",\"item\":\"https:\\\/\\\/www.vetorino.com\\\/boutique\\\/\"},{\"@type\":\"ListItem\",\"position\":3,\"name\":\"Versikor 250 Chew Chat\"}]},{\"@type\":\"WebSite\",\"@id\":\"https:\\\/\\\/www.vetorino.com\\\/boutique\\\/#website\",\"url\":\"https:\\\/\\\/www.vetorino.com\\\/boutique\\\/\",\"name\":\"V\u00e9torino\",\"description\":\"\",\"publisher\":{\"@id\":\"https:\\\/\\\/www.vetorino.com\\\/boutique\\\/#organization\"},\"potentialAction\":[{\"@type\":\"SearchAction\",\"target\":{\"@type\":\"EntryPoint\",\"urlTemplate\":\"https:\\\/\\\/www.vetorino.com\\\/boutique\\\/?s={search_term_string}\"},\"query-input\":{\"@type\":\"PropertyValueSpecification\",\"valueRequired\":true,\"valueName\":\"search_term_string\"}}],\"inLanguage\":\"fr-FR\"},{\"@type\":\"Organization\",\"@id\":\"https:\\\/\\\/www.vetorino.com\\\/boutique\\\/#organization\",\"name\":\"V\u00e9torino\",\"url\":\"https:\\\/\\\/www.vetorino.com\\\/boutique\\\/\",\"logo\":{\"@type\":\"ImageObject\",\"inLanguage\":\"fr-FR\",\"@id\":\"https:\\\/\\\/www.vetorino.com\\\/boutique\\\/#\\\/schema\\\/logo\\\/image\\\/\",\"url\":\"https:\\\/\\\/www.vetorino.com\\\/boutique\\\/wp-content\\\/uploads\\\/2024\\\/10\\\/logo.jpg\",\"contentUrl\":\"https:\\\/\\\/www.vetorino.com\\\/boutique\\\/wp-content\\\/uploads\\\/2024\\\/10\\\/logo.jpg\",\"width\":1200,\"height\":610,\"caption\":\"V\u00e9torino\"},\"image\":{\"@id\":\"https:\\\/\\\/www.vetorino.com\\\/boutique\\\/#\\\/schema\\\/logo\\\/image\\\/\"},\"sameAs\":[\"https:\\\/\\\/www.facebook.com\\\/Vetorino\\\/\",\"https:\\\/\\\/www.instagram.com\\\/vetorino_off\\\/\",\"https:\\\/\\\/www.linkedin.com\\\/company\\\/vtorino\\\/\"]}]}<\/script>\n<meta property=\"product:brand\" content=\"Osalia\" \/>\n<meta property=\"product:price:amount\" content=\"33.88\" \/>\n<meta property=\"product:price:currency\" content=\"EUR\" \/>\n<meta property=\"og:availability\" content=\"instock\" \/>\n<meta property=\"product:availability\" content=\"instock\" \/>\n<meta property=\"product:retailer_item_id\" content=\"A-1888730\" \/>\n<meta property=\"product:condition\" content=\"new\" \/>\n<!-- \/ Yoast SEO plugin. -->","yoast_head_json":{"title":"Versikor 250 Chew Chat Osalia - V\u00e9torino","description":"Versikor 250 Chews est un aliment compl\u00e9mentaire pour chat enrichi en PSP sous forme de bouch\u00e9es app\u00e9tentes. Il aide \u00e0 soutenir la qualit\u00e9 de vie, le poids et l'app\u00e9tit de votre animal.  Sachet de 60 bouch\u00e9es de 2 g environ.","robots":{"index":"noindex","follow":"nofollow"},"og_locale":"fr_FR","og_type":"article","og_title":"Versikor 250 Chew Chat Osalia - V\u00e9torino","og_description":"Versikor 250 Chews est un aliment compl\u00e9mentaire pour chat enrichi en PSP sous forme de bouch\u00e9es app\u00e9tentes. Il aide \u00e0 soutenir la qualit\u00e9 de vie, le poids et l'app\u00e9tit de votre animal.  Sachet de 60 bouch\u00e9es de 2 g environ.","og_url":"https:\/\/www.vetorino.com\/veterinaire\/beugnies-59216\/boutique\/product\/versikor-500-chews-chat\/","og_site_name":"V\u00e9torino","article_publisher":"https:\/\/www.facebook.com\/Vetorino\/","article_modified_time":"2025-11-10T13:56:48+00:00","og_image":[{"width":690,"height":747,"url":"https:\/\/www.vetorino.com\/boutique\/wp-content\/uploads\/2025\/03\/image001.png","type":"image\/png"}],"twitter_card":"summary_large_image","twitter_misc":{"Prix":"33,88&euro;","Disponibilit\u00e9":"En stock"},"schema":{"@context":"https:\/\/schema.org","@graph":[{"@type":"WebPage","@id":"https:\/\/www.vetorino.com\/boutique\/product\/versikor-500-chews-chat\/","url":"https:\/\/www.vetorino.com\/boutique\/product\/versikor-500-chews-chat\/","name":"Versikor 250 Chew Chat Osalia - V\u00e9torino","isPartOf":{"@id":"https:\/\/www.vetorino.com\/boutique\/#website"},"primaryImageOfPage":{"@id":"https:\/\/www.vetorino.com\/boutique\/product\/versikor-500-chews-chat\/#primaryimage"},"image":{"@id":"https:\/\/www.vetorino.com\/boutique\/product\/versikor-500-chews-chat\/#primaryimage"},"thumbnailUrl":"https:\/\/www.vetorino.com\/boutique\/wp-content\/uploads\/2025\/03\/image001.png","datePublished":"2025-03-13T10:18:15+00:00","dateModified":"2025-11-10T13:56:48+00:00","description":"Versikor 250 Chews est un aliment compl\u00e9mentaire pour chat enrichi en PSP sous forme de bouch\u00e9es app\u00e9tentes. Il aide \u00e0 soutenir la qualit\u00e9 de vie, le poids et l'app\u00e9tit de votre animal. Sachet de 60 bouch\u00e9es de 2 g environ.","breadcrumb":{"@id":"https:\/\/www.vetorino.com\/boutique\/product\/versikor-500-chews-chat\/#breadcrumb"},"inLanguage":"fr-FR","potentialAction":[{"@type":"ReadAction","target":["https:\/\/www.vetorino.com\/boutique\/product\/versikor-500-chews-chat\/"]}]},{"@type":"ImageObject","inLanguage":"fr-FR","@id":"https:\/\/www.vetorino.com\/boutique\/product\/versikor-500-chews-chat\/#primaryimage","url":"https:\/\/www.vetorino.com\/boutique\/wp-content\/uploads\/2025\/03\/image001.png","contentUrl":"https:\/\/www.vetorino.com\/boutique\/wp-content\/uploads\/2025\/03\/image001.png","width":690,"height":747},{"@type":"BreadcrumbList","@id":"https:\/\/www.vetorino.com\/boutique\/product\/versikor-500-chews-chat\/#breadcrumb","itemListElement":[{"@type":"ListItem","position":1,"name":"Accueil","item":"https:\/\/www.vetorino.com\/boutique\/"},{"@type":"ListItem","position":2,"name":"Produits","item":"https:\/\/www.vetorino.com\/boutique\/"},{"@type":"ListItem","position":3,"name":"Versikor 250 Chew Chat"}]},{"@type":"WebSite","@id":"https:\/\/www.vetorino.com\/boutique\/#website","url":"https:\/\/www.vetorino.com\/boutique\/","name":"V\u00e9torino","description":"","publisher":{"@id":"https:\/\/www.vetorino.com\/boutique\/#organization"},"potentialAction":[{"@type":"SearchAction","target":{"@type":"EntryPoint","urlTemplate":"https:\/\/www.vetorino.com\/boutique\/?s={search_term_string}"},"query-input":{"@type":"PropertyValueSpecification","valueRequired":true,"valueName":"search_term_string"}}],"inLanguage":"fr-FR"},{"@type":"Organization","@id":"https:\/\/www.vetorino.com\/boutique\/#organization","name":"V\u00e9torino","url":"https:\/\/www.vetorino.com\/boutique\/","logo":{"@type":"ImageObject","inLanguage":"fr-FR","@id":"https:\/\/www.vetorino.com\/boutique\/#\/schema\/logo\/image\/","url":"https:\/\/www.vetorino.com\/boutique\/wp-content\/uploads\/2024\/10\/logo.jpg","contentUrl":"https:\/\/www.vetorino.com\/boutique\/wp-content\/uploads\/2024\/10\/logo.jpg","width":1200,"height":610,"caption":"V\u00e9torino"},"image":{"@id":"https:\/\/www.vetorino.com\/boutique\/#\/schema\/logo\/image\/"},"sameAs":["https:\/\/www.facebook.com\/Vetorino\/","https:\/\/www.instagram.com\/vetorino_off\/","https:\/\/www.linkedin.com\/company\/vtorino\/"]}]},"product_brand":"Osalia","product_price_amount":"33.88","product_price_currency":"EUR","og_availability":"instock","product_availability":"instock","product_retailer_item_id":"A-1888730","product_condition":"new"},"_links":{"self":[{"href":"https:\/\/www.vetorino.com\/veterinaire\/beugnies-59216\/boutique\/wp-json\/wp\/v2\/product\/1248053","targetHints":{"allow":["GET"]}}],"collection":[{"href":"https:\/\/www.vetorino.com\/veterinaire\/beugnies-59216\/boutique\/wp-json\/wp\/v2\/product"}],"about":[{"href":"https:\/\/www.vetorino.com\/veterinaire\/beugnies-59216\/boutique\/wp-json\/wp\/v2\/types\/product"}],"wp:featuredmedia":[{"embeddable":true,"href":"https:\/\/www.vetorino.com\/veterinaire\/beugnies-59216\/boutique\/wp-json\/wp\/v2\/media\/1563571"}],"wp:attachment":[{"href":"https:\/\/www.vetorino.com\/veterinaire\/beugnies-59216\/boutique\/wp-json\/wp\/v2\/media?parent=1248053"}],"wp:term":[{"taxonomy":"product_cat","embeddable":true,"href":"https:\/\/www.vetorino.com\/veterinaire\/beugnies-59216\/boutique\/wp-json\/wp\/v2\/product_cat?post=1248053"},{"taxonomy":"product_tag","embeddable":true,"href":"https:\/\/www.vetorino.com\/veterinaire\/beugnies-59216\/boutique\/wp-json\/wp\/v2\/product_tag?post=1248053"}],"curies":[{"name":"wp","href":"https:\/\/api.w.org\/{rel}","templated":true}]}}