{"id":1362667,"date":"2025-06-07T05:35:15","date_gmt":"2025-06-07T03:35:15","guid":{"rendered":"https:\/\/www.vetorino.com\/boutique\/product\/advance-chien-light-poulet-maxi\/"},"modified":"2025-10-29T17:38:02","modified_gmt":"2025-10-29T16:38:02","slug":"advance-chien-light-poulet-maxi","status":"publish","type":"product","link":"https:\/\/www.vetorino.com\/veterinaire\/beugnies-59216\/boutique\/product\/advance-chien-light-poulet-maxi\/","title":{"rendered":"Maxi Light pour Chien"},"content":{"rendered":"<p>Les croquettes\u00a0Advance Maxi Light constituent un d\u00e9licieux aliment \u00e0\u00a0<strong>teneur r\u00e9duite en mati\u00e8res grasses<\/strong>\u00a0qui permet ainsi de faciliter la gestion du poids chez les chiens de grandes races sujets \u00e0 l&#8217;embonpoint. La recette de ces croquettes est\u00a0<strong>riche en fibres<\/strong>, ce qui permet de favoriser la sensation de sati\u00e9t\u00e9 et de limiter l&#8217;ingestion de calories.<\/p>\n<p>Cet aliment contient \u00e9galement de l&#8217;huile de poisson, source d&#8217;<strong>acides gras om\u00e9ga<\/strong>, pour le soutien de la peau et du pelage. De plus, la taille des croquettes est parfaitement adapt\u00e9e \u00e0 la m\u00e2choire des chiens de grandes races. Enfin, ce produit est garanti sans ajout de colorants ni de conservateurs artificiels.<\/p>\n<p><strong>Caract\u00e9ristiques des croquettes Advance Maxi Light pour chien :<\/strong><\/p>\n<ul>\n<li>Aliment complet et pauvre en calories pour les chiens de grandes races \u00e0 partir de 30 kg en surpoids ou ayant tendance \u00e0 l&#8217;embonpoint<\/li>\n<li><strong>Teneur \u00e9quilibr\u00e9e en prot\u00e9ines et en graisses :<\/strong>\u00a0pour faciliter la gestion du poids<\/li>\n<li><strong>Recette au poulet et au riz :<\/strong>\u00a0fournissent des prot\u00e9ines et des glucides faciles \u00e0 dig\u00e9rer<\/li>\n<li><strong>Formule Active Defense :<\/strong>\u00a0permet de soutenir les d\u00e9fenses naturelles<\/li>\n<li><b>Riches en fibres : <\/b>permettent \u00e0 votre chien de vite se sentir rassasi\u00e9<\/li>\n<li><strong>Avec de la L-carnitine<\/strong><\/li>\n<li><strong>Acides gras essentiels :<\/strong>\u00a0pour le soutien de la peau et du pelage<\/li>\n<li><strong>Incluent de la chondro\u00eftine et de la glucosamine :<\/strong>\u00a0composants naturels du cartilage<\/li>\n<li><strong>Source de pr\u00e9biotiques : <\/strong>contribuent \u00e0 une fonction digestive normale<\/li>\n<li><strong>Taille des croquettes adapt\u00e9e :<\/strong>\u00a0convient parfaitement \u00e0 la m\u00e2choire et aux dents des chiens de grandes races<\/li>\n<li><strong>Sans colorants ni conservateurs artificiels<\/strong><\/li>\n<\/ul>\n","protected":false},"excerpt":{"rendered":"<p>Advance Adult Maxi Light est un <strong>aliment adapt\u00e9 aux chiens ayant tendance \u00e0 \u00eatre en surpoids.<\/strong> Gr\u00e2ce \u00e0 sa formule faible en mati\u00e8res grasses, il<strong> aide \u00e0 r\u00e9guler le poids. <\/strong><\/p>\n<p>Sa haute teneur en fibres et en prot\u00e9ine<strong>s contribue \u00e0 la sensation de sati\u00e9t\u00e9<\/strong> et au<strong> maintien de la masse musculaire.<\/strong><\/p>\n","protected":false},"featured_media":1370425,"template":"","meta":[],"product_cat":[12552,12584,2698],"product_tag":[],"class_list":{"0":"post-1362667","1":"product","2":"type-product","3":"status-publish","4":"has-post-thumbnail","6":"product_cat-alimentation-du-chien","7":"product_cat-alimentation-premium-pour-chien","8":"product_cat-chien","9":"pa_marque-advance","11":"first","12":"instock","13":"taxable","14":"shipping-taxable","15":"purchasable","16":"product-type-simple"},"yoast_head":"<!-- This site is optimized with the Yoast SEO plugin v27.3 - https:\/\/yoast.com\/product\/yoast-seo-wordpress\/ -->\n<title>Maxi Light pour Chien Advance - V\u00e9torino<\/title>\n<meta name=\"description\" content=\"Advance Adult Maxi Light est un aliment adapt\u00e9 aux chiens ayant tendance \u00e0 \u00eatre en surpoids. Gr\u00e2ce \u00e0 sa formule faible en mati\u00e8res grasses, il aide \u00e0 r\u00e9guler le poids.   Sa haute teneur en fibres et en prot\u00e9ines contribue \u00e0 la sensation de sati\u00e9t\u00e9 et au maintien de la masse musculaire.\" \/>\n<meta name=\"robots\" content=\"noindex, nofollow\" \/>\n<meta property=\"og:locale\" content=\"fr_FR\" \/>\n<meta property=\"og:type\" content=\"article\" \/>\n<meta property=\"og:title\" content=\"Maxi Light pour Chien Advance - V\u00e9torino\" \/>\n<meta property=\"og:description\" content=\"Advance Adult Maxi Light est un aliment adapt\u00e9 aux chiens ayant tendance \u00e0 \u00eatre en surpoids. Gr\u00e2ce \u00e0 sa formule faible en mati\u00e8res grasses, il aide \u00e0 r\u00e9guler le poids.   Sa haute teneur en fibres et en prot\u00e9ines contribue \u00e0 la sensation de sati\u00e9t\u00e9 et au maintien de la masse musculaire.\" \/>\n<meta property=\"og:url\" content=\"https:\/\/www.vetorino.com\/veterinaire\/beugnies-59216\/boutique\/product\/advance-chien-light-poulet-maxi\/\" \/>\n<meta property=\"og:site_name\" content=\"V\u00e9torino\" \/>\n<meta property=\"article:publisher\" content=\"https:\/\/www.facebook.com\/Vetorino\/\" \/>\n<meta property=\"article:modified_time\" content=\"2025-10-29T16:38:02+00:00\" \/>\n<meta property=\"og:image\" content=\"https:\/\/www.vetorino.com\/boutique\/wp-content\/uploads\/2025\/06\/412898_pla_advance_maxilight_12kg_hs_02_1_jpg_0-1.jpg\" \/>\n\t<meta property=\"og:image:width\" content=\"800\" \/>\n\t<meta property=\"og:image:height\" content=\"800\" \/>\n\t<meta property=\"og:image:type\" content=\"image\/jpeg\" \/>\n<meta name=\"twitter:card\" content=\"summary_large_image\" \/>\n<meta name=\"twitter:label1\" content=\"Prix\" \/>\n\t<meta name=\"twitter:data1\" content=\"67,07&euro;\" \/>\n\t<meta name=\"twitter:label2\" content=\"Disponibilit\u00e9\" \/>\n\t<meta name=\"twitter:data2\" content=\"En stock\" \/>\n<script type=\"application\/ld+json\" class=\"yoast-schema-graph\">{\"@context\":\"https:\\\/\\\/schema.org\",\"@graph\":[{\"@type\":\"WebPage\",\"@id\":\"https:\\\/\\\/www.vetorino.com\\\/veterinaire\\\/briancon-05100\\\/boutique\\\/product\\\/advance-chien-light-poulet-maxi\\\/\",\"url\":\"https:\\\/\\\/www.vetorino.com\\\/veterinaire\\\/briancon-05100\\\/boutique\\\/product\\\/advance-chien-light-poulet-maxi\\\/\",\"name\":\"Maxi Light pour Chien Advance - V\u00e9torino\",\"isPartOf\":{\"@id\":\"https:\\\/\\\/www.vetorino.com\\\/boutique\\\/#website\"},\"primaryImageOfPage\":{\"@id\":\"https:\\\/\\\/www.vetorino.com\\\/veterinaire\\\/briancon-05100\\\/boutique\\\/product\\\/advance-chien-light-poulet-maxi\\\/#primaryimage\"},\"image\":{\"@id\":\"https:\\\/\\\/www.vetorino.com\\\/veterinaire\\\/briancon-05100\\\/boutique\\\/product\\\/advance-chien-light-poulet-maxi\\\/#primaryimage\"},\"thumbnailUrl\":\"https:\\\/\\\/www.vetorino.com\\\/boutique\\\/wp-content\\\/uploads\\\/2025\\\/06\\\/412898_pla_advance_maxilight_12kg_hs_02_1_jpg_0-1.jpg\",\"datePublished\":\"2025-06-07T03:35:15+00:00\",\"dateModified\":\"2025-10-29T16:38:02+00:00\",\"description\":\"Advance Adult Maxi Light est un aliment adapt\u00e9 aux chiens ayant tendance \u00e0 \u00eatre en surpoids. Gr\u00e2ce \u00e0 sa formule faible en mati\u00e8res grasses, il aide \u00e0 r\u00e9guler le poids. Sa haute teneur en fibres et en prot\u00e9ines contribue \u00e0 la sensation de sati\u00e9t\u00e9 et au maintien de la masse musculaire.\",\"breadcrumb\":{\"@id\":\"https:\\\/\\\/www.vetorino.com\\\/veterinaire\\\/briancon-05100\\\/boutique\\\/product\\\/advance-chien-light-poulet-maxi\\\/#breadcrumb\"},\"inLanguage\":\"fr-FR\",\"potentialAction\":[{\"@type\":\"ReadAction\",\"target\":[\"https:\\\/\\\/www.vetorino.com\\\/veterinaire\\\/briancon-05100\\\/boutique\\\/product\\\/advance-chien-light-poulet-maxi\\\/\"]}]},{\"@type\":\"ImageObject\",\"inLanguage\":\"fr-FR\",\"@id\":\"https:\\\/\\\/www.vetorino.com\\\/veterinaire\\\/briancon-05100\\\/boutique\\\/product\\\/advance-chien-light-poulet-maxi\\\/#primaryimage\",\"url\":\"https:\\\/\\\/www.vetorino.com\\\/boutique\\\/wp-content\\\/uploads\\\/2025\\\/06\\\/412898_pla_advance_maxilight_12kg_hs_02_1_jpg_0-1.jpg\",\"contentUrl\":\"https:\\\/\\\/www.vetorino.com\\\/boutique\\\/wp-content\\\/uploads\\\/2025\\\/06\\\/412898_pla_advance_maxilight_12kg_hs_02_1_jpg_0-1.jpg\",\"width\":800,\"height\":800},{\"@type\":\"BreadcrumbList\",\"@id\":\"https:\\\/\\\/www.vetorino.com\\\/veterinaire\\\/briancon-05100\\\/boutique\\\/product\\\/advance-chien-light-poulet-maxi\\\/#breadcrumb\",\"itemListElement\":[{\"@type\":\"ListItem\",\"position\":1,\"name\":\"Accueil\",\"item\":\"https:\\\/\\\/www.vetorino.com\\\/boutique\\\/\"},{\"@type\":\"ListItem\",\"position\":2,\"name\":\"Produits\",\"item\":\"https:\\\/\\\/www.vetorino.com\\\/boutique\\\/\"},{\"@type\":\"ListItem\",\"position\":3,\"name\":\"Maxi Light pour Chien\"}]},{\"@type\":\"WebSite\",\"@id\":\"https:\\\/\\\/www.vetorino.com\\\/boutique\\\/#website\",\"url\":\"https:\\\/\\\/www.vetorino.com\\\/boutique\\\/\",\"name\":\"V\u00e9torino\",\"description\":\"\",\"publisher\":{\"@id\":\"https:\\\/\\\/www.vetorino.com\\\/boutique\\\/#organization\"},\"potentialAction\":[{\"@type\":\"SearchAction\",\"target\":{\"@type\":\"EntryPoint\",\"urlTemplate\":\"https:\\\/\\\/www.vetorino.com\\\/boutique\\\/?s={search_term_string}\"},\"query-input\":{\"@type\":\"PropertyValueSpecification\",\"valueRequired\":true,\"valueName\":\"search_term_string\"}}],\"inLanguage\":\"fr-FR\"},{\"@type\":\"Organization\",\"@id\":\"https:\\\/\\\/www.vetorino.com\\\/boutique\\\/#organization\",\"name\":\"V\u00e9torino\",\"url\":\"https:\\\/\\\/www.vetorino.com\\\/boutique\\\/\",\"logo\":{\"@type\":\"ImageObject\",\"inLanguage\":\"fr-FR\",\"@id\":\"https:\\\/\\\/www.vetorino.com\\\/boutique\\\/#\\\/schema\\\/logo\\\/image\\\/\",\"url\":\"https:\\\/\\\/www.vetorino.com\\\/boutique\\\/wp-content\\\/uploads\\\/2024\\\/10\\\/logo.jpg\",\"contentUrl\":\"https:\\\/\\\/www.vetorino.com\\\/boutique\\\/wp-content\\\/uploads\\\/2024\\\/10\\\/logo.jpg\",\"width\":1200,\"height\":610,\"caption\":\"V\u00e9torino\"},\"image\":{\"@id\":\"https:\\\/\\\/www.vetorino.com\\\/boutique\\\/#\\\/schema\\\/logo\\\/image\\\/\"},\"sameAs\":[\"https:\\\/\\\/www.facebook.com\\\/Vetorino\\\/\",\"https:\\\/\\\/www.instagram.com\\\/vetorino_off\\\/\",\"https:\\\/\\\/www.linkedin.com\\\/company\\\/vtorino\\\/\"]}]}<\/script>\n<meta property=\"product:brand\" content=\"Advance\" \/>\n<meta property=\"product:price:amount\" content=\"67.07\" \/>\n<meta property=\"product:price:currency\" content=\"EUR\" \/>\n<meta property=\"og:availability\" content=\"instock\" \/>\n<meta property=\"product:availability\" content=\"instock\" \/>\n<meta property=\"product:retailer_item_id\" content=\"A-1892010\" \/>\n<meta property=\"product:condition\" content=\"new\" \/>\n<!-- \/ Yoast SEO plugin. -->","yoast_head_json":{"title":"Maxi Light pour Chien Advance - V\u00e9torino","description":"Advance Adult Maxi Light est un aliment adapt\u00e9 aux chiens ayant tendance \u00e0 \u00eatre en surpoids. Gr\u00e2ce \u00e0 sa formule faible en mati\u00e8res grasses, il aide \u00e0 r\u00e9guler le poids.   Sa haute teneur en fibres et en prot\u00e9ines contribue \u00e0 la sensation de sati\u00e9t\u00e9 et au maintien de la masse musculaire.","robots":{"index":"noindex","follow":"nofollow"},"og_locale":"fr_FR","og_type":"article","og_title":"Maxi Light pour Chien Advance - V\u00e9torino","og_description":"Advance Adult Maxi Light est un aliment adapt\u00e9 aux chiens ayant tendance \u00e0 \u00eatre en surpoids. Gr\u00e2ce \u00e0 sa formule faible en mati\u00e8res grasses, il aide \u00e0 r\u00e9guler le poids.   Sa haute teneur en fibres et en prot\u00e9ines contribue \u00e0 la sensation de sati\u00e9t\u00e9 et au maintien de la masse musculaire.","og_url":"https:\/\/www.vetorino.com\/veterinaire\/beugnies-59216\/boutique\/product\/advance-chien-light-poulet-maxi\/","og_site_name":"V\u00e9torino","article_publisher":"https:\/\/www.facebook.com\/Vetorino\/","article_modified_time":"2025-10-29T16:38:02+00:00","og_image":[{"width":800,"height":800,"url":"https:\/\/www.vetorino.com\/boutique\/wp-content\/uploads\/2025\/06\/412898_pla_advance_maxilight_12kg_hs_02_1_jpg_0-1.jpg","type":"image\/jpeg"}],"twitter_card":"summary_large_image","twitter_misc":{"Prix":"67,07&euro;","Disponibilit\u00e9":"En stock"},"schema":{"@context":"https:\/\/schema.org","@graph":[{"@type":"WebPage","@id":"https:\/\/www.vetorino.com\/veterinaire\/briancon-05100\/boutique\/product\/advance-chien-light-poulet-maxi\/","url":"https:\/\/www.vetorino.com\/veterinaire\/briancon-05100\/boutique\/product\/advance-chien-light-poulet-maxi\/","name":"Maxi Light pour Chien Advance - V\u00e9torino","isPartOf":{"@id":"https:\/\/www.vetorino.com\/boutique\/#website"},"primaryImageOfPage":{"@id":"https:\/\/www.vetorino.com\/veterinaire\/briancon-05100\/boutique\/product\/advance-chien-light-poulet-maxi\/#primaryimage"},"image":{"@id":"https:\/\/www.vetorino.com\/veterinaire\/briancon-05100\/boutique\/product\/advance-chien-light-poulet-maxi\/#primaryimage"},"thumbnailUrl":"https:\/\/www.vetorino.com\/boutique\/wp-content\/uploads\/2025\/06\/412898_pla_advance_maxilight_12kg_hs_02_1_jpg_0-1.jpg","datePublished":"2025-06-07T03:35:15+00:00","dateModified":"2025-10-29T16:38:02+00:00","description":"Advance Adult Maxi Light est un aliment adapt\u00e9 aux chiens ayant tendance \u00e0 \u00eatre en surpoids. Gr\u00e2ce \u00e0 sa formule faible en mati\u00e8res grasses, il aide \u00e0 r\u00e9guler le poids. Sa haute teneur en fibres et en prot\u00e9ines contribue \u00e0 la sensation de sati\u00e9t\u00e9 et au maintien de la masse musculaire.","breadcrumb":{"@id":"https:\/\/www.vetorino.com\/veterinaire\/briancon-05100\/boutique\/product\/advance-chien-light-poulet-maxi\/#breadcrumb"},"inLanguage":"fr-FR","potentialAction":[{"@type":"ReadAction","target":["https:\/\/www.vetorino.com\/veterinaire\/briancon-05100\/boutique\/product\/advance-chien-light-poulet-maxi\/"]}]},{"@type":"ImageObject","inLanguage":"fr-FR","@id":"https:\/\/www.vetorino.com\/veterinaire\/briancon-05100\/boutique\/product\/advance-chien-light-poulet-maxi\/#primaryimage","url":"https:\/\/www.vetorino.com\/boutique\/wp-content\/uploads\/2025\/06\/412898_pla_advance_maxilight_12kg_hs_02_1_jpg_0-1.jpg","contentUrl":"https:\/\/www.vetorino.com\/boutique\/wp-content\/uploads\/2025\/06\/412898_pla_advance_maxilight_12kg_hs_02_1_jpg_0-1.jpg","width":800,"height":800},{"@type":"BreadcrumbList","@id":"https:\/\/www.vetorino.com\/veterinaire\/briancon-05100\/boutique\/product\/advance-chien-light-poulet-maxi\/#breadcrumb","itemListElement":[{"@type":"ListItem","position":1,"name":"Accueil","item":"https:\/\/www.vetorino.com\/boutique\/"},{"@type":"ListItem","position":2,"name":"Produits","item":"https:\/\/www.vetorino.com\/boutique\/"},{"@type":"ListItem","position":3,"name":"Maxi Light pour Chien"}]},{"@type":"WebSite","@id":"https:\/\/www.vetorino.com\/boutique\/#website","url":"https:\/\/www.vetorino.com\/boutique\/","name":"V\u00e9torino","description":"","publisher":{"@id":"https:\/\/www.vetorino.com\/boutique\/#organization"},"potentialAction":[{"@type":"SearchAction","target":{"@type":"EntryPoint","urlTemplate":"https:\/\/www.vetorino.com\/boutique\/?s={search_term_string}"},"query-input":{"@type":"PropertyValueSpecification","valueRequired":true,"valueName":"search_term_string"}}],"inLanguage":"fr-FR"},{"@type":"Organization","@id":"https:\/\/www.vetorino.com\/boutique\/#organization","name":"V\u00e9torino","url":"https:\/\/www.vetorino.com\/boutique\/","logo":{"@type":"ImageObject","inLanguage":"fr-FR","@id":"https:\/\/www.vetorino.com\/boutique\/#\/schema\/logo\/image\/","url":"https:\/\/www.vetorino.com\/boutique\/wp-content\/uploads\/2024\/10\/logo.jpg","contentUrl":"https:\/\/www.vetorino.com\/boutique\/wp-content\/uploads\/2024\/10\/logo.jpg","width":1200,"height":610,"caption":"V\u00e9torino"},"image":{"@id":"https:\/\/www.vetorino.com\/boutique\/#\/schema\/logo\/image\/"},"sameAs":["https:\/\/www.facebook.com\/Vetorino\/","https:\/\/www.instagram.com\/vetorino_off\/","https:\/\/www.linkedin.com\/company\/vtorino\/"]}]},"product_brand":"Advance","product_price_amount":"67.07","product_price_currency":"EUR","og_availability":"instock","product_availability":"instock","product_retailer_item_id":"A-1892010","product_condition":"new"},"_links":{"self":[{"href":"https:\/\/www.vetorino.com\/veterinaire\/beugnies-59216\/boutique\/wp-json\/wp\/v2\/product\/1362667","targetHints":{"allow":["GET"]}}],"collection":[{"href":"https:\/\/www.vetorino.com\/veterinaire\/beugnies-59216\/boutique\/wp-json\/wp\/v2\/product"}],"about":[{"href":"https:\/\/www.vetorino.com\/veterinaire\/beugnies-59216\/boutique\/wp-json\/wp\/v2\/types\/product"}],"wp:featuredmedia":[{"embeddable":true,"href":"https:\/\/www.vetorino.com\/veterinaire\/beugnies-59216\/boutique\/wp-json\/wp\/v2\/media\/1370425"}],"wp:attachment":[{"href":"https:\/\/www.vetorino.com\/veterinaire\/beugnies-59216\/boutique\/wp-json\/wp\/v2\/media?parent=1362667"}],"wp:term":[{"taxonomy":"product_cat","embeddable":true,"href":"https:\/\/www.vetorino.com\/veterinaire\/beugnies-59216\/boutique\/wp-json\/wp\/v2\/product_cat?post=1362667"},{"taxonomy":"product_tag","embeddable":true,"href":"https:\/\/www.vetorino.com\/veterinaire\/beugnies-59216\/boutique\/wp-json\/wp\/v2\/product_tag?post=1362667"}],"curies":[{"name":"wp","href":"https:\/\/api.w.org\/{rel}","templated":true}]}}