{"id":1369758,"date":"2025-06-12T05:35:17","date_gmt":"2025-06-12T03:35:17","guid":{"rendered":"https:\/\/www.vetorino.com\/boutique\/product\/advance-veterinary-diets-chien-atopic-mini-sachets\/"},"modified":"2025-10-29T17:25:25","modified_gmt":"2025-10-29T16:25:25","slug":"advance-veterinary-diets-chien-atopic-mini-sachets","status":"publish","type":"product","link":"https:\/\/www.vetorino.com\/veterinaire\/beugnies-59216\/boutique\/product\/advance-veterinary-diets-chien-atopic-mini-sachets\/","title":{"rendered":"Chien Atopic Mini &#8211; sachets"},"content":{"rendered":"<p>ADVANCE VETERINARY DIETS ATOPIC est un <strong>aliment di\u00e9t\u00e9tique complet<\/strong> et \u00e9quilibr\u00e9, con\u00e7u sp\u00e9cialement <strong>pour prendre soin de la peau de votre chien<\/strong> en cas de dermatite et<strong> r\u00e9duire les intol\u00e9rances<\/strong> \u00e0 certains ingr\u00e9dients et nutriments.<\/p>\n<p>Gr\u00e2ce \u00e0 sa formule, il aide \u00e0<strong> r\u00e9tablir la barri\u00e8re cutan\u00e9e<\/strong> chez les chiens souffrant de dermatite atopique, \u00e0 <strong>r\u00e9duire les d\u00e9mangeaison<\/strong>s et \u00e0 <strong>contr\u00f4ler les pouss\u00e9es atopiques.<\/strong><\/p>\n<p>La formule d\u2019ADVANCE VETERINARY DIETS ATOPIC contient \u00e9galement<strong> de la dinde et du riz<\/strong>, des ingr\u00e9dients principaux qui aident \u00e0 r\u00e9duire le risque d\u2019\u00e9ventuelles r\u00e9actions ind\u00e9sirables \u00e0 l\u2019aliment.<\/p>\n<p><strong>Utilisation :<\/strong><\/p>\n<ul>\n<li>Dermatite atopique<\/li>\n<li>R\u00e9actions ind\u00e9sirables \u00e0 l\u2019aliment (EIA) chez leschiens atteints de dermatite atopique<\/li>\n<li>Prurit chronique<\/li>\n<li>Otite externe d\u2019origine allergique<\/li>\n<li>R\u00e9g\u00e9n\u00e9ration du film hydrolipidique de la peau<\/li>\n<li>Ent\u00e9rite (li\u00e9e aux EIA)<\/li>\n<li>Probl\u00e8mes intestinaux avec prurit<\/li>\n<li>Maladie inflammatoire de l\u2019intestin (li\u00e9e aux EIA)<\/li>\n<li>Autres probl\u00e8mes inflammatoires cutan\u00e9s<\/li>\n<\/ul>\n","protected":false},"excerpt":{"rendered":"<p>ADVANCE VETERINARY DIETS ATOPIC est un <strong>aliment di\u00e9t\u00e9tique complet<\/strong> et \u00e9quilibr\u00e9, con\u00e7u sp\u00e9cialement <strong>pour prendre soin de la peau de votre chien<\/strong> en cas de dermatite et<strong> r\u00e9duire les intol\u00e9rances<\/strong> \u00e0 certains ingr\u00e9dients et nutriments.<\/p>\n<p>Gr\u00e2ce \u00e0 sa formule, il aide \u00e0<strong> r\u00e9tablir la barri\u00e8re cutan\u00e9e<\/strong> chez les chiens souffrant de dermatite atopique, \u00e0 <strong>r\u00e9duire les d\u00e9mangeaison<\/strong>s et \u00e0 <strong>contr\u00f4ler les pouss\u00e9es atopiques.<\/strong><\/p>\n<p>La formule d\u2019ADVANCE VETERINARY DIETS ATOPIC contient \u00e9galement<strong> de la dinde et du riz<\/strong>, des ingr\u00e9dients principaux qui aident \u00e0 r\u00e9duire le risque d\u2019\u00e9ventuelles r\u00e9actions ind\u00e9sirables \u00e0 l\u2019aliment.<\/p>\n","protected":false},"featured_media":1439883,"template":"","meta":[],"product_cat":[12552,12582,2698],"product_tag":[],"class_list":{"0":"post-1369758","1":"product","2":"type-product","3":"status-publish","4":"has-post-thumbnail","6":"product_cat-alimentation-du-chien","7":"product_cat-alimentation-medicalisee-pour-chien","8":"product_cat-chien","9":"pa_marque-advance","11":"first","12":"instock","13":"taxable","14":"shipping-taxable","15":"purchasable","16":"product-type-simple"},"yoast_head":"<!-- This site is optimized with the Yoast SEO plugin v27.3 - https:\/\/yoast.com\/product\/yoast-seo-wordpress\/ -->\n<title>Chien Atopic Mini - sachets Advance - V\u00e9torino<\/title>\n<meta name=\"description\" content=\"ADVANCE VETERINARY DIETS ATOPIC est un aliment di\u00e9t\u00e9tique complet et \u00e9quilibr\u00e9, con\u00e7u sp\u00e9cialement pour prendre soin de la peau de votre chien en cas de dermatite et r\u00e9duire les intol\u00e9rances \u00e0 certains ingr\u00e9dients et nutriments.  Gr\u00e2ce \u00e0 sa formule, il aide \u00e0 r\u00e9tablir la barri\u00e8re cutan\u00e9e chez les chiens souffrant de dermatite atopique, \u00e0 r\u00e9duire les d\u00e9mangeaisons et \u00e0 contr\u00f4ler les pouss\u00e9es atopiques.  La formule d\u2019ADVANCE VETERINARY DIETS ATOPIC contient \u00e9galement de la dinde et du riz, des ingr\u00e9dients principaux qui aident \u00e0 r\u00e9duire le risque d\u2019\u00e9ventuelles r\u00e9actions ind\u00e9sirables \u00e0 l\u2019aliment.\" \/>\n<meta name=\"robots\" content=\"noindex, nofollow\" \/>\n<meta property=\"og:locale\" content=\"fr_FR\" \/>\n<meta property=\"og:type\" content=\"article\" \/>\n<meta property=\"og:title\" content=\"Chien Atopic Mini - sachets Advance - V\u00e9torino\" \/>\n<meta property=\"og:description\" content=\"ADVANCE VETERINARY DIETS ATOPIC est un aliment di\u00e9t\u00e9tique complet et \u00e9quilibr\u00e9, con\u00e7u sp\u00e9cialement pour prendre soin de la peau de votre chien en cas de dermatite et r\u00e9duire les intol\u00e9rances \u00e0 certains ingr\u00e9dients et nutriments.  Gr\u00e2ce \u00e0 sa formule, il aide \u00e0 r\u00e9tablir la barri\u00e8re cutan\u00e9e chez les chiens souffrant de dermatite atopique, \u00e0 r\u00e9duire les d\u00e9mangeaisons et \u00e0 contr\u00f4ler les pouss\u00e9es atopiques.  La formule d\u2019ADVANCE VETERINARY DIETS ATOPIC contient \u00e9galement de la dinde et du riz, des ingr\u00e9dients principaux qui aident \u00e0 r\u00e9duire le risque d\u2019\u00e9ventuelles r\u00e9actions ind\u00e9sirables \u00e0 l\u2019aliment.\" \/>\n<meta property=\"og:url\" content=\"https:\/\/www.vetorino.com\/veterinaire\/beugnies-59216\/boutique\/product\/advance-veterinary-diets-chien-atopic-mini-sachets\/\" \/>\n<meta property=\"og:site_name\" content=\"V\u00e9torino\" \/>\n<meta property=\"article:publisher\" content=\"https:\/\/www.facebook.com\/Vetorino\/\" \/>\n<meta property=\"article:modified_time\" content=\"2025-10-29T16:25:25+00:00\" \/>\n<meta property=\"og:image\" content=\"https:\/\/www.vetorino.com\/boutique\/wp-content\/uploads\/2025\/06\/chien-atopic-mini-advance-sachet.jpg\" \/>\n\t<meta property=\"og:image:width\" content=\"1024\" \/>\n\t<meta property=\"og:image:height\" content=\"1024\" \/>\n\t<meta property=\"og:image:type\" content=\"image\/jpeg\" \/>\n<meta name=\"twitter:card\" content=\"summary_large_image\" \/>\n<meta name=\"twitter:label1\" content=\"Prix\" \/>\n\t<meta name=\"twitter:data1\" content=\"20,86&euro;\" \/>\n\t<meta name=\"twitter:label2\" content=\"Disponibilit\u00e9\" \/>\n\t<meta name=\"twitter:data2\" content=\"En stock\" \/>\n<script type=\"application\/ld+json\" class=\"yoast-schema-graph\">{\"@context\":\"https:\\\/\\\/schema.org\",\"@graph\":[{\"@type\":\"WebPage\",\"@id\":\"https:\\\/\\\/www.vetorino.com\\\/veterinaire\\\/briancon-05100\\\/boutique\\\/product\\\/advance-veterinary-diets-chien-atopic-mini-sachets\\\/\",\"url\":\"https:\\\/\\\/www.vetorino.com\\\/veterinaire\\\/briancon-05100\\\/boutique\\\/product\\\/advance-veterinary-diets-chien-atopic-mini-sachets\\\/\",\"name\":\"Chien Atopic Mini - sachets Advance - V\u00e9torino\",\"isPartOf\":{\"@id\":\"https:\\\/\\\/www.vetorino.com\\\/boutique\\\/#website\"},\"primaryImageOfPage\":{\"@id\":\"https:\\\/\\\/www.vetorino.com\\\/veterinaire\\\/briancon-05100\\\/boutique\\\/product\\\/advance-veterinary-diets-chien-atopic-mini-sachets\\\/#primaryimage\"},\"image\":{\"@id\":\"https:\\\/\\\/www.vetorino.com\\\/veterinaire\\\/briancon-05100\\\/boutique\\\/product\\\/advance-veterinary-diets-chien-atopic-mini-sachets\\\/#primaryimage\"},\"thumbnailUrl\":\"https:\\\/\\\/www.vetorino.com\\\/boutique\\\/wp-content\\\/uploads\\\/2025\\\/06\\\/chien-atopic-mini-advance-sachet.jpg\",\"datePublished\":\"2025-06-12T03:35:17+00:00\",\"dateModified\":\"2025-10-29T16:25:25+00:00\",\"description\":\"ADVANCE VETERINARY DIETS ATOPIC est un aliment di\u00e9t\u00e9tique complet et \u00e9quilibr\u00e9, con\u00e7u sp\u00e9cialement pour prendre soin de la peau de votre chien en cas de dermatite et r\u00e9duire les intol\u00e9rances \u00e0 certains ingr\u00e9dients et nutriments. Gr\u00e2ce \u00e0 sa formule, il aide \u00e0 r\u00e9tablir la barri\u00e8re cutan\u00e9e chez les chiens souffrant de dermatite atopique, \u00e0 r\u00e9duire les d\u00e9mangeaisons et \u00e0 contr\u00f4ler les pouss\u00e9es atopiques. La formule d\u2019ADVANCE VETERINARY DIETS ATOPIC contient \u00e9galement de la dinde et du riz, des ingr\u00e9dients principaux qui aident \u00e0 r\u00e9duire le risque d\u2019\u00e9ventuelles r\u00e9actions ind\u00e9sirables \u00e0 l\u2019aliment.\",\"breadcrumb\":{\"@id\":\"https:\\\/\\\/www.vetorino.com\\\/veterinaire\\\/briancon-05100\\\/boutique\\\/product\\\/advance-veterinary-diets-chien-atopic-mini-sachets\\\/#breadcrumb\"},\"inLanguage\":\"fr-FR\",\"potentialAction\":[{\"@type\":\"ReadAction\",\"target\":[\"https:\\\/\\\/www.vetorino.com\\\/veterinaire\\\/briancon-05100\\\/boutique\\\/product\\\/advance-veterinary-diets-chien-atopic-mini-sachets\\\/\"]}]},{\"@type\":\"ImageObject\",\"inLanguage\":\"fr-FR\",\"@id\":\"https:\\\/\\\/www.vetorino.com\\\/veterinaire\\\/briancon-05100\\\/boutique\\\/product\\\/advance-veterinary-diets-chien-atopic-mini-sachets\\\/#primaryimage\",\"url\":\"https:\\\/\\\/www.vetorino.com\\\/boutique\\\/wp-content\\\/uploads\\\/2025\\\/06\\\/chien-atopic-mini-advance-sachet.jpg\",\"contentUrl\":\"https:\\\/\\\/www.vetorino.com\\\/boutique\\\/wp-content\\\/uploads\\\/2025\\\/06\\\/chien-atopic-mini-advance-sachet.jpg\",\"width\":1024,\"height\":1024},{\"@type\":\"BreadcrumbList\",\"@id\":\"https:\\\/\\\/www.vetorino.com\\\/veterinaire\\\/briancon-05100\\\/boutique\\\/product\\\/advance-veterinary-diets-chien-atopic-mini-sachets\\\/#breadcrumb\",\"itemListElement\":[{\"@type\":\"ListItem\",\"position\":1,\"name\":\"Accueil\",\"item\":\"https:\\\/\\\/www.vetorino.com\\\/boutique\\\/\"},{\"@type\":\"ListItem\",\"position\":2,\"name\":\"Produits\",\"item\":\"https:\\\/\\\/www.vetorino.com\\\/boutique\\\/\"},{\"@type\":\"ListItem\",\"position\":3,\"name\":\"Chien Atopic Mini &#8211; sachets\"}]},{\"@type\":\"WebSite\",\"@id\":\"https:\\\/\\\/www.vetorino.com\\\/boutique\\\/#website\",\"url\":\"https:\\\/\\\/www.vetorino.com\\\/boutique\\\/\",\"name\":\"V\u00e9torino\",\"description\":\"\",\"publisher\":{\"@id\":\"https:\\\/\\\/www.vetorino.com\\\/boutique\\\/#organization\"},\"potentialAction\":[{\"@type\":\"SearchAction\",\"target\":{\"@type\":\"EntryPoint\",\"urlTemplate\":\"https:\\\/\\\/www.vetorino.com\\\/boutique\\\/?s={search_term_string}\"},\"query-input\":{\"@type\":\"PropertyValueSpecification\",\"valueRequired\":true,\"valueName\":\"search_term_string\"}}],\"inLanguage\":\"fr-FR\"},{\"@type\":\"Organization\",\"@id\":\"https:\\\/\\\/www.vetorino.com\\\/boutique\\\/#organization\",\"name\":\"V\u00e9torino\",\"url\":\"https:\\\/\\\/www.vetorino.com\\\/boutique\\\/\",\"logo\":{\"@type\":\"ImageObject\",\"inLanguage\":\"fr-FR\",\"@id\":\"https:\\\/\\\/www.vetorino.com\\\/boutique\\\/#\\\/schema\\\/logo\\\/image\\\/\",\"url\":\"https:\\\/\\\/www.vetorino.com\\\/boutique\\\/wp-content\\\/uploads\\\/2024\\\/10\\\/logo.jpg\",\"contentUrl\":\"https:\\\/\\\/www.vetorino.com\\\/boutique\\\/wp-content\\\/uploads\\\/2024\\\/10\\\/logo.jpg\",\"width\":1200,\"height\":610,\"caption\":\"V\u00e9torino\"},\"image\":{\"@id\":\"https:\\\/\\\/www.vetorino.com\\\/boutique\\\/#\\\/schema\\\/logo\\\/image\\\/\"},\"sameAs\":[\"https:\\\/\\\/www.facebook.com\\\/Vetorino\\\/\",\"https:\\\/\\\/www.instagram.com\\\/vetorino_off\\\/\",\"https:\\\/\\\/www.linkedin.com\\\/company\\\/vtorino\\\/\"]}]}<\/script>\n<meta property=\"product:brand\" content=\"Advance\" \/>\n<meta property=\"product:price:amount\" content=\"20.86\" \/>\n<meta property=\"product:price:currency\" content=\"EUR\" \/>\n<meta property=\"og:availability\" content=\"instock\" \/>\n<meta property=\"product:availability\" content=\"instock\" \/>\n<meta property=\"product:retailer_item_id\" content=\"A-1891530\" \/>\n<meta property=\"product:condition\" content=\"new\" \/>\n<!-- \/ Yoast SEO plugin. -->","yoast_head_json":{"title":"Chien Atopic Mini - sachets Advance - V\u00e9torino","description":"ADVANCE VETERINARY DIETS ATOPIC est un aliment di\u00e9t\u00e9tique complet et \u00e9quilibr\u00e9, con\u00e7u sp\u00e9cialement pour prendre soin de la peau de votre chien en cas de dermatite et r\u00e9duire les intol\u00e9rances \u00e0 certains ingr\u00e9dients et nutriments.  Gr\u00e2ce \u00e0 sa formule, il aide \u00e0 r\u00e9tablir la barri\u00e8re cutan\u00e9e chez les chiens souffrant de dermatite atopique, \u00e0 r\u00e9duire les d\u00e9mangeaisons et \u00e0 contr\u00f4ler les pouss\u00e9es atopiques.  La formule d\u2019ADVANCE VETERINARY DIETS ATOPIC contient \u00e9galement de la dinde et du riz, des ingr\u00e9dients principaux qui aident \u00e0 r\u00e9duire le risque d\u2019\u00e9ventuelles r\u00e9actions ind\u00e9sirables \u00e0 l\u2019aliment.","robots":{"index":"noindex","follow":"nofollow"},"og_locale":"fr_FR","og_type":"article","og_title":"Chien Atopic Mini - sachets Advance - V\u00e9torino","og_description":"ADVANCE VETERINARY DIETS ATOPIC est un aliment di\u00e9t\u00e9tique complet et \u00e9quilibr\u00e9, con\u00e7u sp\u00e9cialement pour prendre soin de la peau de votre chien en cas de dermatite et r\u00e9duire les intol\u00e9rances \u00e0 certains ingr\u00e9dients et nutriments.  Gr\u00e2ce \u00e0 sa formule, il aide \u00e0 r\u00e9tablir la barri\u00e8re cutan\u00e9e chez les chiens souffrant de dermatite atopique, \u00e0 r\u00e9duire les d\u00e9mangeaisons et \u00e0 contr\u00f4ler les pouss\u00e9es atopiques.  La formule d\u2019ADVANCE VETERINARY DIETS ATOPIC contient \u00e9galement de la dinde et du riz, des ingr\u00e9dients principaux qui aident \u00e0 r\u00e9duire le risque d\u2019\u00e9ventuelles r\u00e9actions ind\u00e9sirables \u00e0 l\u2019aliment.","og_url":"https:\/\/www.vetorino.com\/veterinaire\/beugnies-59216\/boutique\/product\/advance-veterinary-diets-chien-atopic-mini-sachets\/","og_site_name":"V\u00e9torino","article_publisher":"https:\/\/www.facebook.com\/Vetorino\/","article_modified_time":"2025-10-29T16:25:25+00:00","og_image":[{"width":1024,"height":1024,"url":"https:\/\/www.vetorino.com\/boutique\/wp-content\/uploads\/2025\/06\/chien-atopic-mini-advance-sachet.jpg","type":"image\/jpeg"}],"twitter_card":"summary_large_image","twitter_misc":{"Prix":"20,86&euro;","Disponibilit\u00e9":"En stock"},"schema":{"@context":"https:\/\/schema.org","@graph":[{"@type":"WebPage","@id":"https:\/\/www.vetorino.com\/veterinaire\/briancon-05100\/boutique\/product\/advance-veterinary-diets-chien-atopic-mini-sachets\/","url":"https:\/\/www.vetorino.com\/veterinaire\/briancon-05100\/boutique\/product\/advance-veterinary-diets-chien-atopic-mini-sachets\/","name":"Chien Atopic Mini - sachets Advance - V\u00e9torino","isPartOf":{"@id":"https:\/\/www.vetorino.com\/boutique\/#website"},"primaryImageOfPage":{"@id":"https:\/\/www.vetorino.com\/veterinaire\/briancon-05100\/boutique\/product\/advance-veterinary-diets-chien-atopic-mini-sachets\/#primaryimage"},"image":{"@id":"https:\/\/www.vetorino.com\/veterinaire\/briancon-05100\/boutique\/product\/advance-veterinary-diets-chien-atopic-mini-sachets\/#primaryimage"},"thumbnailUrl":"https:\/\/www.vetorino.com\/boutique\/wp-content\/uploads\/2025\/06\/chien-atopic-mini-advance-sachet.jpg","datePublished":"2025-06-12T03:35:17+00:00","dateModified":"2025-10-29T16:25:25+00:00","description":"ADVANCE VETERINARY DIETS ATOPIC est un aliment di\u00e9t\u00e9tique complet et \u00e9quilibr\u00e9, con\u00e7u sp\u00e9cialement pour prendre soin de la peau de votre chien en cas de dermatite et r\u00e9duire les intol\u00e9rances \u00e0 certains ingr\u00e9dients et nutriments. Gr\u00e2ce \u00e0 sa formule, il aide \u00e0 r\u00e9tablir la barri\u00e8re cutan\u00e9e chez les chiens souffrant de dermatite atopique, \u00e0 r\u00e9duire les d\u00e9mangeaisons et \u00e0 contr\u00f4ler les pouss\u00e9es atopiques. La formule d\u2019ADVANCE VETERINARY DIETS ATOPIC contient \u00e9galement de la dinde et du riz, des ingr\u00e9dients principaux qui aident \u00e0 r\u00e9duire le risque d\u2019\u00e9ventuelles r\u00e9actions ind\u00e9sirables \u00e0 l\u2019aliment.","breadcrumb":{"@id":"https:\/\/www.vetorino.com\/veterinaire\/briancon-05100\/boutique\/product\/advance-veterinary-diets-chien-atopic-mini-sachets\/#breadcrumb"},"inLanguage":"fr-FR","potentialAction":[{"@type":"ReadAction","target":["https:\/\/www.vetorino.com\/veterinaire\/briancon-05100\/boutique\/product\/advance-veterinary-diets-chien-atopic-mini-sachets\/"]}]},{"@type":"ImageObject","inLanguage":"fr-FR","@id":"https:\/\/www.vetorino.com\/veterinaire\/briancon-05100\/boutique\/product\/advance-veterinary-diets-chien-atopic-mini-sachets\/#primaryimage","url":"https:\/\/www.vetorino.com\/boutique\/wp-content\/uploads\/2025\/06\/chien-atopic-mini-advance-sachet.jpg","contentUrl":"https:\/\/www.vetorino.com\/boutique\/wp-content\/uploads\/2025\/06\/chien-atopic-mini-advance-sachet.jpg","width":1024,"height":1024},{"@type":"BreadcrumbList","@id":"https:\/\/www.vetorino.com\/veterinaire\/briancon-05100\/boutique\/product\/advance-veterinary-diets-chien-atopic-mini-sachets\/#breadcrumb","itemListElement":[{"@type":"ListItem","position":1,"name":"Accueil","item":"https:\/\/www.vetorino.com\/boutique\/"},{"@type":"ListItem","position":2,"name":"Produits","item":"https:\/\/www.vetorino.com\/boutique\/"},{"@type":"ListItem","position":3,"name":"Chien Atopic Mini &#8211; sachets"}]},{"@type":"WebSite","@id":"https:\/\/www.vetorino.com\/boutique\/#website","url":"https:\/\/www.vetorino.com\/boutique\/","name":"V\u00e9torino","description":"","publisher":{"@id":"https:\/\/www.vetorino.com\/boutique\/#organization"},"potentialAction":[{"@type":"SearchAction","target":{"@type":"EntryPoint","urlTemplate":"https:\/\/www.vetorino.com\/boutique\/?s={search_term_string}"},"query-input":{"@type":"PropertyValueSpecification","valueRequired":true,"valueName":"search_term_string"}}],"inLanguage":"fr-FR"},{"@type":"Organization","@id":"https:\/\/www.vetorino.com\/boutique\/#organization","name":"V\u00e9torino","url":"https:\/\/www.vetorino.com\/boutique\/","logo":{"@type":"ImageObject","inLanguage":"fr-FR","@id":"https:\/\/www.vetorino.com\/boutique\/#\/schema\/logo\/image\/","url":"https:\/\/www.vetorino.com\/boutique\/wp-content\/uploads\/2024\/10\/logo.jpg","contentUrl":"https:\/\/www.vetorino.com\/boutique\/wp-content\/uploads\/2024\/10\/logo.jpg","width":1200,"height":610,"caption":"V\u00e9torino"},"image":{"@id":"https:\/\/www.vetorino.com\/boutique\/#\/schema\/logo\/image\/"},"sameAs":["https:\/\/www.facebook.com\/Vetorino\/","https:\/\/www.instagram.com\/vetorino_off\/","https:\/\/www.linkedin.com\/company\/vtorino\/"]}]},"product_brand":"Advance","product_price_amount":"20.86","product_price_currency":"EUR","og_availability":"instock","product_availability":"instock","product_retailer_item_id":"A-1891530","product_condition":"new"},"_links":{"self":[{"href":"https:\/\/www.vetorino.com\/veterinaire\/beugnies-59216\/boutique\/wp-json\/wp\/v2\/product\/1369758","targetHints":{"allow":["GET"]}}],"collection":[{"href":"https:\/\/www.vetorino.com\/veterinaire\/beugnies-59216\/boutique\/wp-json\/wp\/v2\/product"}],"about":[{"href":"https:\/\/www.vetorino.com\/veterinaire\/beugnies-59216\/boutique\/wp-json\/wp\/v2\/types\/product"}],"wp:featuredmedia":[{"embeddable":true,"href":"https:\/\/www.vetorino.com\/veterinaire\/beugnies-59216\/boutique\/wp-json\/wp\/v2\/media\/1439883"}],"wp:attachment":[{"href":"https:\/\/www.vetorino.com\/veterinaire\/beugnies-59216\/boutique\/wp-json\/wp\/v2\/media?parent=1369758"}],"wp:term":[{"taxonomy":"product_cat","embeddable":true,"href":"https:\/\/www.vetorino.com\/veterinaire\/beugnies-59216\/boutique\/wp-json\/wp\/v2\/product_cat?post=1369758"},{"taxonomy":"product_tag","embeddable":true,"href":"https:\/\/www.vetorino.com\/veterinaire\/beugnies-59216\/boutique\/wp-json\/wp\/v2\/product_tag?post=1369758"}],"curies":[{"name":"wp","href":"https:\/\/api.w.org\/{rel}","templated":true}]}}