{"id":1451779,"date":"2025-08-14T11:01:30","date_gmt":"2025-08-14T09:01:30","guid":{"rendered":"https:\/\/www.vetorino.com\/boutique\/product\/corbeille-cosypop-vert\/"},"modified":"2025-09-02T17:21:44","modified_gmt":"2025-09-02T15:21:44","slug":"corbeille-cosypop-vert","status":"publish","type":"product","link":"https:\/\/www.vetorino.com\/veterinaire\/beugnies-59216\/boutique\/product\/corbeille-cosypop-vert\/","title":{"rendered":"Panier 2 en 1 Cosy Pop vert \u2013 chien, chat"},"content":{"rendered":"<div class=\"hidden\">\n<p><strong>Cosypop, la corbeille 2 en 1 qui se transforme en tapis de sol pour chats et chiens.<\/strong><\/p>\n<p><strong>Caract\u00e9ristiques :<\/strong><\/p>\n<ul>\n<li>Compos\u00e9e d\u2019un tapis confortable et anti-d\u00e9rapant.<\/li>\n<li>Les animaux restent propres et secs gr\u00e2ce \u00e0 sa mati\u00e8re a\u00e9r\u00e9e.<\/li>\n<li>Pourtour rembourr\u00e9, moelleux et d\u00e9tachable.<\/li>\n<li>Mati\u00e8re 100% nylon avec un rev\u00eatement en silicone anti-d\u00e9rapant.<\/li>\n<li>Entretien facile, lavable en machine \u00e0 40\u00b0c, s\u00e9chage rapide.<\/li>\n<\/ul>\n<p><strong>Propos\u00e9 en 3 coloris et 4 tailles :<\/strong><\/p>\n<ul>\n<li><em>Taille 00 : Totale 40*27cm Tapis 36*20cm<\/em><\/li>\n<li><em>Taille 0 : Totale 50*35cm Tapis 42*26cm<\/em><\/li>\n<li><em>Taille 1 : Totale 64*47cm Tapis 50*33cm<\/em><\/li>\n<li><em>Taille 2 : Totale 85*53cm Tapis 71*39cm<\/em><\/li>\n<\/ul>\n<\/div>\n","protected":false},"excerpt":{"rendered":"<p><strong>Cosypop, la corbeille 2 en 1 qui se transforme en tapis de sol pour chats et chiens.<\/strong><\/p>\n<p><strong>Caract\u00e9ristiques :<\/strong><\/p>\n<ul>\n<li>Compos\u00e9e d\u2019un tapis confortable et anti-d\u00e9rapant.<\/li>\n<li>Les animaux restent propres et secs gr\u00e2ce \u00e0 sa mati\u00e8re a\u00e9r\u00e9e.<\/li>\n<li>Pourtour rembourr\u00e9, moelleux et d\u00e9tachable.<\/li>\n<li>Mati\u00e8re 100% nylon avec un rev\u00eatement en silicone anti-d\u00e9rapant.<\/li>\n<li>Entretien facile, lavable en machine \u00e0 40\u00b0c, s\u00e9chage rapide.<\/li>\n<\/ul>\n<p><strong>Propos\u00e9 en 4 tailles.<\/strong><\/p>\n","protected":false},"featured_media":1455958,"template":"","meta":[],"product_cat":[12548,12550,2697,2698,12595,12596],"product_tag":[],"class_list":{"0":"post-1451779","1":"product","2":"type-product","3":"status-publish","4":"has-post-thumbnail","6":"product_cat-accessoire-du-chat","7":"product_cat-accessoires-du-chien","8":"product_cat-chat","9":"product_cat-chien","10":"product_cat-confort-du-chat","11":"product_cat-confort-du-chien","12":"pa_marque-vetopop","14":"first","15":"instock","16":"taxable","17":"shipping-taxable","18":"purchasable","19":"product-type-variable"},"yoast_head":"<!-- This site is optimized with the Yoast SEO plugin v27.3 - https:\/\/yoast.com\/product\/yoast-seo-wordpress\/ -->\n<title>Panier 2 en 1 Cosy Pop vert \u2013 chien, chat V\u00e9topop - V\u00e9torino<\/title>\n<meta name=\"description\" content=\"Cosypop, la corbeille 2 en 1 qui se transforme en tapis de sol pour chats et chiens.  Caract\u00e9ristiques :   Compos\u00e9e d\u2019un tapis confortable et anti-d\u00e9rapant.  Les animaux restent propres et secs gr\u00e2ce \u00e0 sa mati\u00e8re a\u00e9r\u00e9e.  Pourtour rembourr\u00e9, moelleux et d\u00e9tachable.  Mati\u00e8re 100% nylon avec un rev\u00eatement en silicone anti-d\u00e9rapant.  Entretien facile, lavable en machine \u00e0 40\u00b0c, s\u00e9chage rapide.  Propos\u00e9 en 4 tailles.\" \/>\n<meta name=\"robots\" content=\"noindex, nofollow\" \/>\n<meta property=\"og:locale\" content=\"fr_FR\" \/>\n<meta property=\"og:type\" content=\"article\" \/>\n<meta property=\"og:title\" content=\"Panier 2 en 1 Cosy Pop vert \u2013 chien, chat V\u00e9topop - V\u00e9torino\" \/>\n<meta property=\"og:description\" content=\"Cosypop, la corbeille 2 en 1 qui se transforme en tapis de sol pour chats et chiens.  Caract\u00e9ristiques :   Compos\u00e9e d\u2019un tapis confortable et anti-d\u00e9rapant.  Les animaux restent propres et secs gr\u00e2ce \u00e0 sa mati\u00e8re a\u00e9r\u00e9e.  Pourtour rembourr\u00e9, moelleux et d\u00e9tachable.  Mati\u00e8re 100% nylon avec un rev\u00eatement en silicone anti-d\u00e9rapant.  Entretien facile, lavable en machine \u00e0 40\u00b0c, s\u00e9chage rapide.  Propos\u00e9 en 4 tailles.\" \/>\n<meta property=\"og:url\" content=\"https:\/\/www.vetorino.com\/veterinaire\/beugnies-59216\/boutique\/product\/corbeille-cosypop-vert\/\" \/>\n<meta property=\"og:site_name\" content=\"V\u00e9torino\" \/>\n<meta property=\"article:publisher\" content=\"https:\/\/www.facebook.com\/Vetorino\/\" \/>\n<meta property=\"article:modified_time\" content=\"2025-09-02T15:21:44+00:00\" \/>\n<meta property=\"og:image\" content=\"https:\/\/www.vetorino.com\/boutique\/wp-content\/uploads\/2020\/07\/panier-2-en-1-cosy-pop-vert.webp\" \/>\n\t<meta property=\"og:image:width\" content=\"800\" \/>\n\t<meta property=\"og:image:height\" content=\"800\" \/>\n\t<meta property=\"og:image:type\" content=\"image\/webp\" \/>\n<meta name=\"twitter:card\" content=\"summary_large_image\" \/>\n<meta name=\"twitter:label1\" content=\"Disponibilit\u00e9\" \/>\n\t<meta name=\"twitter:data1\" content=\"En stock\" \/>\n<script type=\"application\/ld+json\" class=\"yoast-schema-graph\">{\"@context\":\"https:\\\/\\\/schema.org\",\"@graph\":[{\"@type\":\"WebPage\",\"@id\":\"https:\\\/\\\/www.vetorino.com\\\/veterinaire\\\/pontarlier-25300\\\/boutique\\\/product\\\/corbeille-cosypop-vert\\\/\",\"url\":\"https:\\\/\\\/www.vetorino.com\\\/veterinaire\\\/pontarlier-25300\\\/boutique\\\/product\\\/corbeille-cosypop-vert\\\/\",\"name\":\"Panier 2 en 1 Cosy Pop vert \u2013 chien, chat V\u00e9topop - V\u00e9torino\",\"isPartOf\":{\"@id\":\"https:\\\/\\\/www.vetorino.com\\\/boutique\\\/#website\"},\"primaryImageOfPage\":{\"@id\":\"https:\\\/\\\/www.vetorino.com\\\/veterinaire\\\/pontarlier-25300\\\/boutique\\\/product\\\/corbeille-cosypop-vert\\\/#primaryimage\"},\"image\":{\"@id\":\"https:\\\/\\\/www.vetorino.com\\\/veterinaire\\\/pontarlier-25300\\\/boutique\\\/product\\\/corbeille-cosypop-vert\\\/#primaryimage\"},\"thumbnailUrl\":\"https:\\\/\\\/www.vetorino.com\\\/boutique\\\/wp-content\\\/uploads\\\/2020\\\/07\\\/panier-2-en-1-cosy-pop-vert.webp\",\"datePublished\":\"2025-08-14T09:01:30+00:00\",\"dateModified\":\"2025-09-02T15:21:44+00:00\",\"description\":\"Cosypop, la corbeille 2 en 1 qui se transforme en tapis de sol pour chats et chiens. Caract\u00e9ristiques : Compos\u00e9e d\u2019un tapis confortable et anti-d\u00e9rapant. Les animaux restent propres et secs gr\u00e2ce \u00e0 sa mati\u00e8re a\u00e9r\u00e9e. Pourtour rembourr\u00e9, moelleux et d\u00e9tachable. Mati\u00e8re 100% nylon avec un rev\u00eatement en silicone anti-d\u00e9rapant. Entretien facile, lavable en machine \u00e0 40\u00b0c, s\u00e9chage rapide. Propos\u00e9 en 4 tailles.\",\"breadcrumb\":{\"@id\":\"https:\\\/\\\/www.vetorino.com\\\/veterinaire\\\/pontarlier-25300\\\/boutique\\\/product\\\/corbeille-cosypop-vert\\\/#breadcrumb\"},\"inLanguage\":\"fr-FR\",\"potentialAction\":[{\"@type\":\"ReadAction\",\"target\":[\"https:\\\/\\\/www.vetorino.com\\\/veterinaire\\\/pontarlier-25300\\\/boutique\\\/product\\\/corbeille-cosypop-vert\\\/\"]}]},{\"@type\":\"ImageObject\",\"inLanguage\":\"fr-FR\",\"@id\":\"https:\\\/\\\/www.vetorino.com\\\/veterinaire\\\/pontarlier-25300\\\/boutique\\\/product\\\/corbeille-cosypop-vert\\\/#primaryimage\",\"url\":\"https:\\\/\\\/www.vetorino.com\\\/boutique\\\/wp-content\\\/uploads\\\/2020\\\/07\\\/panier-2-en-1-cosy-pop-vert.webp\",\"contentUrl\":\"https:\\\/\\\/www.vetorino.com\\\/boutique\\\/wp-content\\\/uploads\\\/2020\\\/07\\\/panier-2-en-1-cosy-pop-vert.webp\",\"width\":800,\"height\":800},{\"@type\":\"BreadcrumbList\",\"@id\":\"https:\\\/\\\/www.vetorino.com\\\/veterinaire\\\/pontarlier-25300\\\/boutique\\\/product\\\/corbeille-cosypop-vert\\\/#breadcrumb\",\"itemListElement\":[{\"@type\":\"ListItem\",\"position\":1,\"name\":\"Accueil\",\"item\":\"https:\\\/\\\/www.vetorino.com\\\/boutique\\\/\"},{\"@type\":\"ListItem\",\"position\":2,\"name\":\"Produits\",\"item\":\"https:\\\/\\\/www.vetorino.com\\\/boutique\\\/\"},{\"@type\":\"ListItem\",\"position\":3,\"name\":\"Panier 2 en 1 Cosy Pop vert \u2013 chien, chat\"}]},{\"@type\":\"WebSite\",\"@id\":\"https:\\\/\\\/www.vetorino.com\\\/boutique\\\/#website\",\"url\":\"https:\\\/\\\/www.vetorino.com\\\/boutique\\\/\",\"name\":\"V\u00e9torino\",\"description\":\"\",\"publisher\":{\"@id\":\"https:\\\/\\\/www.vetorino.com\\\/boutique\\\/#organization\"},\"potentialAction\":[{\"@type\":\"SearchAction\",\"target\":{\"@type\":\"EntryPoint\",\"urlTemplate\":\"https:\\\/\\\/www.vetorino.com\\\/boutique\\\/?s={search_term_string}\"},\"query-input\":{\"@type\":\"PropertyValueSpecification\",\"valueRequired\":true,\"valueName\":\"search_term_string\"}}],\"inLanguage\":\"fr-FR\"},{\"@type\":\"Organization\",\"@id\":\"https:\\\/\\\/www.vetorino.com\\\/boutique\\\/#organization\",\"name\":\"V\u00e9torino\",\"url\":\"https:\\\/\\\/www.vetorino.com\\\/boutique\\\/\",\"logo\":{\"@type\":\"ImageObject\",\"inLanguage\":\"fr-FR\",\"@id\":\"https:\\\/\\\/www.vetorino.com\\\/boutique\\\/#\\\/schema\\\/logo\\\/image\\\/\",\"url\":\"https:\\\/\\\/www.vetorino.com\\\/boutique\\\/wp-content\\\/uploads\\\/2024\\\/10\\\/logo.jpg\",\"contentUrl\":\"https:\\\/\\\/www.vetorino.com\\\/boutique\\\/wp-content\\\/uploads\\\/2024\\\/10\\\/logo.jpg\",\"width\":1200,\"height\":610,\"caption\":\"V\u00e9torino\"},\"image\":{\"@id\":\"https:\\\/\\\/www.vetorino.com\\\/boutique\\\/#\\\/schema\\\/logo\\\/image\\\/\"},\"sameAs\":[\"https:\\\/\\\/www.facebook.com\\\/Vetorino\\\/\",\"https:\\\/\\\/www.instagram.com\\\/vetorino_off\\\/\",\"https:\\\/\\\/www.linkedin.com\\\/company\\\/vtorino\\\/\"]}]}<\/script>\n<meta property=\"product:brand\" content=\"V\u00e9topop\" \/>\n<meta property=\"og:availability\" content=\"instock\" \/>\n<meta property=\"product:availability\" content=\"instock\" \/>\n<meta property=\"product:condition\" content=\"new\" \/>\n<!-- \/ Yoast SEO plugin. -->","yoast_head_json":{"title":"Panier 2 en 1 Cosy Pop vert \u2013 chien, chat V\u00e9topop - V\u00e9torino","description":"Cosypop, la corbeille 2 en 1 qui se transforme en tapis de sol pour chats et chiens.  Caract\u00e9ristiques :   Compos\u00e9e d\u2019un tapis confortable et anti-d\u00e9rapant.  Les animaux restent propres et secs gr\u00e2ce \u00e0 sa mati\u00e8re a\u00e9r\u00e9e.  Pourtour rembourr\u00e9, moelleux et d\u00e9tachable.  Mati\u00e8re 100% nylon avec un rev\u00eatement en silicone anti-d\u00e9rapant.  Entretien facile, lavable en machine \u00e0 40\u00b0c, s\u00e9chage rapide.  Propos\u00e9 en 4 tailles.","robots":{"index":"noindex","follow":"nofollow"},"og_locale":"fr_FR","og_type":"article","og_title":"Panier 2 en 1 Cosy Pop vert \u2013 chien, chat V\u00e9topop - V\u00e9torino","og_description":"Cosypop, la corbeille 2 en 1 qui se transforme en tapis de sol pour chats et chiens.  Caract\u00e9ristiques :   Compos\u00e9e d\u2019un tapis confortable et anti-d\u00e9rapant.  Les animaux restent propres et secs gr\u00e2ce \u00e0 sa mati\u00e8re a\u00e9r\u00e9e.  Pourtour rembourr\u00e9, moelleux et d\u00e9tachable.  Mati\u00e8re 100% nylon avec un rev\u00eatement en silicone anti-d\u00e9rapant.  Entretien facile, lavable en machine \u00e0 40\u00b0c, s\u00e9chage rapide.  Propos\u00e9 en 4 tailles.","og_url":"https:\/\/www.vetorino.com\/veterinaire\/beugnies-59216\/boutique\/product\/corbeille-cosypop-vert\/","og_site_name":"V\u00e9torino","article_publisher":"https:\/\/www.facebook.com\/Vetorino\/","article_modified_time":"2025-09-02T15:21:44+00:00","og_image":[{"width":800,"height":800,"url":"https:\/\/www.vetorino.com\/boutique\/wp-content\/uploads\/2020\/07\/panier-2-en-1-cosy-pop-vert.webp","type":"image\/webp"}],"twitter_card":"summary_large_image","twitter_misc":{"Disponibilit\u00e9":"En stock"},"schema":{"@context":"https:\/\/schema.org","@graph":[{"@type":"WebPage","@id":"https:\/\/www.vetorino.com\/veterinaire\/pontarlier-25300\/boutique\/product\/corbeille-cosypop-vert\/","url":"https:\/\/www.vetorino.com\/veterinaire\/pontarlier-25300\/boutique\/product\/corbeille-cosypop-vert\/","name":"Panier 2 en 1 Cosy Pop vert \u2013 chien, chat V\u00e9topop - V\u00e9torino","isPartOf":{"@id":"https:\/\/www.vetorino.com\/boutique\/#website"},"primaryImageOfPage":{"@id":"https:\/\/www.vetorino.com\/veterinaire\/pontarlier-25300\/boutique\/product\/corbeille-cosypop-vert\/#primaryimage"},"image":{"@id":"https:\/\/www.vetorino.com\/veterinaire\/pontarlier-25300\/boutique\/product\/corbeille-cosypop-vert\/#primaryimage"},"thumbnailUrl":"https:\/\/www.vetorino.com\/boutique\/wp-content\/uploads\/2020\/07\/panier-2-en-1-cosy-pop-vert.webp","datePublished":"2025-08-14T09:01:30+00:00","dateModified":"2025-09-02T15:21:44+00:00","description":"Cosypop, la corbeille 2 en 1 qui se transforme en tapis de sol pour chats et chiens. Caract\u00e9ristiques : Compos\u00e9e d\u2019un tapis confortable et anti-d\u00e9rapant. Les animaux restent propres et secs gr\u00e2ce \u00e0 sa mati\u00e8re a\u00e9r\u00e9e. Pourtour rembourr\u00e9, moelleux et d\u00e9tachable. Mati\u00e8re 100% nylon avec un rev\u00eatement en silicone anti-d\u00e9rapant. Entretien facile, lavable en machine \u00e0 40\u00b0c, s\u00e9chage rapide. Propos\u00e9 en 4 tailles.","breadcrumb":{"@id":"https:\/\/www.vetorino.com\/veterinaire\/pontarlier-25300\/boutique\/product\/corbeille-cosypop-vert\/#breadcrumb"},"inLanguage":"fr-FR","potentialAction":[{"@type":"ReadAction","target":["https:\/\/www.vetorino.com\/veterinaire\/pontarlier-25300\/boutique\/product\/corbeille-cosypop-vert\/"]}]},{"@type":"ImageObject","inLanguage":"fr-FR","@id":"https:\/\/www.vetorino.com\/veterinaire\/pontarlier-25300\/boutique\/product\/corbeille-cosypop-vert\/#primaryimage","url":"https:\/\/www.vetorino.com\/boutique\/wp-content\/uploads\/2020\/07\/panier-2-en-1-cosy-pop-vert.webp","contentUrl":"https:\/\/www.vetorino.com\/boutique\/wp-content\/uploads\/2020\/07\/panier-2-en-1-cosy-pop-vert.webp","width":800,"height":800},{"@type":"BreadcrumbList","@id":"https:\/\/www.vetorino.com\/veterinaire\/pontarlier-25300\/boutique\/product\/corbeille-cosypop-vert\/#breadcrumb","itemListElement":[{"@type":"ListItem","position":1,"name":"Accueil","item":"https:\/\/www.vetorino.com\/boutique\/"},{"@type":"ListItem","position":2,"name":"Produits","item":"https:\/\/www.vetorino.com\/boutique\/"},{"@type":"ListItem","position":3,"name":"Panier 2 en 1 Cosy Pop vert \u2013 chien, chat"}]},{"@type":"WebSite","@id":"https:\/\/www.vetorino.com\/boutique\/#website","url":"https:\/\/www.vetorino.com\/boutique\/","name":"V\u00e9torino","description":"","publisher":{"@id":"https:\/\/www.vetorino.com\/boutique\/#organization"},"potentialAction":[{"@type":"SearchAction","target":{"@type":"EntryPoint","urlTemplate":"https:\/\/www.vetorino.com\/boutique\/?s={search_term_string}"},"query-input":{"@type":"PropertyValueSpecification","valueRequired":true,"valueName":"search_term_string"}}],"inLanguage":"fr-FR"},{"@type":"Organization","@id":"https:\/\/www.vetorino.com\/boutique\/#organization","name":"V\u00e9torino","url":"https:\/\/www.vetorino.com\/boutique\/","logo":{"@type":"ImageObject","inLanguage":"fr-FR","@id":"https:\/\/www.vetorino.com\/boutique\/#\/schema\/logo\/image\/","url":"https:\/\/www.vetorino.com\/boutique\/wp-content\/uploads\/2024\/10\/logo.jpg","contentUrl":"https:\/\/www.vetorino.com\/boutique\/wp-content\/uploads\/2024\/10\/logo.jpg","width":1200,"height":610,"caption":"V\u00e9torino"},"image":{"@id":"https:\/\/www.vetorino.com\/boutique\/#\/schema\/logo\/image\/"},"sameAs":["https:\/\/www.facebook.com\/Vetorino\/","https:\/\/www.instagram.com\/vetorino_off\/","https:\/\/www.linkedin.com\/company\/vtorino\/"]}]},"product_brand":"V\u00e9topop","og_availability":"instock","product_availability":"instock","product_condition":"new"},"_links":{"self":[{"href":"https:\/\/www.vetorino.com\/veterinaire\/beugnies-59216\/boutique\/wp-json\/wp\/v2\/product\/1451779","targetHints":{"allow":["GET"]}}],"collection":[{"href":"https:\/\/www.vetorino.com\/veterinaire\/beugnies-59216\/boutique\/wp-json\/wp\/v2\/product"}],"about":[{"href":"https:\/\/www.vetorino.com\/veterinaire\/beugnies-59216\/boutique\/wp-json\/wp\/v2\/types\/product"}],"wp:featuredmedia":[{"embeddable":true,"href":"https:\/\/www.vetorino.com\/veterinaire\/beugnies-59216\/boutique\/wp-json\/wp\/v2\/media\/1455958"}],"wp:attachment":[{"href":"https:\/\/www.vetorino.com\/veterinaire\/beugnies-59216\/boutique\/wp-json\/wp\/v2\/media?parent=1451779"}],"wp:term":[{"taxonomy":"product_cat","embeddable":true,"href":"https:\/\/www.vetorino.com\/veterinaire\/beugnies-59216\/boutique\/wp-json\/wp\/v2\/product_cat?post=1451779"},{"taxonomy":"product_tag","embeddable":true,"href":"https:\/\/www.vetorino.com\/veterinaire\/beugnies-59216\/boutique\/wp-json\/wp\/v2\/product_tag?post=1451779"}],"curies":[{"name":"wp","href":"https:\/\/api.w.org\/{rel}","templated":true}]}}