{"id":1529423,"date":"2025-10-15T12:33:18","date_gmt":"2025-10-15T10:33:18","guid":{"rendered":"https:\/\/www.vetorino.com\/boutique\/product\/proplan-cat-sterilised-adult-maintenance-a-la-dinde-en-sauce\/"},"modified":"2025-11-18T10:40:23","modified_gmt":"2025-11-18T09:40:23","slug":"proplan-cat-sterilised-adult-maintenance-a-la-dinde-en-sauce","status":"publish","type":"product","link":"https:\/\/www.vetorino.com\/veterinaire\/beugnies-59216\/boutique\/product\/proplan-cat-sterilised-adult-maintenance-a-la-dinde-en-sauce\/","title":{"rendered":"Sterilised Senior Maintenance Dinde &#8211; chat"},"content":{"rendered":"<p><strong>Aliment complet humide pour chat st\u00e9rilis\u00e9 de 7 ans et plus.<\/strong><\/p>\n<p><strong>Caract\u00e9ristiques :<\/strong><\/p>\n<ul>\n<li>Soutient les fonctions vitales cl\u00e9s (immunitaire, r\u00e9nale, digestive) CH : d\u00e9fenses naturelles.<\/li>\n<li>Aide \u00e0 maintenir une bonne sant\u00e9 urinaire en favorisant la dilution des urines.<\/li>\n<li>Microflore intestinale \u00e9quilibr\u00e9e pour une bonne sant\u00e9 digestive.<\/li>\n<li>Aide \u00e0 maintenir un poids de forme.<\/li>\n<li>Sans colorants ajout\u00e9s<\/li>\n<\/ul>\n<p><strong>Demander conseil \u00e0 un v\u00e9t\u00e9rinaire avant utilisation.<\/strong><\/p>\n","protected":false},"excerpt":{"rendered":"<p><strong>Aliment complet humide pour chat st\u00e9rilis\u00e9 de 7 ans et plus.<\/strong><\/p>\n<p><strong>Caract\u00e9ristiques :<\/strong><\/p>\n<ul>\n<li>Soutient les fonctions vitales cl\u00e9s (immunitaire, r\u00e9nale, digestive) CH : d\u00e9fenses naturelles.<\/li>\n<li>Aide \u00e0 maintenir une bonne sant\u00e9 urinaire en favorisant la dilution des urines.<\/li>\n<li>Microflore intestinale \u00e9quilibr\u00e9e pour une bonne sant\u00e9 digestive.<\/li>\n<li>Aide \u00e0 maintenir un poids de forme.<\/li>\n<li>Sans colorants ajout\u00e9s<\/li>\n<\/ul>\n<p><strong>Demander conseil \u00e0 un v\u00e9t\u00e9rinaire avant utilisation.<\/strong><\/p>\n","protected":false},"featured_media":1545711,"template":"","meta":[],"product_cat":[12551,12581,2697],"product_tag":[],"class_list":{"0":"post-1529423","1":"product","2":"type-product","3":"status-publish","4":"has-post-thumbnail","6":"product_cat-alimentation-du-chat","7":"product_cat-alimentation-medicalisee-pour-chat","8":"product_cat-chat","9":"pa_marque-purina","11":"first","12":"outofstock","13":"taxable","14":"shipping-taxable","15":"purchasable","16":"product-type-simple"},"yoast_head":"<!-- This site is optimized with the Yoast SEO plugin v27.3 - https:\/\/yoast.com\/product\/yoast-seo-wordpress\/ -->\n<title>Proplan Sterilised Senior Maintenance Dinde - chat Purina Pro Plan - V\u00e9torino<\/title>\n<meta name=\"description\" content=\"Aliment complet humide pour chat st\u00e9rilis\u00e9 de 7 ans et plus.  Caract\u00e9ristiques :   Soutient les fonctions vitales cl\u00e9s (immunitaire, r\u00e9nale, digestive) CH : d\u00e9fenses naturelles.  Aide \u00e0 maintenir une bonne sant\u00e9 urinaire en favorisant la dilution des urines.  Microflore intestinale \u00e9quilibr\u00e9e pour une bonne sant\u00e9 digestive.  Aide \u00e0 maintenir un poids de forme.  Sans colorants ajout\u00e9s  Demander conseil \u00e0 un v\u00e9t\u00e9rinaire avant utilisation.\" \/>\n<meta name=\"robots\" content=\"noindex, nofollow\" \/>\n<meta property=\"og:locale\" content=\"fr_FR\" \/>\n<meta property=\"og:type\" content=\"article\" \/>\n<meta property=\"og:title\" content=\"Proplan Sterilised Senior Maintenance Dinde - chat Purina Pro Plan - V\u00e9torino\" \/>\n<meta property=\"og:description\" content=\"Aliment complet humide pour chat st\u00e9rilis\u00e9 de 7 ans et plus.  Caract\u00e9ristiques :   Soutient les fonctions vitales cl\u00e9s (immunitaire, r\u00e9nale, digestive) CH : d\u00e9fenses naturelles.  Aide \u00e0 maintenir une bonne sant\u00e9 urinaire en favorisant la dilution des urines.  Microflore intestinale \u00e9quilibr\u00e9e pour une bonne sant\u00e9 digestive.  Aide \u00e0 maintenir un poids de forme.  Sans colorants ajout\u00e9s  Demander conseil \u00e0 un v\u00e9t\u00e9rinaire avant utilisation.\" \/>\n<meta property=\"og:url\" content=\"https:\/\/www.vetorino.com\/veterinaire\/beugnies-59216\/boutique\/product\/proplan-cat-sterilised-adult-maintenance-a-la-dinde-en-sauce\/\" \/>\n<meta property=\"og:site_name\" content=\"V\u00e9torino\" \/>\n<meta property=\"article:publisher\" content=\"https:\/\/www.facebook.com\/Vetorino\/\" \/>\n<meta property=\"article:modified_time\" content=\"2025-11-18T09:40:23+00:00\" \/>\n<meta property=\"og:image\" content=\"https:\/\/www.vetorino.com\/boutique\/wp-content\/uploads\/2025\/10\/purina-maintenance-dinde-sauce-sachet-chat4.png\" \/>\n\t<meta property=\"og:image:width\" content=\"600\" \/>\n\t<meta property=\"og:image:height\" content=\"600\" \/>\n\t<meta property=\"og:image:type\" content=\"image\/png\" \/>\n<meta name=\"twitter:card\" content=\"summary_large_image\" \/>\n<meta name=\"twitter:label1\" content=\"Prix\" \/>\n\t<meta name=\"twitter:data1\" content=\"11,01&euro;\" \/>\n\t<meta name=\"twitter:label2\" content=\"Disponibilit\u00e9\" \/>\n\t<meta name=\"twitter:data2\" content=\"Rupture de stock\" \/>\n<script type=\"application\/ld+json\" class=\"yoast-schema-graph\">{\"@context\":\"https:\\\/\\\/schema.org\",\"@graph\":[{\"@type\":\"WebPage\",\"@id\":\"https:\\\/\\\/www.vetorino.com\\\/veterinaire\\\/briancon-05100\\\/boutique\\\/product\\\/proplan-cat-sterilised-adult-maintenance-a-la-dinde-en-sauce\\\/\",\"url\":\"https:\\\/\\\/www.vetorino.com\\\/veterinaire\\\/briancon-05100\\\/boutique\\\/product\\\/proplan-cat-sterilised-adult-maintenance-a-la-dinde-en-sauce\\\/\",\"name\":\"Proplan Sterilised Senior Maintenance Dinde - chat Purina Pro Plan - V\u00e9torino\",\"isPartOf\":{\"@id\":\"https:\\\/\\\/www.vetorino.com\\\/boutique\\\/#website\"},\"primaryImageOfPage\":{\"@id\":\"https:\\\/\\\/www.vetorino.com\\\/veterinaire\\\/briancon-05100\\\/boutique\\\/product\\\/proplan-cat-sterilised-adult-maintenance-a-la-dinde-en-sauce\\\/#primaryimage\"},\"image\":{\"@id\":\"https:\\\/\\\/www.vetorino.com\\\/veterinaire\\\/briancon-05100\\\/boutique\\\/product\\\/proplan-cat-sterilised-adult-maintenance-a-la-dinde-en-sauce\\\/#primaryimage\"},\"thumbnailUrl\":\"https:\\\/\\\/www.vetorino.com\\\/boutique\\\/wp-content\\\/uploads\\\/2025\\\/10\\\/purina-maintenance-dinde-sauce-sachet-chat4.png\",\"datePublished\":\"2025-10-15T10:33:18+00:00\",\"dateModified\":\"2025-11-18T09:40:23+00:00\",\"description\":\"Aliment complet humide pour chat st\u00e9rilis\u00e9 de 7 ans et plus. Caract\u00e9ristiques : Soutient les fonctions vitales cl\u00e9s (immunitaire, r\u00e9nale, digestive) CH : d\u00e9fenses naturelles. Aide \u00e0 maintenir une bonne sant\u00e9 urinaire en favorisant la dilution des urines. Microflore intestinale \u00e9quilibr\u00e9e pour une bonne sant\u00e9 digestive. Aide \u00e0 maintenir un poids de forme. Sans colorants ajout\u00e9s Demander conseil \u00e0 un v\u00e9t\u00e9rinaire avant utilisation.\",\"breadcrumb\":{\"@id\":\"https:\\\/\\\/www.vetorino.com\\\/veterinaire\\\/briancon-05100\\\/boutique\\\/product\\\/proplan-cat-sterilised-adult-maintenance-a-la-dinde-en-sauce\\\/#breadcrumb\"},\"inLanguage\":\"fr-FR\",\"potentialAction\":[{\"@type\":\"ReadAction\",\"target\":[\"https:\\\/\\\/www.vetorino.com\\\/veterinaire\\\/briancon-05100\\\/boutique\\\/product\\\/proplan-cat-sterilised-adult-maintenance-a-la-dinde-en-sauce\\\/\"]}]},{\"@type\":\"ImageObject\",\"inLanguage\":\"fr-FR\",\"@id\":\"https:\\\/\\\/www.vetorino.com\\\/veterinaire\\\/briancon-05100\\\/boutique\\\/product\\\/proplan-cat-sterilised-adult-maintenance-a-la-dinde-en-sauce\\\/#primaryimage\",\"url\":\"https:\\\/\\\/www.vetorino.com\\\/boutique\\\/wp-content\\\/uploads\\\/2025\\\/10\\\/purina-maintenance-dinde-sauce-sachet-chat4.png\",\"contentUrl\":\"https:\\\/\\\/www.vetorino.com\\\/boutique\\\/wp-content\\\/uploads\\\/2025\\\/10\\\/purina-maintenance-dinde-sauce-sachet-chat4.png\",\"width\":600,\"height\":600},{\"@type\":\"BreadcrumbList\",\"@id\":\"https:\\\/\\\/www.vetorino.com\\\/veterinaire\\\/briancon-05100\\\/boutique\\\/product\\\/proplan-cat-sterilised-adult-maintenance-a-la-dinde-en-sauce\\\/#breadcrumb\",\"itemListElement\":[{\"@type\":\"ListItem\",\"position\":1,\"name\":\"Accueil\",\"item\":\"https:\\\/\\\/www.vetorino.com\\\/boutique\\\/\"},{\"@type\":\"ListItem\",\"position\":2,\"name\":\"Produits\",\"item\":\"https:\\\/\\\/www.vetorino.com\\\/boutique\\\/\"},{\"@type\":\"ListItem\",\"position\":3,\"name\":\"Sterilised Senior Maintenance Dinde &#8211; chat\"}]},{\"@type\":\"WebSite\",\"@id\":\"https:\\\/\\\/www.vetorino.com\\\/boutique\\\/#website\",\"url\":\"https:\\\/\\\/www.vetorino.com\\\/boutique\\\/\",\"name\":\"V\u00e9torino\",\"description\":\"\",\"publisher\":{\"@id\":\"https:\\\/\\\/www.vetorino.com\\\/boutique\\\/#organization\"},\"potentialAction\":[{\"@type\":\"SearchAction\",\"target\":{\"@type\":\"EntryPoint\",\"urlTemplate\":\"https:\\\/\\\/www.vetorino.com\\\/boutique\\\/?s={search_term_string}\"},\"query-input\":{\"@type\":\"PropertyValueSpecification\",\"valueRequired\":true,\"valueName\":\"search_term_string\"}}],\"inLanguage\":\"fr-FR\"},{\"@type\":\"Organization\",\"@id\":\"https:\\\/\\\/www.vetorino.com\\\/boutique\\\/#organization\",\"name\":\"V\u00e9torino\",\"url\":\"https:\\\/\\\/www.vetorino.com\\\/boutique\\\/\",\"logo\":{\"@type\":\"ImageObject\",\"inLanguage\":\"fr-FR\",\"@id\":\"https:\\\/\\\/www.vetorino.com\\\/boutique\\\/#\\\/schema\\\/logo\\\/image\\\/\",\"url\":\"https:\\\/\\\/www.vetorino.com\\\/boutique\\\/wp-content\\\/uploads\\\/2024\\\/10\\\/logo.jpg\",\"contentUrl\":\"https:\\\/\\\/www.vetorino.com\\\/boutique\\\/wp-content\\\/uploads\\\/2024\\\/10\\\/logo.jpg\",\"width\":1200,\"height\":610,\"caption\":\"V\u00e9torino\"},\"image\":{\"@id\":\"https:\\\/\\\/www.vetorino.com\\\/boutique\\\/#\\\/schema\\\/logo\\\/image\\\/\"},\"sameAs\":[\"https:\\\/\\\/www.facebook.com\\\/Vetorino\\\/\",\"https:\\\/\\\/www.instagram.com\\\/vetorino_off\\\/\",\"https:\\\/\\\/www.linkedin.com\\\/company\\\/vtorino\\\/\"]}]}<\/script>\n<meta property=\"product:brand\" content=\"Purina Pro Plan\" \/>\n<meta property=\"product:price:amount\" content=\"11.01\" \/>\n<meta property=\"product:price:currency\" content=\"EUR\" \/>\n<meta property=\"og:availability\" content=\"out of stock\" \/>\n<meta property=\"product:availability\" content=\"out of stock\" \/>\n<meta property=\"product:retailer_item_id\" content=\"A-1898430\" \/>\n<meta property=\"product:condition\" content=\"new\" \/>\n<!-- \/ Yoast SEO plugin. -->","yoast_head_json":{"title":"Proplan Sterilised Senior Maintenance Dinde - chat Purina Pro Plan - V\u00e9torino","description":"Aliment complet humide pour chat st\u00e9rilis\u00e9 de 7 ans et plus.  Caract\u00e9ristiques :   Soutient les fonctions vitales cl\u00e9s (immunitaire, r\u00e9nale, digestive) CH : d\u00e9fenses naturelles.  Aide \u00e0 maintenir une bonne sant\u00e9 urinaire en favorisant la dilution des urines.  Microflore intestinale \u00e9quilibr\u00e9e pour une bonne sant\u00e9 digestive.  Aide \u00e0 maintenir un poids de forme.  Sans colorants ajout\u00e9s  Demander conseil \u00e0 un v\u00e9t\u00e9rinaire avant utilisation.","robots":{"index":"noindex","follow":"nofollow"},"og_locale":"fr_FR","og_type":"article","og_title":"Proplan Sterilised Senior Maintenance Dinde - chat Purina Pro Plan - V\u00e9torino","og_description":"Aliment complet humide pour chat st\u00e9rilis\u00e9 de 7 ans et plus.  Caract\u00e9ristiques :   Soutient les fonctions vitales cl\u00e9s (immunitaire, r\u00e9nale, digestive) CH : d\u00e9fenses naturelles.  Aide \u00e0 maintenir une bonne sant\u00e9 urinaire en favorisant la dilution des urines.  Microflore intestinale \u00e9quilibr\u00e9e pour une bonne sant\u00e9 digestive.  Aide \u00e0 maintenir un poids de forme.  Sans colorants ajout\u00e9s  Demander conseil \u00e0 un v\u00e9t\u00e9rinaire avant utilisation.","og_url":"https:\/\/www.vetorino.com\/veterinaire\/beugnies-59216\/boutique\/product\/proplan-cat-sterilised-adult-maintenance-a-la-dinde-en-sauce\/","og_site_name":"V\u00e9torino","article_publisher":"https:\/\/www.facebook.com\/Vetorino\/","article_modified_time":"2025-11-18T09:40:23+00:00","og_image":[{"width":600,"height":600,"url":"https:\/\/www.vetorino.com\/boutique\/wp-content\/uploads\/2025\/10\/purina-maintenance-dinde-sauce-sachet-chat4.png","type":"image\/png"}],"twitter_card":"summary_large_image","twitter_misc":{"Prix":"11,01&euro;","Disponibilit\u00e9":"Rupture de stock"},"schema":{"@context":"https:\/\/schema.org","@graph":[{"@type":"WebPage","@id":"https:\/\/www.vetorino.com\/veterinaire\/briancon-05100\/boutique\/product\/proplan-cat-sterilised-adult-maintenance-a-la-dinde-en-sauce\/","url":"https:\/\/www.vetorino.com\/veterinaire\/briancon-05100\/boutique\/product\/proplan-cat-sterilised-adult-maintenance-a-la-dinde-en-sauce\/","name":"Proplan Sterilised Senior Maintenance Dinde - chat Purina Pro Plan - V\u00e9torino","isPartOf":{"@id":"https:\/\/www.vetorino.com\/boutique\/#website"},"primaryImageOfPage":{"@id":"https:\/\/www.vetorino.com\/veterinaire\/briancon-05100\/boutique\/product\/proplan-cat-sterilised-adult-maintenance-a-la-dinde-en-sauce\/#primaryimage"},"image":{"@id":"https:\/\/www.vetorino.com\/veterinaire\/briancon-05100\/boutique\/product\/proplan-cat-sterilised-adult-maintenance-a-la-dinde-en-sauce\/#primaryimage"},"thumbnailUrl":"https:\/\/www.vetorino.com\/boutique\/wp-content\/uploads\/2025\/10\/purina-maintenance-dinde-sauce-sachet-chat4.png","datePublished":"2025-10-15T10:33:18+00:00","dateModified":"2025-11-18T09:40:23+00:00","description":"Aliment complet humide pour chat st\u00e9rilis\u00e9 de 7 ans et plus. Caract\u00e9ristiques : Soutient les fonctions vitales cl\u00e9s (immunitaire, r\u00e9nale, digestive) CH : d\u00e9fenses naturelles. Aide \u00e0 maintenir une bonne sant\u00e9 urinaire en favorisant la dilution des urines. Microflore intestinale \u00e9quilibr\u00e9e pour une bonne sant\u00e9 digestive. Aide \u00e0 maintenir un poids de forme. Sans colorants ajout\u00e9s Demander conseil \u00e0 un v\u00e9t\u00e9rinaire avant utilisation.","breadcrumb":{"@id":"https:\/\/www.vetorino.com\/veterinaire\/briancon-05100\/boutique\/product\/proplan-cat-sterilised-adult-maintenance-a-la-dinde-en-sauce\/#breadcrumb"},"inLanguage":"fr-FR","potentialAction":[{"@type":"ReadAction","target":["https:\/\/www.vetorino.com\/veterinaire\/briancon-05100\/boutique\/product\/proplan-cat-sterilised-adult-maintenance-a-la-dinde-en-sauce\/"]}]},{"@type":"ImageObject","inLanguage":"fr-FR","@id":"https:\/\/www.vetorino.com\/veterinaire\/briancon-05100\/boutique\/product\/proplan-cat-sterilised-adult-maintenance-a-la-dinde-en-sauce\/#primaryimage","url":"https:\/\/www.vetorino.com\/boutique\/wp-content\/uploads\/2025\/10\/purina-maintenance-dinde-sauce-sachet-chat4.png","contentUrl":"https:\/\/www.vetorino.com\/boutique\/wp-content\/uploads\/2025\/10\/purina-maintenance-dinde-sauce-sachet-chat4.png","width":600,"height":600},{"@type":"BreadcrumbList","@id":"https:\/\/www.vetorino.com\/veterinaire\/briancon-05100\/boutique\/product\/proplan-cat-sterilised-adult-maintenance-a-la-dinde-en-sauce\/#breadcrumb","itemListElement":[{"@type":"ListItem","position":1,"name":"Accueil","item":"https:\/\/www.vetorino.com\/boutique\/"},{"@type":"ListItem","position":2,"name":"Produits","item":"https:\/\/www.vetorino.com\/boutique\/"},{"@type":"ListItem","position":3,"name":"Sterilised Senior Maintenance Dinde &#8211; chat"}]},{"@type":"WebSite","@id":"https:\/\/www.vetorino.com\/boutique\/#website","url":"https:\/\/www.vetorino.com\/boutique\/","name":"V\u00e9torino","description":"","publisher":{"@id":"https:\/\/www.vetorino.com\/boutique\/#organization"},"potentialAction":[{"@type":"SearchAction","target":{"@type":"EntryPoint","urlTemplate":"https:\/\/www.vetorino.com\/boutique\/?s={search_term_string}"},"query-input":{"@type":"PropertyValueSpecification","valueRequired":true,"valueName":"search_term_string"}}],"inLanguage":"fr-FR"},{"@type":"Organization","@id":"https:\/\/www.vetorino.com\/boutique\/#organization","name":"V\u00e9torino","url":"https:\/\/www.vetorino.com\/boutique\/","logo":{"@type":"ImageObject","inLanguage":"fr-FR","@id":"https:\/\/www.vetorino.com\/boutique\/#\/schema\/logo\/image\/","url":"https:\/\/www.vetorino.com\/boutique\/wp-content\/uploads\/2024\/10\/logo.jpg","contentUrl":"https:\/\/www.vetorino.com\/boutique\/wp-content\/uploads\/2024\/10\/logo.jpg","width":1200,"height":610,"caption":"V\u00e9torino"},"image":{"@id":"https:\/\/www.vetorino.com\/boutique\/#\/schema\/logo\/image\/"},"sameAs":["https:\/\/www.facebook.com\/Vetorino\/","https:\/\/www.instagram.com\/vetorino_off\/","https:\/\/www.linkedin.com\/company\/vtorino\/"]}]},"product_brand":"Purina Pro Plan","product_price_amount":"11.01","product_price_currency":"EUR","og_availability":"out of stock","product_availability":"out of stock","product_retailer_item_id":"A-1898430","product_condition":"new"},"_links":{"self":[{"href":"https:\/\/www.vetorino.com\/veterinaire\/beugnies-59216\/boutique\/wp-json\/wp\/v2\/product\/1529423","targetHints":{"allow":["GET"]}}],"collection":[{"href":"https:\/\/www.vetorino.com\/veterinaire\/beugnies-59216\/boutique\/wp-json\/wp\/v2\/product"}],"about":[{"href":"https:\/\/www.vetorino.com\/veterinaire\/beugnies-59216\/boutique\/wp-json\/wp\/v2\/types\/product"}],"wp:featuredmedia":[{"embeddable":true,"href":"https:\/\/www.vetorino.com\/veterinaire\/beugnies-59216\/boutique\/wp-json\/wp\/v2\/media\/1545711"}],"wp:attachment":[{"href":"https:\/\/www.vetorino.com\/veterinaire\/beugnies-59216\/boutique\/wp-json\/wp\/v2\/media?parent=1529423"}],"wp:term":[{"taxonomy":"product_cat","embeddable":true,"href":"https:\/\/www.vetorino.com\/veterinaire\/beugnies-59216\/boutique\/wp-json\/wp\/v2\/product_cat?post=1529423"},{"taxonomy":"product_tag","embeddable":true,"href":"https:\/\/www.vetorino.com\/veterinaire\/beugnies-59216\/boutique\/wp-json\/wp\/v2\/product_tag?post=1529423"}],"curies":[{"name":"wp","href":"https:\/\/api.w.org\/{rel}","templated":true}]}}