{"id":1594965,"date":"2025-12-03T14:54:39","date_gmt":"2025-12-03T13:54:39","guid":{"rendered":"https:\/\/www.vetorino.com\/boutique\/product\/litiere-agglomerante-au-charbon-actif\/"},"modified":"2025-12-04T10:47:48","modified_gmt":"2025-12-04T09:47:48","slug":"litiere-agglomerante-au-charbon-actif","status":"publish","type":"product","link":"https:\/\/www.vetorino.com\/veterinaire\/beugnies-59216\/boutique\/product\/litiere-agglomerante-au-charbon-actif\/","title":{"rendered":"Liti\u00e8re Essentiel Charbon Actif Agglom\u00e9rante &#8211; chat"},"content":{"rendered":"<div class=\"tabs product-tabs visible--desktop\">\n<div id=\"tab-content\" class=\"tab-content mb-4\">\n<div id=\"description\" class=\"tab-pane fade show active\" role=\"tabpanel\">\n<div class=\"product-description\">\n<p><strong>La liti\u00e8re Naturelle Essentielle poss\u00e8de un excellent pouvoir d\u2019agglom\u00e9ration : au contact des liquides,\u00a0elle forme imm\u00e9diatement de petits blocs compacts que vous pouvez retirer facilement chaque jour,\u00a0gardant ainsi une liti\u00e8re enti\u00e8rement propre.<\/strong><\/p>\n<p>D\u00e9poussi\u00e9r\u00e9e et parfum\u00e9e naturellement, la liti\u00e8re\u00a0Naturelle Essentiel ne colle pas aux pattes de votre chat et absorbe parfaitement les odeurs, pour votre\u00a0confort et celui de votre compagnon.<\/p>\n<p><strong>Mode d&#8217;emploi :<\/strong><\/p>\n<ul>\n<li>Verser la liti\u00e8re naturelle dans le bac pour former un lit de 5 cm d\u2019\u00e9paisseur.<\/li>\n<li>La partie utilis\u00e9e par le chat absorbe l\u2019urine, les odeurs, et s\u2019agglom\u00e8re rapidement.<\/li>\n<li>Jeter quotidiennement les agglom\u00e9rats de liti\u00e8res souill\u00e9e \u00e0 la poubelle ou dans les toilettes, et rajouter l\u2019\u00e9gale quantit\u00e9 du produit dans le bac.<\/li>\n<\/ul>\n<p><strong>Ne pas jeter la totalit\u00e9 de la liti\u00e8re d\u2019une traite dans les toilettes mais seulement par portions\u00a0agglom\u00e9r\u00e9es.<\/strong><\/p>\n<\/div>\n<\/div>\n<\/div>\n<\/div>\n","protected":false},"excerpt":{"rendered":"<p><strong>La liti\u00e8re Naturelle Essentielle poss\u00e8de un excellent pouvoir d\u2019agglom\u00e9ration : au contact des liquides,\u00a0elle forme imm\u00e9diatement de petits blocs compacts que vous pouvez retirer facilement chaque jour,\u00a0gardant ainsi une liti\u00e8re enti\u00e8rement propre.<\/strong><\/p>\n<p>D\u00e9poussi\u00e9r\u00e9e et parfum\u00e9e naturellement, la liti\u00e8re\u00a0Naturelle Essentiel ne colle pas aux pattes de votre chat et absorbe parfaitement les odeurs, pour votre\u00a0confort et celui de votre compagnon.<\/p>\n","protected":false},"featured_media":1594964,"template":"","meta":[],"product_cat":[2697,12628],"product_tag":[],"class_list":{"0":"post-1594965","1":"product","2":"type-product","3":"status-publish","4":"has-post-thumbnail","6":"product_cat-chat","7":"product_cat-litieres-du-chat","8":"pa_marque-isovia","10":"first","11":"instock","12":"taxable","13":"shipping-taxable","14":"purchasable","15":"product-type-variable"},"yoast_head":"<!-- This site is optimized with the Yoast SEO plugin v27.3 - https:\/\/yoast.com\/product\/yoast-seo-wordpress\/ -->\n<title>Isovia Liti\u00e8re Essentiel Charbon Actif Agglom\u00e9rante - chat Isov\u00eda - V\u00e9torino<\/title>\n<meta name=\"description\" content=\"La liti\u00e8re Naturelle Essentielle poss\u00e8de un excellent pouvoir d\u2019agglom\u00e9ration : au contact des liquides,\u00a0elle forme imm\u00e9diatement de petits blocs compacts que vous pouvez retirer facilement chaque jour,\u00a0gardant ainsi une liti\u00e8re enti\u00e8rement propre.  D\u00e9poussi\u00e9r\u00e9e et parfum\u00e9e naturellement, la liti\u00e8re\u00a0Naturelle Essentiel ne colle pas aux pattes de votre chat et absorbe parfaitement les odeurs, pour votre\u00a0confort et celui de votre compagnon.\" \/>\n<meta name=\"robots\" content=\"noindex, nofollow\" \/>\n<meta property=\"og:locale\" content=\"fr_FR\" \/>\n<meta property=\"og:type\" content=\"article\" \/>\n<meta property=\"og:title\" content=\"Isovia Liti\u00e8re Essentiel Charbon Actif Agglom\u00e9rante - chat Isov\u00eda - V\u00e9torino\" \/>\n<meta property=\"og:description\" content=\"La liti\u00e8re Naturelle Essentielle poss\u00e8de un excellent pouvoir d\u2019agglom\u00e9ration : au contact des liquides,\u00a0elle forme imm\u00e9diatement de petits blocs compacts que vous pouvez retirer facilement chaque jour,\u00a0gardant ainsi une liti\u00e8re enti\u00e8rement propre.  D\u00e9poussi\u00e9r\u00e9e et parfum\u00e9e naturellement, la liti\u00e8re\u00a0Naturelle Essentiel ne colle pas aux pattes de votre chat et absorbe parfaitement les odeurs, pour votre\u00a0confort et celui de votre compagnon.\" \/>\n<meta property=\"og:url\" content=\"https:\/\/www.vetorino.com\/veterinaire\/beugnies-59216\/boutique\/product\/litiere-agglomerante-au-charbon-actif\/\" \/>\n<meta property=\"og:site_name\" content=\"V\u00e9torino\" \/>\n<meta property=\"article:publisher\" content=\"https:\/\/www.facebook.com\/Vetorino\/\" \/>\n<meta property=\"article:modified_time\" content=\"2025-12-04T09:47:48+00:00\" \/>\n<meta property=\"og:image\" content=\"https:\/\/www.vetorino.com\/boutique\/wp-content\/uploads\/2025\/12\/1096840-scaled.jpg\" \/>\n\t<meta property=\"og:image:width\" content=\"2560\" \/>\n\t<meta property=\"og:image:height\" content=\"2560\" \/>\n\t<meta property=\"og:image:type\" content=\"image\/jpeg\" \/>\n<meta name=\"twitter:card\" content=\"summary_large_image\" \/>\n<meta name=\"twitter:label1\" content=\"Disponibilit\u00e9\" \/>\n\t<meta name=\"twitter:data1\" content=\"En stock\" \/>\n<script type=\"application\/ld+json\" class=\"yoast-schema-graph\">{\"@context\":\"https:\\\/\\\/schema.org\",\"@graph\":[{\"@type\":\"WebPage\",\"@id\":\"https:\\\/\\\/www.vetorino.com\\\/boutique\\\/product\\\/litiere-agglomerante-au-charbon-actif\\\/\",\"url\":\"https:\\\/\\\/www.vetorino.com\\\/boutique\\\/product\\\/litiere-agglomerante-au-charbon-actif\\\/\",\"name\":\"Isovia Liti\u00e8re Essentiel Charbon Actif Agglom\u00e9rante - chat Isov\u00eda - V\u00e9torino\",\"isPartOf\":{\"@id\":\"https:\\\/\\\/www.vetorino.com\\\/boutique\\\/#website\"},\"primaryImageOfPage\":{\"@id\":\"https:\\\/\\\/www.vetorino.com\\\/boutique\\\/product\\\/litiere-agglomerante-au-charbon-actif\\\/#primaryimage\"},\"image\":{\"@id\":\"https:\\\/\\\/www.vetorino.com\\\/boutique\\\/product\\\/litiere-agglomerante-au-charbon-actif\\\/#primaryimage\"},\"thumbnailUrl\":\"https:\\\/\\\/www.vetorino.com\\\/boutique\\\/wp-content\\\/uploads\\\/2025\\\/12\\\/1096840-scaled.jpg\",\"datePublished\":\"2025-12-03T13:54:39+00:00\",\"dateModified\":\"2025-12-04T09:47:48+00:00\",\"description\":\"La liti\u00e8re Naturelle Essentielle poss\u00e8de un excellent pouvoir d\u2019agglom\u00e9ration : au contact des liquides,\u00a0elle forme imm\u00e9diatement de petits blocs compacts que vous pouvez retirer facilement chaque jour,\u00a0gardant ainsi une liti\u00e8re enti\u00e8rement propre. D\u00e9poussi\u00e9r\u00e9e et parfum\u00e9e naturellement, la liti\u00e8re\u00a0Naturelle Essentiel ne colle pas aux pattes de votre chat et absorbe parfaitement les odeurs, pour votre\u00a0confort et celui de votre compagnon.\",\"breadcrumb\":{\"@id\":\"https:\\\/\\\/www.vetorino.com\\\/boutique\\\/product\\\/litiere-agglomerante-au-charbon-actif\\\/#breadcrumb\"},\"inLanguage\":\"fr-FR\",\"potentialAction\":[{\"@type\":\"ReadAction\",\"target\":[\"https:\\\/\\\/www.vetorino.com\\\/boutique\\\/product\\\/litiere-agglomerante-au-charbon-actif\\\/\"]}]},{\"@type\":\"ImageObject\",\"inLanguage\":\"fr-FR\",\"@id\":\"https:\\\/\\\/www.vetorino.com\\\/boutique\\\/product\\\/litiere-agglomerante-au-charbon-actif\\\/#primaryimage\",\"url\":\"https:\\\/\\\/www.vetorino.com\\\/boutique\\\/wp-content\\\/uploads\\\/2025\\\/12\\\/1096840-scaled.jpg\",\"contentUrl\":\"https:\\\/\\\/www.vetorino.com\\\/boutique\\\/wp-content\\\/uploads\\\/2025\\\/12\\\/1096840-scaled.jpg\",\"width\":2560,\"height\":2560},{\"@type\":\"BreadcrumbList\",\"@id\":\"https:\\\/\\\/www.vetorino.com\\\/boutique\\\/product\\\/litiere-agglomerante-au-charbon-actif\\\/#breadcrumb\",\"itemListElement\":[{\"@type\":\"ListItem\",\"position\":1,\"name\":\"Accueil\",\"item\":\"https:\\\/\\\/www.vetorino.com\\\/boutique\\\/\"},{\"@type\":\"ListItem\",\"position\":2,\"name\":\"Produits\",\"item\":\"https:\\\/\\\/www.vetorino.com\\\/boutique\\\/\"},{\"@type\":\"ListItem\",\"position\":3,\"name\":\"Liti\u00e8re Essentiel Charbon Actif Agglom\u00e9rante &#8211; chat\"}]},{\"@type\":\"WebSite\",\"@id\":\"https:\\\/\\\/www.vetorino.com\\\/boutique\\\/#website\",\"url\":\"https:\\\/\\\/www.vetorino.com\\\/boutique\\\/\",\"name\":\"V\u00e9torino\",\"description\":\"\",\"publisher\":{\"@id\":\"https:\\\/\\\/www.vetorino.com\\\/boutique\\\/#organization\"},\"potentialAction\":[{\"@type\":\"SearchAction\",\"target\":{\"@type\":\"EntryPoint\",\"urlTemplate\":\"https:\\\/\\\/www.vetorino.com\\\/boutique\\\/?s={search_term_string}\"},\"query-input\":{\"@type\":\"PropertyValueSpecification\",\"valueRequired\":true,\"valueName\":\"search_term_string\"}}],\"inLanguage\":\"fr-FR\"},{\"@type\":\"Organization\",\"@id\":\"https:\\\/\\\/www.vetorino.com\\\/boutique\\\/#organization\",\"name\":\"V\u00e9torino\",\"url\":\"https:\\\/\\\/www.vetorino.com\\\/boutique\\\/\",\"logo\":{\"@type\":\"ImageObject\",\"inLanguage\":\"fr-FR\",\"@id\":\"https:\\\/\\\/www.vetorino.com\\\/boutique\\\/#\\\/schema\\\/logo\\\/image\\\/\",\"url\":\"https:\\\/\\\/www.vetorino.com\\\/boutique\\\/wp-content\\\/uploads\\\/2024\\\/10\\\/logo.jpg\",\"contentUrl\":\"https:\\\/\\\/www.vetorino.com\\\/boutique\\\/wp-content\\\/uploads\\\/2024\\\/10\\\/logo.jpg\",\"width\":1200,\"height\":610,\"caption\":\"V\u00e9torino\"},\"image\":{\"@id\":\"https:\\\/\\\/www.vetorino.com\\\/boutique\\\/#\\\/schema\\\/logo\\\/image\\\/\"},\"sameAs\":[\"https:\\\/\\\/www.facebook.com\\\/Vetorino\\\/\",\"https:\\\/\\\/www.instagram.com\\\/vetorino_off\\\/\",\"https:\\\/\\\/www.linkedin.com\\\/company\\\/vtorino\\\/\"]}]}<\/script>\n<meta property=\"product:brand\" content=\"Isov\u00eda\" \/>\n<meta property=\"og:availability\" content=\"instock\" \/>\n<meta property=\"product:availability\" content=\"instock\" \/>\n<meta property=\"product:condition\" content=\"new\" \/>\n<!-- \/ Yoast SEO plugin. -->","yoast_head_json":{"title":"Isovia Liti\u00e8re Essentiel Charbon Actif Agglom\u00e9rante - chat Isov\u00eda - V\u00e9torino","description":"La liti\u00e8re Naturelle Essentielle poss\u00e8de un excellent pouvoir d\u2019agglom\u00e9ration : au contact des liquides,\u00a0elle forme imm\u00e9diatement de petits blocs compacts que vous pouvez retirer facilement chaque jour,\u00a0gardant ainsi une liti\u00e8re enti\u00e8rement propre.  D\u00e9poussi\u00e9r\u00e9e et parfum\u00e9e naturellement, la liti\u00e8re\u00a0Naturelle Essentiel ne colle pas aux pattes de votre chat et absorbe parfaitement les odeurs, pour votre\u00a0confort et celui de votre compagnon.","robots":{"index":"noindex","follow":"nofollow"},"og_locale":"fr_FR","og_type":"article","og_title":"Isovia Liti\u00e8re Essentiel Charbon Actif Agglom\u00e9rante - chat Isov\u00eda - V\u00e9torino","og_description":"La liti\u00e8re Naturelle Essentielle poss\u00e8de un excellent pouvoir d\u2019agglom\u00e9ration : au contact des liquides,\u00a0elle forme imm\u00e9diatement de petits blocs compacts que vous pouvez retirer facilement chaque jour,\u00a0gardant ainsi une liti\u00e8re enti\u00e8rement propre.  D\u00e9poussi\u00e9r\u00e9e et parfum\u00e9e naturellement, la liti\u00e8re\u00a0Naturelle Essentiel ne colle pas aux pattes de votre chat et absorbe parfaitement les odeurs, pour votre\u00a0confort et celui de votre compagnon.","og_url":"https:\/\/www.vetorino.com\/veterinaire\/beugnies-59216\/boutique\/product\/litiere-agglomerante-au-charbon-actif\/","og_site_name":"V\u00e9torino","article_publisher":"https:\/\/www.facebook.com\/Vetorino\/","article_modified_time":"2025-12-04T09:47:48+00:00","og_image":[{"width":2560,"height":2560,"url":"https:\/\/www.vetorino.com\/boutique\/wp-content\/uploads\/2025\/12\/1096840-scaled.jpg","type":"image\/jpeg"}],"twitter_card":"summary_large_image","twitter_misc":{"Disponibilit\u00e9":"En stock"},"schema":{"@context":"https:\/\/schema.org","@graph":[{"@type":"WebPage","@id":"https:\/\/www.vetorino.com\/boutique\/product\/litiere-agglomerante-au-charbon-actif\/","url":"https:\/\/www.vetorino.com\/boutique\/product\/litiere-agglomerante-au-charbon-actif\/","name":"Isovia Liti\u00e8re Essentiel Charbon Actif Agglom\u00e9rante - chat Isov\u00eda - V\u00e9torino","isPartOf":{"@id":"https:\/\/www.vetorino.com\/boutique\/#website"},"primaryImageOfPage":{"@id":"https:\/\/www.vetorino.com\/boutique\/product\/litiere-agglomerante-au-charbon-actif\/#primaryimage"},"image":{"@id":"https:\/\/www.vetorino.com\/boutique\/product\/litiere-agglomerante-au-charbon-actif\/#primaryimage"},"thumbnailUrl":"https:\/\/www.vetorino.com\/boutique\/wp-content\/uploads\/2025\/12\/1096840-scaled.jpg","datePublished":"2025-12-03T13:54:39+00:00","dateModified":"2025-12-04T09:47:48+00:00","description":"La liti\u00e8re Naturelle Essentielle poss\u00e8de un excellent pouvoir d\u2019agglom\u00e9ration : au contact des liquides,\u00a0elle forme imm\u00e9diatement de petits blocs compacts que vous pouvez retirer facilement chaque jour,\u00a0gardant ainsi une liti\u00e8re enti\u00e8rement propre. D\u00e9poussi\u00e9r\u00e9e et parfum\u00e9e naturellement, la liti\u00e8re\u00a0Naturelle Essentiel ne colle pas aux pattes de votre chat et absorbe parfaitement les odeurs, pour votre\u00a0confort et celui de votre compagnon.","breadcrumb":{"@id":"https:\/\/www.vetorino.com\/boutique\/product\/litiere-agglomerante-au-charbon-actif\/#breadcrumb"},"inLanguage":"fr-FR","potentialAction":[{"@type":"ReadAction","target":["https:\/\/www.vetorino.com\/boutique\/product\/litiere-agglomerante-au-charbon-actif\/"]}]},{"@type":"ImageObject","inLanguage":"fr-FR","@id":"https:\/\/www.vetorino.com\/boutique\/product\/litiere-agglomerante-au-charbon-actif\/#primaryimage","url":"https:\/\/www.vetorino.com\/boutique\/wp-content\/uploads\/2025\/12\/1096840-scaled.jpg","contentUrl":"https:\/\/www.vetorino.com\/boutique\/wp-content\/uploads\/2025\/12\/1096840-scaled.jpg","width":2560,"height":2560},{"@type":"BreadcrumbList","@id":"https:\/\/www.vetorino.com\/boutique\/product\/litiere-agglomerante-au-charbon-actif\/#breadcrumb","itemListElement":[{"@type":"ListItem","position":1,"name":"Accueil","item":"https:\/\/www.vetorino.com\/boutique\/"},{"@type":"ListItem","position":2,"name":"Produits","item":"https:\/\/www.vetorino.com\/boutique\/"},{"@type":"ListItem","position":3,"name":"Liti\u00e8re Essentiel Charbon Actif Agglom\u00e9rante &#8211; chat"}]},{"@type":"WebSite","@id":"https:\/\/www.vetorino.com\/boutique\/#website","url":"https:\/\/www.vetorino.com\/boutique\/","name":"V\u00e9torino","description":"","publisher":{"@id":"https:\/\/www.vetorino.com\/boutique\/#organization"},"potentialAction":[{"@type":"SearchAction","target":{"@type":"EntryPoint","urlTemplate":"https:\/\/www.vetorino.com\/boutique\/?s={search_term_string}"},"query-input":{"@type":"PropertyValueSpecification","valueRequired":true,"valueName":"search_term_string"}}],"inLanguage":"fr-FR"},{"@type":"Organization","@id":"https:\/\/www.vetorino.com\/boutique\/#organization","name":"V\u00e9torino","url":"https:\/\/www.vetorino.com\/boutique\/","logo":{"@type":"ImageObject","inLanguage":"fr-FR","@id":"https:\/\/www.vetorino.com\/boutique\/#\/schema\/logo\/image\/","url":"https:\/\/www.vetorino.com\/boutique\/wp-content\/uploads\/2024\/10\/logo.jpg","contentUrl":"https:\/\/www.vetorino.com\/boutique\/wp-content\/uploads\/2024\/10\/logo.jpg","width":1200,"height":610,"caption":"V\u00e9torino"},"image":{"@id":"https:\/\/www.vetorino.com\/boutique\/#\/schema\/logo\/image\/"},"sameAs":["https:\/\/www.facebook.com\/Vetorino\/","https:\/\/www.instagram.com\/vetorino_off\/","https:\/\/www.linkedin.com\/company\/vtorino\/"]}]},"product_brand":"Isov\u00eda","og_availability":"instock","product_availability":"instock","product_condition":"new"},"_links":{"self":[{"href":"https:\/\/www.vetorino.com\/veterinaire\/beugnies-59216\/boutique\/wp-json\/wp\/v2\/product\/1594965","targetHints":{"allow":["GET"]}}],"collection":[{"href":"https:\/\/www.vetorino.com\/veterinaire\/beugnies-59216\/boutique\/wp-json\/wp\/v2\/product"}],"about":[{"href":"https:\/\/www.vetorino.com\/veterinaire\/beugnies-59216\/boutique\/wp-json\/wp\/v2\/types\/product"}],"wp:featuredmedia":[{"embeddable":true,"href":"https:\/\/www.vetorino.com\/veterinaire\/beugnies-59216\/boutique\/wp-json\/wp\/v2\/media\/1594964"}],"wp:attachment":[{"href":"https:\/\/www.vetorino.com\/veterinaire\/beugnies-59216\/boutique\/wp-json\/wp\/v2\/media?parent=1594965"}],"wp:term":[{"taxonomy":"product_cat","embeddable":true,"href":"https:\/\/www.vetorino.com\/veterinaire\/beugnies-59216\/boutique\/wp-json\/wp\/v2\/product_cat?post=1594965"},{"taxonomy":"product_tag","embeddable":true,"href":"https:\/\/www.vetorino.com\/veterinaire\/beugnies-59216\/boutique\/wp-json\/wp\/v2\/product_tag?post=1594965"}],"curies":[{"name":"wp","href":"https:\/\/api.w.org\/{rel}","templated":true}]}}