{"id":187443,"date":"2021-05-31T20:41:07","date_gmt":"2021-05-31T18:41:07","guid":{"rendered":"https:\/\/www.vetorino.com\/boutique\/product\/seraquin-omega-chat\/"},"modified":"2025-02-21T15:23:18","modified_gmt":"2025-02-21T14:23:18","slug":"seraquin-omega-chat","status":"publish","type":"product","link":"https:\/\/www.vetorino.com\/veterinaire\/beugnies-59216\/boutique\/product\/seraquin-omega-chat\/","title":{"rendered":"Seraquin Omega Chat"},"content":{"rendered":"<p>Seraquin Om\u00e9ga pour chat est un suppl\u00e9ment nutritionnel sous forme de comprim\u00e9s tr\u00e8s\u00a0<strong>app\u00e9tents<\/strong>.<\/p>\n<p>Seraquin OMEGA pour chat permet de\u00a0<strong>maintenir la mobilit\u00e9 arti<\/strong><b>culaire, r\u00e9duire l&#8217;inconfort articulaire<\/b> et soutenir la sant\u00e9 globale articulaire de votre chat.<\/p>\n<p><strong>Les bienfaits de Seraquin OMEGA chat :\u00a0<\/strong><\/p>\n<ul>\n<li>Contient des acides gras om\u00e9ga-3 afin de r\u00e9duire l&#8217;inflammation dans les articulations, ce qui peut diminuer la douleur et ainsi am\u00e9liorer la mobilit\u00e9.<\/li>\n<li>Cette formule contient \u00e9galement de la glucosamine afin de renforcer le cartilage et participer \u00e0 la r\u00e9g\u00e9n\u00e9ration des tissus cartilagineux, am\u00e9liorant ainsi la r\u00e9sistance des articulations au quotidien.<\/li>\n<li>La chondro\u00eftine permet de retenir l&#8217;eau dans le cartilage afin d&#8217;assurer une bonne \u00e9lasticit\u00e9 et renforcer sa capacit\u00e9 \u00e0 absorber les chocs.<\/li>\n<li>De plus, l&#8217;apport en curcuma qui agit comme puissant antioxydant naturel, va permettre de neutraliser les radicaux libres et d&#8217;aider \u00e0 limiter les inflammations au sein des articulations.<\/li>\n<\/ul>\n","protected":false},"excerpt":{"rendered":"<p class=\"page-title\"><strong>Seraquin <\/strong>est un suppl\u00e9ment nutritionnel enrichie aux Om\u00e9gas permettant le\u00a0soutien de la fonction articulaire chez le chat.<\/p>\n<p class=\"page-title\"><strong>Utilisation :<br \/>\n<\/strong><\/p>\n<ul>\n<li>Chat \u00e2g\u00e9 ou\u00a0pr\u00e9dispos\u00e9 aux atteintes du cartilage<\/li>\n<li>Apr\u00e8s une chirurgie articulaire<\/li>\n<\/ul>\n","protected":false},"featured_media":385391,"template":"","meta":[],"product_cat":[2730,2697],"product_tag":[],"class_list":{"0":"post-187443","1":"product","2":"type-product","3":"status-publish","4":"has-post-thumbnail","6":"product_cat-aliments-complementaires-pour-chat","7":"product_cat-chat","8":"pa_marque-seraquin","10":"first","11":"instock","12":"taxable","13":"shipping-taxable","14":"purchasable","15":"product-type-simple"},"yoast_head":"<!-- This site is optimized with the Yoast SEO plugin v27.3 - https:\/\/yoast.com\/product\/yoast-seo-wordpress\/ -->\n<title>Seraquin Omega Chat Seraquin - V\u00e9torino<\/title>\n<meta name=\"description\" content=\"Seraquin est un suppl\u00e9ment nutritionnel enrichie aux Om\u00e9gas permettant le\u00a0soutien de la fonction articulaire chez le chat. Utilisation :     Chat \u00e2g\u00e9 ou\u00a0pr\u00e9dispos\u00e9 aux atteintes du cartilage  Apr\u00e8s une chirurgie articulaire\" \/>\n<meta name=\"robots\" content=\"noindex, nofollow\" \/>\n<meta property=\"og:locale\" content=\"fr_FR\" \/>\n<meta property=\"og:type\" content=\"article\" \/>\n<meta property=\"og:title\" content=\"Seraquin Omega Chat Seraquin - V\u00e9torino\" \/>\n<meta property=\"og:description\" content=\"Seraquin est un suppl\u00e9ment nutritionnel enrichie aux Om\u00e9gas permettant le\u00a0soutien de la fonction articulaire chez le chat. Utilisation :     Chat \u00e2g\u00e9 ou\u00a0pr\u00e9dispos\u00e9 aux atteintes du cartilage  Apr\u00e8s une chirurgie articulaire\" \/>\n<meta property=\"og:url\" content=\"https:\/\/www.vetorino.com\/veterinaire\/beugnies-59216\/boutique\/product\/seraquin-omega-chat\/\" \/>\n<meta property=\"og:site_name\" content=\"V\u00e9torino\" \/>\n<meta property=\"article:publisher\" content=\"https:\/\/www.facebook.com\/Vetorino\/\" \/>\n<meta property=\"article:modified_time\" content=\"2025-02-21T14:23:18+00:00\" \/>\n<meta property=\"og:image\" content=\"https:\/\/www.vetorino.com\/boutique\/wp-content\/uploads\/2021\/05\/seraquin-omega-chat-complement-pour-articulations.jpg\" \/>\n\t<meta property=\"og:image:width\" content=\"458\" \/>\n\t<meta property=\"og:image:height\" content=\"458\" \/>\n\t<meta property=\"og:image:type\" content=\"image\/jpeg\" \/>\n<meta name=\"twitter:card\" content=\"summary_large_image\" \/>\n<meta name=\"twitter:label1\" content=\"Prix\" \/>\n\t<meta name=\"twitter:data1\" content=\"114,24&euro;\" \/>\n\t<meta name=\"twitter:label2\" content=\"Disponibilit\u00e9\" \/>\n\t<meta name=\"twitter:data2\" content=\"En stock\" \/>\n<script type=\"application\/ld+json\" class=\"yoast-schema-graph\">{\"@context\":\"https:\\\/\\\/schema.org\",\"@graph\":[{\"@type\":\"WebPage\",\"@id\":\"https:\\\/\\\/www.vetorino.com\\\/boutique\\\/product\\\/seraquin-omega-chat\\\/\",\"url\":\"https:\\\/\\\/www.vetorino.com\\\/boutique\\\/product\\\/seraquin-omega-chat\\\/\",\"name\":\"Seraquin Omega Chat Seraquin - V\u00e9torino\",\"isPartOf\":{\"@id\":\"https:\\\/\\\/www.vetorino.com\\\/boutique\\\/#website\"},\"primaryImageOfPage\":{\"@id\":\"https:\\\/\\\/www.vetorino.com\\\/boutique\\\/product\\\/seraquin-omega-chat\\\/#primaryimage\"},\"image\":{\"@id\":\"https:\\\/\\\/www.vetorino.com\\\/boutique\\\/product\\\/seraquin-omega-chat\\\/#primaryimage\"},\"thumbnailUrl\":\"https:\\\/\\\/www.vetorino.com\\\/boutique\\\/wp-content\\\/uploads\\\/2021\\\/05\\\/seraquin-omega-chat-complement-pour-articulations.jpg\",\"datePublished\":\"2021-05-31T18:41:07+00:00\",\"dateModified\":\"2025-02-21T14:23:18+00:00\",\"description\":\"Seraquin est un suppl\u00e9ment nutritionnel enrichie aux Om\u00e9gas permettant le\u00a0soutien de la fonction articulaire chez le chat. Utilisation : Chat \u00e2g\u00e9 ou\u00a0pr\u00e9dispos\u00e9 aux atteintes du cartilage Apr\u00e8s une chirurgie articulaire\",\"breadcrumb\":{\"@id\":\"https:\\\/\\\/www.vetorino.com\\\/boutique\\\/product\\\/seraquin-omega-chat\\\/#breadcrumb\"},\"inLanguage\":\"fr-FR\",\"potentialAction\":[{\"@type\":\"ReadAction\",\"target\":[\"https:\\\/\\\/www.vetorino.com\\\/boutique\\\/product\\\/seraquin-omega-chat\\\/\"]}]},{\"@type\":\"ImageObject\",\"inLanguage\":\"fr-FR\",\"@id\":\"https:\\\/\\\/www.vetorino.com\\\/boutique\\\/product\\\/seraquin-omega-chat\\\/#primaryimage\",\"url\":\"https:\\\/\\\/www.vetorino.com\\\/boutique\\\/wp-content\\\/uploads\\\/2021\\\/05\\\/seraquin-omega-chat-complement-pour-articulations.jpg\",\"contentUrl\":\"https:\\\/\\\/www.vetorino.com\\\/boutique\\\/wp-content\\\/uploads\\\/2021\\\/05\\\/seraquin-omega-chat-complement-pour-articulations.jpg\",\"width\":458,\"height\":458},{\"@type\":\"BreadcrumbList\",\"@id\":\"https:\\\/\\\/www.vetorino.com\\\/boutique\\\/product\\\/seraquin-omega-chat\\\/#breadcrumb\",\"itemListElement\":[{\"@type\":\"ListItem\",\"position\":1,\"name\":\"Accueil\",\"item\":\"https:\\\/\\\/www.vetorino.com\\\/boutique\\\/\"},{\"@type\":\"ListItem\",\"position\":2,\"name\":\"Produits\",\"item\":\"https:\\\/\\\/www.vetorino.com\\\/boutique\\\/\"},{\"@type\":\"ListItem\",\"position\":3,\"name\":\"Seraquin Omega Chat\"}]},{\"@type\":\"WebSite\",\"@id\":\"https:\\\/\\\/www.vetorino.com\\\/boutique\\\/#website\",\"url\":\"https:\\\/\\\/www.vetorino.com\\\/boutique\\\/\",\"name\":\"V\u00e9torino\",\"description\":\"\",\"publisher\":{\"@id\":\"https:\\\/\\\/www.vetorino.com\\\/boutique\\\/#organization\"},\"potentialAction\":[{\"@type\":\"SearchAction\",\"target\":{\"@type\":\"EntryPoint\",\"urlTemplate\":\"https:\\\/\\\/www.vetorino.com\\\/boutique\\\/?s={search_term_string}\"},\"query-input\":{\"@type\":\"PropertyValueSpecification\",\"valueRequired\":true,\"valueName\":\"search_term_string\"}}],\"inLanguage\":\"fr-FR\"},{\"@type\":\"Organization\",\"@id\":\"https:\\\/\\\/www.vetorino.com\\\/boutique\\\/#organization\",\"name\":\"V\u00e9torino\",\"url\":\"https:\\\/\\\/www.vetorino.com\\\/boutique\\\/\",\"logo\":{\"@type\":\"ImageObject\",\"inLanguage\":\"fr-FR\",\"@id\":\"https:\\\/\\\/www.vetorino.com\\\/boutique\\\/#\\\/schema\\\/logo\\\/image\\\/\",\"url\":\"https:\\\/\\\/www.vetorino.com\\\/boutique\\\/wp-content\\\/uploads\\\/2024\\\/10\\\/logo.jpg\",\"contentUrl\":\"https:\\\/\\\/www.vetorino.com\\\/boutique\\\/wp-content\\\/uploads\\\/2024\\\/10\\\/logo.jpg\",\"width\":1200,\"height\":610,\"caption\":\"V\u00e9torino\"},\"image\":{\"@id\":\"https:\\\/\\\/www.vetorino.com\\\/boutique\\\/#\\\/schema\\\/logo\\\/image\\\/\"},\"sameAs\":[\"https:\\\/\\\/www.facebook.com\\\/Vetorino\\\/\",\"https:\\\/\\\/www.instagram.com\\\/vetorino_off\\\/\",\"https:\\\/\\\/www.linkedin.com\\\/company\\\/vtorino\\\/\"]}]}<\/script>\n<meta property=\"product:brand\" content=\"Seraquin\" \/>\n<meta property=\"product:price:amount\" content=\"114.24\" \/>\n<meta property=\"product:price:currency\" content=\"EUR\" \/>\n<meta property=\"og:availability\" content=\"instock\" \/>\n<meta property=\"product:availability\" content=\"instock\" \/>\n<meta property=\"product:retailer_item_id\" content=\"A-1823150\" \/>\n<meta property=\"product:condition\" content=\"new\" \/>\n<!-- \/ Yoast SEO plugin. -->","yoast_head_json":{"title":"Seraquin Omega Chat Seraquin - V\u00e9torino","description":"Seraquin est un suppl\u00e9ment nutritionnel enrichie aux Om\u00e9gas permettant le\u00a0soutien de la fonction articulaire chez le chat. Utilisation :     Chat \u00e2g\u00e9 ou\u00a0pr\u00e9dispos\u00e9 aux atteintes du cartilage  Apr\u00e8s une chirurgie articulaire","robots":{"index":"noindex","follow":"nofollow"},"og_locale":"fr_FR","og_type":"article","og_title":"Seraquin Omega Chat Seraquin - V\u00e9torino","og_description":"Seraquin est un suppl\u00e9ment nutritionnel enrichie aux Om\u00e9gas permettant le\u00a0soutien de la fonction articulaire chez le chat. Utilisation :     Chat \u00e2g\u00e9 ou\u00a0pr\u00e9dispos\u00e9 aux atteintes du cartilage  Apr\u00e8s une chirurgie articulaire","og_url":"https:\/\/www.vetorino.com\/veterinaire\/beugnies-59216\/boutique\/product\/seraquin-omega-chat\/","og_site_name":"V\u00e9torino","article_publisher":"https:\/\/www.facebook.com\/Vetorino\/","article_modified_time":"2025-02-21T14:23:18+00:00","og_image":[{"width":458,"height":458,"url":"https:\/\/www.vetorino.com\/boutique\/wp-content\/uploads\/2021\/05\/seraquin-omega-chat-complement-pour-articulations.jpg","type":"image\/jpeg"}],"twitter_card":"summary_large_image","twitter_misc":{"Prix":"114,24&euro;","Disponibilit\u00e9":"En stock"},"schema":{"@context":"https:\/\/schema.org","@graph":[{"@type":"WebPage","@id":"https:\/\/www.vetorino.com\/boutique\/product\/seraquin-omega-chat\/","url":"https:\/\/www.vetorino.com\/boutique\/product\/seraquin-omega-chat\/","name":"Seraquin Omega Chat Seraquin - V\u00e9torino","isPartOf":{"@id":"https:\/\/www.vetorino.com\/boutique\/#website"},"primaryImageOfPage":{"@id":"https:\/\/www.vetorino.com\/boutique\/product\/seraquin-omega-chat\/#primaryimage"},"image":{"@id":"https:\/\/www.vetorino.com\/boutique\/product\/seraquin-omega-chat\/#primaryimage"},"thumbnailUrl":"https:\/\/www.vetorino.com\/boutique\/wp-content\/uploads\/2021\/05\/seraquin-omega-chat-complement-pour-articulations.jpg","datePublished":"2021-05-31T18:41:07+00:00","dateModified":"2025-02-21T14:23:18+00:00","description":"Seraquin est un suppl\u00e9ment nutritionnel enrichie aux Om\u00e9gas permettant le\u00a0soutien de la fonction articulaire chez le chat. Utilisation : Chat \u00e2g\u00e9 ou\u00a0pr\u00e9dispos\u00e9 aux atteintes du cartilage Apr\u00e8s une chirurgie articulaire","breadcrumb":{"@id":"https:\/\/www.vetorino.com\/boutique\/product\/seraquin-omega-chat\/#breadcrumb"},"inLanguage":"fr-FR","potentialAction":[{"@type":"ReadAction","target":["https:\/\/www.vetorino.com\/boutique\/product\/seraquin-omega-chat\/"]}]},{"@type":"ImageObject","inLanguage":"fr-FR","@id":"https:\/\/www.vetorino.com\/boutique\/product\/seraquin-omega-chat\/#primaryimage","url":"https:\/\/www.vetorino.com\/boutique\/wp-content\/uploads\/2021\/05\/seraquin-omega-chat-complement-pour-articulations.jpg","contentUrl":"https:\/\/www.vetorino.com\/boutique\/wp-content\/uploads\/2021\/05\/seraquin-omega-chat-complement-pour-articulations.jpg","width":458,"height":458},{"@type":"BreadcrumbList","@id":"https:\/\/www.vetorino.com\/boutique\/product\/seraquin-omega-chat\/#breadcrumb","itemListElement":[{"@type":"ListItem","position":1,"name":"Accueil","item":"https:\/\/www.vetorino.com\/boutique\/"},{"@type":"ListItem","position":2,"name":"Produits","item":"https:\/\/www.vetorino.com\/boutique\/"},{"@type":"ListItem","position":3,"name":"Seraquin Omega Chat"}]},{"@type":"WebSite","@id":"https:\/\/www.vetorino.com\/boutique\/#website","url":"https:\/\/www.vetorino.com\/boutique\/","name":"V\u00e9torino","description":"","publisher":{"@id":"https:\/\/www.vetorino.com\/boutique\/#organization"},"potentialAction":[{"@type":"SearchAction","target":{"@type":"EntryPoint","urlTemplate":"https:\/\/www.vetorino.com\/boutique\/?s={search_term_string}"},"query-input":{"@type":"PropertyValueSpecification","valueRequired":true,"valueName":"search_term_string"}}],"inLanguage":"fr-FR"},{"@type":"Organization","@id":"https:\/\/www.vetorino.com\/boutique\/#organization","name":"V\u00e9torino","url":"https:\/\/www.vetorino.com\/boutique\/","logo":{"@type":"ImageObject","inLanguage":"fr-FR","@id":"https:\/\/www.vetorino.com\/boutique\/#\/schema\/logo\/image\/","url":"https:\/\/www.vetorino.com\/boutique\/wp-content\/uploads\/2024\/10\/logo.jpg","contentUrl":"https:\/\/www.vetorino.com\/boutique\/wp-content\/uploads\/2024\/10\/logo.jpg","width":1200,"height":610,"caption":"V\u00e9torino"},"image":{"@id":"https:\/\/www.vetorino.com\/boutique\/#\/schema\/logo\/image\/"},"sameAs":["https:\/\/www.facebook.com\/Vetorino\/","https:\/\/www.instagram.com\/vetorino_off\/","https:\/\/www.linkedin.com\/company\/vtorino\/"]}]},"product_brand":"Seraquin","product_price_amount":"114.24","product_price_currency":"EUR","og_availability":"instock","product_availability":"instock","product_retailer_item_id":"A-1823150","product_condition":"new"},"_links":{"self":[{"href":"https:\/\/www.vetorino.com\/veterinaire\/beugnies-59216\/boutique\/wp-json\/wp\/v2\/product\/187443","targetHints":{"allow":["GET"]}}],"collection":[{"href":"https:\/\/www.vetorino.com\/veterinaire\/beugnies-59216\/boutique\/wp-json\/wp\/v2\/product"}],"about":[{"href":"https:\/\/www.vetorino.com\/veterinaire\/beugnies-59216\/boutique\/wp-json\/wp\/v2\/types\/product"}],"wp:featuredmedia":[{"embeddable":true,"href":"https:\/\/www.vetorino.com\/veterinaire\/beugnies-59216\/boutique\/wp-json\/wp\/v2\/media\/385391"}],"wp:attachment":[{"href":"https:\/\/www.vetorino.com\/veterinaire\/beugnies-59216\/boutique\/wp-json\/wp\/v2\/media?parent=187443"}],"wp:term":[{"taxonomy":"product_cat","embeddable":true,"href":"https:\/\/www.vetorino.com\/veterinaire\/beugnies-59216\/boutique\/wp-json\/wp\/v2\/product_cat?post=187443"},{"taxonomy":"product_tag","embeddable":true,"href":"https:\/\/www.vetorino.com\/veterinaire\/beugnies-59216\/boutique\/wp-json\/wp\/v2\/product_tag?post=187443"}],"curies":[{"name":"wp","href":"https:\/\/api.w.org\/{rel}","templated":true}]}}