{"id":330900,"date":"2022-06-08T12:18:34","date_gmt":"2022-06-08T10:18:34","guid":{"rendered":"https:\/\/www.vetorino.com\/boutique\/product\/specific-cn-ctdc-l-dent-chew-lar-6x100g\/"},"modified":"2025-11-18T12:02:18","modified_gmt":"2025-11-18T11:02:18","slug":"specific-cn-ctdc-l-dent-chew-lar-6x100g","status":"publish","type":"product","link":"https:\/\/www.vetorino.com\/veterinaire\/beugnies-59216\/boutique\/product\/specific-cn-ctdc-l-dent-chew-lar-6x100g\/","title":{"rendered":"CT-DC-L Dental Chew &#8211; Grand chien"},"content":{"rendered":"<p><strong>SPECIFIC Dental Chew Large\u00a0est une savoureuse friandise \u00e0 m\u00e2cher destin\u00e9e au soutien de la sant\u00e9 bucco-dentaire chez les chiens adultes pesant plus de 15kg.\u00a0<\/strong><\/p>\n<p><strong>Utilisation :<\/strong><\/p>\n<ul>\n<li>Chiens de\u00a0plus de 15 kg<\/li>\n<\/ul>\n<p><strong>Avantages :<\/strong><\/p>\n<ul>\n<li>Texture\u00a0<strong>flexible<\/strong>\u00a0et texture\u00a0<strong>ouverte<\/strong>\u00a0qui permet aux dents de\u00a0<strong>p\u00e9n\u00e9trer profond\u00e9ment dans la friandise<\/strong>, la dent gratt\u00e9e est ainsi nettoy\u00e9e<\/li>\n<li>Le long temps de mastication garantit\u00a0<strong>l\u2019efficacit\u00e9 du nettoyage<\/strong><\/li>\n<li><strong>L\u2019hexam\u00e9taphosphate<\/strong>\u00a0aide \u00e0\u00a0<strong>pr\u00e9venir le tartre<\/strong>\u00a0en fixant le calcium dans la salive, emp\u00eachant ainsi le processus de calcification de la plaque dentaire<\/li>\n<li>Le phosphate de vitamine C contribue \u00e0<strong>\u00a0limiter la croissance des bact\u00e9ries buccales<\/strong>,\u00a0<strong>de la plaque dentaire et du tartre<\/strong><\/li>\n<li><strong>Des algues<\/strong>\u00a0pour r\u00e9duire la plaque dentaire, le tartre et les composants sulfureux volatils \u00e0 l&#8217;origine de la mauvaise haleine<\/li>\n<li>Extrait de th\u00e9 vert, d\u2019huile d&#8217;eucalyptus pour favoriser une\u00a0<strong>haleine fra\u00eeche<\/strong><\/li>\n<\/ul>\n<p><strong>Cette friandise s&#8217;utilise en suppl\u00e9ment de l&#8217;alimentation habituelle de votre chien.<\/strong><\/p>\n","protected":false},"excerpt":{"rendered":"<p><strong>SPECIFIC Dental Chew Large est une savoureuse friandise \u00e0 m\u00e2cher destin\u00e9e au soutien de la sant\u00e9 bucco-dentaire chez les chiens adultes pesant plus de 15kg.<\/strong><\/p>\n<p><strong>Utilisation :<\/strong><\/p>\n<ul>\n<li>Chiens de\u00a0plus de 15 kg<\/li>\n<li>Pack de\u00a06 sachets de\u00a0100 g<\/li>\n<\/ul>\n","protected":false},"featured_media":896571,"template":"","meta":[],"product_cat":[12552,12584,2698,12603,12610,12561],"product_tag":[],"class_list":{"0":"post-330900","1":"product","2":"type-product","3":"status-publish","4":"has-post-thumbnail","6":"product_cat-alimentation-du-chien","7":"product_cat-alimentation-premium-pour-chien","8":"product_cat-chien","9":"product_cat-friandises-pour-chien","10":"product_cat-hygiene-bucco-dentaire-du-chien","11":"product_cat-hygiene-du-chien","12":"pa_marque-specific","14":"first","15":"instock","16":"taxable","17":"shipping-taxable","18":"purchasable","19":"product-type-simple"},"yoast_head":"<!-- This site is optimized with the Yoast SEO plugin v27.3 - https:\/\/yoast.com\/product\/yoast-seo-wordpress\/ -->\n<title>CT-DC-L Dental Chew - Grand chien Specific - V\u00e9torino<\/title>\n<meta name=\"description\" content=\"SPECIFIC Dental Chew Large est une savoureuse friandise \u00e0 m\u00e2cher destin\u00e9e au soutien de la sant\u00e9 bucco-dentaire chez les chiens adultes de plus de 15kg.\" \/>\n<meta name=\"robots\" content=\"noindex, nofollow\" \/>\n<meta property=\"og:locale\" content=\"fr_FR\" \/>\n<meta property=\"og:type\" content=\"article\" \/>\n<meta property=\"og:title\" content=\"CT-DC-L Dental Chew - Grand chien Specific - V\u00e9torino\" \/>\n<meta property=\"og:description\" content=\"SPECIFIC Dental Chew Large est une savoureuse friandise \u00e0 m\u00e2cher destin\u00e9e au soutien de la sant\u00e9 bucco-dentaire chez les chiens adultes de plus de 15kg.\" \/>\n<meta property=\"og:url\" content=\"https:\/\/www.vetorino.com\/veterinaire\/beugnies-59216\/boutique\/product\/specific-cn-ctdc-l-dent-chew-lar-6x100g\/\" \/>\n<meta property=\"og:site_name\" content=\"V\u00e9torino\" \/>\n<meta property=\"article:publisher\" content=\"https:\/\/www.facebook.com\/Vetorino\/\" \/>\n<meta property=\"article:modified_time\" content=\"2025-11-18T11:02:18+00:00\" \/>\n<meta property=\"og:image\" content=\"https:\/\/www.vetorino.com\/boutique\/wp-content\/uploads\/2022\/06\/ct-dc-l-dental-chew-large.jpg.png\" \/>\n\t<meta property=\"og:image:width\" content=\"800\" \/>\n\t<meta property=\"og:image:height\" content=\"800\" \/>\n\t<meta property=\"og:image:type\" content=\"image\/png\" \/>\n<meta name=\"twitter:card\" content=\"summary_large_image\" \/>\n<meta name=\"twitter:label1\" content=\"Prix\" \/>\n\t<meta name=\"twitter:data1\" content=\"10,42&euro;\" \/>\n\t<meta name=\"twitter:label2\" content=\"Disponibilit\u00e9\" \/>\n\t<meta name=\"twitter:data2\" content=\"En stock\" \/>\n<script type=\"application\/ld+json\" class=\"yoast-schema-graph\">{\"@context\":\"https:\\\/\\\/schema.org\",\"@graph\":[{\"@type\":\"WebPage\",\"@id\":\"https:\\\/\\\/www.vetorino.com\\\/boutique\\\/product\\\/specific-cn-ctdc-l-dent-chew-lar-6x100g\\\/\",\"url\":\"https:\\\/\\\/www.vetorino.com\\\/boutique\\\/product\\\/specific-cn-ctdc-l-dent-chew-lar-6x100g\\\/\",\"name\":\"CT-DC-L Dental Chew - Grand chien Specific - V\u00e9torino\",\"isPartOf\":{\"@id\":\"https:\\\/\\\/www.vetorino.com\\\/boutique\\\/#website\"},\"primaryImageOfPage\":{\"@id\":\"https:\\\/\\\/www.vetorino.com\\\/boutique\\\/product\\\/specific-cn-ctdc-l-dent-chew-lar-6x100g\\\/#primaryimage\"},\"image\":{\"@id\":\"https:\\\/\\\/www.vetorino.com\\\/boutique\\\/product\\\/specific-cn-ctdc-l-dent-chew-lar-6x100g\\\/#primaryimage\"},\"thumbnailUrl\":\"https:\\\/\\\/www.vetorino.com\\\/boutique\\\/wp-content\\\/uploads\\\/2022\\\/06\\\/ct-dc-l-dental-chew-large.jpg.png\",\"datePublished\":\"2022-06-08T10:18:34+00:00\",\"dateModified\":\"2025-11-18T11:02:18+00:00\",\"description\":\"SPECIFIC Dental Chew Large est une savoureuse friandise \u00e0 m\u00e2cher destin\u00e9e au soutien de la sant\u00e9 bucco-dentaire chez les chiens adultes de plus de 15kg.\",\"breadcrumb\":{\"@id\":\"https:\\\/\\\/www.vetorino.com\\\/boutique\\\/product\\\/specific-cn-ctdc-l-dent-chew-lar-6x100g\\\/#breadcrumb\"},\"inLanguage\":\"fr-FR\",\"potentialAction\":[{\"@type\":\"ReadAction\",\"target\":[\"https:\\\/\\\/www.vetorino.com\\\/boutique\\\/product\\\/specific-cn-ctdc-l-dent-chew-lar-6x100g\\\/\"]}]},{\"@type\":\"ImageObject\",\"inLanguage\":\"fr-FR\",\"@id\":\"https:\\\/\\\/www.vetorino.com\\\/boutique\\\/product\\\/specific-cn-ctdc-l-dent-chew-lar-6x100g\\\/#primaryimage\",\"url\":\"https:\\\/\\\/www.vetorino.com\\\/boutique\\\/wp-content\\\/uploads\\\/2022\\\/06\\\/ct-dc-l-dental-chew-large.jpg.png\",\"contentUrl\":\"https:\\\/\\\/www.vetorino.com\\\/boutique\\\/wp-content\\\/uploads\\\/2022\\\/06\\\/ct-dc-l-dental-chew-large.jpg.png\",\"width\":800,\"height\":800},{\"@type\":\"BreadcrumbList\",\"@id\":\"https:\\\/\\\/www.vetorino.com\\\/boutique\\\/product\\\/specific-cn-ctdc-l-dent-chew-lar-6x100g\\\/#breadcrumb\",\"itemListElement\":[{\"@type\":\"ListItem\",\"position\":1,\"name\":\"Accueil\",\"item\":\"https:\\\/\\\/www.vetorino.com\\\/boutique\\\/\"},{\"@type\":\"ListItem\",\"position\":2,\"name\":\"Produits\",\"item\":\"https:\\\/\\\/www.vetorino.com\\\/boutique\\\/\"},{\"@type\":\"ListItem\",\"position\":3,\"name\":\"CT-DC-L Dental Chew &#8211; Grand chien\"}]},{\"@type\":\"WebSite\",\"@id\":\"https:\\\/\\\/www.vetorino.com\\\/boutique\\\/#website\",\"url\":\"https:\\\/\\\/www.vetorino.com\\\/boutique\\\/\",\"name\":\"V\u00e9torino\",\"description\":\"\",\"publisher\":{\"@id\":\"https:\\\/\\\/www.vetorino.com\\\/boutique\\\/#organization\"},\"potentialAction\":[{\"@type\":\"SearchAction\",\"target\":{\"@type\":\"EntryPoint\",\"urlTemplate\":\"https:\\\/\\\/www.vetorino.com\\\/boutique\\\/?s={search_term_string}\"},\"query-input\":{\"@type\":\"PropertyValueSpecification\",\"valueRequired\":true,\"valueName\":\"search_term_string\"}}],\"inLanguage\":\"fr-FR\"},{\"@type\":\"Organization\",\"@id\":\"https:\\\/\\\/www.vetorino.com\\\/boutique\\\/#organization\",\"name\":\"V\u00e9torino\",\"url\":\"https:\\\/\\\/www.vetorino.com\\\/boutique\\\/\",\"logo\":{\"@type\":\"ImageObject\",\"inLanguage\":\"fr-FR\",\"@id\":\"https:\\\/\\\/www.vetorino.com\\\/boutique\\\/#\\\/schema\\\/logo\\\/image\\\/\",\"url\":\"https:\\\/\\\/www.vetorino.com\\\/boutique\\\/wp-content\\\/uploads\\\/2024\\\/10\\\/logo.jpg\",\"contentUrl\":\"https:\\\/\\\/www.vetorino.com\\\/boutique\\\/wp-content\\\/uploads\\\/2024\\\/10\\\/logo.jpg\",\"width\":1200,\"height\":610,\"caption\":\"V\u00e9torino\"},\"image\":{\"@id\":\"https:\\\/\\\/www.vetorino.com\\\/boutique\\\/#\\\/schema\\\/logo\\\/image\\\/\"},\"sameAs\":[\"https:\\\/\\\/www.facebook.com\\\/Vetorino\\\/\",\"https:\\\/\\\/www.instagram.com\\\/vetorino_off\\\/\",\"https:\\\/\\\/www.linkedin.com\\\/company\\\/vtorino\\\/\"]}]}<\/script>\n<meta property=\"product:brand\" content=\"Specific\" \/>\n<meta property=\"product:price:amount\" content=\"10.42\" \/>\n<meta property=\"product:price:currency\" content=\"EUR\" \/>\n<meta property=\"og:availability\" content=\"instock\" \/>\n<meta property=\"product:availability\" content=\"instock\" \/>\n<meta property=\"product:retailer_item_id\" content=\"A-1862230\" \/>\n<meta property=\"product:condition\" content=\"new\" \/>\n<!-- \/ Yoast SEO plugin. -->","yoast_head_json":{"title":"CT-DC-L Dental Chew - Grand chien Specific - V\u00e9torino","description":"SPECIFIC Dental Chew Large est une savoureuse friandise \u00e0 m\u00e2cher destin\u00e9e au soutien de la sant\u00e9 bucco-dentaire chez les chiens adultes de plus de 15kg.","robots":{"index":"noindex","follow":"nofollow"},"og_locale":"fr_FR","og_type":"article","og_title":"CT-DC-L Dental Chew - Grand chien Specific - V\u00e9torino","og_description":"SPECIFIC Dental Chew Large est une savoureuse friandise \u00e0 m\u00e2cher destin\u00e9e au soutien de la sant\u00e9 bucco-dentaire chez les chiens adultes de plus de 15kg.","og_url":"https:\/\/www.vetorino.com\/veterinaire\/beugnies-59216\/boutique\/product\/specific-cn-ctdc-l-dent-chew-lar-6x100g\/","og_site_name":"V\u00e9torino","article_publisher":"https:\/\/www.facebook.com\/Vetorino\/","article_modified_time":"2025-11-18T11:02:18+00:00","og_image":[{"width":800,"height":800,"url":"https:\/\/www.vetorino.com\/boutique\/wp-content\/uploads\/2022\/06\/ct-dc-l-dental-chew-large.jpg.png","type":"image\/png"}],"twitter_card":"summary_large_image","twitter_misc":{"Prix":"10,42&euro;","Disponibilit\u00e9":"En stock"},"schema":{"@context":"https:\/\/schema.org","@graph":[{"@type":"WebPage","@id":"https:\/\/www.vetorino.com\/boutique\/product\/specific-cn-ctdc-l-dent-chew-lar-6x100g\/","url":"https:\/\/www.vetorino.com\/boutique\/product\/specific-cn-ctdc-l-dent-chew-lar-6x100g\/","name":"CT-DC-L Dental Chew - Grand chien Specific - V\u00e9torino","isPartOf":{"@id":"https:\/\/www.vetorino.com\/boutique\/#website"},"primaryImageOfPage":{"@id":"https:\/\/www.vetorino.com\/boutique\/product\/specific-cn-ctdc-l-dent-chew-lar-6x100g\/#primaryimage"},"image":{"@id":"https:\/\/www.vetorino.com\/boutique\/product\/specific-cn-ctdc-l-dent-chew-lar-6x100g\/#primaryimage"},"thumbnailUrl":"https:\/\/www.vetorino.com\/boutique\/wp-content\/uploads\/2022\/06\/ct-dc-l-dental-chew-large.jpg.png","datePublished":"2022-06-08T10:18:34+00:00","dateModified":"2025-11-18T11:02:18+00:00","description":"SPECIFIC Dental Chew Large est une savoureuse friandise \u00e0 m\u00e2cher destin\u00e9e au soutien de la sant\u00e9 bucco-dentaire chez les chiens adultes de plus de 15kg.","breadcrumb":{"@id":"https:\/\/www.vetorino.com\/boutique\/product\/specific-cn-ctdc-l-dent-chew-lar-6x100g\/#breadcrumb"},"inLanguage":"fr-FR","potentialAction":[{"@type":"ReadAction","target":["https:\/\/www.vetorino.com\/boutique\/product\/specific-cn-ctdc-l-dent-chew-lar-6x100g\/"]}]},{"@type":"ImageObject","inLanguage":"fr-FR","@id":"https:\/\/www.vetorino.com\/boutique\/product\/specific-cn-ctdc-l-dent-chew-lar-6x100g\/#primaryimage","url":"https:\/\/www.vetorino.com\/boutique\/wp-content\/uploads\/2022\/06\/ct-dc-l-dental-chew-large.jpg.png","contentUrl":"https:\/\/www.vetorino.com\/boutique\/wp-content\/uploads\/2022\/06\/ct-dc-l-dental-chew-large.jpg.png","width":800,"height":800},{"@type":"BreadcrumbList","@id":"https:\/\/www.vetorino.com\/boutique\/product\/specific-cn-ctdc-l-dent-chew-lar-6x100g\/#breadcrumb","itemListElement":[{"@type":"ListItem","position":1,"name":"Accueil","item":"https:\/\/www.vetorino.com\/boutique\/"},{"@type":"ListItem","position":2,"name":"Produits","item":"https:\/\/www.vetorino.com\/boutique\/"},{"@type":"ListItem","position":3,"name":"CT-DC-L Dental Chew &#8211; Grand chien"}]},{"@type":"WebSite","@id":"https:\/\/www.vetorino.com\/boutique\/#website","url":"https:\/\/www.vetorino.com\/boutique\/","name":"V\u00e9torino","description":"","publisher":{"@id":"https:\/\/www.vetorino.com\/boutique\/#organization"},"potentialAction":[{"@type":"SearchAction","target":{"@type":"EntryPoint","urlTemplate":"https:\/\/www.vetorino.com\/boutique\/?s={search_term_string}"},"query-input":{"@type":"PropertyValueSpecification","valueRequired":true,"valueName":"search_term_string"}}],"inLanguage":"fr-FR"},{"@type":"Organization","@id":"https:\/\/www.vetorino.com\/boutique\/#organization","name":"V\u00e9torino","url":"https:\/\/www.vetorino.com\/boutique\/","logo":{"@type":"ImageObject","inLanguage":"fr-FR","@id":"https:\/\/www.vetorino.com\/boutique\/#\/schema\/logo\/image\/","url":"https:\/\/www.vetorino.com\/boutique\/wp-content\/uploads\/2024\/10\/logo.jpg","contentUrl":"https:\/\/www.vetorino.com\/boutique\/wp-content\/uploads\/2024\/10\/logo.jpg","width":1200,"height":610,"caption":"V\u00e9torino"},"image":{"@id":"https:\/\/www.vetorino.com\/boutique\/#\/schema\/logo\/image\/"},"sameAs":["https:\/\/www.facebook.com\/Vetorino\/","https:\/\/www.instagram.com\/vetorino_off\/","https:\/\/www.linkedin.com\/company\/vtorino\/"]}]},"product_brand":"Specific","product_price_amount":"10.42","product_price_currency":"EUR","og_availability":"instock","product_availability":"instock","product_retailer_item_id":"A-1862230","product_condition":"new"},"_links":{"self":[{"href":"https:\/\/www.vetorino.com\/veterinaire\/beugnies-59216\/boutique\/wp-json\/wp\/v2\/product\/330900","targetHints":{"allow":["GET"]}}],"collection":[{"href":"https:\/\/www.vetorino.com\/veterinaire\/beugnies-59216\/boutique\/wp-json\/wp\/v2\/product"}],"about":[{"href":"https:\/\/www.vetorino.com\/veterinaire\/beugnies-59216\/boutique\/wp-json\/wp\/v2\/types\/product"}],"wp:featuredmedia":[{"embeddable":true,"href":"https:\/\/www.vetorino.com\/veterinaire\/beugnies-59216\/boutique\/wp-json\/wp\/v2\/media\/896571"}],"wp:attachment":[{"href":"https:\/\/www.vetorino.com\/veterinaire\/beugnies-59216\/boutique\/wp-json\/wp\/v2\/media?parent=330900"}],"wp:term":[{"taxonomy":"product_cat","embeddable":true,"href":"https:\/\/www.vetorino.com\/veterinaire\/beugnies-59216\/boutique\/wp-json\/wp\/v2\/product_cat?post=330900"},{"taxonomy":"product_tag","embeddable":true,"href":"https:\/\/www.vetorino.com\/veterinaire\/beugnies-59216\/boutique\/wp-json\/wp\/v2\/product_tag?post=330900"}],"curies":[{"name":"wp","href":"https:\/\/api.w.org\/{rel}","templated":true}]}}