{"id":35228,"date":"2020-03-04T22:54:36","date_gmt":"2020-03-04T21:54:36","guid":{"rendered":"https:\/\/www.vetorino.com\/boutique\/product\/stomodine-f-tb-30-ml\/"},"modified":"2025-06-25T12:57:40","modified_gmt":"2025-06-25T10:57:40","slug":"stomodine-f-tb-30-ml","status":"publish","type":"product","link":"https:\/\/www.vetorino.com\/veterinaire\/beugnies-59216\/boutique\/product\/stomodine-f-tb-30-ml\/","title":{"rendered":"Stomodine F \u2013 Gel dentaire pour chien &#038; chat"},"content":{"rendered":"<p><strong>Stomodine<\/strong>\u00a0est un gel buccodentaire app\u00e9tent pour\u00a0<strong>aider \u00e0 lutter contre les bact\u00e9ries responsables de l\u2019accumulation de la plaque dentaire<\/strong><\/p>\n<p>L\u2019association de la phytosphingosine et de l\u2019huile de carthame aident \u00e0 apaiser les gencives et r\u00e9duire rapidement les rougeurs.<\/p>\n<p>Stomodine\u00ae F contient un ar\u00f4me artificiel de viande app\u00e9tent qui facilite l\u2019application par rapport \u00e0 un brossage de dents classique.<\/p>\n<p><strong>Utilisation :<\/strong><\/p>\n<ul>\n<li>Pour chien et chat<\/li>\n<li>Renforcer les gencives<\/li>\n<li>Pr\u00e9venir la formation du tarte et la plaque dentaire<\/li>\n<\/ul>\n<p><strong>Avantages :<\/strong><\/p>\n<ul>\n<li>Peut \u00eatre utilis\u00e9 apr\u00e8s une extraction dentaire ou un d\u00e9tartrage<\/li>\n<li>En cas de gingivite, stomatite chronique du chat et du chien<\/li>\n<li>Restaurer une \u00e9cologie buccale : action antimicrobienne et anti inflammatoire naturelle.<\/li>\n<\/ul>\n<p><strong>Mode d\u2019emploi :<\/strong><\/p>\n<p>Appliquer deux fois par jour pendant 14 jours, puis selon les besoins.<\/p>\n<p><strong>Prendre soin de l\u2019hygi\u00e8ne bucco-dentaire du chien et du chat avec Stomodine F 30 ml<\/strong><br \/>\n<strong>L\u2019halitose<\/strong>\u00a0(mauvaise haleine) de votre chien ou de votre chat peut \u00eatre due \u00e0 un probl\u00e8me buccal, digestif ou syt\u00e9mique (dysfonctionnement d\u2019un ou plusieurs organes).<br \/>\nLa formation de la plaque dentaire \u00e0 l\u2019origine du tartre est l\u2019une des causes de la mauvaise haleine chez le chat et le chien.<\/p>\n<p><strong>J\u2019examine ta bouche :<\/strong><br \/>\nLa plupart des affections de la bouche du chien et du chat peuvent \u00eatre identifi\u00e9es par une inspection minutieuse des l\u00e8vres, des gencives, des dents et du palais.<br \/>\nPour examiner la bouche de votre chien ou de votre chat, placez votre pouce dans l\u2019espace derri\u00e8re sa canine et soulevez. Tirez sur sa m\u00e2choire en tenant la m\u00e2choire inf\u00e9rieure avec votre autre main. A cet endroit, les dents sup\u00e9rieures et inf\u00e9rieures ne se rencontrent pas et vous \u00e9viterez mieux le risque de morsure.<br \/>\nLes gencives doivent \u00eatre lisses et bien adh\u00e9rer sur ses dents (pas d\u2019espace entre la dent et la gencive). Les dents doivent \u00eatre solides (pas branlantes), saines (pas fissur\u00e9es\u2026) et exemptes de taches.<\/p>\n","protected":false},"excerpt":{"rendered":"<p><b>Gel buccodentaire app\u00e9tent pour aider \u00e0 apaiser les gencives et \u00e0 g\u00e9rer l\u2019accumulation de la plaque dentaire, responsable de la mauvaise haleine.<\/b><\/p>\n<p>Utilisation :<\/p>\n<p>Stomodine\u00ae F contient de la chlorhexidine et du Tris-EDTA pour aider \u00e0 lutter contre les bact\u00e9ries responsables de l\u2019accumulation de la plaque dentaire et de la mauvaise haleine. L\u2019association de la phytosphingosine et de l\u2019huile de carthame aident \u00e0 apaiser les gencives et r\u00e9duire rapidement les rougeurs.<\/p>\n","protected":false},"featured_media":1388645,"template":"","meta":[],"product_cat":[12573,2697,2698,12609,12610,12560,12561],"product_tag":[],"class_list":{"0":"post-35228","1":"product","2":"type-product","3":"status-publish","4":"has-post-thumbnail","6":"product_cat-accessoire-pour-lhygiene-du-chien","7":"product_cat-chat","8":"product_cat-chien","9":"product_cat-hygiene-bucco-dentaire-du-chat","10":"product_cat-hygiene-bucco-dentaire-du-chien","11":"product_cat-hygiene-du-chat","12":"product_cat-hygiene-du-chien","13":"pa_marque-icf","15":"first","16":"instock","17":"taxable","18":"shipping-taxable","19":"purchasable","20":"product-type-simple"},"yoast_head":"<!-- This site is optimized with the Yoast SEO plugin v27.3 - https:\/\/yoast.com\/product\/yoast-seo-wordpress\/ -->\n<title>Stomodine F \u2013 Gel dentaire pour chien &amp; chat ICF - V\u00e9torino<\/title>\n<meta name=\"description\" content=\"Gel buccodentaire app\u00e9tent pour aider \u00e0 apaiser les gencives et \u00e0 g\u00e9rer l\u2019accumulation de la plaque dentaire, responsable de la mauvaise haleine.  Utilisation :  Stomodine\u00ae F contient de la chlorhexidine et du Tris-EDTA pour aider \u00e0 lutter contre les bact\u00e9ries responsables de l\u2019accumulation de la plaque dentaire et de la mauvaise haleine. L\u2019association de la phytosphingosine et de l\u2019huile de carthame aident \u00e0 apaiser les gencives et r\u00e9duire rapidement les rougeurs.\" \/>\n<meta name=\"robots\" content=\"noindex, nofollow\" \/>\n<meta property=\"og:locale\" content=\"fr_FR\" \/>\n<meta property=\"og:type\" content=\"article\" \/>\n<meta property=\"og:title\" content=\"Stomodine F \u2013 Gel dentaire pour chien &amp; chat ICF - V\u00e9torino\" \/>\n<meta property=\"og:description\" content=\"Gel buccodentaire app\u00e9tent pour aider \u00e0 apaiser les gencives et \u00e0 g\u00e9rer l\u2019accumulation de la plaque dentaire, responsable de la mauvaise haleine.  Utilisation :  Stomodine\u00ae F contient de la chlorhexidine et du Tris-EDTA pour aider \u00e0 lutter contre les bact\u00e9ries responsables de l\u2019accumulation de la plaque dentaire et de la mauvaise haleine. L\u2019association de la phytosphingosine et de l\u2019huile de carthame aident \u00e0 apaiser les gencives et r\u00e9duire rapidement les rougeurs.\" \/>\n<meta property=\"og:url\" content=\"https:\/\/www.vetorino.com\/veterinaire\/beugnies-59216\/boutique\/product\/stomodine-f-tb-30-ml\/\" \/>\n<meta property=\"og:site_name\" content=\"V\u00e9torino\" \/>\n<meta property=\"article:publisher\" content=\"https:\/\/www.facebook.com\/Vetorino\/\" \/>\n<meta property=\"article:modified_time\" content=\"2025-06-25T10:57:40+00:00\" \/>\n<meta property=\"og:image\" content=\"https:\/\/www.vetorino.com\/boutique\/wp-content\/uploads\/2025\/06\/816P5tjynLL._AC_SL1500_.jpg\" \/>\n\t<meta property=\"og:image:width\" content=\"1483\" \/>\n\t<meta property=\"og:image:height\" content=\"1500\" \/>\n\t<meta property=\"og:image:type\" content=\"image\/jpeg\" \/>\n<meta name=\"twitter:card\" content=\"summary_large_image\" \/>\n<meta name=\"twitter:label1\" content=\"Prix\" \/>\n\t<meta name=\"twitter:data1\" content=\"20,57&euro;\" \/>\n\t<meta name=\"twitter:label2\" content=\"Disponibilit\u00e9\" \/>\n\t<meta name=\"twitter:data2\" content=\"En stock\" \/>\n<script type=\"application\/ld+json\" class=\"yoast-schema-graph\">{\"@context\":\"https:\\\/\\\/schema.org\",\"@graph\":[{\"@type\":\"WebPage\",\"@id\":\"https:\\\/\\\/www.vetorino.com\\\/boutique\\\/product\\\/stomodine-f-tb-30-ml\\\/\",\"url\":\"https:\\\/\\\/www.vetorino.com\\\/boutique\\\/product\\\/stomodine-f-tb-30-ml\\\/\",\"name\":\"Stomodine F \u2013 Gel dentaire pour chien & chat ICF - V\u00e9torino\",\"isPartOf\":{\"@id\":\"https:\\\/\\\/www.vetorino.com\\\/boutique\\\/#website\"},\"primaryImageOfPage\":{\"@id\":\"https:\\\/\\\/www.vetorino.com\\\/boutique\\\/product\\\/stomodine-f-tb-30-ml\\\/#primaryimage\"},\"image\":{\"@id\":\"https:\\\/\\\/www.vetorino.com\\\/boutique\\\/product\\\/stomodine-f-tb-30-ml\\\/#primaryimage\"},\"thumbnailUrl\":\"https:\\\/\\\/www.vetorino.com\\\/boutique\\\/wp-content\\\/uploads\\\/2025\\\/06\\\/816P5tjynLL._AC_SL1500_.jpg\",\"datePublished\":\"2020-03-04T21:54:36+00:00\",\"dateModified\":\"2025-06-25T10:57:40+00:00\",\"description\":\"Gel buccodentaire app\u00e9tent pour aider \u00e0 apaiser les gencives et \u00e0 g\u00e9rer l\u2019accumulation de la plaque dentaire, responsable de la mauvaise haleine. Utilisation : Stomodine\u00ae F contient de la chlorhexidine et du Tris-EDTA pour aider \u00e0 lutter contre les bact\u00e9ries responsables de l\u2019accumulation de la plaque dentaire et de la mauvaise haleine. L\u2019association de la phytosphingosine et de l\u2019huile de carthame aident \u00e0 apaiser les gencives et r\u00e9duire rapidement les rougeurs.\",\"breadcrumb\":{\"@id\":\"https:\\\/\\\/www.vetorino.com\\\/boutique\\\/product\\\/stomodine-f-tb-30-ml\\\/#breadcrumb\"},\"inLanguage\":\"fr-FR\",\"potentialAction\":[{\"@type\":\"ReadAction\",\"target\":[\"https:\\\/\\\/www.vetorino.com\\\/boutique\\\/product\\\/stomodine-f-tb-30-ml\\\/\"]}]},{\"@type\":\"ImageObject\",\"inLanguage\":\"fr-FR\",\"@id\":\"https:\\\/\\\/www.vetorino.com\\\/boutique\\\/product\\\/stomodine-f-tb-30-ml\\\/#primaryimage\",\"url\":\"https:\\\/\\\/www.vetorino.com\\\/boutique\\\/wp-content\\\/uploads\\\/2025\\\/06\\\/816P5tjynLL._AC_SL1500_.jpg\",\"contentUrl\":\"https:\\\/\\\/www.vetorino.com\\\/boutique\\\/wp-content\\\/uploads\\\/2025\\\/06\\\/816P5tjynLL._AC_SL1500_.jpg\",\"width\":1483,\"height\":1500},{\"@type\":\"BreadcrumbList\",\"@id\":\"https:\\\/\\\/www.vetorino.com\\\/boutique\\\/product\\\/stomodine-f-tb-30-ml\\\/#breadcrumb\",\"itemListElement\":[{\"@type\":\"ListItem\",\"position\":1,\"name\":\"Accueil\",\"item\":\"https:\\\/\\\/www.vetorino.com\\\/boutique\\\/\"},{\"@type\":\"ListItem\",\"position\":2,\"name\":\"Produits\",\"item\":\"https:\\\/\\\/www.vetorino.com\\\/boutique\\\/\"},{\"@type\":\"ListItem\",\"position\":3,\"name\":\"Stomodine F \u2013 Gel dentaire pour chien &#038; chat\"}]},{\"@type\":\"WebSite\",\"@id\":\"https:\\\/\\\/www.vetorino.com\\\/boutique\\\/#website\",\"url\":\"https:\\\/\\\/www.vetorino.com\\\/boutique\\\/\",\"name\":\"V\u00e9torino\",\"description\":\"\",\"publisher\":{\"@id\":\"https:\\\/\\\/www.vetorino.com\\\/boutique\\\/#organization\"},\"potentialAction\":[{\"@type\":\"SearchAction\",\"target\":{\"@type\":\"EntryPoint\",\"urlTemplate\":\"https:\\\/\\\/www.vetorino.com\\\/boutique\\\/?s={search_term_string}\"},\"query-input\":{\"@type\":\"PropertyValueSpecification\",\"valueRequired\":true,\"valueName\":\"search_term_string\"}}],\"inLanguage\":\"fr-FR\"},{\"@type\":\"Organization\",\"@id\":\"https:\\\/\\\/www.vetorino.com\\\/boutique\\\/#organization\",\"name\":\"V\u00e9torino\",\"url\":\"https:\\\/\\\/www.vetorino.com\\\/boutique\\\/\",\"logo\":{\"@type\":\"ImageObject\",\"inLanguage\":\"fr-FR\",\"@id\":\"https:\\\/\\\/www.vetorino.com\\\/boutique\\\/#\\\/schema\\\/logo\\\/image\\\/\",\"url\":\"https:\\\/\\\/www.vetorino.com\\\/boutique\\\/wp-content\\\/uploads\\\/2024\\\/10\\\/logo.jpg\",\"contentUrl\":\"https:\\\/\\\/www.vetorino.com\\\/boutique\\\/wp-content\\\/uploads\\\/2024\\\/10\\\/logo.jpg\",\"width\":1200,\"height\":610,\"caption\":\"V\u00e9torino\"},\"image\":{\"@id\":\"https:\\\/\\\/www.vetorino.com\\\/boutique\\\/#\\\/schema\\\/logo\\\/image\\\/\"},\"sameAs\":[\"https:\\\/\\\/www.facebook.com\\\/Vetorino\\\/\",\"https:\\\/\\\/www.instagram.com\\\/vetorino_off\\\/\",\"https:\\\/\\\/www.linkedin.com\\\/company\\\/vtorino\\\/\"]}]}<\/script>\n<meta property=\"product:brand\" content=\"ICF\" \/>\n<meta property=\"product:price:amount\" content=\"20.57\" \/>\n<meta property=\"product:price:currency\" content=\"EUR\" \/>\n<meta property=\"og:availability\" content=\"instock\" \/>\n<meta property=\"product:availability\" content=\"instock\" \/>\n<meta property=\"product:retailer_item_id\" content=\"A-1826610\" \/>\n<meta property=\"product:condition\" content=\"new\" \/>\n<!-- \/ Yoast SEO plugin. -->","yoast_head_json":{"title":"Stomodine F \u2013 Gel dentaire pour chien & chat ICF - V\u00e9torino","description":"Gel buccodentaire app\u00e9tent pour aider \u00e0 apaiser les gencives et \u00e0 g\u00e9rer l\u2019accumulation de la plaque dentaire, responsable de la mauvaise haleine.  Utilisation :  Stomodine\u00ae F contient de la chlorhexidine et du Tris-EDTA pour aider \u00e0 lutter contre les bact\u00e9ries responsables de l\u2019accumulation de la plaque dentaire et de la mauvaise haleine. L\u2019association de la phytosphingosine et de l\u2019huile de carthame aident \u00e0 apaiser les gencives et r\u00e9duire rapidement les rougeurs.","robots":{"index":"noindex","follow":"nofollow"},"og_locale":"fr_FR","og_type":"article","og_title":"Stomodine F \u2013 Gel dentaire pour chien & chat ICF - V\u00e9torino","og_description":"Gel buccodentaire app\u00e9tent pour aider \u00e0 apaiser les gencives et \u00e0 g\u00e9rer l\u2019accumulation de la plaque dentaire, responsable de la mauvaise haleine.  Utilisation :  Stomodine\u00ae F contient de la chlorhexidine et du Tris-EDTA pour aider \u00e0 lutter contre les bact\u00e9ries responsables de l\u2019accumulation de la plaque dentaire et de la mauvaise haleine. L\u2019association de la phytosphingosine et de l\u2019huile de carthame aident \u00e0 apaiser les gencives et r\u00e9duire rapidement les rougeurs.","og_url":"https:\/\/www.vetorino.com\/veterinaire\/beugnies-59216\/boutique\/product\/stomodine-f-tb-30-ml\/","og_site_name":"V\u00e9torino","article_publisher":"https:\/\/www.facebook.com\/Vetorino\/","article_modified_time":"2025-06-25T10:57:40+00:00","og_image":[{"width":1483,"height":1500,"url":"https:\/\/www.vetorino.com\/boutique\/wp-content\/uploads\/2025\/06\/816P5tjynLL._AC_SL1500_.jpg","type":"image\/jpeg"}],"twitter_card":"summary_large_image","twitter_misc":{"Prix":"20,57&euro;","Disponibilit\u00e9":"En stock"},"schema":{"@context":"https:\/\/schema.org","@graph":[{"@type":"WebPage","@id":"https:\/\/www.vetorino.com\/boutique\/product\/stomodine-f-tb-30-ml\/","url":"https:\/\/www.vetorino.com\/boutique\/product\/stomodine-f-tb-30-ml\/","name":"Stomodine F \u2013 Gel dentaire pour chien & chat ICF - V\u00e9torino","isPartOf":{"@id":"https:\/\/www.vetorino.com\/boutique\/#website"},"primaryImageOfPage":{"@id":"https:\/\/www.vetorino.com\/boutique\/product\/stomodine-f-tb-30-ml\/#primaryimage"},"image":{"@id":"https:\/\/www.vetorino.com\/boutique\/product\/stomodine-f-tb-30-ml\/#primaryimage"},"thumbnailUrl":"https:\/\/www.vetorino.com\/boutique\/wp-content\/uploads\/2025\/06\/816P5tjynLL._AC_SL1500_.jpg","datePublished":"2020-03-04T21:54:36+00:00","dateModified":"2025-06-25T10:57:40+00:00","description":"Gel buccodentaire app\u00e9tent pour aider \u00e0 apaiser les gencives et \u00e0 g\u00e9rer l\u2019accumulation de la plaque dentaire, responsable de la mauvaise haleine. Utilisation : Stomodine\u00ae F contient de la chlorhexidine et du Tris-EDTA pour aider \u00e0 lutter contre les bact\u00e9ries responsables de l\u2019accumulation de la plaque dentaire et de la mauvaise haleine. L\u2019association de la phytosphingosine et de l\u2019huile de carthame aident \u00e0 apaiser les gencives et r\u00e9duire rapidement les rougeurs.","breadcrumb":{"@id":"https:\/\/www.vetorino.com\/boutique\/product\/stomodine-f-tb-30-ml\/#breadcrumb"},"inLanguage":"fr-FR","potentialAction":[{"@type":"ReadAction","target":["https:\/\/www.vetorino.com\/boutique\/product\/stomodine-f-tb-30-ml\/"]}]},{"@type":"ImageObject","inLanguage":"fr-FR","@id":"https:\/\/www.vetorino.com\/boutique\/product\/stomodine-f-tb-30-ml\/#primaryimage","url":"https:\/\/www.vetorino.com\/boutique\/wp-content\/uploads\/2025\/06\/816P5tjynLL._AC_SL1500_.jpg","contentUrl":"https:\/\/www.vetorino.com\/boutique\/wp-content\/uploads\/2025\/06\/816P5tjynLL._AC_SL1500_.jpg","width":1483,"height":1500},{"@type":"BreadcrumbList","@id":"https:\/\/www.vetorino.com\/boutique\/product\/stomodine-f-tb-30-ml\/#breadcrumb","itemListElement":[{"@type":"ListItem","position":1,"name":"Accueil","item":"https:\/\/www.vetorino.com\/boutique\/"},{"@type":"ListItem","position":2,"name":"Produits","item":"https:\/\/www.vetorino.com\/boutique\/"},{"@type":"ListItem","position":3,"name":"Stomodine F \u2013 Gel dentaire pour chien &#038; chat"}]},{"@type":"WebSite","@id":"https:\/\/www.vetorino.com\/boutique\/#website","url":"https:\/\/www.vetorino.com\/boutique\/","name":"V\u00e9torino","description":"","publisher":{"@id":"https:\/\/www.vetorino.com\/boutique\/#organization"},"potentialAction":[{"@type":"SearchAction","target":{"@type":"EntryPoint","urlTemplate":"https:\/\/www.vetorino.com\/boutique\/?s={search_term_string}"},"query-input":{"@type":"PropertyValueSpecification","valueRequired":true,"valueName":"search_term_string"}}],"inLanguage":"fr-FR"},{"@type":"Organization","@id":"https:\/\/www.vetorino.com\/boutique\/#organization","name":"V\u00e9torino","url":"https:\/\/www.vetorino.com\/boutique\/","logo":{"@type":"ImageObject","inLanguage":"fr-FR","@id":"https:\/\/www.vetorino.com\/boutique\/#\/schema\/logo\/image\/","url":"https:\/\/www.vetorino.com\/boutique\/wp-content\/uploads\/2024\/10\/logo.jpg","contentUrl":"https:\/\/www.vetorino.com\/boutique\/wp-content\/uploads\/2024\/10\/logo.jpg","width":1200,"height":610,"caption":"V\u00e9torino"},"image":{"@id":"https:\/\/www.vetorino.com\/boutique\/#\/schema\/logo\/image\/"},"sameAs":["https:\/\/www.facebook.com\/Vetorino\/","https:\/\/www.instagram.com\/vetorino_off\/","https:\/\/www.linkedin.com\/company\/vtorino\/"]}]},"product_brand":"ICF","product_price_amount":"20.57","product_price_currency":"EUR","og_availability":"instock","product_availability":"instock","product_retailer_item_id":"A-1826610","product_condition":"new"},"_links":{"self":[{"href":"https:\/\/www.vetorino.com\/veterinaire\/beugnies-59216\/boutique\/wp-json\/wp\/v2\/product\/35228","targetHints":{"allow":["GET"]}}],"collection":[{"href":"https:\/\/www.vetorino.com\/veterinaire\/beugnies-59216\/boutique\/wp-json\/wp\/v2\/product"}],"about":[{"href":"https:\/\/www.vetorino.com\/veterinaire\/beugnies-59216\/boutique\/wp-json\/wp\/v2\/types\/product"}],"wp:featuredmedia":[{"embeddable":true,"href":"https:\/\/www.vetorino.com\/veterinaire\/beugnies-59216\/boutique\/wp-json\/wp\/v2\/media\/1388645"}],"wp:attachment":[{"href":"https:\/\/www.vetorino.com\/veterinaire\/beugnies-59216\/boutique\/wp-json\/wp\/v2\/media?parent=35228"}],"wp:term":[{"taxonomy":"product_cat","embeddable":true,"href":"https:\/\/www.vetorino.com\/veterinaire\/beugnies-59216\/boutique\/wp-json\/wp\/v2\/product_cat?post=35228"},{"taxonomy":"product_tag","embeddable":true,"href":"https:\/\/www.vetorino.com\/veterinaire\/beugnies-59216\/boutique\/wp-json\/wp\/v2\/product_tag?post=35228"}],"curies":[{"name":"wp","href":"https:\/\/api.w.org\/{rel}","templated":true}]}}