{"id":508163,"date":"2022-11-17T20:51:47","date_gmt":"2022-11-17T19:51:47","guid":{"rendered":"https:\/\/www.vetorino.com\/boutique\/product\/k-activ-2\/"},"modified":"2025-07-30T10:09:04","modified_gmt":"2025-07-30T08:09:04","slug":"k-activ-2","status":"publish","type":"product","link":"https:\/\/www.vetorino.com\/veterinaire\/beugnies-59216\/boutique\/product\/k-activ-2\/","title":{"rendered":"K Activ"},"content":{"rendered":"<p><strong>Aliment compl\u00e9mentaire pour la gestion du d\u00e9ficit en potassium chez la vache.<\/strong><\/p>\n<p>Les vaches en d\u00e9but de lactation pr\u00e9sentent un bilan n\u00e9gatif en potassium, en raison de l&#8217;importance de l&#8217;utilisation du potassium pour la production laiti\u00e8re.<\/p>\n<p>Ce bilan n\u00e9gatif implique un risque accru de d\u00e9ficit en potassium d\u00e8s qu&#8217;une baisse des apports alimentaires (baisse d&#8217;app\u00e9tit lors de maladies m\u00e9taboliques ou infectieuses) ou un blocage du transit (d\u00e9placement de caillette, ileus, syndrome occlusif) surviennent.<\/p>\n<p><strong>Mode d&#8217;emploi :\u00a0<\/strong><\/p>\n<ul>\n<li><em><strong>Suspicion de d\u00e9ficit en potassium<\/strong> , v<\/em><em>ache couch\u00e9e suite d\u2019une op\u00e9ration de la caillette :<\/em><br \/>\n<em><em>1 flacon sur 24h, \u00e0 renouveler \u00e9ventuellement une seconde fois 24h plus tard<\/em><\/em>&nbsp;<\/li>\n<li><em><strong>Constatation d\u2019un d\u00e9ficit en potassium <\/strong><\/em><em>(par examen et\/ou par le biais d\u2019une analyse sanguine) :<\/em><br \/>\n<em>2 flacons \u00e0 12h d\u2019intervalle \u00e0 renouveler \u00e9ventuellement pour une nouvelle p\u00e9riode de 24h<\/em><\/li>\n<\/ul>\n","protected":false},"excerpt":{"rendered":"<p><strong>Aliment compl\u00e9mentaire pour la gestion du d\u00e9ficit en potassium chez la vache.<\/strong><\/p>\n<p>Les vaches en d\u00e9but de lactation pr\u00e9sentent un bilan n\u00e9gatif en potassium, en raison de l&#8217;importance de l&#8217;utilisation du potassium pour la production laiti\u00e8re.<\/p>\n<p>Ce bilan n\u00e9gatif implique un risque accru de d\u00e9ficit en potassium d\u00e8s qu&#8217;une baisse des apports alimentaires (baisse d&#8217;app\u00e9tit lors de maladies m\u00e9taboliques ou infectieuses) ou un blocage du transit (d\u00e9placement de caillette, ileus, syndrome occlusif) surviennent.<\/p>\n","protected":false},"featured_media":1433753,"template":"","meta":[],"product_cat":[6864,6870],"product_tag":[],"class_list":{"0":"post-508163","1":"product","2":"type-product","3":"status-publish","4":"has-post-thumbnail","6":"product_cat-animaux-delevage","7":"product_cat-bovins","8":"pa_marque-savetis","10":"first","11":"instock","12":"taxable","13":"shipping-taxable","14":"purchasable","15":"product-type-simple"},"yoast_head":"<!-- This site is optimized with the Yoast SEO plugin v27.3 - https:\/\/yoast.com\/product\/yoast-seo-wordpress\/ -->\n<title>K Activ Savetis - V\u00e9torino<\/title>\n<meta name=\"description\" content=\"Aliment compl\u00e9mentaire pour la gestion du d\u00e9ficit en potassium chez la vache.  Les vaches en d\u00e9but de lactation pr\u00e9sentent un bilan n\u00e9gatif en potassium, en raison de l&#039;importance de l&#039;utilisation du potassium pour la production laiti\u00e8re.  Ce bilan n\u00e9gatif implique un risque accru de d\u00e9ficit en potassium d\u00e8s qu&#039;une baisse des apports alimentaires (baisse d&#039;app\u00e9tit lors de maladies m\u00e9taboliques ou infectieuses) ou un blocage du transit (d\u00e9placement de caillette, ileus, syndrome occlusif) surviennent.\" \/>\n<meta name=\"robots\" content=\"noindex, nofollow\" \/>\n<meta property=\"og:locale\" content=\"fr_FR\" \/>\n<meta property=\"og:type\" content=\"article\" \/>\n<meta property=\"og:title\" content=\"K Activ Savetis - V\u00e9torino\" \/>\n<meta property=\"og:description\" content=\"Aliment compl\u00e9mentaire pour la gestion du d\u00e9ficit en potassium chez la vache.  Les vaches en d\u00e9but de lactation pr\u00e9sentent un bilan n\u00e9gatif en potassium, en raison de l&#039;importance de l&#039;utilisation du potassium pour la production laiti\u00e8re.  Ce bilan n\u00e9gatif implique un risque accru de d\u00e9ficit en potassium d\u00e8s qu&#039;une baisse des apports alimentaires (baisse d&#039;app\u00e9tit lors de maladies m\u00e9taboliques ou infectieuses) ou un blocage du transit (d\u00e9placement de caillette, ileus, syndrome occlusif) surviennent.\" \/>\n<meta property=\"og:url\" content=\"https:\/\/www.vetorino.com\/veterinaire\/beugnies-59216\/boutique\/product\/k-activ-2\/\" \/>\n<meta property=\"og:site_name\" content=\"V\u00e9torino\" \/>\n<meta property=\"article:publisher\" content=\"https:\/\/www.facebook.com\/Vetorino\/\" \/>\n<meta property=\"article:modified_time\" content=\"2025-07-30T08:09:04+00:00\" \/>\n<meta property=\"og:image\" content=\"https:\/\/www.vetorino.com\/boutique\/wp-content\/uploads\/2022\/11\/kactiv-savetis-bovin.png\" \/>\n\t<meta property=\"og:image:width\" content=\"700\" \/>\n\t<meta property=\"og:image:height\" content=\"610\" \/>\n\t<meta property=\"og:image:type\" content=\"image\/png\" \/>\n<meta name=\"twitter:card\" content=\"summary_large_image\" \/>\n<meta name=\"twitter:label1\" content=\"Prix\" \/>\n\t<meta name=\"twitter:data1\" content=\"10,22&euro;\" \/>\n\t<meta name=\"twitter:label2\" content=\"Disponibilit\u00e9\" \/>\n\t<meta name=\"twitter:data2\" content=\"En stock\" \/>\n<script type=\"application\/ld+json\" class=\"yoast-schema-graph\">{\"@context\":\"https:\\\/\\\/schema.org\",\"@graph\":[{\"@type\":\"WebPage\",\"@id\":\"https:\\\/\\\/www.vetorino.com\\\/boutique\\\/product\\\/k-activ-2\\\/\",\"url\":\"https:\\\/\\\/www.vetorino.com\\\/boutique\\\/product\\\/k-activ-2\\\/\",\"name\":\"K Activ Savetis - V\u00e9torino\",\"isPartOf\":{\"@id\":\"https:\\\/\\\/www.vetorino.com\\\/boutique\\\/#website\"},\"primaryImageOfPage\":{\"@id\":\"https:\\\/\\\/www.vetorino.com\\\/boutique\\\/product\\\/k-activ-2\\\/#primaryimage\"},\"image\":{\"@id\":\"https:\\\/\\\/www.vetorino.com\\\/boutique\\\/product\\\/k-activ-2\\\/#primaryimage\"},\"thumbnailUrl\":\"https:\\\/\\\/www.vetorino.com\\\/boutique\\\/wp-content\\\/uploads\\\/2022\\\/11\\\/kactiv-savetis-bovin.png\",\"datePublished\":\"2022-11-17T19:51:47+00:00\",\"dateModified\":\"2025-07-30T08:09:04+00:00\",\"description\":\"Aliment compl\u00e9mentaire pour la gestion du d\u00e9ficit en potassium chez la vache. Les vaches en d\u00e9but de lactation pr\u00e9sentent un bilan n\u00e9gatif en potassium, en raison de l'importance de l'utilisation du potassium pour la production laiti\u00e8re. Ce bilan n\u00e9gatif implique un risque accru de d\u00e9ficit en potassium d\u00e8s qu'une baisse des apports alimentaires (baisse d'app\u00e9tit lors de maladies m\u00e9taboliques ou infectieuses) ou un blocage du transit (d\u00e9placement de caillette, ileus, syndrome occlusif) surviennent.\",\"breadcrumb\":{\"@id\":\"https:\\\/\\\/www.vetorino.com\\\/boutique\\\/product\\\/k-activ-2\\\/#breadcrumb\"},\"inLanguage\":\"fr-FR\",\"potentialAction\":[{\"@type\":\"ReadAction\",\"target\":[\"https:\\\/\\\/www.vetorino.com\\\/boutique\\\/product\\\/k-activ-2\\\/\"]}]},{\"@type\":\"ImageObject\",\"inLanguage\":\"fr-FR\",\"@id\":\"https:\\\/\\\/www.vetorino.com\\\/boutique\\\/product\\\/k-activ-2\\\/#primaryimage\",\"url\":\"https:\\\/\\\/www.vetorino.com\\\/boutique\\\/wp-content\\\/uploads\\\/2022\\\/11\\\/kactiv-savetis-bovin.png\",\"contentUrl\":\"https:\\\/\\\/www.vetorino.com\\\/boutique\\\/wp-content\\\/uploads\\\/2022\\\/11\\\/kactiv-savetis-bovin.png\",\"width\":700,\"height\":610},{\"@type\":\"BreadcrumbList\",\"@id\":\"https:\\\/\\\/www.vetorino.com\\\/boutique\\\/product\\\/k-activ-2\\\/#breadcrumb\",\"itemListElement\":[{\"@type\":\"ListItem\",\"position\":1,\"name\":\"Accueil\",\"item\":\"https:\\\/\\\/www.vetorino.com\\\/boutique\\\/\"},{\"@type\":\"ListItem\",\"position\":2,\"name\":\"Produits\",\"item\":\"https:\\\/\\\/www.vetorino.com\\\/boutique\\\/\"},{\"@type\":\"ListItem\",\"position\":3,\"name\":\"K Activ\"}]},{\"@type\":\"WebSite\",\"@id\":\"https:\\\/\\\/www.vetorino.com\\\/boutique\\\/#website\",\"url\":\"https:\\\/\\\/www.vetorino.com\\\/boutique\\\/\",\"name\":\"V\u00e9torino\",\"description\":\"\",\"publisher\":{\"@id\":\"https:\\\/\\\/www.vetorino.com\\\/boutique\\\/#organization\"},\"potentialAction\":[{\"@type\":\"SearchAction\",\"target\":{\"@type\":\"EntryPoint\",\"urlTemplate\":\"https:\\\/\\\/www.vetorino.com\\\/boutique\\\/?s={search_term_string}\"},\"query-input\":{\"@type\":\"PropertyValueSpecification\",\"valueRequired\":true,\"valueName\":\"search_term_string\"}}],\"inLanguage\":\"fr-FR\"},{\"@type\":\"Organization\",\"@id\":\"https:\\\/\\\/www.vetorino.com\\\/boutique\\\/#organization\",\"name\":\"V\u00e9torino\",\"url\":\"https:\\\/\\\/www.vetorino.com\\\/boutique\\\/\",\"logo\":{\"@type\":\"ImageObject\",\"inLanguage\":\"fr-FR\",\"@id\":\"https:\\\/\\\/www.vetorino.com\\\/boutique\\\/#\\\/schema\\\/logo\\\/image\\\/\",\"url\":\"https:\\\/\\\/www.vetorino.com\\\/boutique\\\/wp-content\\\/uploads\\\/2024\\\/10\\\/logo.jpg\",\"contentUrl\":\"https:\\\/\\\/www.vetorino.com\\\/boutique\\\/wp-content\\\/uploads\\\/2024\\\/10\\\/logo.jpg\",\"width\":1200,\"height\":610,\"caption\":\"V\u00e9torino\"},\"image\":{\"@id\":\"https:\\\/\\\/www.vetorino.com\\\/boutique\\\/#\\\/schema\\\/logo\\\/image\\\/\"},\"sameAs\":[\"https:\\\/\\\/www.facebook.com\\\/Vetorino\\\/\",\"https:\\\/\\\/www.instagram.com\\\/vetorino_off\\\/\",\"https:\\\/\\\/www.linkedin.com\\\/company\\\/vtorino\\\/\"]}]}<\/script>\n<meta property=\"product:brand\" content=\"Savetis\" \/>\n<meta property=\"product:price:amount\" content=\"10.22\" \/>\n<meta property=\"product:price:currency\" content=\"EUR\" \/>\n<meta property=\"og:availability\" content=\"instock\" \/>\n<meta property=\"product:availability\" content=\"instock\" \/>\n<meta property=\"product:retailer_item_id\" content=\"A-1803100\" \/>\n<meta property=\"product:condition\" content=\"new\" \/>\n<!-- \/ Yoast SEO plugin. -->","yoast_head_json":{"title":"K Activ Savetis - V\u00e9torino","description":"Aliment compl\u00e9mentaire pour la gestion du d\u00e9ficit en potassium chez la vache.  Les vaches en d\u00e9but de lactation pr\u00e9sentent un bilan n\u00e9gatif en potassium, en raison de l'importance de l'utilisation du potassium pour la production laiti\u00e8re.  Ce bilan n\u00e9gatif implique un risque accru de d\u00e9ficit en potassium d\u00e8s qu'une baisse des apports alimentaires (baisse d'app\u00e9tit lors de maladies m\u00e9taboliques ou infectieuses) ou un blocage du transit (d\u00e9placement de caillette, ileus, syndrome occlusif) surviennent.","robots":{"index":"noindex","follow":"nofollow"},"og_locale":"fr_FR","og_type":"article","og_title":"K Activ Savetis - V\u00e9torino","og_description":"Aliment compl\u00e9mentaire pour la gestion du d\u00e9ficit en potassium chez la vache.  Les vaches en d\u00e9but de lactation pr\u00e9sentent un bilan n\u00e9gatif en potassium, en raison de l'importance de l'utilisation du potassium pour la production laiti\u00e8re.  Ce bilan n\u00e9gatif implique un risque accru de d\u00e9ficit en potassium d\u00e8s qu'une baisse des apports alimentaires (baisse d'app\u00e9tit lors de maladies m\u00e9taboliques ou infectieuses) ou un blocage du transit (d\u00e9placement de caillette, ileus, syndrome occlusif) surviennent.","og_url":"https:\/\/www.vetorino.com\/veterinaire\/beugnies-59216\/boutique\/product\/k-activ-2\/","og_site_name":"V\u00e9torino","article_publisher":"https:\/\/www.facebook.com\/Vetorino\/","article_modified_time":"2025-07-30T08:09:04+00:00","og_image":[{"width":700,"height":610,"url":"https:\/\/www.vetorino.com\/boutique\/wp-content\/uploads\/2022\/11\/kactiv-savetis-bovin.png","type":"image\/png"}],"twitter_card":"summary_large_image","twitter_misc":{"Prix":"10,22&euro;","Disponibilit\u00e9":"En stock"},"schema":{"@context":"https:\/\/schema.org","@graph":[{"@type":"WebPage","@id":"https:\/\/www.vetorino.com\/boutique\/product\/k-activ-2\/","url":"https:\/\/www.vetorino.com\/boutique\/product\/k-activ-2\/","name":"K Activ Savetis - V\u00e9torino","isPartOf":{"@id":"https:\/\/www.vetorino.com\/boutique\/#website"},"primaryImageOfPage":{"@id":"https:\/\/www.vetorino.com\/boutique\/product\/k-activ-2\/#primaryimage"},"image":{"@id":"https:\/\/www.vetorino.com\/boutique\/product\/k-activ-2\/#primaryimage"},"thumbnailUrl":"https:\/\/www.vetorino.com\/boutique\/wp-content\/uploads\/2022\/11\/kactiv-savetis-bovin.png","datePublished":"2022-11-17T19:51:47+00:00","dateModified":"2025-07-30T08:09:04+00:00","description":"Aliment compl\u00e9mentaire pour la gestion du d\u00e9ficit en potassium chez la vache. Les vaches en d\u00e9but de lactation pr\u00e9sentent un bilan n\u00e9gatif en potassium, en raison de l'importance de l'utilisation du potassium pour la production laiti\u00e8re. Ce bilan n\u00e9gatif implique un risque accru de d\u00e9ficit en potassium d\u00e8s qu'une baisse des apports alimentaires (baisse d'app\u00e9tit lors de maladies m\u00e9taboliques ou infectieuses) ou un blocage du transit (d\u00e9placement de caillette, ileus, syndrome occlusif) surviennent.","breadcrumb":{"@id":"https:\/\/www.vetorino.com\/boutique\/product\/k-activ-2\/#breadcrumb"},"inLanguage":"fr-FR","potentialAction":[{"@type":"ReadAction","target":["https:\/\/www.vetorino.com\/boutique\/product\/k-activ-2\/"]}]},{"@type":"ImageObject","inLanguage":"fr-FR","@id":"https:\/\/www.vetorino.com\/boutique\/product\/k-activ-2\/#primaryimage","url":"https:\/\/www.vetorino.com\/boutique\/wp-content\/uploads\/2022\/11\/kactiv-savetis-bovin.png","contentUrl":"https:\/\/www.vetorino.com\/boutique\/wp-content\/uploads\/2022\/11\/kactiv-savetis-bovin.png","width":700,"height":610},{"@type":"BreadcrumbList","@id":"https:\/\/www.vetorino.com\/boutique\/product\/k-activ-2\/#breadcrumb","itemListElement":[{"@type":"ListItem","position":1,"name":"Accueil","item":"https:\/\/www.vetorino.com\/boutique\/"},{"@type":"ListItem","position":2,"name":"Produits","item":"https:\/\/www.vetorino.com\/boutique\/"},{"@type":"ListItem","position":3,"name":"K Activ"}]},{"@type":"WebSite","@id":"https:\/\/www.vetorino.com\/boutique\/#website","url":"https:\/\/www.vetorino.com\/boutique\/","name":"V\u00e9torino","description":"","publisher":{"@id":"https:\/\/www.vetorino.com\/boutique\/#organization"},"potentialAction":[{"@type":"SearchAction","target":{"@type":"EntryPoint","urlTemplate":"https:\/\/www.vetorino.com\/boutique\/?s={search_term_string}"},"query-input":{"@type":"PropertyValueSpecification","valueRequired":true,"valueName":"search_term_string"}}],"inLanguage":"fr-FR"},{"@type":"Organization","@id":"https:\/\/www.vetorino.com\/boutique\/#organization","name":"V\u00e9torino","url":"https:\/\/www.vetorino.com\/boutique\/","logo":{"@type":"ImageObject","inLanguage":"fr-FR","@id":"https:\/\/www.vetorino.com\/boutique\/#\/schema\/logo\/image\/","url":"https:\/\/www.vetorino.com\/boutique\/wp-content\/uploads\/2024\/10\/logo.jpg","contentUrl":"https:\/\/www.vetorino.com\/boutique\/wp-content\/uploads\/2024\/10\/logo.jpg","width":1200,"height":610,"caption":"V\u00e9torino"},"image":{"@id":"https:\/\/www.vetorino.com\/boutique\/#\/schema\/logo\/image\/"},"sameAs":["https:\/\/www.facebook.com\/Vetorino\/","https:\/\/www.instagram.com\/vetorino_off\/","https:\/\/www.linkedin.com\/company\/vtorino\/"]}]},"product_brand":"Savetis","product_price_amount":"10.22","product_price_currency":"EUR","og_availability":"instock","product_availability":"instock","product_retailer_item_id":"A-1803100","product_condition":"new"},"_links":{"self":[{"href":"https:\/\/www.vetorino.com\/veterinaire\/beugnies-59216\/boutique\/wp-json\/wp\/v2\/product\/508163","targetHints":{"allow":["GET"]}}],"collection":[{"href":"https:\/\/www.vetorino.com\/veterinaire\/beugnies-59216\/boutique\/wp-json\/wp\/v2\/product"}],"about":[{"href":"https:\/\/www.vetorino.com\/veterinaire\/beugnies-59216\/boutique\/wp-json\/wp\/v2\/types\/product"}],"wp:featuredmedia":[{"embeddable":true,"href":"https:\/\/www.vetorino.com\/veterinaire\/beugnies-59216\/boutique\/wp-json\/wp\/v2\/media\/1433753"}],"wp:attachment":[{"href":"https:\/\/www.vetorino.com\/veterinaire\/beugnies-59216\/boutique\/wp-json\/wp\/v2\/media?parent=508163"}],"wp:term":[{"taxonomy":"product_cat","embeddable":true,"href":"https:\/\/www.vetorino.com\/veterinaire\/beugnies-59216\/boutique\/wp-json\/wp\/v2\/product_cat?post=508163"},{"taxonomy":"product_tag","embeddable":true,"href":"https:\/\/www.vetorino.com\/veterinaire\/beugnies-59216\/boutique\/wp-json\/wp\/v2\/product_tag?post=508163"}],"curies":[{"name":"wp","href":"https:\/\/api.w.org\/{rel}","templated":true}]}}