{"id":588121,"date":"2023-04-05T15:00:48","date_gmt":"2023-04-05T13:00:48","guid":{"rendered":"https:\/\/www.vetorino.com\/boutique\/product\/axiderm-savon-doux-2\/"},"modified":"2023-04-05T15:01:27","modified_gmt":"2023-04-05T13:01:27","slug":"axiderm-savon-doux-2","status":"publish","type":"product","link":"https:\/\/www.vetorino.com\/veterinaire\/beugnies-59216\/boutique\/product\/axiderm-savon-doux-2\/","title":{"rendered":"Axiderm savon doux"},"content":{"rendered":"<div class=\"hidden\">AXIENCE<\/div>\n<div class=\"hidden\">Basse-cour<\/div>\n<p>Base lavante douce enrichie en agents hydratants (glyc\u00e9rine, acide lactique), surgraissants et protecteurs d&#8217;origine naturelle permettant de pr\u00e9server l&#8217;\u00e9piderme lors de lavages fr\u00e9quents.<\/p>\n<ul>\n<li>Formulation hypoallerg\u00e9nique, sans parfum ni colorant, con\u00e7ue pour minimiser les risques de r\u00e9actions allergiques et test\u00e9es sous contr\u00f4le dermatologique sur peaux sensibles.<\/li>\n<li>Syst\u00e8mes conservateurs respectueux de la peau et de l&#8217;organisme, sans \u00e9ther de glycol (ph\u00e9noxy\u00e9thanol) ni phtalates permettant une conservation 3 mois apr\u00e8s ouverture.<\/li>\n<\/ul>\n","protected":false},"excerpt":{"rendered":"<p>Base lavante douce enrichie en agents hydratants (glyc\u00e9rine, acide lactique), surgraissants et protecteurs d&#8217;origine naturelle permettant de pr\u00e9server l&#8217;\u00e9piderme lors de lavages fr\u00e9quents.<\/p>\n<ul>\n<li>Formulation hypoallerg\u00e9nique, sans parfum ni colorant, con\u00e7ue pour minimiser les risques de r\u00e9actions allergiques et test\u00e9es sous contr\u00f4le dermatologique sur peaux sensibles.<\/li>\n<li>Syst\u00e8mes conservateurs respectueux de la peau et de l&#8217;organisme, sans \u00e9ther de glycol (ph\u00e9noxy\u00e9thanol) ni phtalates permettant une conservation 3 mois apr\u00e8s ouverture.<\/li>\n<\/ul>\n","protected":false},"featured_media":588120,"template":"","meta":[],"product_cat":[6871,2697],"product_tag":[],"class_list":{"0":"post-588121","1":"product","2":"type-product","3":"status-publish","4":"has-post-thumbnail","6":"product_cat-caprins","7":"product_cat-chat","8":"pa_marque-axience","10":"first","11":"instock","12":"taxable","13":"shipping-taxable","14":"purchasable","15":"product-type-variable"},"yoast_head":"<!-- This site is optimized with the Yoast SEO plugin v27.3 - https:\/\/yoast.com\/product\/yoast-seo-wordpress\/ -->\n<title>Axiderm savon doux Axience - V\u00e9torino<\/title>\n<meta name=\"description\" content=\"Base lavante douce enrichie en agents hydratants (glyc\u00e9rine, acide lactique), surgraissants et protecteurs d&#039;origine naturelle permettant de pr\u00e9server l&#039;\u00e9piderme lors de lavages fr\u00e9quents.   Formulation hypoallerg\u00e9nique, sans parfum ni colorant, con\u00e7ue pour minimiser les risques de r\u00e9actions allergiques et test\u00e9es sous contr\u00f4le dermatologique sur peaux sensibles.  Syst\u00e8mes conservateurs respectueux de la peau et de l&#039;organisme, sans \u00e9ther de glycol (ph\u00e9noxy\u00e9thanol) ni phtalates permettant une conservation 3 mois apr\u00e8s ouverture.\" \/>\n<meta name=\"robots\" content=\"noindex, nofollow\" \/>\n<meta property=\"og:locale\" content=\"fr_FR\" \/>\n<meta property=\"og:type\" content=\"article\" \/>\n<meta property=\"og:title\" content=\"Axiderm savon doux Axience - V\u00e9torino\" \/>\n<meta property=\"og:description\" content=\"Base lavante douce enrichie en agents hydratants (glyc\u00e9rine, acide lactique), surgraissants et protecteurs d&#039;origine naturelle permettant de pr\u00e9server l&#039;\u00e9piderme lors de lavages fr\u00e9quents.   Formulation hypoallerg\u00e9nique, sans parfum ni colorant, con\u00e7ue pour minimiser les risques de r\u00e9actions allergiques et test\u00e9es sous contr\u00f4le dermatologique sur peaux sensibles.  Syst\u00e8mes conservateurs respectueux de la peau et de l&#039;organisme, sans \u00e9ther de glycol (ph\u00e9noxy\u00e9thanol) ni phtalates permettant une conservation 3 mois apr\u00e8s ouverture.\" \/>\n<meta property=\"og:url\" content=\"https:\/\/www.vetorino.com\/veterinaire\/beugnies-59216\/boutique\/product\/axiderm-savon-doux-2\/\" \/>\n<meta property=\"og:site_name\" content=\"V\u00e9torino\" \/>\n<meta property=\"article:publisher\" content=\"https:\/\/www.facebook.com\/Vetorino\/\" \/>\n<meta property=\"article:modified_time\" content=\"2023-04-05T13:01:27+00:00\" \/>\n<meta property=\"og:image\" content=\"https:\/\/www.vetorino.com\/boutique\/wp-content\/uploads\/2023\/04\/8201896-1.jpg\" \/>\n\t<meta property=\"og:image:width\" content=\"287\" \/>\n\t<meta property=\"og:image:height\" content=\"402\" \/>\n\t<meta property=\"og:image:type\" content=\"image\/jpeg\" \/>\n<meta name=\"twitter:card\" content=\"summary_large_image\" \/>\n<meta name=\"twitter:label1\" content=\"Disponibilit\u00e9\" \/>\n\t<meta name=\"twitter:data1\" content=\"En stock\" \/>\n<script type=\"application\/ld+json\" class=\"yoast-schema-graph\">{\"@context\":\"https:\\\/\\\/schema.org\",\"@graph\":[{\"@type\":\"WebPage\",\"@id\":\"https:\\\/\\\/www.vetorino.com\\\/boutique\\\/product\\\/axiderm-savon-doux-2\\\/\",\"url\":\"https:\\\/\\\/www.vetorino.com\\\/boutique\\\/product\\\/axiderm-savon-doux-2\\\/\",\"name\":\"Axiderm savon doux Axience - V\u00e9torino\",\"isPartOf\":{\"@id\":\"https:\\\/\\\/www.vetorino.com\\\/boutique\\\/#website\"},\"primaryImageOfPage\":{\"@id\":\"https:\\\/\\\/www.vetorino.com\\\/boutique\\\/product\\\/axiderm-savon-doux-2\\\/#primaryimage\"},\"image\":{\"@id\":\"https:\\\/\\\/www.vetorino.com\\\/boutique\\\/product\\\/axiderm-savon-doux-2\\\/#primaryimage\"},\"thumbnailUrl\":\"https:\\\/\\\/www.vetorino.com\\\/boutique\\\/wp-content\\\/uploads\\\/2023\\\/04\\\/8201896-1.jpg\",\"datePublished\":\"2023-04-05T13:00:48+00:00\",\"dateModified\":\"2023-04-05T13:01:27+00:00\",\"description\":\"Base lavante douce enrichie en agents hydratants (glyc\u00e9rine, acide lactique), surgraissants et protecteurs d'origine naturelle permettant de pr\u00e9server l'\u00e9piderme lors de lavages fr\u00e9quents. Formulation hypoallerg\u00e9nique, sans parfum ni colorant, con\u00e7ue pour minimiser les risques de r\u00e9actions allergiques et test\u00e9es sous contr\u00f4le dermatologique sur peaux sensibles. Syst\u00e8mes conservateurs respectueux de la peau et de l'organisme, sans \u00e9ther de glycol (ph\u00e9noxy\u00e9thanol) ni phtalates permettant une conservation 3 mois apr\u00e8s ouverture.\",\"breadcrumb\":{\"@id\":\"https:\\\/\\\/www.vetorino.com\\\/boutique\\\/product\\\/axiderm-savon-doux-2\\\/#breadcrumb\"},\"inLanguage\":\"fr-FR\",\"potentialAction\":[{\"@type\":\"ReadAction\",\"target\":[\"https:\\\/\\\/www.vetorino.com\\\/boutique\\\/product\\\/axiderm-savon-doux-2\\\/\"]}]},{\"@type\":\"ImageObject\",\"inLanguage\":\"fr-FR\",\"@id\":\"https:\\\/\\\/www.vetorino.com\\\/boutique\\\/product\\\/axiderm-savon-doux-2\\\/#primaryimage\",\"url\":\"https:\\\/\\\/www.vetorino.com\\\/boutique\\\/wp-content\\\/uploads\\\/2023\\\/04\\\/8201896-1.jpg\",\"contentUrl\":\"https:\\\/\\\/www.vetorino.com\\\/boutique\\\/wp-content\\\/uploads\\\/2023\\\/04\\\/8201896-1.jpg\",\"width\":287,\"height\":402},{\"@type\":\"BreadcrumbList\",\"@id\":\"https:\\\/\\\/www.vetorino.com\\\/boutique\\\/product\\\/axiderm-savon-doux-2\\\/#breadcrumb\",\"itemListElement\":[{\"@type\":\"ListItem\",\"position\":1,\"name\":\"Accueil\",\"item\":\"https:\\\/\\\/www.vetorino.com\\\/boutique\\\/\"},{\"@type\":\"ListItem\",\"position\":2,\"name\":\"Produits\",\"item\":\"https:\\\/\\\/www.vetorino.com\\\/boutique\\\/\"},{\"@type\":\"ListItem\",\"position\":3,\"name\":\"Axiderm savon doux\"}]},{\"@type\":\"WebSite\",\"@id\":\"https:\\\/\\\/www.vetorino.com\\\/boutique\\\/#website\",\"url\":\"https:\\\/\\\/www.vetorino.com\\\/boutique\\\/\",\"name\":\"V\u00e9torino\",\"description\":\"\",\"publisher\":{\"@id\":\"https:\\\/\\\/www.vetorino.com\\\/boutique\\\/#organization\"},\"potentialAction\":[{\"@type\":\"SearchAction\",\"target\":{\"@type\":\"EntryPoint\",\"urlTemplate\":\"https:\\\/\\\/www.vetorino.com\\\/boutique\\\/?s={search_term_string}\"},\"query-input\":{\"@type\":\"PropertyValueSpecification\",\"valueRequired\":true,\"valueName\":\"search_term_string\"}}],\"inLanguage\":\"fr-FR\"},{\"@type\":\"Organization\",\"@id\":\"https:\\\/\\\/www.vetorino.com\\\/boutique\\\/#organization\",\"name\":\"V\u00e9torino\",\"url\":\"https:\\\/\\\/www.vetorino.com\\\/boutique\\\/\",\"logo\":{\"@type\":\"ImageObject\",\"inLanguage\":\"fr-FR\",\"@id\":\"https:\\\/\\\/www.vetorino.com\\\/boutique\\\/#\\\/schema\\\/logo\\\/image\\\/\",\"url\":\"https:\\\/\\\/www.vetorino.com\\\/boutique\\\/wp-content\\\/uploads\\\/2024\\\/10\\\/logo.jpg\",\"contentUrl\":\"https:\\\/\\\/www.vetorino.com\\\/boutique\\\/wp-content\\\/uploads\\\/2024\\\/10\\\/logo.jpg\",\"width\":1200,\"height\":610,\"caption\":\"V\u00e9torino\"},\"image\":{\"@id\":\"https:\\\/\\\/www.vetorino.com\\\/boutique\\\/#\\\/schema\\\/logo\\\/image\\\/\"},\"sameAs\":[\"https:\\\/\\\/www.facebook.com\\\/Vetorino\\\/\",\"https:\\\/\\\/www.instagram.com\\\/vetorino_off\\\/\",\"https:\\\/\\\/www.linkedin.com\\\/company\\\/vtorino\\\/\"]}]}<\/script>\n<meta property=\"product:brand\" content=\"Axience\" \/>\n<meta property=\"og:availability\" content=\"instock\" \/>\n<meta property=\"product:availability\" content=\"instock\" \/>\n<meta property=\"product:condition\" content=\"new\" \/>\n<!-- \/ Yoast SEO plugin. -->","yoast_head_json":{"title":"Axiderm savon doux Axience - V\u00e9torino","description":"Base lavante douce enrichie en agents hydratants (glyc\u00e9rine, acide lactique), surgraissants et protecteurs d'origine naturelle permettant de pr\u00e9server l'\u00e9piderme lors de lavages fr\u00e9quents.   Formulation hypoallerg\u00e9nique, sans parfum ni colorant, con\u00e7ue pour minimiser les risques de r\u00e9actions allergiques et test\u00e9es sous contr\u00f4le dermatologique sur peaux sensibles.  Syst\u00e8mes conservateurs respectueux de la peau et de l'organisme, sans \u00e9ther de glycol (ph\u00e9noxy\u00e9thanol) ni phtalates permettant une conservation 3 mois apr\u00e8s ouverture.","robots":{"index":"noindex","follow":"nofollow"},"og_locale":"fr_FR","og_type":"article","og_title":"Axiderm savon doux Axience - V\u00e9torino","og_description":"Base lavante douce enrichie en agents hydratants (glyc\u00e9rine, acide lactique), surgraissants et protecteurs d'origine naturelle permettant de pr\u00e9server l'\u00e9piderme lors de lavages fr\u00e9quents.   Formulation hypoallerg\u00e9nique, sans parfum ni colorant, con\u00e7ue pour minimiser les risques de r\u00e9actions allergiques et test\u00e9es sous contr\u00f4le dermatologique sur peaux sensibles.  Syst\u00e8mes conservateurs respectueux de la peau et de l'organisme, sans \u00e9ther de glycol (ph\u00e9noxy\u00e9thanol) ni phtalates permettant une conservation 3 mois apr\u00e8s ouverture.","og_url":"https:\/\/www.vetorino.com\/veterinaire\/beugnies-59216\/boutique\/product\/axiderm-savon-doux-2\/","og_site_name":"V\u00e9torino","article_publisher":"https:\/\/www.facebook.com\/Vetorino\/","article_modified_time":"2023-04-05T13:01:27+00:00","og_image":[{"width":287,"height":402,"url":"https:\/\/www.vetorino.com\/boutique\/wp-content\/uploads\/2023\/04\/8201896-1.jpg","type":"image\/jpeg"}],"twitter_card":"summary_large_image","twitter_misc":{"Disponibilit\u00e9":"En stock"},"schema":{"@context":"https:\/\/schema.org","@graph":[{"@type":"WebPage","@id":"https:\/\/www.vetorino.com\/boutique\/product\/axiderm-savon-doux-2\/","url":"https:\/\/www.vetorino.com\/boutique\/product\/axiderm-savon-doux-2\/","name":"Axiderm savon doux Axience - V\u00e9torino","isPartOf":{"@id":"https:\/\/www.vetorino.com\/boutique\/#website"},"primaryImageOfPage":{"@id":"https:\/\/www.vetorino.com\/boutique\/product\/axiderm-savon-doux-2\/#primaryimage"},"image":{"@id":"https:\/\/www.vetorino.com\/boutique\/product\/axiderm-savon-doux-2\/#primaryimage"},"thumbnailUrl":"https:\/\/www.vetorino.com\/boutique\/wp-content\/uploads\/2023\/04\/8201896-1.jpg","datePublished":"2023-04-05T13:00:48+00:00","dateModified":"2023-04-05T13:01:27+00:00","description":"Base lavante douce enrichie en agents hydratants (glyc\u00e9rine, acide lactique), surgraissants et protecteurs d'origine naturelle permettant de pr\u00e9server l'\u00e9piderme lors de lavages fr\u00e9quents. Formulation hypoallerg\u00e9nique, sans parfum ni colorant, con\u00e7ue pour minimiser les risques de r\u00e9actions allergiques et test\u00e9es sous contr\u00f4le dermatologique sur peaux sensibles. Syst\u00e8mes conservateurs respectueux de la peau et de l'organisme, sans \u00e9ther de glycol (ph\u00e9noxy\u00e9thanol) ni phtalates permettant une conservation 3 mois apr\u00e8s ouverture.","breadcrumb":{"@id":"https:\/\/www.vetorino.com\/boutique\/product\/axiderm-savon-doux-2\/#breadcrumb"},"inLanguage":"fr-FR","potentialAction":[{"@type":"ReadAction","target":["https:\/\/www.vetorino.com\/boutique\/product\/axiderm-savon-doux-2\/"]}]},{"@type":"ImageObject","inLanguage":"fr-FR","@id":"https:\/\/www.vetorino.com\/boutique\/product\/axiderm-savon-doux-2\/#primaryimage","url":"https:\/\/www.vetorino.com\/boutique\/wp-content\/uploads\/2023\/04\/8201896-1.jpg","contentUrl":"https:\/\/www.vetorino.com\/boutique\/wp-content\/uploads\/2023\/04\/8201896-1.jpg","width":287,"height":402},{"@type":"BreadcrumbList","@id":"https:\/\/www.vetorino.com\/boutique\/product\/axiderm-savon-doux-2\/#breadcrumb","itemListElement":[{"@type":"ListItem","position":1,"name":"Accueil","item":"https:\/\/www.vetorino.com\/boutique\/"},{"@type":"ListItem","position":2,"name":"Produits","item":"https:\/\/www.vetorino.com\/boutique\/"},{"@type":"ListItem","position":3,"name":"Axiderm savon doux"}]},{"@type":"WebSite","@id":"https:\/\/www.vetorino.com\/boutique\/#website","url":"https:\/\/www.vetorino.com\/boutique\/","name":"V\u00e9torino","description":"","publisher":{"@id":"https:\/\/www.vetorino.com\/boutique\/#organization"},"potentialAction":[{"@type":"SearchAction","target":{"@type":"EntryPoint","urlTemplate":"https:\/\/www.vetorino.com\/boutique\/?s={search_term_string}"},"query-input":{"@type":"PropertyValueSpecification","valueRequired":true,"valueName":"search_term_string"}}],"inLanguage":"fr-FR"},{"@type":"Organization","@id":"https:\/\/www.vetorino.com\/boutique\/#organization","name":"V\u00e9torino","url":"https:\/\/www.vetorino.com\/boutique\/","logo":{"@type":"ImageObject","inLanguage":"fr-FR","@id":"https:\/\/www.vetorino.com\/boutique\/#\/schema\/logo\/image\/","url":"https:\/\/www.vetorino.com\/boutique\/wp-content\/uploads\/2024\/10\/logo.jpg","contentUrl":"https:\/\/www.vetorino.com\/boutique\/wp-content\/uploads\/2024\/10\/logo.jpg","width":1200,"height":610,"caption":"V\u00e9torino"},"image":{"@id":"https:\/\/www.vetorino.com\/boutique\/#\/schema\/logo\/image\/"},"sameAs":["https:\/\/www.facebook.com\/Vetorino\/","https:\/\/www.instagram.com\/vetorino_off\/","https:\/\/www.linkedin.com\/company\/vtorino\/"]}]},"product_brand":"Axience","og_availability":"instock","product_availability":"instock","product_condition":"new"},"_links":{"self":[{"href":"https:\/\/www.vetorino.com\/veterinaire\/beugnies-59216\/boutique\/wp-json\/wp\/v2\/product\/588121","targetHints":{"allow":["GET"]}}],"collection":[{"href":"https:\/\/www.vetorino.com\/veterinaire\/beugnies-59216\/boutique\/wp-json\/wp\/v2\/product"}],"about":[{"href":"https:\/\/www.vetorino.com\/veterinaire\/beugnies-59216\/boutique\/wp-json\/wp\/v2\/types\/product"}],"wp:featuredmedia":[{"embeddable":true,"href":"https:\/\/www.vetorino.com\/veterinaire\/beugnies-59216\/boutique\/wp-json\/wp\/v2\/media\/588120"}],"wp:attachment":[{"href":"https:\/\/www.vetorino.com\/veterinaire\/beugnies-59216\/boutique\/wp-json\/wp\/v2\/media?parent=588121"}],"wp:term":[{"taxonomy":"product_cat","embeddable":true,"href":"https:\/\/www.vetorino.com\/veterinaire\/beugnies-59216\/boutique\/wp-json\/wp\/v2\/product_cat?post=588121"},{"taxonomy":"product_tag","embeddable":true,"href":"https:\/\/www.vetorino.com\/veterinaire\/beugnies-59216\/boutique\/wp-json\/wp\/v2\/product_tag?post=588121"}],"curies":[{"name":"wp","href":"https:\/\/api.w.org\/{rel}","templated":true}]}}