{"id":588343,"date":"2023-04-05T16:09:07","date_gmt":"2023-04-05T14:09:07","guid":{"rendered":"https:\/\/www.vetorino.com\/boutique\/product\/dog-anallergenic-small-dog-2\/"},"modified":"2025-11-20T16:33:06","modified_gmt":"2025-11-20T15:33:06","slug":"dog-anallergenic-small-dog-2","status":"publish","type":"product","link":"https:\/\/www.vetorino.com\/veterinaire\/beugnies-59216\/boutique\/product\/dog-anallergenic-small-dog-2\/","title":{"rendered":"Anallergenic Small Dog"},"content":{"rendered":"<p><strong>Royal Canin Small Dog Anallergenic est un aliment complet pour chiens formul\u00e9 pour r\u00e9duire les intol\u00e9rances alimentaires dans le cadre d\u2019un r\u00e9gime d\u2019\u00e9viction.\u00a0<\/strong><strong>Taille des croquettes adapt\u00e9e aux petits chiens.<\/strong><\/p>\n<p><strong>Utilisation :<\/strong><\/p>\n<ul>\n<li>Chien sensible aux intol\u00e9rances \/ allergies alimentaires<\/li>\n<li>Chien de moins de 10 kg<\/li>\n<\/ul>\n<p><strong>Contre indications :<\/strong><\/p>\n<ul>\n<li>Chien atteint de pancr\u00e9atite.<\/li>\n<li>Croissance, gestation ou lactation.<\/li>\n<\/ul>\n<p><strong>Bienfaits essentiels :<\/strong><\/p>\n<div class=\"tr\">\n<div class=\"atout_txt td\">\n<ul>\n<li>Formul\u00e9 avec de la prot\u00e9ine de plume hydrolys\u00e9e, une source de prot\u00e9ine contenant exclusivement des acides amin\u00e9s et des oligopeptides de<strong>\u00a0tr\u00e8s faible poids mol\u00e9culaire<\/strong>.<\/li>\n<li>Formul\u00e9 avec de l&#8217;amidon purifi\u00e9 au lieu de c\u00e9r\u00e9ales et avec un facteur d&#8217;app\u00e9tence non prot\u00e9ique.\u00a0<strong>Contr\u00f4le des contaminations crois\u00e9es tout au long de la cha\u00eene de fabrication<\/strong>.<\/li>\n<li>Stimule la synth\u00e8se de c\u00e9ramides, pour<strong>\u00a0renforcer la barri\u00e8re cutan\u00e9e<\/strong>\u00a0et r\u00e9duire les pertes d&#8217;eau trans\u00e9pidermiques.<\/li>\n<li>Un complexe synergique brevet\u00e9 d&#8217;antioxydants\u00a0<strong>contribue \u00e0 diminuer les aggressions cellulaires<\/strong>\u00a0dues au stress oxydatif et aux radicaux libres.<\/li>\n<\/ul>\n<p><strong>Cet aliment est destin\u00e9 \u00e0 la prise en charge nutritionnelle d\u2019une maladie. Pour la sant\u00e9 de votre chien, il est recommand\u00e9 de consulter votre v\u00e9t\u00e9rinaire et de respecter scrupuleusement ses recommandations nutritionnelles.<\/strong><\/p>\n<\/div>\n<\/div>\n","protected":false},"excerpt":{"rendered":"<p><strong>Aliment complet pour chiens formul\u00e9 pour r\u00e9duire les intol\u00e9rances alimentaires dans le cadre d\u2019un r\u00e9gime d\u2019\u00e9viction. Taille des croquettes adapt\u00e9e aux petits chiens.<br \/>\n<\/strong><\/p>\n<p><strong>Utilisation :<\/strong><\/p>\n<ul>\n<li>Chien sensible aux intol\u00e9rances \/ allergies alimentaires<\/li>\n<li>Chien de moins de 10 kg<\/li>\n<\/ul>\n","protected":false},"featured_media":1112791,"template":"","meta":[],"product_cat":[12552,12582,2698,12568],"product_tag":[],"class_list":{"0":"post-588343","1":"product","2":"type-product","3":"status-publish","4":"has-post-thumbnail","6":"product_cat-alimentation-du-chien","7":"product_cat-alimentation-medicalisee-pour-chien","8":"product_cat-chien","9":"product_cat-produit-veterinaire-du-chien","10":"pa_marque-royal-canin","12":"first","13":"instock","14":"taxable","15":"shipping-taxable","16":"purchasable","17":"product-type-variable"},"yoast_head":"<!-- This site is optimized with the Yoast SEO plugin v27.3 - https:\/\/yoast.com\/product\/yoast-seo-wordpress\/ -->\n<title>Veterinary Health Nutrition (Royal Canin) Anallergenic Small Dog Royal Canin - V\u00e9torino<\/title>\n<meta name=\"description\" content=\"Aliment complet pour chiens formul\u00e9 pour r\u00e9duire les intol\u00e9rances alimentaires dans le cadre d\u2019un r\u00e9gime d\u2019\u00e9viction. Taille des croquettes adapt\u00e9e aux petits chiens.   Utilisation :   Chien sensible aux intol\u00e9rances \/ allergies alimentaires  Chien de moins de 10 kg\" \/>\n<meta name=\"robots\" content=\"noindex, nofollow\" \/>\n<meta property=\"og:locale\" content=\"fr_FR\" \/>\n<meta property=\"og:type\" content=\"article\" \/>\n<meta property=\"og:title\" content=\"Veterinary Health Nutrition (Royal Canin) Anallergenic Small Dog Royal Canin - V\u00e9torino\" \/>\n<meta property=\"og:description\" content=\"Aliment complet pour chiens formul\u00e9 pour r\u00e9duire les intol\u00e9rances alimentaires dans le cadre d\u2019un r\u00e9gime d\u2019\u00e9viction. Taille des croquettes adapt\u00e9e aux petits chiens.   Utilisation :   Chien sensible aux intol\u00e9rances \/ allergies alimentaires  Chien de moins de 10 kg\" \/>\n<meta property=\"og:url\" content=\"https:\/\/www.vetorino.com\/veterinaire\/beugnies-59216\/boutique\/product\/dog-anallergenic-small-dog-2\/\" \/>\n<meta property=\"og:site_name\" content=\"V\u00e9torino\" \/>\n<meta property=\"article:publisher\" content=\"https:\/\/www.facebook.com\/Vetorino\/\" \/>\n<meta property=\"article:modified_time\" content=\"2025-11-20T15:33:06+00:00\" \/>\n<meta property=\"og:image\" content=\"https:\/\/www.vetorino.com\/boutique\/wp-content\/uploads\/2023\/04\/333099_pla_rcvet_dermatology_anallergenic_small_dog_9.jpg\" \/>\n\t<meta property=\"og:image:width\" content=\"800\" \/>\n\t<meta property=\"og:image:height\" content=\"800\" \/>\n\t<meta property=\"og:image:type\" content=\"image\/jpeg\" \/>\n<meta name=\"twitter:card\" content=\"summary_large_image\" \/>\n<meta name=\"twitter:label1\" content=\"Disponibilit\u00e9\" \/>\n\t<meta name=\"twitter:data1\" content=\"En stock\" \/>\n<script type=\"application\/ld+json\" class=\"yoast-schema-graph\">{\"@context\":\"https:\\\/\\\/schema.org\",\"@graph\":[{\"@type\":\"WebPage\",\"@id\":\"https:\\\/\\\/www.vetorino.com\\\/veterinaire\\\/briancon-05100\\\/boutique\\\/product\\\/dog-anallergenic-small-dog-2\\\/\",\"url\":\"https:\\\/\\\/www.vetorino.com\\\/veterinaire\\\/briancon-05100\\\/boutique\\\/product\\\/dog-anallergenic-small-dog-2\\\/\",\"name\":\"Veterinary Health Nutrition (Royal Canin) Anallergenic Small Dog Royal Canin - V\u00e9torino\",\"isPartOf\":{\"@id\":\"https:\\\/\\\/www.vetorino.com\\\/boutique\\\/#website\"},\"primaryImageOfPage\":{\"@id\":\"https:\\\/\\\/www.vetorino.com\\\/veterinaire\\\/briancon-05100\\\/boutique\\\/product\\\/dog-anallergenic-small-dog-2\\\/#primaryimage\"},\"image\":{\"@id\":\"https:\\\/\\\/www.vetorino.com\\\/veterinaire\\\/briancon-05100\\\/boutique\\\/product\\\/dog-anallergenic-small-dog-2\\\/#primaryimage\"},\"thumbnailUrl\":\"https:\\\/\\\/www.vetorino.com\\\/boutique\\\/wp-content\\\/uploads\\\/2023\\\/04\\\/333099_pla_rcvet_dermatology_anallergenic_small_dog_9.jpg\",\"datePublished\":\"2023-04-05T14:09:07+00:00\",\"dateModified\":\"2025-11-20T15:33:06+00:00\",\"description\":\"Aliment complet pour chiens formul\u00e9 pour r\u00e9duire les intol\u00e9rances alimentaires dans le cadre d\u2019un r\u00e9gime d\u2019\u00e9viction. Taille des croquettes adapt\u00e9e aux petits chiens. Utilisation : Chien sensible aux intol\u00e9rances \\\/ allergies alimentaires Chien de moins de 10 kg\",\"breadcrumb\":{\"@id\":\"https:\\\/\\\/www.vetorino.com\\\/veterinaire\\\/briancon-05100\\\/boutique\\\/product\\\/dog-anallergenic-small-dog-2\\\/#breadcrumb\"},\"inLanguage\":\"fr-FR\",\"potentialAction\":[{\"@type\":\"ReadAction\",\"target\":[\"https:\\\/\\\/www.vetorino.com\\\/veterinaire\\\/briancon-05100\\\/boutique\\\/product\\\/dog-anallergenic-small-dog-2\\\/\"]}]},{\"@type\":\"ImageObject\",\"inLanguage\":\"fr-FR\",\"@id\":\"https:\\\/\\\/www.vetorino.com\\\/veterinaire\\\/briancon-05100\\\/boutique\\\/product\\\/dog-anallergenic-small-dog-2\\\/#primaryimage\",\"url\":\"https:\\\/\\\/www.vetorino.com\\\/boutique\\\/wp-content\\\/uploads\\\/2023\\\/04\\\/333099_pla_rcvet_dermatology_anallergenic_small_dog_9.jpg\",\"contentUrl\":\"https:\\\/\\\/www.vetorino.com\\\/boutique\\\/wp-content\\\/uploads\\\/2023\\\/04\\\/333099_pla_rcvet_dermatology_anallergenic_small_dog_9.jpg\",\"width\":800,\"height\":800},{\"@type\":\"BreadcrumbList\",\"@id\":\"https:\\\/\\\/www.vetorino.com\\\/veterinaire\\\/briancon-05100\\\/boutique\\\/product\\\/dog-anallergenic-small-dog-2\\\/#breadcrumb\",\"itemListElement\":[{\"@type\":\"ListItem\",\"position\":1,\"name\":\"Accueil\",\"item\":\"https:\\\/\\\/www.vetorino.com\\\/boutique\\\/\"},{\"@type\":\"ListItem\",\"position\":2,\"name\":\"Produits\",\"item\":\"https:\\\/\\\/www.vetorino.com\\\/boutique\\\/\"},{\"@type\":\"ListItem\",\"position\":3,\"name\":\"Anallergenic Small Dog\"}]},{\"@type\":\"WebSite\",\"@id\":\"https:\\\/\\\/www.vetorino.com\\\/boutique\\\/#website\",\"url\":\"https:\\\/\\\/www.vetorino.com\\\/boutique\\\/\",\"name\":\"V\u00e9torino\",\"description\":\"\",\"publisher\":{\"@id\":\"https:\\\/\\\/www.vetorino.com\\\/boutique\\\/#organization\"},\"potentialAction\":[{\"@type\":\"SearchAction\",\"target\":{\"@type\":\"EntryPoint\",\"urlTemplate\":\"https:\\\/\\\/www.vetorino.com\\\/boutique\\\/?s={search_term_string}\"},\"query-input\":{\"@type\":\"PropertyValueSpecification\",\"valueRequired\":true,\"valueName\":\"search_term_string\"}}],\"inLanguage\":\"fr-FR\"},{\"@type\":\"Organization\",\"@id\":\"https:\\\/\\\/www.vetorino.com\\\/boutique\\\/#organization\",\"name\":\"V\u00e9torino\",\"url\":\"https:\\\/\\\/www.vetorino.com\\\/boutique\\\/\",\"logo\":{\"@type\":\"ImageObject\",\"inLanguage\":\"fr-FR\",\"@id\":\"https:\\\/\\\/www.vetorino.com\\\/boutique\\\/#\\\/schema\\\/logo\\\/image\\\/\",\"url\":\"https:\\\/\\\/www.vetorino.com\\\/boutique\\\/wp-content\\\/uploads\\\/2024\\\/10\\\/logo.jpg\",\"contentUrl\":\"https:\\\/\\\/www.vetorino.com\\\/boutique\\\/wp-content\\\/uploads\\\/2024\\\/10\\\/logo.jpg\",\"width\":1200,\"height\":610,\"caption\":\"V\u00e9torino\"},\"image\":{\"@id\":\"https:\\\/\\\/www.vetorino.com\\\/boutique\\\/#\\\/schema\\\/logo\\\/image\\\/\"},\"sameAs\":[\"https:\\\/\\\/www.facebook.com\\\/Vetorino\\\/\",\"https:\\\/\\\/www.instagram.com\\\/vetorino_off\\\/\",\"https:\\\/\\\/www.linkedin.com\\\/company\\\/vtorino\\\/\"]}]}<\/script>\n<meta property=\"product:brand\" content=\"Royal Canin\" \/>\n<meta property=\"og:availability\" content=\"instock\" \/>\n<meta property=\"product:availability\" content=\"instock\" \/>\n<meta property=\"product:condition\" content=\"new\" \/>\n<!-- \/ Yoast SEO plugin. -->","yoast_head_json":{"title":"Veterinary Health Nutrition (Royal Canin) Anallergenic Small Dog Royal Canin - V\u00e9torino","description":"Aliment complet pour chiens formul\u00e9 pour r\u00e9duire les intol\u00e9rances alimentaires dans le cadre d\u2019un r\u00e9gime d\u2019\u00e9viction. Taille des croquettes adapt\u00e9e aux petits chiens.   Utilisation :   Chien sensible aux intol\u00e9rances \/ allergies alimentaires  Chien de moins de 10 kg","robots":{"index":"noindex","follow":"nofollow"},"og_locale":"fr_FR","og_type":"article","og_title":"Veterinary Health Nutrition (Royal Canin) Anallergenic Small Dog Royal Canin - V\u00e9torino","og_description":"Aliment complet pour chiens formul\u00e9 pour r\u00e9duire les intol\u00e9rances alimentaires dans le cadre d\u2019un r\u00e9gime d\u2019\u00e9viction. Taille des croquettes adapt\u00e9e aux petits chiens.   Utilisation :   Chien sensible aux intol\u00e9rances \/ allergies alimentaires  Chien de moins de 10 kg","og_url":"https:\/\/www.vetorino.com\/veterinaire\/beugnies-59216\/boutique\/product\/dog-anallergenic-small-dog-2\/","og_site_name":"V\u00e9torino","article_publisher":"https:\/\/www.facebook.com\/Vetorino\/","article_modified_time":"2025-11-20T15:33:06+00:00","og_image":[{"width":800,"height":800,"url":"https:\/\/www.vetorino.com\/boutique\/wp-content\/uploads\/2023\/04\/333099_pla_rcvet_dermatology_anallergenic_small_dog_9.jpg","type":"image\/jpeg"}],"twitter_card":"summary_large_image","twitter_misc":{"Disponibilit\u00e9":"En stock"},"schema":{"@context":"https:\/\/schema.org","@graph":[{"@type":"WebPage","@id":"https:\/\/www.vetorino.com\/veterinaire\/briancon-05100\/boutique\/product\/dog-anallergenic-small-dog-2\/","url":"https:\/\/www.vetorino.com\/veterinaire\/briancon-05100\/boutique\/product\/dog-anallergenic-small-dog-2\/","name":"Veterinary Health Nutrition (Royal Canin) Anallergenic Small Dog Royal Canin - V\u00e9torino","isPartOf":{"@id":"https:\/\/www.vetorino.com\/boutique\/#website"},"primaryImageOfPage":{"@id":"https:\/\/www.vetorino.com\/veterinaire\/briancon-05100\/boutique\/product\/dog-anallergenic-small-dog-2\/#primaryimage"},"image":{"@id":"https:\/\/www.vetorino.com\/veterinaire\/briancon-05100\/boutique\/product\/dog-anallergenic-small-dog-2\/#primaryimage"},"thumbnailUrl":"https:\/\/www.vetorino.com\/boutique\/wp-content\/uploads\/2023\/04\/333099_pla_rcvet_dermatology_anallergenic_small_dog_9.jpg","datePublished":"2023-04-05T14:09:07+00:00","dateModified":"2025-11-20T15:33:06+00:00","description":"Aliment complet pour chiens formul\u00e9 pour r\u00e9duire les intol\u00e9rances alimentaires dans le cadre d\u2019un r\u00e9gime d\u2019\u00e9viction. Taille des croquettes adapt\u00e9e aux petits chiens. Utilisation : Chien sensible aux intol\u00e9rances \/ allergies alimentaires Chien de moins de 10 kg","breadcrumb":{"@id":"https:\/\/www.vetorino.com\/veterinaire\/briancon-05100\/boutique\/product\/dog-anallergenic-small-dog-2\/#breadcrumb"},"inLanguage":"fr-FR","potentialAction":[{"@type":"ReadAction","target":["https:\/\/www.vetorino.com\/veterinaire\/briancon-05100\/boutique\/product\/dog-anallergenic-small-dog-2\/"]}]},{"@type":"ImageObject","inLanguage":"fr-FR","@id":"https:\/\/www.vetorino.com\/veterinaire\/briancon-05100\/boutique\/product\/dog-anallergenic-small-dog-2\/#primaryimage","url":"https:\/\/www.vetorino.com\/boutique\/wp-content\/uploads\/2023\/04\/333099_pla_rcvet_dermatology_anallergenic_small_dog_9.jpg","contentUrl":"https:\/\/www.vetorino.com\/boutique\/wp-content\/uploads\/2023\/04\/333099_pla_rcvet_dermatology_anallergenic_small_dog_9.jpg","width":800,"height":800},{"@type":"BreadcrumbList","@id":"https:\/\/www.vetorino.com\/veterinaire\/briancon-05100\/boutique\/product\/dog-anallergenic-small-dog-2\/#breadcrumb","itemListElement":[{"@type":"ListItem","position":1,"name":"Accueil","item":"https:\/\/www.vetorino.com\/boutique\/"},{"@type":"ListItem","position":2,"name":"Produits","item":"https:\/\/www.vetorino.com\/boutique\/"},{"@type":"ListItem","position":3,"name":"Anallergenic Small Dog"}]},{"@type":"WebSite","@id":"https:\/\/www.vetorino.com\/boutique\/#website","url":"https:\/\/www.vetorino.com\/boutique\/","name":"V\u00e9torino","description":"","publisher":{"@id":"https:\/\/www.vetorino.com\/boutique\/#organization"},"potentialAction":[{"@type":"SearchAction","target":{"@type":"EntryPoint","urlTemplate":"https:\/\/www.vetorino.com\/boutique\/?s={search_term_string}"},"query-input":{"@type":"PropertyValueSpecification","valueRequired":true,"valueName":"search_term_string"}}],"inLanguage":"fr-FR"},{"@type":"Organization","@id":"https:\/\/www.vetorino.com\/boutique\/#organization","name":"V\u00e9torino","url":"https:\/\/www.vetorino.com\/boutique\/","logo":{"@type":"ImageObject","inLanguage":"fr-FR","@id":"https:\/\/www.vetorino.com\/boutique\/#\/schema\/logo\/image\/","url":"https:\/\/www.vetorino.com\/boutique\/wp-content\/uploads\/2024\/10\/logo.jpg","contentUrl":"https:\/\/www.vetorino.com\/boutique\/wp-content\/uploads\/2024\/10\/logo.jpg","width":1200,"height":610,"caption":"V\u00e9torino"},"image":{"@id":"https:\/\/www.vetorino.com\/boutique\/#\/schema\/logo\/image\/"},"sameAs":["https:\/\/www.facebook.com\/Vetorino\/","https:\/\/www.instagram.com\/vetorino_off\/","https:\/\/www.linkedin.com\/company\/vtorino\/"]}]},"product_brand":"Royal Canin","og_availability":"instock","product_availability":"instock","product_condition":"new"},"_links":{"self":[{"href":"https:\/\/www.vetorino.com\/veterinaire\/beugnies-59216\/boutique\/wp-json\/wp\/v2\/product\/588343","targetHints":{"allow":["GET"]}}],"collection":[{"href":"https:\/\/www.vetorino.com\/veterinaire\/beugnies-59216\/boutique\/wp-json\/wp\/v2\/product"}],"about":[{"href":"https:\/\/www.vetorino.com\/veterinaire\/beugnies-59216\/boutique\/wp-json\/wp\/v2\/types\/product"}],"wp:featuredmedia":[{"embeddable":true,"href":"https:\/\/www.vetorino.com\/veterinaire\/beugnies-59216\/boutique\/wp-json\/wp\/v2\/media\/1112791"}],"wp:attachment":[{"href":"https:\/\/www.vetorino.com\/veterinaire\/beugnies-59216\/boutique\/wp-json\/wp\/v2\/media?parent=588343"}],"wp:term":[{"taxonomy":"product_cat","embeddable":true,"href":"https:\/\/www.vetorino.com\/veterinaire\/beugnies-59216\/boutique\/wp-json\/wp\/v2\/product_cat?post=588343"},{"taxonomy":"product_tag","embeddable":true,"href":"https:\/\/www.vetorino.com\/veterinaire\/beugnies-59216\/boutique\/wp-json\/wp\/v2\/product_tag?post=588343"}],"curies":[{"name":"wp","href":"https:\/\/api.w.org\/{rel}","templated":true}]}}