{"id":603585,"date":"2023-04-27T12:24:00","date_gmt":"2023-04-27T10:24:00","guid":{"rendered":"https:\/\/www.vetorino.com\/boutique\/product\/sonotix-lotion-auriculaire\/"},"modified":"2024-09-30T15:59:10","modified_gmt":"2024-09-30T13:59:10","slug":"sonotix-lotion-auriculaire","status":"publish","type":"product","link":"https:\/\/www.vetorino.com\/veterinaire\/beugnies-59216\/boutique\/product\/sonotix-lotion-auriculaire\/","title":{"rendered":"Sonotix lotion auriculaire"},"content":{"rendered":"<p><strong>Sonotix<\/strong>\u00a0a un pH neutre, est sans conservateur, sans parab\u00e8ne pour une bonne tol\u00e9rance.<\/p>\n<p>Il est recommand\u00e9 pour l\u2019entretien des oreilles sensibles ou des animaux faisant des otites \u00e0 r\u00e9p\u00e9tition, et en nettoyage avant un traitement lors d\u2019otite<\/p>\n<p>La formule compl\u00e8te de Sonotix lui conf\u00e8re une triple action :<\/p>\n<ul>\n<li>Elimination rapide et efficace des amas de c\u00e9rumen gr\u00e2ce \u00e0 la combinaison de 3 agents c\u00e9ruminolytiques : Ethoxydiglycol, Capric glyceride et Isopropyl Al.<br \/>\nmaintien des oreilles saines gr\u00e2ce \u00e0 la glyc\u00e9rine, agent principal d\u2019hydratation, au calendula, agent apaisant, aux lipacides qui contribuent \u00e0 la r\u00e9gulation de la production de s\u00e9bum.<\/li>\n<li>Neutralisation des odeurs gr\u00e2ce au parfum frais de citron.<\/li>\n<li>Sonotix est formul\u00e9 sous forme de solution aqueuse avec surfactant (compos\u00e9 permettant l\u2019\u00e9mulsion les lipides avec l\u2019eau) qui permet d\u2019agir sur les otites c\u00e9rumineuses et purulentes (les formules huileuse ne sont pas efficaces sur les otites purulentes).<\/li>\n<\/ul>\n<p><strong>Conseils d&#8217;utilisation<\/strong> :<\/p>\n<ol>\n<li>Instiller la solution auriculaire dans le conduit auditif de chaque oreille en exer\u00e7ant 1 \u00e0 2 pressions.<\/li>\n<li>Masser la base de l\u2019oreille pour faire monter et descendre le liquide.<\/li>\n<li>Eliminer le liquide du pavillon de l&#8217;oreille avec une compresse.<\/li>\n<li>L&#8217;animal en secouant la t\u00eate expulsera les particules de salet\u00e9 des parties profondes de l&#8217;oreille.<\/li>\n<\/ol>\n<p>Pr\u00e9conis\u00e9 1 \u00e0 2 fois par semaine en entretien et lors d\u2019otites \u00e9ryth\u00e9mateuses, quelques minutes avant le traitement. Lors d\u2019otites c\u00e9rumineuses ou s\u00e9borrh\u00e9iques, la fr\u00e9quence d\u2019utilisation doit \u00eatre augment\u00e9e, jusqu\u2019\u00e0 une fois par jour.<\/p>\n","protected":false},"excerpt":{"rendered":"<p>La<b>\u00a0lotion auriculaire Sonotix Vetoquinol\u00a0<\/b>est un nettoyant auriculaire\u00a0<b>r\u00e9\u00e9quilibrant<\/b> pour chiens et chats.<\/p>\n<p><strong>Utilisation<\/strong> :<\/p>\n<ul>\n<li>Chat<\/li>\n<li>Chien<\/li>\n<\/ul>\n","protected":false},"featured_media":1041886,"template":"","meta":[],"product_cat":[2697,2698,12613,12614,12560,12561],"product_tag":[],"class_list":{"0":"post-603585","1":"product","2":"type-product","3":"status-publish","4":"has-post-thumbnail","6":"product_cat-chat","7":"product_cat-chien","8":"product_cat-hygiene-des-oreilles-du-chat","9":"product_cat-hygiene-des-oreilles-du-chien","10":"product_cat-hygiene-du-chat","11":"product_cat-hygiene-du-chien","12":"pa_marque-vetoquinol","14":"first","15":"instock","16":"taxable","17":"shipping-taxable","18":"purchasable","19":"product-type-variable"},"yoast_head":"<!-- This site is optimized with the Yoast SEO plugin v27.3 - https:\/\/yoast.com\/product\/yoast-seo-wordpress\/ -->\n<title>Sonotix lotion auriculaire V\u00e9toquinol - V\u00e9torino<\/title>\n<meta name=\"description\" content=\"La\u00a0lotion auriculaire Sonotix Vetoquinol\u00a0est un nettoyant auriculaire\u00a0r\u00e9\u00e9quilibrant pour chiens et chats.  Utilisation :   Chat  Chien\" \/>\n<meta name=\"robots\" content=\"noindex, nofollow\" \/>\n<meta property=\"og:locale\" content=\"fr_FR\" \/>\n<meta property=\"og:type\" content=\"article\" \/>\n<meta property=\"og:title\" content=\"Sonotix lotion auriculaire V\u00e9toquinol - V\u00e9torino\" \/>\n<meta property=\"og:description\" content=\"La\u00a0lotion auriculaire Sonotix Vetoquinol\u00a0est un nettoyant auriculaire\u00a0r\u00e9\u00e9quilibrant pour chiens et chats.  Utilisation :   Chat  Chien\" \/>\n<meta property=\"og:url\" content=\"https:\/\/www.vetorino.com\/veterinaire\/beugnies-59216\/boutique\/product\/sonotix-lotion-auriculaire\/\" \/>\n<meta property=\"og:site_name\" content=\"V\u00e9torino\" \/>\n<meta property=\"article:publisher\" content=\"https:\/\/www.facebook.com\/Vetorino\/\" \/>\n<meta property=\"article:modified_time\" content=\"2024-09-30T13:59:10+00:00\" \/>\n<meta property=\"og:image\" content=\"https:\/\/www.vetorino.com\/boutique\/wp-content\/uploads\/2023\/04\/sonotix.jpg.png\" \/>\n\t<meta property=\"og:image:width\" content=\"800\" \/>\n\t<meta property=\"og:image:height\" content=\"800\" \/>\n\t<meta property=\"og:image:type\" content=\"image\/png\" \/>\n<meta name=\"twitter:card\" content=\"summary_large_image\" \/>\n<meta name=\"twitter:label1\" content=\"Disponibilit\u00e9\" \/>\n\t<meta name=\"twitter:data1\" content=\"En stock\" \/>\n<script type=\"application\/ld+json\" class=\"yoast-schema-graph\">{\"@context\":\"https:\\\/\\\/schema.org\",\"@graph\":[{\"@type\":\"WebPage\",\"@id\":\"https:\\\/\\\/www.vetorino.com\\\/boutique\\\/product\\\/sonotix-lotion-auriculaire\\\/\",\"url\":\"https:\\\/\\\/www.vetorino.com\\\/boutique\\\/product\\\/sonotix-lotion-auriculaire\\\/\",\"name\":\"Sonotix lotion auriculaire V\u00e9toquinol - V\u00e9torino\",\"isPartOf\":{\"@id\":\"https:\\\/\\\/www.vetorino.com\\\/boutique\\\/#website\"},\"primaryImageOfPage\":{\"@id\":\"https:\\\/\\\/www.vetorino.com\\\/boutique\\\/product\\\/sonotix-lotion-auriculaire\\\/#primaryimage\"},\"image\":{\"@id\":\"https:\\\/\\\/www.vetorino.com\\\/boutique\\\/product\\\/sonotix-lotion-auriculaire\\\/#primaryimage\"},\"thumbnailUrl\":\"https:\\\/\\\/www.vetorino.com\\\/boutique\\\/wp-content\\\/uploads\\\/2023\\\/04\\\/sonotix.jpg.png\",\"datePublished\":\"2023-04-27T10:24:00+00:00\",\"dateModified\":\"2024-09-30T13:59:10+00:00\",\"description\":\"La\u00a0lotion auriculaire Sonotix Vetoquinol\u00a0est un nettoyant auriculaire\u00a0r\u00e9\u00e9quilibrant pour chiens et chats. Utilisation : Chat Chien\",\"breadcrumb\":{\"@id\":\"https:\\\/\\\/www.vetorino.com\\\/boutique\\\/product\\\/sonotix-lotion-auriculaire\\\/#breadcrumb\"},\"inLanguage\":\"fr-FR\",\"potentialAction\":[{\"@type\":\"ReadAction\",\"target\":[\"https:\\\/\\\/www.vetorino.com\\\/boutique\\\/product\\\/sonotix-lotion-auriculaire\\\/\"]}]},{\"@type\":\"ImageObject\",\"inLanguage\":\"fr-FR\",\"@id\":\"https:\\\/\\\/www.vetorino.com\\\/boutique\\\/product\\\/sonotix-lotion-auriculaire\\\/#primaryimage\",\"url\":\"https:\\\/\\\/www.vetorino.com\\\/boutique\\\/wp-content\\\/uploads\\\/2023\\\/04\\\/sonotix.jpg.png\",\"contentUrl\":\"https:\\\/\\\/www.vetorino.com\\\/boutique\\\/wp-content\\\/uploads\\\/2023\\\/04\\\/sonotix.jpg.png\",\"width\":800,\"height\":800},{\"@type\":\"BreadcrumbList\",\"@id\":\"https:\\\/\\\/www.vetorino.com\\\/boutique\\\/product\\\/sonotix-lotion-auriculaire\\\/#breadcrumb\",\"itemListElement\":[{\"@type\":\"ListItem\",\"position\":1,\"name\":\"Accueil\",\"item\":\"https:\\\/\\\/www.vetorino.com\\\/boutique\\\/\"},{\"@type\":\"ListItem\",\"position\":2,\"name\":\"Produits\",\"item\":\"https:\\\/\\\/www.vetorino.com\\\/boutique\\\/\"},{\"@type\":\"ListItem\",\"position\":3,\"name\":\"Sonotix lotion auriculaire\"}]},{\"@type\":\"WebSite\",\"@id\":\"https:\\\/\\\/www.vetorino.com\\\/boutique\\\/#website\",\"url\":\"https:\\\/\\\/www.vetorino.com\\\/boutique\\\/\",\"name\":\"V\u00e9torino\",\"description\":\"\",\"publisher\":{\"@id\":\"https:\\\/\\\/www.vetorino.com\\\/boutique\\\/#organization\"},\"potentialAction\":[{\"@type\":\"SearchAction\",\"target\":{\"@type\":\"EntryPoint\",\"urlTemplate\":\"https:\\\/\\\/www.vetorino.com\\\/boutique\\\/?s={search_term_string}\"},\"query-input\":{\"@type\":\"PropertyValueSpecification\",\"valueRequired\":true,\"valueName\":\"search_term_string\"}}],\"inLanguage\":\"fr-FR\"},{\"@type\":\"Organization\",\"@id\":\"https:\\\/\\\/www.vetorino.com\\\/boutique\\\/#organization\",\"name\":\"V\u00e9torino\",\"url\":\"https:\\\/\\\/www.vetorino.com\\\/boutique\\\/\",\"logo\":{\"@type\":\"ImageObject\",\"inLanguage\":\"fr-FR\",\"@id\":\"https:\\\/\\\/www.vetorino.com\\\/boutique\\\/#\\\/schema\\\/logo\\\/image\\\/\",\"url\":\"https:\\\/\\\/www.vetorino.com\\\/boutique\\\/wp-content\\\/uploads\\\/2024\\\/10\\\/logo.jpg\",\"contentUrl\":\"https:\\\/\\\/www.vetorino.com\\\/boutique\\\/wp-content\\\/uploads\\\/2024\\\/10\\\/logo.jpg\",\"width\":1200,\"height\":610,\"caption\":\"V\u00e9torino\"},\"image\":{\"@id\":\"https:\\\/\\\/www.vetorino.com\\\/boutique\\\/#\\\/schema\\\/logo\\\/image\\\/\"},\"sameAs\":[\"https:\\\/\\\/www.facebook.com\\\/Vetorino\\\/\",\"https:\\\/\\\/www.instagram.com\\\/vetorino_off\\\/\",\"https:\\\/\\\/www.linkedin.com\\\/company\\\/vtorino\\\/\"]}]}<\/script>\n<meta property=\"product:brand\" content=\"V\u00e9toquinol\" \/>\n<meta property=\"og:availability\" content=\"instock\" \/>\n<meta property=\"product:availability\" content=\"instock\" \/>\n<meta property=\"product:condition\" content=\"new\" \/>\n<!-- \/ Yoast SEO plugin. -->","yoast_head_json":{"title":"Sonotix lotion auriculaire V\u00e9toquinol - V\u00e9torino","description":"La\u00a0lotion auriculaire Sonotix Vetoquinol\u00a0est un nettoyant auriculaire\u00a0r\u00e9\u00e9quilibrant pour chiens et chats.  Utilisation :   Chat  Chien","robots":{"index":"noindex","follow":"nofollow"},"og_locale":"fr_FR","og_type":"article","og_title":"Sonotix lotion auriculaire V\u00e9toquinol - V\u00e9torino","og_description":"La\u00a0lotion auriculaire Sonotix Vetoquinol\u00a0est un nettoyant auriculaire\u00a0r\u00e9\u00e9quilibrant pour chiens et chats.  Utilisation :   Chat  Chien","og_url":"https:\/\/www.vetorino.com\/veterinaire\/beugnies-59216\/boutique\/product\/sonotix-lotion-auriculaire\/","og_site_name":"V\u00e9torino","article_publisher":"https:\/\/www.facebook.com\/Vetorino\/","article_modified_time":"2024-09-30T13:59:10+00:00","og_image":[{"width":800,"height":800,"url":"https:\/\/www.vetorino.com\/boutique\/wp-content\/uploads\/2023\/04\/sonotix.jpg.png","type":"image\/png"}],"twitter_card":"summary_large_image","twitter_misc":{"Disponibilit\u00e9":"En stock"},"schema":{"@context":"https:\/\/schema.org","@graph":[{"@type":"WebPage","@id":"https:\/\/www.vetorino.com\/boutique\/product\/sonotix-lotion-auriculaire\/","url":"https:\/\/www.vetorino.com\/boutique\/product\/sonotix-lotion-auriculaire\/","name":"Sonotix lotion auriculaire V\u00e9toquinol - V\u00e9torino","isPartOf":{"@id":"https:\/\/www.vetorino.com\/boutique\/#website"},"primaryImageOfPage":{"@id":"https:\/\/www.vetorino.com\/boutique\/product\/sonotix-lotion-auriculaire\/#primaryimage"},"image":{"@id":"https:\/\/www.vetorino.com\/boutique\/product\/sonotix-lotion-auriculaire\/#primaryimage"},"thumbnailUrl":"https:\/\/www.vetorino.com\/boutique\/wp-content\/uploads\/2023\/04\/sonotix.jpg.png","datePublished":"2023-04-27T10:24:00+00:00","dateModified":"2024-09-30T13:59:10+00:00","description":"La\u00a0lotion auriculaire Sonotix Vetoquinol\u00a0est un nettoyant auriculaire\u00a0r\u00e9\u00e9quilibrant pour chiens et chats. Utilisation : Chat Chien","breadcrumb":{"@id":"https:\/\/www.vetorino.com\/boutique\/product\/sonotix-lotion-auriculaire\/#breadcrumb"},"inLanguage":"fr-FR","potentialAction":[{"@type":"ReadAction","target":["https:\/\/www.vetorino.com\/boutique\/product\/sonotix-lotion-auriculaire\/"]}]},{"@type":"ImageObject","inLanguage":"fr-FR","@id":"https:\/\/www.vetorino.com\/boutique\/product\/sonotix-lotion-auriculaire\/#primaryimage","url":"https:\/\/www.vetorino.com\/boutique\/wp-content\/uploads\/2023\/04\/sonotix.jpg.png","contentUrl":"https:\/\/www.vetorino.com\/boutique\/wp-content\/uploads\/2023\/04\/sonotix.jpg.png","width":800,"height":800},{"@type":"BreadcrumbList","@id":"https:\/\/www.vetorino.com\/boutique\/product\/sonotix-lotion-auriculaire\/#breadcrumb","itemListElement":[{"@type":"ListItem","position":1,"name":"Accueil","item":"https:\/\/www.vetorino.com\/boutique\/"},{"@type":"ListItem","position":2,"name":"Produits","item":"https:\/\/www.vetorino.com\/boutique\/"},{"@type":"ListItem","position":3,"name":"Sonotix lotion auriculaire"}]},{"@type":"WebSite","@id":"https:\/\/www.vetorino.com\/boutique\/#website","url":"https:\/\/www.vetorino.com\/boutique\/","name":"V\u00e9torino","description":"","publisher":{"@id":"https:\/\/www.vetorino.com\/boutique\/#organization"},"potentialAction":[{"@type":"SearchAction","target":{"@type":"EntryPoint","urlTemplate":"https:\/\/www.vetorino.com\/boutique\/?s={search_term_string}"},"query-input":{"@type":"PropertyValueSpecification","valueRequired":true,"valueName":"search_term_string"}}],"inLanguage":"fr-FR"},{"@type":"Organization","@id":"https:\/\/www.vetorino.com\/boutique\/#organization","name":"V\u00e9torino","url":"https:\/\/www.vetorino.com\/boutique\/","logo":{"@type":"ImageObject","inLanguage":"fr-FR","@id":"https:\/\/www.vetorino.com\/boutique\/#\/schema\/logo\/image\/","url":"https:\/\/www.vetorino.com\/boutique\/wp-content\/uploads\/2024\/10\/logo.jpg","contentUrl":"https:\/\/www.vetorino.com\/boutique\/wp-content\/uploads\/2024\/10\/logo.jpg","width":1200,"height":610,"caption":"V\u00e9torino"},"image":{"@id":"https:\/\/www.vetorino.com\/boutique\/#\/schema\/logo\/image\/"},"sameAs":["https:\/\/www.facebook.com\/Vetorino\/","https:\/\/www.instagram.com\/vetorino_off\/","https:\/\/www.linkedin.com\/company\/vtorino\/"]}]},"product_brand":"V\u00e9toquinol","og_availability":"instock","product_availability":"instock","product_condition":"new"},"_links":{"self":[{"href":"https:\/\/www.vetorino.com\/veterinaire\/beugnies-59216\/boutique\/wp-json\/wp\/v2\/product\/603585","targetHints":{"allow":["GET"]}}],"collection":[{"href":"https:\/\/www.vetorino.com\/veterinaire\/beugnies-59216\/boutique\/wp-json\/wp\/v2\/product"}],"about":[{"href":"https:\/\/www.vetorino.com\/veterinaire\/beugnies-59216\/boutique\/wp-json\/wp\/v2\/types\/product"}],"wp:featuredmedia":[{"embeddable":true,"href":"https:\/\/www.vetorino.com\/veterinaire\/beugnies-59216\/boutique\/wp-json\/wp\/v2\/media\/1041886"}],"wp:attachment":[{"href":"https:\/\/www.vetorino.com\/veterinaire\/beugnies-59216\/boutique\/wp-json\/wp\/v2\/media?parent=603585"}],"wp:term":[{"taxonomy":"product_cat","embeddable":true,"href":"https:\/\/www.vetorino.com\/veterinaire\/beugnies-59216\/boutique\/wp-json\/wp\/v2\/product_cat?post=603585"},{"taxonomy":"product_tag","embeddable":true,"href":"https:\/\/www.vetorino.com\/veterinaire\/beugnies-59216\/boutique\/wp-json\/wp\/v2\/product_tag?post=603585"}],"curies":[{"name":"wp","href":"https:\/\/api.w.org\/{rel}","templated":true}]}}