{"id":985770,"date":"2024-07-30T09:56:57","date_gmt":"2024-07-30T07:56:57","guid":{"rendered":"https:\/\/www.vetorino.com\/boutique\/product\/keratoderm-shampooing\/"},"modified":"2024-08-06T16:30:58","modified_gmt":"2024-08-06T14:30:58","slug":"keratoderm-shampooing","status":"publish","type":"product","link":"https:\/\/www.vetorino.com\/veterinaire\/beugnies-59216\/boutique\/product\/keratoderm-shampooing\/","title":{"rendered":"Keratoderm Shampooing"},"content":{"rendered":"<p><strong>Shampoing pour chiens et chats qui contribue \u00e0 r\u00e9\u00e9quilibrer la production de s\u00e9bum ou de pellicules, purifier et neutraliser les odeurs, restaurer la barri\u00e8re naturelle de la peau, apaiser et hydrater les peaux grasses ou squameuses.<\/strong><\/p>\n<p><strong>Utilisation :<\/strong><\/p>\n<ul>\n<li>Pour peaux grasses ou squameuses et lavages fr\u00e9quents.<\/li>\n<li>En compl\u00e9ment du traitement symptomatique des dermatites s\u00e9borrh\u00e9iques.<\/li>\n<\/ul>\n<p><strong>Avantages :<\/strong><\/p>\n<ul>\n<li>Purifie et neutralise les odeurs gr\u00e2ce \u00e0 Melaleuca alternifolia.<\/li>\n<li>\u00c9quilibre la production de s\u00e9bum gr\u00e2ce au vinaigre de cidre.<\/li>\n<li>Module la prolif\u00e9ration k\u00e9ratinocytaire gr\u00e2ce aux effets k\u00e9ratolytiques de l\u2019acide lactique.<\/li>\n<li>La technologie Skin barrier protect\u2122 permet d\u2019hydrater et apaiser rapidement la peau, et de restructurer et renforcer la barri\u00e8re cutan\u00e9e sur le long terme.<\/li>\n<li>Formul\u00e9 sans soufre et sans parfum, pour respecter les peaux fragiles.<\/li>\n<\/ul>\n","protected":false},"excerpt":{"rendered":"<p><strong>Shampoing pour chiens et chats qui contribue \u00e0 r\u00e9\u00e9quilibrer la production de s\u00e9bum ou de pellicules, purifier et neutraliser les odeurs, restaurer la barri\u00e8re naturelle de la peau, apaiser et hydrater les peaux grasses ou squameuses.<\/strong><\/p>\n<p><strong>Utilisation :<\/strong><\/p>\n<ul>\n<li>Pour peaux grasses ou squameuses et lavages fr\u00e9quents.<\/li>\n<li>En compl\u00e9ment du traitement symptomatique des dermatites s\u00e9borrh\u00e9iques.<\/li>\n<\/ul>\n","protected":false},"featured_media":985775,"template":"","meta":[],"product_cat":[12573,2761,2697,2698,12611,12612,12560,12561],"product_tag":[],"class_list":{"0":"post-985770","1":"product","2":"type-product","3":"status-publish","4":"has-post-thumbnail","6":"product_cat-accessoire-pour-lhygiene-du-chien","7":"product_cat-accessoires-de-toilettage-pour-chat","8":"product_cat-chat","9":"product_cat-chien","10":"product_cat-hygiene-de-la-peau-et-du-pelage-du-chat","11":"product_cat-hygiene-de-la-peau-et-du-pelage-du-chien","12":"product_cat-hygiene-du-chat","13":"product_cat-hygiene-du-chien","14":"pa_marque-mp-labo","16":"first","17":"instock","18":"taxable","19":"shipping-taxable","20":"purchasable","21":"product-type-simple"},"yoast_head":"<!-- This site is optimized with the Yoast SEO plugin v27.3 - https:\/\/yoast.com\/product\/yoast-seo-wordpress\/ -->\n<title>Keratoderm Shampooing Mp Labo - V\u00e9torino<\/title>\n<meta name=\"description\" content=\"Shampoing pour chiens et chats qui contribue \u00e0 r\u00e9\u00e9quilibrer la production de s\u00e9bum ou de pellicules, purifier et neutraliser les odeurs, restaurer la barri\u00e8re naturelle de la peau, apaiser et hydrater les peaux grasses ou squameuses.  Utilisation :   Pour peaux grasses ou squameuses et lavages fr\u00e9quents.  En compl\u00e9ment du traitement symptomatique des dermatites s\u00e9borrh\u00e9iques.\" \/>\n<meta name=\"robots\" content=\"noindex, nofollow\" \/>\n<meta property=\"og:locale\" content=\"fr_FR\" \/>\n<meta property=\"og:type\" content=\"article\" \/>\n<meta property=\"og:title\" content=\"Keratoderm Shampooing Mp Labo - V\u00e9torino\" \/>\n<meta property=\"og:description\" content=\"Shampoing pour chiens et chats qui contribue \u00e0 r\u00e9\u00e9quilibrer la production de s\u00e9bum ou de pellicules, purifier et neutraliser les odeurs, restaurer la barri\u00e8re naturelle de la peau, apaiser et hydrater les peaux grasses ou squameuses.  Utilisation :   Pour peaux grasses ou squameuses et lavages fr\u00e9quents.  En compl\u00e9ment du traitement symptomatique des dermatites s\u00e9borrh\u00e9iques.\" \/>\n<meta property=\"og:url\" content=\"https:\/\/www.vetorino.com\/veterinaire\/beugnies-59216\/boutique\/product\/keratoderm-shampooing\/\" \/>\n<meta property=\"og:site_name\" content=\"V\u00e9torino\" \/>\n<meta property=\"article:publisher\" content=\"https:\/\/www.facebook.com\/Vetorino\/\" \/>\n<meta property=\"article:modified_time\" content=\"2024-08-06T14:30:58+00:00\" \/>\n<meta property=\"og:image\" content=\"https:\/\/www.vetorino.com\/boutique\/wp-content\/uploads\/2024\/07\/keratoderm-shampoing.webp\" \/>\n\t<meta property=\"og:image:width\" content=\"540\" \/>\n\t<meta property=\"og:image:height\" content=\"540\" \/>\n\t<meta property=\"og:image:type\" content=\"image\/webp\" \/>\n<meta name=\"twitter:card\" content=\"summary_large_image\" \/>\n<meta name=\"twitter:label1\" content=\"Prix\" \/>\n\t<meta name=\"twitter:data1\" content=\"15,23&euro;\" \/>\n\t<meta name=\"twitter:label2\" content=\"Disponibilit\u00e9\" \/>\n\t<meta name=\"twitter:data2\" content=\"En stock\" \/>\n<script type=\"application\/ld+json\" class=\"yoast-schema-graph\">{\"@context\":\"https:\\\/\\\/schema.org\",\"@graph\":[{\"@type\":\"WebPage\",\"@id\":\"https:\\\/\\\/www.vetorino.com\\\/boutique\\\/product\\\/keratoderm-shampooing\\\/\",\"url\":\"https:\\\/\\\/www.vetorino.com\\\/boutique\\\/product\\\/keratoderm-shampooing\\\/\",\"name\":\"Keratoderm Shampooing Mp Labo - V\u00e9torino\",\"isPartOf\":{\"@id\":\"https:\\\/\\\/www.vetorino.com\\\/boutique\\\/#website\"},\"primaryImageOfPage\":{\"@id\":\"https:\\\/\\\/www.vetorino.com\\\/boutique\\\/product\\\/keratoderm-shampooing\\\/#primaryimage\"},\"image\":{\"@id\":\"https:\\\/\\\/www.vetorino.com\\\/boutique\\\/product\\\/keratoderm-shampooing\\\/#primaryimage\"},\"thumbnailUrl\":\"https:\\\/\\\/www.vetorino.com\\\/boutique\\\/wp-content\\\/uploads\\\/2024\\\/07\\\/keratoderm-shampoing.webp\",\"datePublished\":\"2024-07-30T07:56:57+00:00\",\"dateModified\":\"2024-08-06T14:30:58+00:00\",\"description\":\"Shampoing pour chiens et chats qui contribue \u00e0 r\u00e9\u00e9quilibrer la production de s\u00e9bum ou de pellicules, purifier et neutraliser les odeurs, restaurer la barri\u00e8re naturelle de la peau, apaiser et hydrater les peaux grasses ou squameuses. Utilisation : Pour peaux grasses ou squameuses et lavages fr\u00e9quents. En compl\u00e9ment du traitement symptomatique des dermatites s\u00e9borrh\u00e9iques.\",\"breadcrumb\":{\"@id\":\"https:\\\/\\\/www.vetorino.com\\\/boutique\\\/product\\\/keratoderm-shampooing\\\/#breadcrumb\"},\"inLanguage\":\"fr-FR\",\"potentialAction\":[{\"@type\":\"ReadAction\",\"target\":[\"https:\\\/\\\/www.vetorino.com\\\/boutique\\\/product\\\/keratoderm-shampooing\\\/\"]}]},{\"@type\":\"ImageObject\",\"inLanguage\":\"fr-FR\",\"@id\":\"https:\\\/\\\/www.vetorino.com\\\/boutique\\\/product\\\/keratoderm-shampooing\\\/#primaryimage\",\"url\":\"https:\\\/\\\/www.vetorino.com\\\/boutique\\\/wp-content\\\/uploads\\\/2024\\\/07\\\/keratoderm-shampoing.webp\",\"contentUrl\":\"https:\\\/\\\/www.vetorino.com\\\/boutique\\\/wp-content\\\/uploads\\\/2024\\\/07\\\/keratoderm-shampoing.webp\",\"width\":540,\"height\":540},{\"@type\":\"BreadcrumbList\",\"@id\":\"https:\\\/\\\/www.vetorino.com\\\/boutique\\\/product\\\/keratoderm-shampooing\\\/#breadcrumb\",\"itemListElement\":[{\"@type\":\"ListItem\",\"position\":1,\"name\":\"Accueil\",\"item\":\"https:\\\/\\\/www.vetorino.com\\\/boutique\\\/\"},{\"@type\":\"ListItem\",\"position\":2,\"name\":\"Produits\",\"item\":\"https:\\\/\\\/www.vetorino.com\\\/boutique\\\/\"},{\"@type\":\"ListItem\",\"position\":3,\"name\":\"Keratoderm Shampooing\"}]},{\"@type\":\"WebSite\",\"@id\":\"https:\\\/\\\/www.vetorino.com\\\/boutique\\\/#website\",\"url\":\"https:\\\/\\\/www.vetorino.com\\\/boutique\\\/\",\"name\":\"V\u00e9torino\",\"description\":\"\",\"publisher\":{\"@id\":\"https:\\\/\\\/www.vetorino.com\\\/boutique\\\/#organization\"},\"potentialAction\":[{\"@type\":\"SearchAction\",\"target\":{\"@type\":\"EntryPoint\",\"urlTemplate\":\"https:\\\/\\\/www.vetorino.com\\\/boutique\\\/?s={search_term_string}\"},\"query-input\":{\"@type\":\"PropertyValueSpecification\",\"valueRequired\":true,\"valueName\":\"search_term_string\"}}],\"inLanguage\":\"fr-FR\"},{\"@type\":\"Organization\",\"@id\":\"https:\\\/\\\/www.vetorino.com\\\/boutique\\\/#organization\",\"name\":\"V\u00e9torino\",\"url\":\"https:\\\/\\\/www.vetorino.com\\\/boutique\\\/\",\"logo\":{\"@type\":\"ImageObject\",\"inLanguage\":\"fr-FR\",\"@id\":\"https:\\\/\\\/www.vetorino.com\\\/boutique\\\/#\\\/schema\\\/logo\\\/image\\\/\",\"url\":\"https:\\\/\\\/www.vetorino.com\\\/boutique\\\/wp-content\\\/uploads\\\/2024\\\/10\\\/logo.jpg\",\"contentUrl\":\"https:\\\/\\\/www.vetorino.com\\\/boutique\\\/wp-content\\\/uploads\\\/2024\\\/10\\\/logo.jpg\",\"width\":1200,\"height\":610,\"caption\":\"V\u00e9torino\"},\"image\":{\"@id\":\"https:\\\/\\\/www.vetorino.com\\\/boutique\\\/#\\\/schema\\\/logo\\\/image\\\/\"},\"sameAs\":[\"https:\\\/\\\/www.facebook.com\\\/Vetorino\\\/\",\"https:\\\/\\\/www.instagram.com\\\/vetorino_off\\\/\",\"https:\\\/\\\/www.linkedin.com\\\/company\\\/vtorino\\\/\"]}]}<\/script>\n<meta property=\"product:brand\" content=\"Mp Labo\" \/>\n<meta property=\"product:price:amount\" content=\"15.23\" \/>\n<meta property=\"product:price:currency\" content=\"EUR\" \/>\n<meta property=\"og:availability\" content=\"instock\" \/>\n<meta property=\"product:availability\" content=\"instock\" \/>\n<meta property=\"product:retailer_item_id\" content=\"A-1873560\" \/>\n<meta property=\"product:condition\" content=\"new\" \/>\n<!-- \/ Yoast SEO plugin. -->","yoast_head_json":{"title":"Keratoderm Shampooing Mp Labo - V\u00e9torino","description":"Shampoing pour chiens et chats qui contribue \u00e0 r\u00e9\u00e9quilibrer la production de s\u00e9bum ou de pellicules, purifier et neutraliser les odeurs, restaurer la barri\u00e8re naturelle de la peau, apaiser et hydrater les peaux grasses ou squameuses.  Utilisation :   Pour peaux grasses ou squameuses et lavages fr\u00e9quents.  En compl\u00e9ment du traitement symptomatique des dermatites s\u00e9borrh\u00e9iques.","robots":{"index":"noindex","follow":"nofollow"},"og_locale":"fr_FR","og_type":"article","og_title":"Keratoderm Shampooing Mp Labo - V\u00e9torino","og_description":"Shampoing pour chiens et chats qui contribue \u00e0 r\u00e9\u00e9quilibrer la production de s\u00e9bum ou de pellicules, purifier et neutraliser les odeurs, restaurer la barri\u00e8re naturelle de la peau, apaiser et hydrater les peaux grasses ou squameuses.  Utilisation :   Pour peaux grasses ou squameuses et lavages fr\u00e9quents.  En compl\u00e9ment du traitement symptomatique des dermatites s\u00e9borrh\u00e9iques.","og_url":"https:\/\/www.vetorino.com\/veterinaire\/beugnies-59216\/boutique\/product\/keratoderm-shampooing\/","og_site_name":"V\u00e9torino","article_publisher":"https:\/\/www.facebook.com\/Vetorino\/","article_modified_time":"2024-08-06T14:30:58+00:00","og_image":[{"width":540,"height":540,"url":"https:\/\/www.vetorino.com\/boutique\/wp-content\/uploads\/2024\/07\/keratoderm-shampoing.webp","type":"image\/webp"}],"twitter_card":"summary_large_image","twitter_misc":{"Prix":"15,23&euro;","Disponibilit\u00e9":"En stock"},"schema":{"@context":"https:\/\/schema.org","@graph":[{"@type":"WebPage","@id":"https:\/\/www.vetorino.com\/boutique\/product\/keratoderm-shampooing\/","url":"https:\/\/www.vetorino.com\/boutique\/product\/keratoderm-shampooing\/","name":"Keratoderm Shampooing Mp Labo - V\u00e9torino","isPartOf":{"@id":"https:\/\/www.vetorino.com\/boutique\/#website"},"primaryImageOfPage":{"@id":"https:\/\/www.vetorino.com\/boutique\/product\/keratoderm-shampooing\/#primaryimage"},"image":{"@id":"https:\/\/www.vetorino.com\/boutique\/product\/keratoderm-shampooing\/#primaryimage"},"thumbnailUrl":"https:\/\/www.vetorino.com\/boutique\/wp-content\/uploads\/2024\/07\/keratoderm-shampoing.webp","datePublished":"2024-07-30T07:56:57+00:00","dateModified":"2024-08-06T14:30:58+00:00","description":"Shampoing pour chiens et chats qui contribue \u00e0 r\u00e9\u00e9quilibrer la production de s\u00e9bum ou de pellicules, purifier et neutraliser les odeurs, restaurer la barri\u00e8re naturelle de la peau, apaiser et hydrater les peaux grasses ou squameuses. Utilisation : Pour peaux grasses ou squameuses et lavages fr\u00e9quents. En compl\u00e9ment du traitement symptomatique des dermatites s\u00e9borrh\u00e9iques.","breadcrumb":{"@id":"https:\/\/www.vetorino.com\/boutique\/product\/keratoderm-shampooing\/#breadcrumb"},"inLanguage":"fr-FR","potentialAction":[{"@type":"ReadAction","target":["https:\/\/www.vetorino.com\/boutique\/product\/keratoderm-shampooing\/"]}]},{"@type":"ImageObject","inLanguage":"fr-FR","@id":"https:\/\/www.vetorino.com\/boutique\/product\/keratoderm-shampooing\/#primaryimage","url":"https:\/\/www.vetorino.com\/boutique\/wp-content\/uploads\/2024\/07\/keratoderm-shampoing.webp","contentUrl":"https:\/\/www.vetorino.com\/boutique\/wp-content\/uploads\/2024\/07\/keratoderm-shampoing.webp","width":540,"height":540},{"@type":"BreadcrumbList","@id":"https:\/\/www.vetorino.com\/boutique\/product\/keratoderm-shampooing\/#breadcrumb","itemListElement":[{"@type":"ListItem","position":1,"name":"Accueil","item":"https:\/\/www.vetorino.com\/boutique\/"},{"@type":"ListItem","position":2,"name":"Produits","item":"https:\/\/www.vetorino.com\/boutique\/"},{"@type":"ListItem","position":3,"name":"Keratoderm Shampooing"}]},{"@type":"WebSite","@id":"https:\/\/www.vetorino.com\/boutique\/#website","url":"https:\/\/www.vetorino.com\/boutique\/","name":"V\u00e9torino","description":"","publisher":{"@id":"https:\/\/www.vetorino.com\/boutique\/#organization"},"potentialAction":[{"@type":"SearchAction","target":{"@type":"EntryPoint","urlTemplate":"https:\/\/www.vetorino.com\/boutique\/?s={search_term_string}"},"query-input":{"@type":"PropertyValueSpecification","valueRequired":true,"valueName":"search_term_string"}}],"inLanguage":"fr-FR"},{"@type":"Organization","@id":"https:\/\/www.vetorino.com\/boutique\/#organization","name":"V\u00e9torino","url":"https:\/\/www.vetorino.com\/boutique\/","logo":{"@type":"ImageObject","inLanguage":"fr-FR","@id":"https:\/\/www.vetorino.com\/boutique\/#\/schema\/logo\/image\/","url":"https:\/\/www.vetorino.com\/boutique\/wp-content\/uploads\/2024\/10\/logo.jpg","contentUrl":"https:\/\/www.vetorino.com\/boutique\/wp-content\/uploads\/2024\/10\/logo.jpg","width":1200,"height":610,"caption":"V\u00e9torino"},"image":{"@id":"https:\/\/www.vetorino.com\/boutique\/#\/schema\/logo\/image\/"},"sameAs":["https:\/\/www.facebook.com\/Vetorino\/","https:\/\/www.instagram.com\/vetorino_off\/","https:\/\/www.linkedin.com\/company\/vtorino\/"]}]},"product_brand":"Mp Labo","product_price_amount":"15.23","product_price_currency":"EUR","og_availability":"instock","product_availability":"instock","product_retailer_item_id":"A-1873560","product_condition":"new"},"_links":{"self":[{"href":"https:\/\/www.vetorino.com\/veterinaire\/beugnies-59216\/boutique\/wp-json\/wp\/v2\/product\/985770","targetHints":{"allow":["GET"]}}],"collection":[{"href":"https:\/\/www.vetorino.com\/veterinaire\/beugnies-59216\/boutique\/wp-json\/wp\/v2\/product"}],"about":[{"href":"https:\/\/www.vetorino.com\/veterinaire\/beugnies-59216\/boutique\/wp-json\/wp\/v2\/types\/product"}],"wp:featuredmedia":[{"embeddable":true,"href":"https:\/\/www.vetorino.com\/veterinaire\/beugnies-59216\/boutique\/wp-json\/wp\/v2\/media\/985775"}],"wp:attachment":[{"href":"https:\/\/www.vetorino.com\/veterinaire\/beugnies-59216\/boutique\/wp-json\/wp\/v2\/media?parent=985770"}],"wp:term":[{"taxonomy":"product_cat","embeddable":true,"href":"https:\/\/www.vetorino.com\/veterinaire\/beugnies-59216\/boutique\/wp-json\/wp\/v2\/product_cat?post=985770"},{"taxonomy":"product_tag","embeddable":true,"href":"https:\/\/www.vetorino.com\/veterinaire\/beugnies-59216\/boutique\/wp-json\/wp\/v2\/product_tag?post=985770"}],"curies":[{"name":"wp","href":"https:\/\/api.w.org\/{rel}","templated":true}]}}