{"id":97875,"date":"2020-06-29T22:44:21","date_gmt":"2020-06-29T20:44:21","guid":{"rendered":"https:\/\/www.vetorino.com\/boutique\/product\/immunofoal\/"},"modified":"2026-04-03T18:51:03","modified_gmt":"2026-04-03T16:51:03","slug":"immunofoal","status":"publish","type":"product","link":"https:\/\/www.vetorino.com\/veterinaire\/bompas-66430\/boutique\/product\/immunofoal\/","title":{"rendered":"Immunofoal"},"content":{"rendered":"<p><strong>IMMUNOFOAL a \u00e9t\u00e9 d\u00e9velopp\u00e9 pour apporter un soutien nutritionnel compl\u00e9mentaire aux poulains nouveaux-n\u00e9s ayant des besoins en immunoglobulines G\u00a0(IgG)<\/strong><\/p>\n<p><strong><br \/>\nUtilisation :<\/strong><\/p>\n<ul>\n<li>Poulain nouveau-n\u00e9 ayant un besoin immunitaire en immunoglobulines G (IgG<\/li>\n<li>Utilisation optimale les 12 premi\u00e8res heures de vie<\/li>\n<\/ul>\n<p><strong>Mode d&#8217;emploi :<\/strong><\/p>\n<ul>\n<li>Donner IMMUNOFOAL par voie orale en 2 prises de 150 ml \u00e0 1 &#8211; 2 heures d\u2019intervalle (une bouteille = un poulain).<\/li>\n<li>L&#8217;utilisation est optimale pendant les 12 premi\u00e8res heures de vie.<\/li>\n<li>Plus t\u00f4t il sera donn\u00e9, meilleure sera l\u2019absorption.<\/li>\n<li>Conserver le produit au r\u00e9frig\u00e9rateur et \u00e0 l\u2019abri de la lumi\u00e8re. Ne pas congeler.<\/li>\n<\/ul>\n<p><strong>Avantages :<\/strong><\/p>\n<ul>\n<li>Volume\u00a0<strong>adapt\u00e9 \u00e0 la faible capacit\u00e9 d&#8217;ingestion<\/strong>\u00a0des poulains nouveau-n\u00e9s.<\/li>\n<li>IMMUNOFAL est produit selon un proc\u00e9d\u00e9 exclusif qui permet de concentrer les IgG\u00a0<strong>sans affecter leur int\u00e9grit\u00e9<\/strong>.<\/li>\n<li>Se conserve jusqu&#8217;\u00e0\u00a0<strong>3 ans<\/strong>\u00a0au r\u00e9frig\u00e9rateur.<\/li>\n<li>Particuli\u00e8rement appr\u00e9ci\u00e9 pour sa\u00a0<strong>facilit\u00e9 d&#8217;utilisation<\/strong>.<\/li>\n<li>Directement\u00a0<strong>pr\u00eat \u00e0 \u00eatre utilis\u00e9<\/strong>.<\/li>\n<\/ul>\n","protected":false},"excerpt":{"rendered":"<p><strong>IMMUNOFOAL a \u00e9t\u00e9 d\u00e9velopp\u00e9 pour apporter un soutien nutritionnel compl\u00e9mentaire aux poulains nouveaux-n\u00e9s ayant des besoins en immunoglobulines G\u00a0(IgG)<\/strong><\/p>\n<p><strong>Utilisation :<\/strong><\/p>\n<ul>\n<li>Poulain nouveau-n\u00e9 ayant un besoin immunitaire en immunoglobulines G (IgG).<\/li>\n<li>Utilisation optimale les 12 premi\u00e8res heures de vie.<\/li>\n<\/ul>\n","protected":false},"featured_media":1218186,"template":"","meta":[],"product_cat":[12547,14072],"product_tag":[],"class_list":{"0":"post-97875","1":"product","2":"type-product","3":"status-publish","4":"has-post-thumbnail","6":"product_cat-cheval","7":"product_cat-dietetique-et-complements-alimentaires-du-cheval","8":"pa_marque-audevard","10":"first","11":"outofstock","12":"taxable","13":"shipping-taxable","14":"purchasable","15":"product-type-simple"},"yoast_head":"<!-- This site is optimized with the Yoast SEO plugin v27.3 - https:\/\/yoast.com\/product\/yoast-seo-wordpress\/ -->\n<title>Immunofoal Audevard - V\u00e9torino<\/title>\n<meta name=\"description\" content=\"IMMUNOFOAL a \u00e9t\u00e9 d\u00e9velopp\u00e9 pour apporter un soutien nutritionnel compl\u00e9mentaire aux poulains nouveaux-n\u00e9s ayant des besoins en immunoglobulines G\u00a0(IgG)  Utilisation :   Poulain nouveau-n\u00e9 ayant un besoin immunitaire en immunoglobulines G (IgG).  Utilisation optimale les 12 premi\u00e8res heures de vie.\" \/>\n<meta name=\"robots\" content=\"noindex, nofollow\" \/>\n<meta property=\"og:locale\" content=\"fr_FR\" \/>\n<meta property=\"og:type\" content=\"article\" \/>\n<meta property=\"og:title\" content=\"Immunofoal Audevard - V\u00e9torino\" \/>\n<meta property=\"og:description\" content=\"IMMUNOFOAL a \u00e9t\u00e9 d\u00e9velopp\u00e9 pour apporter un soutien nutritionnel compl\u00e9mentaire aux poulains nouveaux-n\u00e9s ayant des besoins en immunoglobulines G\u00a0(IgG)  Utilisation :   Poulain nouveau-n\u00e9 ayant un besoin immunitaire en immunoglobulines G (IgG).  Utilisation optimale les 12 premi\u00e8res heures de vie.\" \/>\n<meta property=\"og:url\" content=\"https:\/\/www.vetorino.com\/veterinaire\/bompas-66430\/boutique\/product\/immunofoal\/\" \/>\n<meta property=\"og:site_name\" content=\"V\u00e9torino\" \/>\n<meta property=\"article:publisher\" content=\"https:\/\/www.facebook.com\/Vetorino\/\" \/>\n<meta property=\"article:modified_time\" content=\"2026-04-03T16:51:03+00:00\" \/>\n<meta property=\"og:image\" content=\"https:\/\/www.vetorino.com\/boutique\/wp-content\/uploads\/2021\/05\/AUDEV-4358023.jpg\" \/>\n\t<meta property=\"og:image:width\" content=\"255\" \/>\n\t<meta property=\"og:image:height\" content=\"255\" \/>\n\t<meta property=\"og:image:type\" content=\"image\/jpeg\" \/>\n<meta name=\"twitter:card\" content=\"summary_large_image\" \/>\n<meta name=\"twitter:label1\" content=\"Prix\" \/>\n\t<meta name=\"twitter:data1\" content=\"333,93&euro;\" \/>\n\t<meta name=\"twitter:label2\" content=\"Disponibilit\u00e9\" \/>\n\t<meta name=\"twitter:data2\" content=\"Rupture de stock\" \/>\n<script type=\"application\/ld+json\" class=\"yoast-schema-graph\">{\"@context\":\"https:\\\/\\\/schema.org\",\"@graph\":[{\"@type\":\"WebPage\",\"@id\":\"https:\\\/\\\/www.vetorino.com\\\/boutique\\\/product\\\/immunofoal\\\/\",\"url\":\"https:\\\/\\\/www.vetorino.com\\\/boutique\\\/product\\\/immunofoal\\\/\",\"name\":\"Immunofoal Audevard - V\u00e9torino\",\"isPartOf\":{\"@id\":\"https:\\\/\\\/www.vetorino.com\\\/boutique\\\/#website\"},\"primaryImageOfPage\":{\"@id\":\"https:\\\/\\\/www.vetorino.com\\\/boutique\\\/product\\\/immunofoal\\\/#primaryimage\"},\"image\":{\"@id\":\"https:\\\/\\\/www.vetorino.com\\\/boutique\\\/product\\\/immunofoal\\\/#primaryimage\"},\"thumbnailUrl\":\"https:\\\/\\\/www.vetorino.com\\\/boutique\\\/wp-content\\\/uploads\\\/2021\\\/05\\\/immunofoal.webp\",\"datePublished\":\"2020-06-29T20:44:21+00:00\",\"dateModified\":\"2026-04-03T16:51:03+00:00\",\"description\":\"IMMUNOFOAL a \u00e9t\u00e9 d\u00e9velopp\u00e9 pour apporter un soutien nutritionnel compl\u00e9mentaire aux poulains nouveaux-n\u00e9s ayant des besoins en immunoglobulines G\u00a0(IgG) Utilisation : Poulain nouveau-n\u00e9 ayant un besoin immunitaire en immunoglobulines G (IgG). Utilisation optimale les 12 premi\u00e8res heures de vie.\",\"breadcrumb\":{\"@id\":\"https:\\\/\\\/www.vetorino.com\\\/boutique\\\/product\\\/immunofoal\\\/#breadcrumb\"},\"inLanguage\":\"fr-FR\",\"potentialAction\":[{\"@type\":\"ReadAction\",\"target\":[\"https:\\\/\\\/www.vetorino.com\\\/boutique\\\/product\\\/immunofoal\\\/\"]}]},{\"@type\":\"ImageObject\",\"inLanguage\":\"fr-FR\",\"@id\":\"https:\\\/\\\/www.vetorino.com\\\/boutique\\\/product\\\/immunofoal\\\/#primaryimage\",\"url\":\"https:\\\/\\\/www.vetorino.com\\\/boutique\\\/wp-content\\\/uploads\\\/2021\\\/05\\\/immunofoal.webp\",\"contentUrl\":\"https:\\\/\\\/www.vetorino.com\\\/boutique\\\/wp-content\\\/uploads\\\/2021\\\/05\\\/immunofoal.webp\",\"width\":458,\"height\":458},{\"@type\":\"BreadcrumbList\",\"@id\":\"https:\\\/\\\/www.vetorino.com\\\/boutique\\\/product\\\/immunofoal\\\/#breadcrumb\",\"itemListElement\":[{\"@type\":\"ListItem\",\"position\":1,\"name\":\"Accueil\",\"item\":\"https:\\\/\\\/www.vetorino.com\\\/boutique\\\/\"},{\"@type\":\"ListItem\",\"position\":2,\"name\":\"Produits\",\"item\":\"https:\\\/\\\/www.vetorino.com\\\/boutique\\\/\"},{\"@type\":\"ListItem\",\"position\":3,\"name\":\"Immunofoal\"}]},{\"@type\":\"WebSite\",\"@id\":\"https:\\\/\\\/www.vetorino.com\\\/boutique\\\/#website\",\"url\":\"https:\\\/\\\/www.vetorino.com\\\/boutique\\\/\",\"name\":\"V\u00e9torino\",\"description\":\"\",\"publisher\":{\"@id\":\"https:\\\/\\\/www.vetorino.com\\\/boutique\\\/#organization\"},\"potentialAction\":[{\"@type\":\"SearchAction\",\"target\":{\"@type\":\"EntryPoint\",\"urlTemplate\":\"https:\\\/\\\/www.vetorino.com\\\/boutique\\\/?s={search_term_string}\"},\"query-input\":{\"@type\":\"PropertyValueSpecification\",\"valueRequired\":true,\"valueName\":\"search_term_string\"}}],\"inLanguage\":\"fr-FR\"},{\"@type\":\"Organization\",\"@id\":\"https:\\\/\\\/www.vetorino.com\\\/boutique\\\/#organization\",\"name\":\"V\u00e9torino\",\"url\":\"https:\\\/\\\/www.vetorino.com\\\/boutique\\\/\",\"logo\":{\"@type\":\"ImageObject\",\"inLanguage\":\"fr-FR\",\"@id\":\"https:\\\/\\\/www.vetorino.com\\\/boutique\\\/#\\\/schema\\\/logo\\\/image\\\/\",\"url\":\"https:\\\/\\\/www.vetorino.com\\\/boutique\\\/wp-content\\\/uploads\\\/2024\\\/10\\\/logo.jpg\",\"contentUrl\":\"https:\\\/\\\/www.vetorino.com\\\/boutique\\\/wp-content\\\/uploads\\\/2024\\\/10\\\/logo.jpg\",\"width\":1200,\"height\":610,\"caption\":\"V\u00e9torino\"},\"image\":{\"@id\":\"https:\\\/\\\/www.vetorino.com\\\/boutique\\\/#\\\/schema\\\/logo\\\/image\\\/\"},\"sameAs\":[\"https:\\\/\\\/www.facebook.com\\\/Vetorino\\\/\",\"https:\\\/\\\/www.instagram.com\\\/vetorino_off\\\/\",\"https:\\\/\\\/www.linkedin.com\\\/company\\\/vtorino\\\/\"]}]}<\/script>\n<meta property=\"product:brand\" content=\"Audevard\" \/>\n<meta property=\"product:price:amount\" content=\"333.93\" \/>\n<meta property=\"product:price:currency\" content=\"EUR\" \/>\n<meta property=\"og:availability\" content=\"out of stock\" \/>\n<meta property=\"product:availability\" content=\"out of stock\" \/>\n<meta property=\"product:retailer_item_id\" content=\"C-IMM010\" \/>\n<meta property=\"product:condition\" content=\"new\" \/>\n<!-- \/ Yoast SEO plugin. -->","yoast_head_json":{"title":"Immunofoal Audevard - V\u00e9torino","description":"IMMUNOFOAL a \u00e9t\u00e9 d\u00e9velopp\u00e9 pour apporter un soutien nutritionnel compl\u00e9mentaire aux poulains nouveaux-n\u00e9s ayant des besoins en immunoglobulines G\u00a0(IgG)  Utilisation :   Poulain nouveau-n\u00e9 ayant un besoin immunitaire en immunoglobulines G (IgG).  Utilisation optimale les 12 premi\u00e8res heures de vie.","robots":{"index":"noindex","follow":"nofollow"},"og_locale":"fr_FR","og_type":"article","og_title":"Immunofoal Audevard - V\u00e9torino","og_description":"IMMUNOFOAL a \u00e9t\u00e9 d\u00e9velopp\u00e9 pour apporter un soutien nutritionnel compl\u00e9mentaire aux poulains nouveaux-n\u00e9s ayant des besoins en immunoglobulines G\u00a0(IgG)  Utilisation :   Poulain nouveau-n\u00e9 ayant un besoin immunitaire en immunoglobulines G (IgG).  Utilisation optimale les 12 premi\u00e8res heures de vie.","og_url":"https:\/\/www.vetorino.com\/veterinaire\/bompas-66430\/boutique\/product\/immunofoal\/","og_site_name":"V\u00e9torino","article_publisher":"https:\/\/www.facebook.com\/Vetorino\/","article_modified_time":"2026-04-03T16:51:03+00:00","og_image":[{"width":255,"height":255,"url":"https:\/\/www.vetorino.com\/boutique\/wp-content\/uploads\/2021\/05\/AUDEV-4358023.jpg","type":"image\/jpeg"}],"twitter_card":"summary_large_image","twitter_misc":{"Prix":"333,93&euro;","Disponibilit\u00e9":"Rupture de stock"},"schema":{"@context":"https:\/\/schema.org","@graph":[{"@type":"WebPage","@id":"https:\/\/www.vetorino.com\/boutique\/product\/immunofoal\/","url":"https:\/\/www.vetorino.com\/boutique\/product\/immunofoal\/","name":"Immunofoal Audevard - V\u00e9torino","isPartOf":{"@id":"https:\/\/www.vetorino.com\/boutique\/#website"},"primaryImageOfPage":{"@id":"https:\/\/www.vetorino.com\/boutique\/product\/immunofoal\/#primaryimage"},"image":{"@id":"https:\/\/www.vetorino.com\/boutique\/product\/immunofoal\/#primaryimage"},"thumbnailUrl":"https:\/\/www.vetorino.com\/boutique\/wp-content\/uploads\/2021\/05\/immunofoal.webp","datePublished":"2020-06-29T20:44:21+00:00","dateModified":"2026-04-03T16:51:03+00:00","description":"IMMUNOFOAL a \u00e9t\u00e9 d\u00e9velopp\u00e9 pour apporter un soutien nutritionnel compl\u00e9mentaire aux poulains nouveaux-n\u00e9s ayant des besoins en immunoglobulines G\u00a0(IgG) Utilisation : Poulain nouveau-n\u00e9 ayant un besoin immunitaire en immunoglobulines G (IgG). Utilisation optimale les 12 premi\u00e8res heures de vie.","breadcrumb":{"@id":"https:\/\/www.vetorino.com\/boutique\/product\/immunofoal\/#breadcrumb"},"inLanguage":"fr-FR","potentialAction":[{"@type":"ReadAction","target":["https:\/\/www.vetorino.com\/boutique\/product\/immunofoal\/"]}]},{"@type":"ImageObject","inLanguage":"fr-FR","@id":"https:\/\/www.vetorino.com\/boutique\/product\/immunofoal\/#primaryimage","url":"https:\/\/www.vetorino.com\/boutique\/wp-content\/uploads\/2021\/05\/immunofoal.webp","contentUrl":"https:\/\/www.vetorino.com\/boutique\/wp-content\/uploads\/2021\/05\/immunofoal.webp","width":458,"height":458},{"@type":"BreadcrumbList","@id":"https:\/\/www.vetorino.com\/boutique\/product\/immunofoal\/#breadcrumb","itemListElement":[{"@type":"ListItem","position":1,"name":"Accueil","item":"https:\/\/www.vetorino.com\/boutique\/"},{"@type":"ListItem","position":2,"name":"Produits","item":"https:\/\/www.vetorino.com\/boutique\/"},{"@type":"ListItem","position":3,"name":"Immunofoal"}]},{"@type":"WebSite","@id":"https:\/\/www.vetorino.com\/boutique\/#website","url":"https:\/\/www.vetorino.com\/boutique\/","name":"V\u00e9torino","description":"","publisher":{"@id":"https:\/\/www.vetorino.com\/boutique\/#organization"},"potentialAction":[{"@type":"SearchAction","target":{"@type":"EntryPoint","urlTemplate":"https:\/\/www.vetorino.com\/boutique\/?s={search_term_string}"},"query-input":{"@type":"PropertyValueSpecification","valueRequired":true,"valueName":"search_term_string"}}],"inLanguage":"fr-FR"},{"@type":"Organization","@id":"https:\/\/www.vetorino.com\/boutique\/#organization","name":"V\u00e9torino","url":"https:\/\/www.vetorino.com\/boutique\/","logo":{"@type":"ImageObject","inLanguage":"fr-FR","@id":"https:\/\/www.vetorino.com\/boutique\/#\/schema\/logo\/image\/","url":"https:\/\/www.vetorino.com\/boutique\/wp-content\/uploads\/2024\/10\/logo.jpg","contentUrl":"https:\/\/www.vetorino.com\/boutique\/wp-content\/uploads\/2024\/10\/logo.jpg","width":1200,"height":610,"caption":"V\u00e9torino"},"image":{"@id":"https:\/\/www.vetorino.com\/boutique\/#\/schema\/logo\/image\/"},"sameAs":["https:\/\/www.facebook.com\/Vetorino\/","https:\/\/www.instagram.com\/vetorino_off\/","https:\/\/www.linkedin.com\/company\/vtorino\/"]}]},"product_brand":"Audevard","product_price_amount":"333.93","product_price_currency":"EUR","og_availability":"out of stock","product_availability":"out of stock","product_retailer_item_id":"C-IMM010","product_condition":"new"},"_links":{"self":[{"href":"https:\/\/www.vetorino.com\/veterinaire\/bompas-66430\/boutique\/wp-json\/wp\/v2\/product\/97875","targetHints":{"allow":["GET"]}}],"collection":[{"href":"https:\/\/www.vetorino.com\/veterinaire\/bompas-66430\/boutique\/wp-json\/wp\/v2\/product"}],"about":[{"href":"https:\/\/www.vetorino.com\/veterinaire\/bompas-66430\/boutique\/wp-json\/wp\/v2\/types\/product"}],"wp:featuredmedia":[{"embeddable":true,"href":"https:\/\/www.vetorino.com\/veterinaire\/bompas-66430\/boutique\/wp-json\/wp\/v2\/media\/1218186"}],"wp:attachment":[{"href":"https:\/\/www.vetorino.com\/veterinaire\/bompas-66430\/boutique\/wp-json\/wp\/v2\/media?parent=97875"}],"wp:term":[{"taxonomy":"product_cat","embeddable":true,"href":"https:\/\/www.vetorino.com\/veterinaire\/bompas-66430\/boutique\/wp-json\/wp\/v2\/product_cat?post=97875"},{"taxonomy":"product_tag","embeddable":true,"href":"https:\/\/www.vetorino.com\/veterinaire\/bompas-66430\/boutique\/wp-json\/wp\/v2\/product_tag?post=97875"}],"curies":[{"name":"wp","href":"https:\/\/api.w.org\/{rel}","templated":true}]}}