{"id":101707,"date":"2020-06-30T11:54:55","date_gmt":"2020-06-30T09:54:55","guid":{"rendered":"https:\/\/www.vetorino.com\/boutique\/product\/saniterpen-dk\/"},"modified":"2025-08-25T02:42:29","modified_gmt":"2025-08-25T00:42:29","slug":"saniterpen-dk","status":"publish","type":"product","link":"https:\/\/www.vetorino.com\/veterinaire\/brignais-69530\/boutique\/product\/saniterpen-dk\/","title":{"rendered":"Saniterpen Dk+"},"content":{"rendered":"<p>Saniterpen Insecticide DK+ est un insecticide adulticide et larvicide concentr\u00e9 qui \u00e9limine les insectes gr\u00e2ce \u00e0 sa double action (par contact et par ingestion). Son action se prolonge jusqu&#8217;\u00e0 6 semaines apr\u00e8s application.<\/p>\n<ul>\n<li>Traitement par arrosage ou pulv\u00e9risation :<\/li>\n<li>Diluer 50 ml dans 0,5 litres d&#8217;eau froide pour traiter 9,5 \u00e0 10 m\u00b2. En cas de surfaces poreuses (b\u00e9ton, ciment, terre battue,\u2026), il est recommand\u00e9 de doubler la quantit\u00e9 d&#8217;eau. Bien agiter avant l&#8217;emploi. Appliquer la solution sur le sol, les murs, le plafond, les contours de fen\u00eatres et de portes. Faire un premier traitement, \u00e0 renouveler une semaine plus tard puis renouveler l&#8217;application toutes les 4 \u00e0 6 semaines. En p\u00e9riode estivale, traiter aux heures les plus fra\u00eeches de la journ\u00e9e et en cas de fortes chaleurs, augmenter la fr\u00e9quence de traitement.<\/li>\n<\/ul>\n","protected":false},"excerpt":{"rendered":"<p>Saniterpen Insecticide DK+ est un insecticide adulticide et larvicide concentr\u00e9 qui \u00e9limine les insectes gr\u00e2ce \u00e0 sa double action (par contact et par ingestion). Son action se prolonge jusqu&#8217;\u00e0 6 semaines apr\u00e8s application.<\/p>\n","protected":false},"featured_media":180169,"template":"","meta":[],"product_cat":[6864,6869,12547,12762],"product_tag":[],"class_list":{"0":"post-101707","1":"product","2":"type-product","3":"status-publish","4":"has-post-thumbnail","6":"product_cat-animaux-delevage","7":"product_cat-basse-cour","8":"product_cat-cheval","9":"product_cat-hygiene-des-batiments","10":"pa_marque-action-pin","12":"first","13":"instock","14":"taxable","15":"shipping-taxable","16":"purchasable","17":"product-type-simple"},"yoast_head":"<!-- This site is optimized with the Yoast SEO plugin v27.3 - https:\/\/yoast.com\/product\/yoast-seo-wordpress\/ -->\n<title>Saniterpen Dk+ ACTION PIN - V\u00e9torino<\/title>\n<meta name=\"description\" content=\"Saniterpen Insecticide DK+ est un insecticide adulticide et larvicide concentr\u00e9 qui \u00e9limine les insectes gr\u00e2ce \u00e0 sa double action (par contact et par ingestion). Son action se prolonge jusqu&#039;\u00e0 6 semaines apr\u00e8s application.\" \/>\n<meta name=\"robots\" content=\"noindex, nofollow\" \/>\n<meta property=\"og:locale\" content=\"fr_FR\" \/>\n<meta property=\"og:type\" content=\"article\" \/>\n<meta property=\"og:title\" content=\"Saniterpen Dk+ ACTION PIN - V\u00e9torino\" \/>\n<meta property=\"og:description\" content=\"Saniterpen Insecticide DK+ est un insecticide adulticide et larvicide concentr\u00e9 qui \u00e9limine les insectes gr\u00e2ce \u00e0 sa double action (par contact et par ingestion). Son action se prolonge jusqu&#039;\u00e0 6 semaines apr\u00e8s application.\" \/>\n<meta property=\"og:url\" content=\"https:\/\/www.vetorino.com\/veterinaire\/brignais-69530\/boutique\/product\/saniterpen-dk\/\" \/>\n<meta property=\"og:site_name\" content=\"V\u00e9torino\" \/>\n<meta property=\"article:publisher\" content=\"https:\/\/www.facebook.com\/Vetorino\/\" \/>\n<meta property=\"article:modified_time\" content=\"2025-08-25T00:42:29+00:00\" \/>\n<meta property=\"og:image\" content=\"https:\/\/www.vetorino.com\/boutique\/wp-content\/uploads\/2020\/06\/insecticide-dextrieur-dk-choc-saniterpen-5f0ecfd95d931.jpeg\" \/>\n\t<meta property=\"og:image:width\" content=\"650\" \/>\n\t<meta property=\"og:image:height\" content=\"650\" \/>\n\t<meta property=\"og:image:type\" content=\"image\/jpeg\" \/>\n<meta name=\"twitter:card\" content=\"summary_large_image\" \/>\n<meta name=\"twitter:label1\" content=\"Prix\" \/>\n\t<meta name=\"twitter:data1\" content=\"44,16&euro;\" \/>\n\t<meta name=\"twitter:label2\" content=\"Disponibilit\u00e9\" \/>\n\t<meta name=\"twitter:data2\" content=\"En stock\" \/>\n<script type=\"application\/ld+json\" class=\"yoast-schema-graph\">{\"@context\":\"https:\\\/\\\/schema.org\",\"@graph\":[{\"@type\":\"WebPage\",\"@id\":\"https:\\\/\\\/www.vetorino.com\\\/boutique\\\/product\\\/saniterpen-dk\\\/\",\"url\":\"https:\\\/\\\/www.vetorino.com\\\/boutique\\\/product\\\/saniterpen-dk\\\/\",\"name\":\"Saniterpen Dk+ ACTION PIN - V\u00e9torino\",\"isPartOf\":{\"@id\":\"https:\\\/\\\/www.vetorino.com\\\/boutique\\\/#website\"},\"primaryImageOfPage\":{\"@id\":\"https:\\\/\\\/www.vetorino.com\\\/boutique\\\/product\\\/saniterpen-dk\\\/#primaryimage\"},\"image\":{\"@id\":\"https:\\\/\\\/www.vetorino.com\\\/boutique\\\/product\\\/saniterpen-dk\\\/#primaryimage\"},\"thumbnailUrl\":\"https:\\\/\\\/www.vetorino.com\\\/boutique\\\/wp-content\\\/uploads\\\/2020\\\/06\\\/insecticide-dextrieur-dk-choc-saniterpen-5f0ecfd95d931.jpeg\",\"datePublished\":\"2020-06-30T09:54:55+00:00\",\"dateModified\":\"2025-08-25T00:42:29+00:00\",\"description\":\"Saniterpen Insecticide DK+ est un insecticide adulticide et larvicide concentr\u00e9 qui \u00e9limine les insectes gr\u00e2ce \u00e0 sa double action (par contact et par ingestion). Son action se prolonge jusqu'\u00e0 6 semaines apr\u00e8s application.\",\"breadcrumb\":{\"@id\":\"https:\\\/\\\/www.vetorino.com\\\/boutique\\\/product\\\/saniterpen-dk\\\/#breadcrumb\"},\"inLanguage\":\"fr-FR\",\"potentialAction\":[{\"@type\":\"ReadAction\",\"target\":[\"https:\\\/\\\/www.vetorino.com\\\/boutique\\\/product\\\/saniterpen-dk\\\/\"]}]},{\"@type\":\"ImageObject\",\"inLanguage\":\"fr-FR\",\"@id\":\"https:\\\/\\\/www.vetorino.com\\\/boutique\\\/product\\\/saniterpen-dk\\\/#primaryimage\",\"url\":\"https:\\\/\\\/www.vetorino.com\\\/boutique\\\/wp-content\\\/uploads\\\/2020\\\/06\\\/insecticide-dextrieur-dk-choc-saniterpen-5f0ecfd95d931.jpeg\",\"contentUrl\":\"https:\\\/\\\/www.vetorino.com\\\/boutique\\\/wp-content\\\/uploads\\\/2020\\\/06\\\/insecticide-dextrieur-dk-choc-saniterpen-5f0ecfd95d931.jpeg\",\"width\":650,\"height\":650},{\"@type\":\"BreadcrumbList\",\"@id\":\"https:\\\/\\\/www.vetorino.com\\\/boutique\\\/product\\\/saniterpen-dk\\\/#breadcrumb\",\"itemListElement\":[{\"@type\":\"ListItem\",\"position\":1,\"name\":\"Accueil\",\"item\":\"https:\\\/\\\/www.vetorino.com\\\/boutique\\\/\"},{\"@type\":\"ListItem\",\"position\":2,\"name\":\"Produits\",\"item\":\"https:\\\/\\\/www.vetorino.com\\\/boutique\\\/\"},{\"@type\":\"ListItem\",\"position\":3,\"name\":\"Saniterpen Dk+\"}]},{\"@type\":\"WebSite\",\"@id\":\"https:\\\/\\\/www.vetorino.com\\\/boutique\\\/#website\",\"url\":\"https:\\\/\\\/www.vetorino.com\\\/boutique\\\/\",\"name\":\"V\u00e9torino\",\"description\":\"\",\"publisher\":{\"@id\":\"https:\\\/\\\/www.vetorino.com\\\/boutique\\\/#organization\"},\"potentialAction\":[{\"@type\":\"SearchAction\",\"target\":{\"@type\":\"EntryPoint\",\"urlTemplate\":\"https:\\\/\\\/www.vetorino.com\\\/boutique\\\/?s={search_term_string}\"},\"query-input\":{\"@type\":\"PropertyValueSpecification\",\"valueRequired\":true,\"valueName\":\"search_term_string\"}}],\"inLanguage\":\"fr-FR\"},{\"@type\":\"Organization\",\"@id\":\"https:\\\/\\\/www.vetorino.com\\\/boutique\\\/#organization\",\"name\":\"V\u00e9torino\",\"url\":\"https:\\\/\\\/www.vetorino.com\\\/boutique\\\/\",\"logo\":{\"@type\":\"ImageObject\",\"inLanguage\":\"fr-FR\",\"@id\":\"https:\\\/\\\/www.vetorino.com\\\/boutique\\\/#\\\/schema\\\/logo\\\/image\\\/\",\"url\":\"https:\\\/\\\/www.vetorino.com\\\/boutique\\\/wp-content\\\/uploads\\\/2024\\\/10\\\/logo.jpg\",\"contentUrl\":\"https:\\\/\\\/www.vetorino.com\\\/boutique\\\/wp-content\\\/uploads\\\/2024\\\/10\\\/logo.jpg\",\"width\":1200,\"height\":610,\"caption\":\"V\u00e9torino\"},\"image\":{\"@id\":\"https:\\\/\\\/www.vetorino.com\\\/boutique\\\/#\\\/schema\\\/logo\\\/image\\\/\"},\"sameAs\":[\"https:\\\/\\\/www.facebook.com\\\/Vetorino\\\/\",\"https:\\\/\\\/www.instagram.com\\\/vetorino_off\\\/\",\"https:\\\/\\\/www.linkedin.com\\\/company\\\/vtorino\\\/\"]}]}<\/script>\n<meta property=\"product:brand\" content=\"ACTION PIN\" \/>\n<meta property=\"product:price:amount\" content=\"44.16\" \/>\n<meta property=\"product:price:currency\" content=\"EUR\" \/>\n<meta property=\"og:availability\" content=\"instock\" \/>\n<meta property=\"product:availability\" content=\"instock\" \/>\n<meta property=\"product:retailer_item_id\" content=\"C-SAN001\" \/>\n<meta property=\"product:condition\" content=\"new\" \/>\n<!-- \/ Yoast SEO plugin. -->","yoast_head_json":{"title":"Saniterpen Dk+ ACTION PIN - V\u00e9torino","description":"Saniterpen Insecticide DK+ est un insecticide adulticide et larvicide concentr\u00e9 qui \u00e9limine les insectes gr\u00e2ce \u00e0 sa double action (par contact et par ingestion). Son action se prolonge jusqu'\u00e0 6 semaines apr\u00e8s application.","robots":{"index":"noindex","follow":"nofollow"},"og_locale":"fr_FR","og_type":"article","og_title":"Saniterpen Dk+ ACTION PIN - V\u00e9torino","og_description":"Saniterpen Insecticide DK+ est un insecticide adulticide et larvicide concentr\u00e9 qui \u00e9limine les insectes gr\u00e2ce \u00e0 sa double action (par contact et par ingestion). Son action se prolonge jusqu'\u00e0 6 semaines apr\u00e8s application.","og_url":"https:\/\/www.vetorino.com\/veterinaire\/brignais-69530\/boutique\/product\/saniterpen-dk\/","og_site_name":"V\u00e9torino","article_publisher":"https:\/\/www.facebook.com\/Vetorino\/","article_modified_time":"2025-08-25T00:42:29+00:00","og_image":[{"width":650,"height":650,"url":"https:\/\/www.vetorino.com\/boutique\/wp-content\/uploads\/2020\/06\/insecticide-dextrieur-dk-choc-saniterpen-5f0ecfd95d931.jpeg","type":"image\/jpeg"}],"twitter_card":"summary_large_image","twitter_misc":{"Prix":"44,16&euro;","Disponibilit\u00e9":"En stock"},"schema":{"@context":"https:\/\/schema.org","@graph":[{"@type":"WebPage","@id":"https:\/\/www.vetorino.com\/boutique\/product\/saniterpen-dk\/","url":"https:\/\/www.vetorino.com\/boutique\/product\/saniterpen-dk\/","name":"Saniterpen Dk+ ACTION PIN - V\u00e9torino","isPartOf":{"@id":"https:\/\/www.vetorino.com\/boutique\/#website"},"primaryImageOfPage":{"@id":"https:\/\/www.vetorino.com\/boutique\/product\/saniterpen-dk\/#primaryimage"},"image":{"@id":"https:\/\/www.vetorino.com\/boutique\/product\/saniterpen-dk\/#primaryimage"},"thumbnailUrl":"https:\/\/www.vetorino.com\/boutique\/wp-content\/uploads\/2020\/06\/insecticide-dextrieur-dk-choc-saniterpen-5f0ecfd95d931.jpeg","datePublished":"2020-06-30T09:54:55+00:00","dateModified":"2025-08-25T00:42:29+00:00","description":"Saniterpen Insecticide DK+ est un insecticide adulticide et larvicide concentr\u00e9 qui \u00e9limine les insectes gr\u00e2ce \u00e0 sa double action (par contact et par ingestion). Son action se prolonge jusqu'\u00e0 6 semaines apr\u00e8s application.","breadcrumb":{"@id":"https:\/\/www.vetorino.com\/boutique\/product\/saniterpen-dk\/#breadcrumb"},"inLanguage":"fr-FR","potentialAction":[{"@type":"ReadAction","target":["https:\/\/www.vetorino.com\/boutique\/product\/saniterpen-dk\/"]}]},{"@type":"ImageObject","inLanguage":"fr-FR","@id":"https:\/\/www.vetorino.com\/boutique\/product\/saniterpen-dk\/#primaryimage","url":"https:\/\/www.vetorino.com\/boutique\/wp-content\/uploads\/2020\/06\/insecticide-dextrieur-dk-choc-saniterpen-5f0ecfd95d931.jpeg","contentUrl":"https:\/\/www.vetorino.com\/boutique\/wp-content\/uploads\/2020\/06\/insecticide-dextrieur-dk-choc-saniterpen-5f0ecfd95d931.jpeg","width":650,"height":650},{"@type":"BreadcrumbList","@id":"https:\/\/www.vetorino.com\/boutique\/product\/saniterpen-dk\/#breadcrumb","itemListElement":[{"@type":"ListItem","position":1,"name":"Accueil","item":"https:\/\/www.vetorino.com\/boutique\/"},{"@type":"ListItem","position":2,"name":"Produits","item":"https:\/\/www.vetorino.com\/boutique\/"},{"@type":"ListItem","position":3,"name":"Saniterpen Dk+"}]},{"@type":"WebSite","@id":"https:\/\/www.vetorino.com\/boutique\/#website","url":"https:\/\/www.vetorino.com\/boutique\/","name":"V\u00e9torino","description":"","publisher":{"@id":"https:\/\/www.vetorino.com\/boutique\/#organization"},"potentialAction":[{"@type":"SearchAction","target":{"@type":"EntryPoint","urlTemplate":"https:\/\/www.vetorino.com\/boutique\/?s={search_term_string}"},"query-input":{"@type":"PropertyValueSpecification","valueRequired":true,"valueName":"search_term_string"}}],"inLanguage":"fr-FR"},{"@type":"Organization","@id":"https:\/\/www.vetorino.com\/boutique\/#organization","name":"V\u00e9torino","url":"https:\/\/www.vetorino.com\/boutique\/","logo":{"@type":"ImageObject","inLanguage":"fr-FR","@id":"https:\/\/www.vetorino.com\/boutique\/#\/schema\/logo\/image\/","url":"https:\/\/www.vetorino.com\/boutique\/wp-content\/uploads\/2024\/10\/logo.jpg","contentUrl":"https:\/\/www.vetorino.com\/boutique\/wp-content\/uploads\/2024\/10\/logo.jpg","width":1200,"height":610,"caption":"V\u00e9torino"},"image":{"@id":"https:\/\/www.vetorino.com\/boutique\/#\/schema\/logo\/image\/"},"sameAs":["https:\/\/www.facebook.com\/Vetorino\/","https:\/\/www.instagram.com\/vetorino_off\/","https:\/\/www.linkedin.com\/company\/vtorino\/"]}]},"product_brand":"ACTION PIN","product_price_amount":"44.16","product_price_currency":"EUR","og_availability":"instock","product_availability":"instock","product_retailer_item_id":"C-SAN001","product_condition":"new"},"_links":{"self":[{"href":"https:\/\/www.vetorino.com\/veterinaire\/brignais-69530\/boutique\/wp-json\/wp\/v2\/product\/101707","targetHints":{"allow":["GET"]}}],"collection":[{"href":"https:\/\/www.vetorino.com\/veterinaire\/brignais-69530\/boutique\/wp-json\/wp\/v2\/product"}],"about":[{"href":"https:\/\/www.vetorino.com\/veterinaire\/brignais-69530\/boutique\/wp-json\/wp\/v2\/types\/product"}],"wp:featuredmedia":[{"embeddable":true,"href":"https:\/\/www.vetorino.com\/veterinaire\/brignais-69530\/boutique\/wp-json\/wp\/v2\/media\/180169"}],"wp:attachment":[{"href":"https:\/\/www.vetorino.com\/veterinaire\/brignais-69530\/boutique\/wp-json\/wp\/v2\/media?parent=101707"}],"wp:term":[{"taxonomy":"product_cat","embeddable":true,"href":"https:\/\/www.vetorino.com\/veterinaire\/brignais-69530\/boutique\/wp-json\/wp\/v2\/product_cat?post=101707"},{"taxonomy":"product_tag","embeddable":true,"href":"https:\/\/www.vetorino.com\/veterinaire\/brignais-69530\/boutique\/wp-json\/wp\/v2\/product_tag?post=101707"}],"curies":[{"name":"wp","href":"https:\/\/api.w.org\/{rel}","templated":true}]}}