{"id":99044,"date":"2020-06-30T01:26:25","date_gmt":"2020-06-29T23:26:25","guid":{"rendered":"https:\/\/www.vetorino.com\/boutique\/product\/laisse-de-traction-canicross-one-i-dog\/"},"modified":"2024-04-12T18:34:41","modified_gmt":"2024-04-12T16:34:41","slug":"laisse-de-traction-canicross-one-i-dog","status":"publish","type":"product","link":"https:\/\/www.vetorino.com\/veterinaire\/cauvervilleenroumois-27350\/boutique\/product\/laisse-de-traction-canicross-one-i-dog\/","title":{"rendered":"Laisse de traction Canicross One i-Dog"},"content":{"rendered":"","protected":false},"excerpt":{"rendered":"<p>La ceinture Canicross de la gamme ONE, est destin\u00e9e aux sp\u00e9cialistes du Canicross.<\/p>\n<ul>\n<li>Compos\u00e9e d&#8217;un amortissement \u00e9lastique. Syst\u00e8me permettant de contr\u00f4ler les \u00e0-coups donn\u00e9s par le chien.<\/li>\n<li>Con\u00e7u dans une sangle tubulaire &#8211; avec un amortisseur rond,\u00a0 avec une duret\u00e9 permettant son utilisation pour des chiens dont le poids peut \u00eatre sup\u00e9rieur \u00e0 15 kg.<\/li>\n<li>Compos\u00e9e de mousquetons \u00e0 chaque extremit\u00e9, dit &#8220;largage rapide&#8221; de tr\u00e8s hautes qualit\u00e9s pour un maintien extr\u00eame.<\/li>\n<li>Dimensions : Lg : 150 cm quand elle est d\u00e9tendue, et 200 cm lorsqu&#8217;elle est tendue au maximum.<\/li>\n<li>Le lavage est \u00e0 r\u00e9aliser \u00e0 l&#8217;eau savonneuse.<\/li>\n<\/ul>\n","protected":false},"featured_media":624723,"template":"","meta":[],"product_cat":[12550,2698,2777],"product_tag":[],"class_list":{"0":"post-99044","1":"product","2":"type-product","3":"status-publish","4":"has-post-thumbnail","6":"product_cat-accessoires-du-chien","7":"product_cat-chien","8":"product_cat-colliers-laisses-et-harnais-pour-chien","9":"pa_marque-i-dog","11":"first","12":"outofstock","13":"taxable","14":"shipping-taxable","15":"purchasable","16":"product-type-simple"},"yoast_head":"<!-- This site is optimized with the Yoast SEO plugin v27.3 - https:\/\/yoast.com\/product\/yoast-seo-wordpress\/ -->\n<title>Laisse de traction Canicross One i-Dog I-Dog - V\u00e9torino<\/title>\n<meta name=\"description\" content=\"La ceinture Canicross de la gamme ONE, est destin\u00e9e aux sp\u00e9cialistes du Canicross.   Compos\u00e9e d&#039;un amortissement \u00e9lastique. Syst\u00e8me permettant de contr\u00f4ler les \u00e0-coups donn\u00e9s par le chien.  Con\u00e7u dans une sangle tubulaire - avec un amortisseur rond,\u00a0 avec une duret\u00e9 permettant son utilisation pour des chiens dont le poids peut \u00eatre sup\u00e9rieur \u00e0 15 kg.  Compos\u00e9e de mousquetons \u00e0 chaque extremit\u00e9, dit &quot;largage rapide&quot; de tr\u00e8s hautes qualit\u00e9s pour un maintien extr\u00eame.  Dimensions : Lg : 150 cm quand elle est d\u00e9tendue, et 200 cm lorsqu&#039;elle est tendue au maximum.  Le lavage est \u00e0 r\u00e9aliser \u00e0 l&#039;eau savonneuse.\" \/>\n<meta name=\"robots\" content=\"noindex, nofollow\" \/>\n<meta property=\"og:locale\" content=\"fr_FR\" \/>\n<meta property=\"og:type\" content=\"article\" \/>\n<meta property=\"og:title\" content=\"Laisse de traction Canicross One i-Dog I-Dog - V\u00e9torino\" \/>\n<meta property=\"og:description\" content=\"La ceinture Canicross de la gamme ONE, est destin\u00e9e aux sp\u00e9cialistes du Canicross.   Compos\u00e9e d&#039;un amortissement \u00e9lastique. Syst\u00e8me permettant de contr\u00f4ler les \u00e0-coups donn\u00e9s par le chien.  Con\u00e7u dans une sangle tubulaire - avec un amortisseur rond,\u00a0 avec une duret\u00e9 permettant son utilisation pour des chiens dont le poids peut \u00eatre sup\u00e9rieur \u00e0 15 kg.  Compos\u00e9e de mousquetons \u00e0 chaque extremit\u00e9, dit &quot;largage rapide&quot; de tr\u00e8s hautes qualit\u00e9s pour un maintien extr\u00eame.  Dimensions : Lg : 150 cm quand elle est d\u00e9tendue, et 200 cm lorsqu&#039;elle est tendue au maximum.  Le lavage est \u00e0 r\u00e9aliser \u00e0 l&#039;eau savonneuse.\" \/>\n<meta property=\"og:url\" content=\"https:\/\/www.vetorino.com\/veterinaire\/cauvervilleenroumois-27350\/boutique\/product\/laisse-de-traction-canicross-one-i-dog\/\" \/>\n<meta property=\"og:site_name\" content=\"V\u00e9torino\" \/>\n<meta property=\"article:publisher\" content=\"https:\/\/www.facebook.com\/Vetorino\/\" \/>\n<meta property=\"article:modified_time\" content=\"2024-04-12T16:34:41+00:00\" \/>\n<meta property=\"og:image\" content=\"https:\/\/www.vetorino.com\/boutique\/wp-content\/uploads\/2020\/06\/1648714609847_full.jpg\" \/>\n\t<meta property=\"og:image:width\" content=\"1080\" \/>\n\t<meta property=\"og:image:height\" content=\"1353\" \/>\n\t<meta property=\"og:image:type\" content=\"image\/jpeg\" \/>\n<meta name=\"twitter:card\" content=\"summary_large_image\" \/>\n<meta name=\"twitter:label1\" content=\"Prix\" \/>\n\t<meta name=\"twitter:data1\" content=\"15,51&euro;\" \/>\n\t<meta name=\"twitter:label2\" content=\"Disponibilit\u00e9\" \/>\n\t<meta name=\"twitter:data2\" content=\"Rupture de stock\" \/>\n<script type=\"application\/ld+json\" class=\"yoast-schema-graph\">{\"@context\":\"https:\\\/\\\/schema.org\",\"@graph\":[{\"@type\":\"WebPage\",\"@id\":\"https:\\\/\\\/www.vetorino.com\\\/veterinaire\\\/evry-91000\\\/boutique\\\/product\\\/laisse-de-traction-canicross-one-i-dog\\\/\",\"url\":\"https:\\\/\\\/www.vetorino.com\\\/veterinaire\\\/evry-91000\\\/boutique\\\/product\\\/laisse-de-traction-canicross-one-i-dog\\\/\",\"name\":\"Laisse de traction Canicross One i-Dog I-Dog - V\u00e9torino\",\"isPartOf\":{\"@id\":\"https:\\\/\\\/www.vetorino.com\\\/boutique\\\/#website\"},\"primaryImageOfPage\":{\"@id\":\"https:\\\/\\\/www.vetorino.com\\\/veterinaire\\\/evry-91000\\\/boutique\\\/product\\\/laisse-de-traction-canicross-one-i-dog\\\/#primaryimage\"},\"image\":{\"@id\":\"https:\\\/\\\/www.vetorino.com\\\/veterinaire\\\/evry-91000\\\/boutique\\\/product\\\/laisse-de-traction-canicross-one-i-dog\\\/#primaryimage\"},\"thumbnailUrl\":\"https:\\\/\\\/www.vetorino.com\\\/boutique\\\/wp-content\\\/uploads\\\/2020\\\/06\\\/1648714609847_full.jpg\",\"datePublished\":\"2020-06-29T23:26:25+00:00\",\"dateModified\":\"2024-04-12T16:34:41+00:00\",\"description\":\"La ceinture Canicross de la gamme ONE, est destin\u00e9e aux sp\u00e9cialistes du Canicross. Compos\u00e9e d'un amortissement \u00e9lastique. Syst\u00e8me permettant de contr\u00f4ler les \u00e0-coups donn\u00e9s par le chien. Con\u00e7u dans une sangle tubulaire - avec un amortisseur rond,\u00a0 avec une duret\u00e9 permettant son utilisation pour des chiens dont le poids peut \u00eatre sup\u00e9rieur \u00e0 15 kg. Compos\u00e9e de mousquetons \u00e0 chaque extremit\u00e9, dit \\\"largage rapide\\\" de tr\u00e8s hautes qualit\u00e9s pour un maintien extr\u00eame. Dimensions : Lg : 150 cm quand elle est d\u00e9tendue, et 200 cm lorsqu'elle est tendue au maximum. Le lavage est \u00e0 r\u00e9aliser \u00e0 l'eau savonneuse.\",\"breadcrumb\":{\"@id\":\"https:\\\/\\\/www.vetorino.com\\\/veterinaire\\\/evry-91000\\\/boutique\\\/product\\\/laisse-de-traction-canicross-one-i-dog\\\/#breadcrumb\"},\"inLanguage\":\"fr-FR\",\"potentialAction\":[{\"@type\":\"ReadAction\",\"target\":[\"https:\\\/\\\/www.vetorino.com\\\/veterinaire\\\/evry-91000\\\/boutique\\\/product\\\/laisse-de-traction-canicross-one-i-dog\\\/\"]}]},{\"@type\":\"ImageObject\",\"inLanguage\":\"fr-FR\",\"@id\":\"https:\\\/\\\/www.vetorino.com\\\/veterinaire\\\/evry-91000\\\/boutique\\\/product\\\/laisse-de-traction-canicross-one-i-dog\\\/#primaryimage\",\"url\":\"https:\\\/\\\/www.vetorino.com\\\/boutique\\\/wp-content\\\/uploads\\\/2020\\\/06\\\/1648714609847_full.jpg\",\"contentUrl\":\"https:\\\/\\\/www.vetorino.com\\\/boutique\\\/wp-content\\\/uploads\\\/2020\\\/06\\\/1648714609847_full.jpg\",\"width\":1080,\"height\":1353},{\"@type\":\"BreadcrumbList\",\"@id\":\"https:\\\/\\\/www.vetorino.com\\\/veterinaire\\\/evry-91000\\\/boutique\\\/product\\\/laisse-de-traction-canicross-one-i-dog\\\/#breadcrumb\",\"itemListElement\":[{\"@type\":\"ListItem\",\"position\":1,\"name\":\"Accueil\",\"item\":\"https:\\\/\\\/www.vetorino.com\\\/boutique\\\/\"},{\"@type\":\"ListItem\",\"position\":2,\"name\":\"Produits\",\"item\":\"https:\\\/\\\/www.vetorino.com\\\/boutique\\\/\"},{\"@type\":\"ListItem\",\"position\":3,\"name\":\"Laisse de traction Canicross One i-Dog\"}]},{\"@type\":\"WebSite\",\"@id\":\"https:\\\/\\\/www.vetorino.com\\\/boutique\\\/#website\",\"url\":\"https:\\\/\\\/www.vetorino.com\\\/boutique\\\/\",\"name\":\"V\u00e9torino\",\"description\":\"\",\"publisher\":{\"@id\":\"https:\\\/\\\/www.vetorino.com\\\/boutique\\\/#organization\"},\"potentialAction\":[{\"@type\":\"SearchAction\",\"target\":{\"@type\":\"EntryPoint\",\"urlTemplate\":\"https:\\\/\\\/www.vetorino.com\\\/boutique\\\/?s={search_term_string}\"},\"query-input\":{\"@type\":\"PropertyValueSpecification\",\"valueRequired\":true,\"valueName\":\"search_term_string\"}}],\"inLanguage\":\"fr-FR\"},{\"@type\":\"Organization\",\"@id\":\"https:\\\/\\\/www.vetorino.com\\\/boutique\\\/#organization\",\"name\":\"V\u00e9torino\",\"url\":\"https:\\\/\\\/www.vetorino.com\\\/boutique\\\/\",\"logo\":{\"@type\":\"ImageObject\",\"inLanguage\":\"fr-FR\",\"@id\":\"https:\\\/\\\/www.vetorino.com\\\/boutique\\\/#\\\/schema\\\/logo\\\/image\\\/\",\"url\":\"https:\\\/\\\/www.vetorino.com\\\/boutique\\\/wp-content\\\/uploads\\\/2024\\\/10\\\/logo.jpg\",\"contentUrl\":\"https:\\\/\\\/www.vetorino.com\\\/boutique\\\/wp-content\\\/uploads\\\/2024\\\/10\\\/logo.jpg\",\"width\":1200,\"height\":610,\"caption\":\"V\u00e9torino\"},\"image\":{\"@id\":\"https:\\\/\\\/www.vetorino.com\\\/boutique\\\/#\\\/schema\\\/logo\\\/image\\\/\"},\"sameAs\":[\"https:\\\/\\\/www.facebook.com\\\/Vetorino\\\/\",\"https:\\\/\\\/www.instagram.com\\\/vetorino_off\\\/\",\"https:\\\/\\\/www.linkedin.com\\\/company\\\/vtorino\\\/\"]}]}<\/script>\n<meta property=\"product:brand\" content=\"I-Dog\" \/>\n<meta property=\"product:price:amount\" content=\"15.51\" \/>\n<meta property=\"product:price:currency\" content=\"EUR\" \/>\n<meta property=\"og:availability\" content=\"out of stock\" \/>\n<meta property=\"product:availability\" content=\"out of stock\" \/>\n<meta property=\"product:retailer_item_id\" content=\"C-LAI712\" \/>\n<meta property=\"product:condition\" content=\"new\" \/>\n<!-- \/ Yoast SEO plugin. -->","yoast_head_json":{"title":"Laisse de traction Canicross One i-Dog I-Dog - V\u00e9torino","description":"La ceinture Canicross de la gamme ONE, est destin\u00e9e aux sp\u00e9cialistes du Canicross.   Compos\u00e9e d'un amortissement \u00e9lastique. Syst\u00e8me permettant de contr\u00f4ler les \u00e0-coups donn\u00e9s par le chien.  Con\u00e7u dans une sangle tubulaire - avec un amortisseur rond,\u00a0 avec une duret\u00e9 permettant son utilisation pour des chiens dont le poids peut \u00eatre sup\u00e9rieur \u00e0 15 kg.  Compos\u00e9e de mousquetons \u00e0 chaque extremit\u00e9, dit \"largage rapide\" de tr\u00e8s hautes qualit\u00e9s pour un maintien extr\u00eame.  Dimensions : Lg : 150 cm quand elle est d\u00e9tendue, et 200 cm lorsqu'elle est tendue au maximum.  Le lavage est \u00e0 r\u00e9aliser \u00e0 l'eau savonneuse.","robots":{"index":"noindex","follow":"nofollow"},"og_locale":"fr_FR","og_type":"article","og_title":"Laisse de traction Canicross One i-Dog I-Dog - V\u00e9torino","og_description":"La ceinture Canicross de la gamme ONE, est destin\u00e9e aux sp\u00e9cialistes du Canicross.   Compos\u00e9e d'un amortissement \u00e9lastique. Syst\u00e8me permettant de contr\u00f4ler les \u00e0-coups donn\u00e9s par le chien.  Con\u00e7u dans une sangle tubulaire - avec un amortisseur rond,\u00a0 avec une duret\u00e9 permettant son utilisation pour des chiens dont le poids peut \u00eatre sup\u00e9rieur \u00e0 15 kg.  Compos\u00e9e de mousquetons \u00e0 chaque extremit\u00e9, dit \"largage rapide\" de tr\u00e8s hautes qualit\u00e9s pour un maintien extr\u00eame.  Dimensions : Lg : 150 cm quand elle est d\u00e9tendue, et 200 cm lorsqu'elle est tendue au maximum.  Le lavage est \u00e0 r\u00e9aliser \u00e0 l'eau savonneuse.","og_url":"https:\/\/www.vetorino.com\/veterinaire\/cauvervilleenroumois-27350\/boutique\/product\/laisse-de-traction-canicross-one-i-dog\/","og_site_name":"V\u00e9torino","article_publisher":"https:\/\/www.facebook.com\/Vetorino\/","article_modified_time":"2024-04-12T16:34:41+00:00","og_image":[{"width":1080,"height":1353,"url":"https:\/\/www.vetorino.com\/boutique\/wp-content\/uploads\/2020\/06\/1648714609847_full.jpg","type":"image\/jpeg"}],"twitter_card":"summary_large_image","twitter_misc":{"Prix":"15,51&euro;","Disponibilit\u00e9":"Rupture de stock"},"schema":{"@context":"https:\/\/schema.org","@graph":[{"@type":"WebPage","@id":"https:\/\/www.vetorino.com\/veterinaire\/evry-91000\/boutique\/product\/laisse-de-traction-canicross-one-i-dog\/","url":"https:\/\/www.vetorino.com\/veterinaire\/evry-91000\/boutique\/product\/laisse-de-traction-canicross-one-i-dog\/","name":"Laisse de traction Canicross One i-Dog I-Dog - V\u00e9torino","isPartOf":{"@id":"https:\/\/www.vetorino.com\/boutique\/#website"},"primaryImageOfPage":{"@id":"https:\/\/www.vetorino.com\/veterinaire\/evry-91000\/boutique\/product\/laisse-de-traction-canicross-one-i-dog\/#primaryimage"},"image":{"@id":"https:\/\/www.vetorino.com\/veterinaire\/evry-91000\/boutique\/product\/laisse-de-traction-canicross-one-i-dog\/#primaryimage"},"thumbnailUrl":"https:\/\/www.vetorino.com\/boutique\/wp-content\/uploads\/2020\/06\/1648714609847_full.jpg","datePublished":"2020-06-29T23:26:25+00:00","dateModified":"2024-04-12T16:34:41+00:00","description":"La ceinture Canicross de la gamme ONE, est destin\u00e9e aux sp\u00e9cialistes du Canicross. Compos\u00e9e d'un amortissement \u00e9lastique. Syst\u00e8me permettant de contr\u00f4ler les \u00e0-coups donn\u00e9s par le chien. Con\u00e7u dans une sangle tubulaire - avec un amortisseur rond,\u00a0 avec une duret\u00e9 permettant son utilisation pour des chiens dont le poids peut \u00eatre sup\u00e9rieur \u00e0 15 kg. Compos\u00e9e de mousquetons \u00e0 chaque extremit\u00e9, dit \"largage rapide\" de tr\u00e8s hautes qualit\u00e9s pour un maintien extr\u00eame. Dimensions : Lg : 150 cm quand elle est d\u00e9tendue, et 200 cm lorsqu'elle est tendue au maximum. Le lavage est \u00e0 r\u00e9aliser \u00e0 l'eau savonneuse.","breadcrumb":{"@id":"https:\/\/www.vetorino.com\/veterinaire\/evry-91000\/boutique\/product\/laisse-de-traction-canicross-one-i-dog\/#breadcrumb"},"inLanguage":"fr-FR","potentialAction":[{"@type":"ReadAction","target":["https:\/\/www.vetorino.com\/veterinaire\/evry-91000\/boutique\/product\/laisse-de-traction-canicross-one-i-dog\/"]}]},{"@type":"ImageObject","inLanguage":"fr-FR","@id":"https:\/\/www.vetorino.com\/veterinaire\/evry-91000\/boutique\/product\/laisse-de-traction-canicross-one-i-dog\/#primaryimage","url":"https:\/\/www.vetorino.com\/boutique\/wp-content\/uploads\/2020\/06\/1648714609847_full.jpg","contentUrl":"https:\/\/www.vetorino.com\/boutique\/wp-content\/uploads\/2020\/06\/1648714609847_full.jpg","width":1080,"height":1353},{"@type":"BreadcrumbList","@id":"https:\/\/www.vetorino.com\/veterinaire\/evry-91000\/boutique\/product\/laisse-de-traction-canicross-one-i-dog\/#breadcrumb","itemListElement":[{"@type":"ListItem","position":1,"name":"Accueil","item":"https:\/\/www.vetorino.com\/boutique\/"},{"@type":"ListItem","position":2,"name":"Produits","item":"https:\/\/www.vetorino.com\/boutique\/"},{"@type":"ListItem","position":3,"name":"Laisse de traction Canicross One i-Dog"}]},{"@type":"WebSite","@id":"https:\/\/www.vetorino.com\/boutique\/#website","url":"https:\/\/www.vetorino.com\/boutique\/","name":"V\u00e9torino","description":"","publisher":{"@id":"https:\/\/www.vetorino.com\/boutique\/#organization"},"potentialAction":[{"@type":"SearchAction","target":{"@type":"EntryPoint","urlTemplate":"https:\/\/www.vetorino.com\/boutique\/?s={search_term_string}"},"query-input":{"@type":"PropertyValueSpecification","valueRequired":true,"valueName":"search_term_string"}}],"inLanguage":"fr-FR"},{"@type":"Organization","@id":"https:\/\/www.vetorino.com\/boutique\/#organization","name":"V\u00e9torino","url":"https:\/\/www.vetorino.com\/boutique\/","logo":{"@type":"ImageObject","inLanguage":"fr-FR","@id":"https:\/\/www.vetorino.com\/boutique\/#\/schema\/logo\/image\/","url":"https:\/\/www.vetorino.com\/boutique\/wp-content\/uploads\/2024\/10\/logo.jpg","contentUrl":"https:\/\/www.vetorino.com\/boutique\/wp-content\/uploads\/2024\/10\/logo.jpg","width":1200,"height":610,"caption":"V\u00e9torino"},"image":{"@id":"https:\/\/www.vetorino.com\/boutique\/#\/schema\/logo\/image\/"},"sameAs":["https:\/\/www.facebook.com\/Vetorino\/","https:\/\/www.instagram.com\/vetorino_off\/","https:\/\/www.linkedin.com\/company\/vtorino\/"]}]},"product_brand":"I-Dog","product_price_amount":"15.51","product_price_currency":"EUR","og_availability":"out of stock","product_availability":"out of stock","product_retailer_item_id":"C-LAI712","product_condition":"new"},"_links":{"self":[{"href":"https:\/\/www.vetorino.com\/veterinaire\/cauvervilleenroumois-27350\/boutique\/wp-json\/wp\/v2\/product\/99044","targetHints":{"allow":["GET"]}}],"collection":[{"href":"https:\/\/www.vetorino.com\/veterinaire\/cauvervilleenroumois-27350\/boutique\/wp-json\/wp\/v2\/product"}],"about":[{"href":"https:\/\/www.vetorino.com\/veterinaire\/cauvervilleenroumois-27350\/boutique\/wp-json\/wp\/v2\/types\/product"}],"wp:featuredmedia":[{"embeddable":true,"href":"https:\/\/www.vetorino.com\/veterinaire\/cauvervilleenroumois-27350\/boutique\/wp-json\/wp\/v2\/media\/624723"}],"wp:attachment":[{"href":"https:\/\/www.vetorino.com\/veterinaire\/cauvervilleenroumois-27350\/boutique\/wp-json\/wp\/v2\/media?parent=99044"}],"wp:term":[{"taxonomy":"product_cat","embeddable":true,"href":"https:\/\/www.vetorino.com\/veterinaire\/cauvervilleenroumois-27350\/boutique\/wp-json\/wp\/v2\/product_cat?post=99044"},{"taxonomy":"product_tag","embeddable":true,"href":"https:\/\/www.vetorino.com\/veterinaire\/cauvervilleenroumois-27350\/boutique\/wp-json\/wp\/v2\/product_tag?post=99044"}],"curies":[{"name":"wp","href":"https:\/\/api.w.org\/{rel}","templated":true}]}}