{"id":349490,"date":"2022-07-20T02:14:08","date_gmt":"2022-07-20T00:14:08","guid":{"rendered":"https:\/\/www.vetorino.com\/boutique\/?post_type=product&#038;p=349490"},"modified":"2025-10-09T10:25:06","modified_gmt":"2025-10-09T08:25:06","slug":"collerette-a-pression-pour-chien-et-chat","status":"publish","type":"product","link":"https:\/\/www.vetorino.com\/veterinaire\/chalus-87230\/boutique\/product\/collerette-a-pression-pour-chien-et-chat\/","title":{"rendered":"Collerette \u00e0 pression &#8211; chien, chat"},"content":{"rendered":"<div class=\"hidden\">\n<p>Le collier carcan Kong \u00e0 pression pour chiens et chats est un c\u00f4ne que l&#8217;on place autour du cou de votre compagnon<strong> pour \u00e9viter qu&#8217;il se l\u00e8che ou se gratte<\/strong> une plaie sur le corps.<\/p>\n<p>Doux et pliable, il comprend une <strong>rembourrage au niveau du cou<\/strong> avec des boutons-pression.<\/p>\n<p><strong>Demandez conseil \u00e0 votre v\u00e9t\u00e9rinaire. Lire attentivement la notice du produit.<\/strong><\/p>\n<\/div>\n","protected":false},"excerpt":{"rendered":"<p>Le collier carcan Kong \u00e0 pression pour chiens et chats est un c\u00f4ne que l&#8217;on place autour du cou de votre compagnon<strong> pour \u00e9viter qu&#8217;il se l\u00e8che ou se gratte<\/strong> une plaie sur le corps.<\/p>\n<p>Doux et pliable, il comprend une <strong>rembourrage au niveau du cou<\/strong> avec des boutons-pression.<\/p>\n<p><strong>Demandez conseil \u00e0 votre v\u00e9t\u00e9rinaire. Lire attentivement la notice du produit.<\/strong><\/p>\n","protected":false},"featured_media":77693,"template":"","meta":[],"product_cat":[12548,2697,2698,12561,12631],"product_tag":[],"class_list":{"0":"post-349490","1":"product","2":"type-product","3":"status-publish","4":"has-post-thumbnail","6":"product_cat-accessoire-du-chat","7":"product_cat-chat","8":"product_cat-chien","9":"product_cat-hygiene-du-chien","10":"product_cat-sortie-du-chat","11":"pa_marque-kong","13":"first","14":"instock","15":"taxable","16":"shipping-taxable","17":"purchasable","18":"product-type-variable"},"yoast_head":"<!-- This site is optimized with the Yoast SEO plugin v26.7 - https:\/\/yoast.com\/wordpress\/plugins\/seo\/ -->\n<title>Collerette \u00e0 pression - chien, chat Kong - V\u00e9torino<\/title>\n<meta name=\"description\" content=\"Le collier carcan Kong \u00e0 pression pour chiens et chats est un c\u00f4ne que l&#039;on place autour du cou de votre compagnon pour \u00e9viter qu&#039;il se l\u00e8che ou se gratte une plaie sur le corps.  Doux et pliable, il comprend une rembourrage au niveau du cou avec des boutons-pression.  Demandez conseil \u00e0 votre v\u00e9t\u00e9rinaire. Lire attentivement la notice du produit.\" \/>\n<meta name=\"robots\" content=\"noindex, nofollow\" \/>\n<meta property=\"og:locale\" content=\"fr_FR\" \/>\n<meta property=\"og:type\" content=\"article\" \/>\n<meta property=\"og:title\" content=\"Collerette \u00e0 pression - chien, chat Kong - V\u00e9torino\" \/>\n<meta property=\"og:description\" content=\"Le collier carcan Kong \u00e0 pression pour chiens et chats est un c\u00f4ne que l&#039;on place autour du cou de votre compagnon pour \u00e9viter qu&#039;il se l\u00e8che ou se gratte une plaie sur le corps.  Doux et pliable, il comprend une rembourrage au niveau du cou avec des boutons-pression.  Demandez conseil \u00e0 votre v\u00e9t\u00e9rinaire. Lire attentivement la notice du produit.\" \/>\n<meta property=\"og:url\" content=\"https:\/\/www.vetorino.com\/veterinaire\/chalus-87230\/boutique\/product\/collerette-a-pression-pour-chien-et-chat\/\" \/>\n<meta property=\"og:site_name\" content=\"V\u00e9torino\" \/>\n<meta property=\"article:publisher\" content=\"https:\/\/www.facebook.com\/Vetorino\/\" \/>\n<meta property=\"article:modified_time\" content=\"2025-10-09T08:25:06+00:00\" \/>\n<meta property=\"og:image\" content=\"https:\/\/www.vetorino.com\/boutique\/wp-content\/uploads\/2020\/03\/collier-carcan-chien-chat-kong-a-pression-38-46-cm-12.jpg\" \/>\n\t<meta property=\"og:image:width\" content=\"800\" \/>\n\t<meta property=\"og:image:height\" content=\"800\" \/>\n\t<meta property=\"og:image:type\" content=\"image\/jpeg\" \/>\n<meta name=\"twitter:card\" content=\"summary_large_image\" \/>\n<meta name=\"twitter:label1\" content=\"Disponibilit\u00e9\" \/>\n\t<meta name=\"twitter:data1\" content=\"En stock\" \/>\n<script type=\"application\/ld+json\" class=\"yoast-schema-graph\">{\"@context\":\"https:\/\/schema.org\",\"@graph\":[{\"@type\":\"WebPage\",\"@id\":\"https:\/\/www.vetorino.com\/boutique\/product\/collerette-a-pression-pour-chien-et-chat\/\",\"url\":\"https:\/\/www.vetorino.com\/boutique\/product\/collerette-a-pression-pour-chien-et-chat\/\",\"name\":\"Collerette \u00e0 pression - chien, chat Kong - V\u00e9torino\",\"isPartOf\":{\"@id\":\"https:\/\/www.vetorino.com\/boutique\/#website\"},\"primaryImageOfPage\":{\"@id\":\"https:\/\/www.vetorino.com\/boutique\/product\/collerette-a-pression-pour-chien-et-chat\/#primaryimage\"},\"image\":{\"@id\":\"https:\/\/www.vetorino.com\/boutique\/product\/collerette-a-pression-pour-chien-et-chat\/#primaryimage\"},\"thumbnailUrl\":\"https:\/\/www.vetorino.com\/boutique\/wp-content\/uploads\/2020\/03\/collier-carcan-chien-chat-kong-a-pression-38-46-cm-12.jpg\",\"datePublished\":\"2022-07-20T00:14:08+00:00\",\"dateModified\":\"2025-10-09T08:25:06+00:00\",\"description\":\"Le collier carcan Kong \u00e0 pression pour chiens et chats est un c\u00f4ne que l'on place autour du cou de votre compagnon pour \u00e9viter qu'il se l\u00e8che ou se gratte une plaie sur le corps. Doux et pliable, il comprend une rembourrage au niveau du cou avec des boutons-pression. Demandez conseil \u00e0 votre v\u00e9t\u00e9rinaire. Lire attentivement la notice du produit.\",\"breadcrumb\":{\"@id\":\"https:\/\/www.vetorino.com\/boutique\/product\/collerette-a-pression-pour-chien-et-chat\/#breadcrumb\"},\"inLanguage\":\"fr-FR\",\"potentialAction\":[{\"@type\":\"ReadAction\",\"target\":[\"https:\/\/www.vetorino.com\/boutique\/product\/collerette-a-pression-pour-chien-et-chat\/\"]}]},{\"@type\":\"ImageObject\",\"inLanguage\":\"fr-FR\",\"@id\":\"https:\/\/www.vetorino.com\/boutique\/product\/collerette-a-pression-pour-chien-et-chat\/#primaryimage\",\"url\":\"https:\/\/www.vetorino.com\/boutique\/wp-content\/uploads\/2020\/03\/collier-carcan-chien-chat-kong-a-pression-38-46-cm-12.jpg\",\"contentUrl\":\"https:\/\/www.vetorino.com\/boutique\/wp-content\/uploads\/2020\/03\/collier-carcan-chien-chat-kong-a-pression-38-46-cm-12.jpg\",\"width\":800,\"height\":800},{\"@type\":\"BreadcrumbList\",\"@id\":\"https:\/\/www.vetorino.com\/boutique\/product\/collerette-a-pression-pour-chien-et-chat\/#breadcrumb\",\"itemListElement\":[{\"@type\":\"ListItem\",\"position\":1,\"name\":\"Accueil\",\"item\":\"https:\/\/www.vetorino.com\/boutique\/\"},{\"@type\":\"ListItem\",\"position\":2,\"name\":\"Produits\",\"item\":\"https:\/\/www.vetorino.com\/boutique\/\"},{\"@type\":\"ListItem\",\"position\":3,\"name\":\"Collerette \u00e0 pression &#8211; chien, chat\"}]},{\"@type\":\"WebSite\",\"@id\":\"https:\/\/www.vetorino.com\/boutique\/#website\",\"url\":\"https:\/\/www.vetorino.com\/boutique\/\",\"name\":\"V\u00e9torino\",\"description\":\"\",\"publisher\":{\"@id\":\"https:\/\/www.vetorino.com\/boutique\/#organization\"},\"potentialAction\":[{\"@type\":\"SearchAction\",\"target\":{\"@type\":\"EntryPoint\",\"urlTemplate\":\"https:\/\/www.vetorino.com\/boutique\/?s={search_term_string}\"},\"query-input\":{\"@type\":\"PropertyValueSpecification\",\"valueRequired\":true,\"valueName\":\"search_term_string\"}}],\"inLanguage\":\"fr-FR\"},{\"@type\":\"Organization\",\"@id\":\"https:\/\/www.vetorino.com\/boutique\/#organization\",\"name\":\"V\u00e9torino\",\"url\":\"https:\/\/www.vetorino.com\/boutique\/\",\"logo\":{\"@type\":\"ImageObject\",\"inLanguage\":\"fr-FR\",\"@id\":\"https:\/\/www.vetorino.com\/boutique\/#\/schema\/logo\/image\/\",\"url\":\"https:\/\/www.vetorino.com\/boutique\/wp-content\/uploads\/2024\/10\/logo.jpg\",\"contentUrl\":\"https:\/\/www.vetorino.com\/boutique\/wp-content\/uploads\/2024\/10\/logo.jpg\",\"width\":1200,\"height\":610,\"caption\":\"V\u00e9torino\"},\"image\":{\"@id\":\"https:\/\/www.vetorino.com\/boutique\/#\/schema\/logo\/image\/\"},\"sameAs\":[\"https:\/\/www.facebook.com\/Vetorino\/\",\"https:\/\/www.instagram.com\/vetorino_off\/\",\"https:\/\/www.linkedin.com\/company\/vtorino\/\"]}]}<\/script>\n<meta property=\"product:brand\" content=\"Kong\" \/>\n<meta property=\"og:availability\" content=\"instock\" \/>\n<meta property=\"product:availability\" content=\"instock\" \/>\n<meta property=\"product:condition\" content=\"new\" \/>\n<!-- \/ Yoast SEO plugin. -->","yoast_head_json":{"title":"Collerette \u00e0 pression - chien, chat Kong - V\u00e9torino","description":"Le collier carcan Kong \u00e0 pression pour chiens et chats est un c\u00f4ne que l'on place autour du cou de votre compagnon pour \u00e9viter qu'il se l\u00e8che ou se gratte une plaie sur le corps.  Doux et pliable, il comprend une rembourrage au niveau du cou avec des boutons-pression.  Demandez conseil \u00e0 votre v\u00e9t\u00e9rinaire. Lire attentivement la notice du produit.","robots":{"index":"noindex","follow":"nofollow"},"og_locale":"fr_FR","og_type":"article","og_title":"Collerette \u00e0 pression - chien, chat Kong - V\u00e9torino","og_description":"Le collier carcan Kong \u00e0 pression pour chiens et chats est un c\u00f4ne que l'on place autour du cou de votre compagnon pour \u00e9viter qu'il se l\u00e8che ou se gratte une plaie sur le corps.  Doux et pliable, il comprend une rembourrage au niveau du cou avec des boutons-pression.  Demandez conseil \u00e0 votre v\u00e9t\u00e9rinaire. Lire attentivement la notice du produit.","og_url":"https:\/\/www.vetorino.com\/veterinaire\/chalus-87230\/boutique\/product\/collerette-a-pression-pour-chien-et-chat\/","og_site_name":"V\u00e9torino","article_publisher":"https:\/\/www.facebook.com\/Vetorino\/","article_modified_time":"2025-10-09T08:25:06+00:00","og_image":[{"width":800,"height":800,"url":"https:\/\/www.vetorino.com\/boutique\/wp-content\/uploads\/2020\/03\/collier-carcan-chien-chat-kong-a-pression-38-46-cm-12.jpg","type":"image\/jpeg"}],"twitter_card":"summary_large_image","twitter_misc":{"Disponibilit\u00e9":"En stock"},"schema":{"@context":"https:\/\/schema.org","@graph":[{"@type":"WebPage","@id":"https:\/\/www.vetorino.com\/boutique\/product\/collerette-a-pression-pour-chien-et-chat\/","url":"https:\/\/www.vetorino.com\/boutique\/product\/collerette-a-pression-pour-chien-et-chat\/","name":"Collerette \u00e0 pression - chien, chat Kong - V\u00e9torino","isPartOf":{"@id":"https:\/\/www.vetorino.com\/boutique\/#website"},"primaryImageOfPage":{"@id":"https:\/\/www.vetorino.com\/boutique\/product\/collerette-a-pression-pour-chien-et-chat\/#primaryimage"},"image":{"@id":"https:\/\/www.vetorino.com\/boutique\/product\/collerette-a-pression-pour-chien-et-chat\/#primaryimage"},"thumbnailUrl":"https:\/\/www.vetorino.com\/boutique\/wp-content\/uploads\/2020\/03\/collier-carcan-chien-chat-kong-a-pression-38-46-cm-12.jpg","datePublished":"2022-07-20T00:14:08+00:00","dateModified":"2025-10-09T08:25:06+00:00","description":"Le collier carcan Kong \u00e0 pression pour chiens et chats est un c\u00f4ne que l'on place autour du cou de votre compagnon pour \u00e9viter qu'il se l\u00e8che ou se gratte une plaie sur le corps. Doux et pliable, il comprend une rembourrage au niveau du cou avec des boutons-pression. Demandez conseil \u00e0 votre v\u00e9t\u00e9rinaire. Lire attentivement la notice du produit.","breadcrumb":{"@id":"https:\/\/www.vetorino.com\/boutique\/product\/collerette-a-pression-pour-chien-et-chat\/#breadcrumb"},"inLanguage":"fr-FR","potentialAction":[{"@type":"ReadAction","target":["https:\/\/www.vetorino.com\/boutique\/product\/collerette-a-pression-pour-chien-et-chat\/"]}]},{"@type":"ImageObject","inLanguage":"fr-FR","@id":"https:\/\/www.vetorino.com\/boutique\/product\/collerette-a-pression-pour-chien-et-chat\/#primaryimage","url":"https:\/\/www.vetorino.com\/boutique\/wp-content\/uploads\/2020\/03\/collier-carcan-chien-chat-kong-a-pression-38-46-cm-12.jpg","contentUrl":"https:\/\/www.vetorino.com\/boutique\/wp-content\/uploads\/2020\/03\/collier-carcan-chien-chat-kong-a-pression-38-46-cm-12.jpg","width":800,"height":800},{"@type":"BreadcrumbList","@id":"https:\/\/www.vetorino.com\/boutique\/product\/collerette-a-pression-pour-chien-et-chat\/#breadcrumb","itemListElement":[{"@type":"ListItem","position":1,"name":"Accueil","item":"https:\/\/www.vetorino.com\/boutique\/"},{"@type":"ListItem","position":2,"name":"Produits","item":"https:\/\/www.vetorino.com\/boutique\/"},{"@type":"ListItem","position":3,"name":"Collerette \u00e0 pression &#8211; chien, chat"}]},{"@type":"WebSite","@id":"https:\/\/www.vetorino.com\/boutique\/#website","url":"https:\/\/www.vetorino.com\/boutique\/","name":"V\u00e9torino","description":"","publisher":{"@id":"https:\/\/www.vetorino.com\/boutique\/#organization"},"potentialAction":[{"@type":"SearchAction","target":{"@type":"EntryPoint","urlTemplate":"https:\/\/www.vetorino.com\/boutique\/?s={search_term_string}"},"query-input":{"@type":"PropertyValueSpecification","valueRequired":true,"valueName":"search_term_string"}}],"inLanguage":"fr-FR"},{"@type":"Organization","@id":"https:\/\/www.vetorino.com\/boutique\/#organization","name":"V\u00e9torino","url":"https:\/\/www.vetorino.com\/boutique\/","logo":{"@type":"ImageObject","inLanguage":"fr-FR","@id":"https:\/\/www.vetorino.com\/boutique\/#\/schema\/logo\/image\/","url":"https:\/\/www.vetorino.com\/boutique\/wp-content\/uploads\/2024\/10\/logo.jpg","contentUrl":"https:\/\/www.vetorino.com\/boutique\/wp-content\/uploads\/2024\/10\/logo.jpg","width":1200,"height":610,"caption":"V\u00e9torino"},"image":{"@id":"https:\/\/www.vetorino.com\/boutique\/#\/schema\/logo\/image\/"},"sameAs":["https:\/\/www.facebook.com\/Vetorino\/","https:\/\/www.instagram.com\/vetorino_off\/","https:\/\/www.linkedin.com\/company\/vtorino\/"]}]},"product_brand":"Kong","og_availability":"instock","product_availability":"instock","product_condition":"new"},"_links":{"self":[{"href":"https:\/\/www.vetorino.com\/veterinaire\/chalus-87230\/boutique\/wp-json\/wp\/v2\/product\/349490","targetHints":{"allow":["GET"]}}],"collection":[{"href":"https:\/\/www.vetorino.com\/veterinaire\/chalus-87230\/boutique\/wp-json\/wp\/v2\/product"}],"about":[{"href":"https:\/\/www.vetorino.com\/veterinaire\/chalus-87230\/boutique\/wp-json\/wp\/v2\/types\/product"}],"wp:featuredmedia":[{"embeddable":true,"href":"https:\/\/www.vetorino.com\/veterinaire\/chalus-87230\/boutique\/wp-json\/wp\/v2\/media\/77693"}],"wp:attachment":[{"href":"https:\/\/www.vetorino.com\/veterinaire\/chalus-87230\/boutique\/wp-json\/wp\/v2\/media?parent=349490"}],"wp:term":[{"taxonomy":"product_cat","embeddable":true,"href":"https:\/\/www.vetorino.com\/veterinaire\/chalus-87230\/boutique\/wp-json\/wp\/v2\/product_cat?post=349490"},{"taxonomy":"product_tag","embeddable":true,"href":"https:\/\/www.vetorino.com\/veterinaire\/chalus-87230\/boutique\/wp-json\/wp\/v2\/product_tag?post=349490"}],"curies":[{"name":"wp","href":"https:\/\/api.w.org\/{rel}","templated":true}]}}