{"id":510949,"date":"2022-11-22T14:24:26","date_gmt":"2022-11-22T13:24:26","guid":{"rendered":"https:\/\/www.vetorino.com\/boutique\/?post_type=product&#038;p=510949"},"modified":"2023-04-15T04:21:36","modified_gmt":"2023-04-15T02:21:36","slug":"couverture-de-voyage-samoa-classic","status":"publish","type":"product","link":"https:\/\/www.vetorino.com\/veterinaire\/chalus-87230\/boutique\/product\/couverture-de-voyage-samoa-classic\/","title":{"rendered":"Couverture de voyage Samoa Classic"},"content":{"rendered":"<p>La\u00a0<strong>couverture de voyage Samoa Classic<\/strong>\u00a0sera id\u00e9ale lors de vos d\u00e9placements avec votre chien. Ses\u00a0<strong>bandes auto-agrippantes<\/strong>\u00a0ainsi que sa\u00a0<strong>poign\u00e9e int\u00e9gr\u00e9e<\/strong>\u00a0vous aideront \u00e0 la transporter sans aucune difficult\u00e9 et d\u00e9tient \u00e9galement un\u00a0<strong>rembourrage en polyester de 3 cm<\/strong>\u00a0pour garantir le\u00a0<strong>confort de couchage<\/strong>\u00a0de votre animal.<\/p>\n<p>Cette couverture sera un parfait couchage d&#8217;appoint pour votre toutou et vous accompagnera partout o\u00f9 vous irez, elle est munie d&#8217;une housse int\u00e9rieure s\u00e9par\u00e9e avec fermeture \u00e9clair qui\u00a0<strong>vous permettra d&#8217;y ajouter un tapis rafra\u00eechissant non fourni<\/strong>\u00a0pour le confort de votre chien lors des chaudes journ\u00e9es d&#8217;\u00e9t\u00e9. Quel que soit son emplacement, cette\u00a0<strong>couverture douillette<\/strong>\u00a0offrira \u00e0 votre animal un moment de d\u00e9tente bien m\u00e9rit\u00e9 !<\/p>\n<p><strong>Avantages :<\/strong><\/p>\n<ul>\n<li>Couverture r\u00e9sistante et douce en polyester<\/li>\n<li>Confortable pour l&#8217;animal<\/li>\n<li>Couverture munie d&#8217;une poign\u00e9e<\/li>\n<li>Se transporte facilement gr\u00e2ce aux bandes auto-agrippantes<\/li>\n<li>Gain de place<\/li>\n<li>Possibilit\u00e9 d&#8217;ins\u00e9rer un tapis rafra\u00eechissant<\/li>\n<li>Lavage en machine \u00e0 laver \u00e0 40\u00b0C<\/li>\n<\/ul>\n<p><strong>Coloris :<\/strong>\u00a0bleu glac\u00e9\/gris.<br \/>\n<strong>Dimensions :<\/strong>\u00a0120 x 80 cm.<\/p>\n","protected":false},"excerpt":{"rendered":"<div class=\"product-info-short-description\">\n<div class=\"product attribute overview\">\n<p><strong>La couverture de voyage Samoa Classic de Trixie<\/strong> est un indispensable pour votre chien lors de vos d\u00e9placements. Facile \u00e0 transporter et peu encombrante gr\u00e2ce \u00e0 ses bandes auto-aggripantes, cette couverture sera un couchage d&#8217;appoint confortable pour votre compagnon.<\/p>\n<p><strong style=\"font-size: 16px;\">Dimensions : \u00a0120 x 80 cm.<\/strong><\/p>\n<\/div>\n<\/div>\n","protected":false},"featured_media":591822,"template":"","meta":[],"product_cat":[12548,12550,2749,2776,2697,2698,12595,12596,2744],"product_tag":[],"class_list":{"0":"post-510949","1":"product","2":"type-product","3":"status-publish","4":"has-post-thumbnail","6":"product_cat-accessoire-du-chat","7":"product_cat-accessoires-du-chien","8":"product_cat-cages-transport-pour-chat","9":"product_cat-cages-et-transport-pour-chien","10":"product_cat-chat","11":"product_cat-chien","12":"product_cat-confort-du-chat","13":"product_cat-confort-du-chien","14":"product_cat-furet","15":"pa_marque-trixie","17":"first","18":"instock","19":"taxable","20":"shipping-taxable","21":"purchasable","22":"product-type-simple"},"yoast_head":"<!-- This site is optimized with the Yoast SEO plugin v26.7 - https:\/\/yoast.com\/wordpress\/plugins\/seo\/ -->\n<title>Couverture de voyage Samoa Classic Trixie - V\u00e9torino<\/title>\n<meta name=\"description\" content=\"La couverture de voyage Samoa Classic de Trixie est un indispensable pour votre chien lors de vos d\u00e9placements. Facile \u00e0 transporter et peu encombrante gr\u00e2ce \u00e0 ses bandes auto-aggripantes, cette couverture sera un couchage d&#039;appoint confortable pour votre compagnon.  Dimensions : \u00a0120 x 80 cm.\" \/>\n<meta name=\"robots\" content=\"noindex, nofollow\" \/>\n<meta property=\"og:locale\" content=\"fr_FR\" \/>\n<meta property=\"og:type\" content=\"article\" \/>\n<meta property=\"og:title\" content=\"Couverture de voyage Samoa Classic Trixie - V\u00e9torino\" \/>\n<meta property=\"og:description\" content=\"La couverture de voyage Samoa Classic de Trixie est un indispensable pour votre chien lors de vos d\u00e9placements. Facile \u00e0 transporter et peu encombrante gr\u00e2ce \u00e0 ses bandes auto-aggripantes, cette couverture sera un couchage d&#039;appoint confortable pour votre compagnon.  Dimensions : \u00a0120 x 80 cm.\" \/>\n<meta property=\"og:url\" content=\"https:\/\/www.vetorino.com\/veterinaire\/chalus-87230\/boutique\/product\/couverture-de-voyage-samoa-classic\/\" \/>\n<meta property=\"og:site_name\" content=\"V\u00e9torino\" \/>\n<meta property=\"article:publisher\" content=\"https:\/\/www.facebook.com\/Vetorino\/\" \/>\n<meta property=\"article:modified_time\" content=\"2023-04-15T02:21:36+00:00\" \/>\n<meta property=\"og:image\" content=\"https:\/\/www.vetorino.com\/boutique\/wp-content\/uploads\/2022\/11\/originals-PHO-PRO-DOG-CLIP-PHO_PRO_DOG_CLIP_28265-28266-1_SALL_AWK_V1.jpg\" \/>\n\t<meta property=\"og:image:width\" content=\"640\" \/>\n\t<meta property=\"og:image:height\" content=\"640\" \/>\n\t<meta property=\"og:image:type\" content=\"image\/jpeg\" \/>\n<meta name=\"twitter:card\" content=\"summary_large_image\" \/>\n<meta name=\"twitter:label1\" content=\"Prix\" \/>\n\t<meta name=\"twitter:data1\" content=\"33,44&euro;\" \/>\n\t<meta name=\"twitter:label2\" content=\"Disponibilit\u00e9\" \/>\n\t<meta name=\"twitter:data2\" content=\"En stock\" \/>\n<script type=\"application\/ld+json\" class=\"yoast-schema-graph\">{\"@context\":\"https:\/\/schema.org\",\"@graph\":[{\"@type\":\"WebPage\",\"@id\":\"https:\/\/www.vetorino.com\/boutique\/product\/couverture-de-voyage-samoa-classic\/\",\"url\":\"https:\/\/www.vetorino.com\/boutique\/product\/couverture-de-voyage-samoa-classic\/\",\"name\":\"Couverture de voyage Samoa Classic Trixie - V\u00e9torino\",\"isPartOf\":{\"@id\":\"https:\/\/www.vetorino.com\/boutique\/#website\"},\"primaryImageOfPage\":{\"@id\":\"https:\/\/www.vetorino.com\/boutique\/product\/couverture-de-voyage-samoa-classic\/#primaryimage\"},\"image\":{\"@id\":\"https:\/\/www.vetorino.com\/boutique\/product\/couverture-de-voyage-samoa-classic\/#primaryimage\"},\"thumbnailUrl\":\"https:\/\/www.vetorino.com\/boutique\/wp-content\/uploads\/2022\/11\/originals-PHO-PRO-DOG-CLIP-PHO_PRO_DOG_CLIP_28265-28266-1_SALL_AWK_V1.jpg\",\"datePublished\":\"2022-11-22T13:24:26+00:00\",\"dateModified\":\"2023-04-15T02:21:36+00:00\",\"description\":\"La couverture de voyage Samoa Classic de Trixie est un indispensable pour votre chien lors de vos d\u00e9placements. Facile \u00e0 transporter et peu encombrante gr\u00e2ce \u00e0 ses bandes auto-aggripantes, cette couverture sera un couchage d'appoint confortable pour votre compagnon. Dimensions : \u00a0120 x 80 cm.\",\"breadcrumb\":{\"@id\":\"https:\/\/www.vetorino.com\/boutique\/product\/couverture-de-voyage-samoa-classic\/#breadcrumb\"},\"inLanguage\":\"fr-FR\",\"potentialAction\":[{\"@type\":\"ReadAction\",\"target\":[\"https:\/\/www.vetorino.com\/boutique\/product\/couverture-de-voyage-samoa-classic\/\"]}]},{\"@type\":\"ImageObject\",\"inLanguage\":\"fr-FR\",\"@id\":\"https:\/\/www.vetorino.com\/boutique\/product\/couverture-de-voyage-samoa-classic\/#primaryimage\",\"url\":\"https:\/\/www.vetorino.com\/boutique\/wp-content\/uploads\/2022\/11\/originals-PHO-PRO-DOG-CLIP-PHO_PRO_DOG_CLIP_28265-28266-1_SALL_AWK_V1.jpg\",\"contentUrl\":\"https:\/\/www.vetorino.com\/boutique\/wp-content\/uploads\/2022\/11\/originals-PHO-PRO-DOG-CLIP-PHO_PRO_DOG_CLIP_28265-28266-1_SALL_AWK_V1.jpg\",\"width\":640,\"height\":640},{\"@type\":\"BreadcrumbList\",\"@id\":\"https:\/\/www.vetorino.com\/boutique\/product\/couverture-de-voyage-samoa-classic\/#breadcrumb\",\"itemListElement\":[{\"@type\":\"ListItem\",\"position\":1,\"name\":\"Accueil\",\"item\":\"https:\/\/www.vetorino.com\/boutique\/\"},{\"@type\":\"ListItem\",\"position\":2,\"name\":\"Produits\",\"item\":\"https:\/\/www.vetorino.com\/boutique\/\"},{\"@type\":\"ListItem\",\"position\":3,\"name\":\"Couverture de voyage Samoa Classic\"}]},{\"@type\":\"WebSite\",\"@id\":\"https:\/\/www.vetorino.com\/boutique\/#website\",\"url\":\"https:\/\/www.vetorino.com\/boutique\/\",\"name\":\"V\u00e9torino\",\"description\":\"\",\"publisher\":{\"@id\":\"https:\/\/www.vetorino.com\/boutique\/#organization\"},\"potentialAction\":[{\"@type\":\"SearchAction\",\"target\":{\"@type\":\"EntryPoint\",\"urlTemplate\":\"https:\/\/www.vetorino.com\/boutique\/?s={search_term_string}\"},\"query-input\":{\"@type\":\"PropertyValueSpecification\",\"valueRequired\":true,\"valueName\":\"search_term_string\"}}],\"inLanguage\":\"fr-FR\"},{\"@type\":\"Organization\",\"@id\":\"https:\/\/www.vetorino.com\/boutique\/#organization\",\"name\":\"V\u00e9torino\",\"url\":\"https:\/\/www.vetorino.com\/boutique\/\",\"logo\":{\"@type\":\"ImageObject\",\"inLanguage\":\"fr-FR\",\"@id\":\"https:\/\/www.vetorino.com\/boutique\/#\/schema\/logo\/image\/\",\"url\":\"https:\/\/www.vetorino.com\/boutique\/wp-content\/uploads\/2024\/10\/logo.jpg\",\"contentUrl\":\"https:\/\/www.vetorino.com\/boutique\/wp-content\/uploads\/2024\/10\/logo.jpg\",\"width\":1200,\"height\":610,\"caption\":\"V\u00e9torino\"},\"image\":{\"@id\":\"https:\/\/www.vetorino.com\/boutique\/#\/schema\/logo\/image\/\"},\"sameAs\":[\"https:\/\/www.facebook.com\/Vetorino\/\",\"https:\/\/www.instagram.com\/vetorino_off\/\",\"https:\/\/www.linkedin.com\/company\/vtorino\/\"]}]}<\/script>\n<meta property=\"product:brand\" content=\"Trixie\" \/>\n<meta property=\"product:price:amount\" content=\"33.44\" \/>\n<meta property=\"product:price:currency\" content=\"EUR\" \/>\n<meta property=\"og:availability\" content=\"instock\" \/>\n<meta property=\"product:availability\" content=\"instock\" \/>\n<meta property=\"product:retailer_item_id\" content=\"O-806844\" \/>\n<meta property=\"product:condition\" content=\"new\" \/>\n<!-- \/ Yoast SEO plugin. -->","yoast_head_json":{"title":"Couverture de voyage Samoa Classic Trixie - V\u00e9torino","description":"La couverture de voyage Samoa Classic de Trixie est un indispensable pour votre chien lors de vos d\u00e9placements. Facile \u00e0 transporter et peu encombrante gr\u00e2ce \u00e0 ses bandes auto-aggripantes, cette couverture sera un couchage d'appoint confortable pour votre compagnon.  Dimensions : \u00a0120 x 80 cm.","robots":{"index":"noindex","follow":"nofollow"},"og_locale":"fr_FR","og_type":"article","og_title":"Couverture de voyage Samoa Classic Trixie - V\u00e9torino","og_description":"La couverture de voyage Samoa Classic de Trixie est un indispensable pour votre chien lors de vos d\u00e9placements. Facile \u00e0 transporter et peu encombrante gr\u00e2ce \u00e0 ses bandes auto-aggripantes, cette couverture sera un couchage d'appoint confortable pour votre compagnon.  Dimensions : \u00a0120 x 80 cm.","og_url":"https:\/\/www.vetorino.com\/veterinaire\/chalus-87230\/boutique\/product\/couverture-de-voyage-samoa-classic\/","og_site_name":"V\u00e9torino","article_publisher":"https:\/\/www.facebook.com\/Vetorino\/","article_modified_time":"2023-04-15T02:21:36+00:00","og_image":[{"width":640,"height":640,"url":"https:\/\/www.vetorino.com\/boutique\/wp-content\/uploads\/2022\/11\/originals-PHO-PRO-DOG-CLIP-PHO_PRO_DOG_CLIP_28265-28266-1_SALL_AWK_V1.jpg","type":"image\/jpeg"}],"twitter_card":"summary_large_image","twitter_misc":{"Prix":"33,44&euro;","Disponibilit\u00e9":"En stock"},"schema":{"@context":"https:\/\/schema.org","@graph":[{"@type":"WebPage","@id":"https:\/\/www.vetorino.com\/boutique\/product\/couverture-de-voyage-samoa-classic\/","url":"https:\/\/www.vetorino.com\/boutique\/product\/couverture-de-voyage-samoa-classic\/","name":"Couverture de voyage Samoa Classic Trixie - V\u00e9torino","isPartOf":{"@id":"https:\/\/www.vetorino.com\/boutique\/#website"},"primaryImageOfPage":{"@id":"https:\/\/www.vetorino.com\/boutique\/product\/couverture-de-voyage-samoa-classic\/#primaryimage"},"image":{"@id":"https:\/\/www.vetorino.com\/boutique\/product\/couverture-de-voyage-samoa-classic\/#primaryimage"},"thumbnailUrl":"https:\/\/www.vetorino.com\/boutique\/wp-content\/uploads\/2022\/11\/originals-PHO-PRO-DOG-CLIP-PHO_PRO_DOG_CLIP_28265-28266-1_SALL_AWK_V1.jpg","datePublished":"2022-11-22T13:24:26+00:00","dateModified":"2023-04-15T02:21:36+00:00","description":"La couverture de voyage Samoa Classic de Trixie est un indispensable pour votre chien lors de vos d\u00e9placements. Facile \u00e0 transporter et peu encombrante gr\u00e2ce \u00e0 ses bandes auto-aggripantes, cette couverture sera un couchage d'appoint confortable pour votre compagnon. Dimensions : \u00a0120 x 80 cm.","breadcrumb":{"@id":"https:\/\/www.vetorino.com\/boutique\/product\/couverture-de-voyage-samoa-classic\/#breadcrumb"},"inLanguage":"fr-FR","potentialAction":[{"@type":"ReadAction","target":["https:\/\/www.vetorino.com\/boutique\/product\/couverture-de-voyage-samoa-classic\/"]}]},{"@type":"ImageObject","inLanguage":"fr-FR","@id":"https:\/\/www.vetorino.com\/boutique\/product\/couverture-de-voyage-samoa-classic\/#primaryimage","url":"https:\/\/www.vetorino.com\/boutique\/wp-content\/uploads\/2022\/11\/originals-PHO-PRO-DOG-CLIP-PHO_PRO_DOG_CLIP_28265-28266-1_SALL_AWK_V1.jpg","contentUrl":"https:\/\/www.vetorino.com\/boutique\/wp-content\/uploads\/2022\/11\/originals-PHO-PRO-DOG-CLIP-PHO_PRO_DOG_CLIP_28265-28266-1_SALL_AWK_V1.jpg","width":640,"height":640},{"@type":"BreadcrumbList","@id":"https:\/\/www.vetorino.com\/boutique\/product\/couverture-de-voyage-samoa-classic\/#breadcrumb","itemListElement":[{"@type":"ListItem","position":1,"name":"Accueil","item":"https:\/\/www.vetorino.com\/boutique\/"},{"@type":"ListItem","position":2,"name":"Produits","item":"https:\/\/www.vetorino.com\/boutique\/"},{"@type":"ListItem","position":3,"name":"Couverture de voyage Samoa Classic"}]},{"@type":"WebSite","@id":"https:\/\/www.vetorino.com\/boutique\/#website","url":"https:\/\/www.vetorino.com\/boutique\/","name":"V\u00e9torino","description":"","publisher":{"@id":"https:\/\/www.vetorino.com\/boutique\/#organization"},"potentialAction":[{"@type":"SearchAction","target":{"@type":"EntryPoint","urlTemplate":"https:\/\/www.vetorino.com\/boutique\/?s={search_term_string}"},"query-input":{"@type":"PropertyValueSpecification","valueRequired":true,"valueName":"search_term_string"}}],"inLanguage":"fr-FR"},{"@type":"Organization","@id":"https:\/\/www.vetorino.com\/boutique\/#organization","name":"V\u00e9torino","url":"https:\/\/www.vetorino.com\/boutique\/","logo":{"@type":"ImageObject","inLanguage":"fr-FR","@id":"https:\/\/www.vetorino.com\/boutique\/#\/schema\/logo\/image\/","url":"https:\/\/www.vetorino.com\/boutique\/wp-content\/uploads\/2024\/10\/logo.jpg","contentUrl":"https:\/\/www.vetorino.com\/boutique\/wp-content\/uploads\/2024\/10\/logo.jpg","width":1200,"height":610,"caption":"V\u00e9torino"},"image":{"@id":"https:\/\/www.vetorino.com\/boutique\/#\/schema\/logo\/image\/"},"sameAs":["https:\/\/www.facebook.com\/Vetorino\/","https:\/\/www.instagram.com\/vetorino_off\/","https:\/\/www.linkedin.com\/company\/vtorino\/"]}]},"product_brand":"Trixie","product_price_amount":"33.44","product_price_currency":"EUR","og_availability":"instock","product_availability":"instock","product_retailer_item_id":"O-806844","product_condition":"new"},"_links":{"self":[{"href":"https:\/\/www.vetorino.com\/veterinaire\/chalus-87230\/boutique\/wp-json\/wp\/v2\/product\/510949","targetHints":{"allow":["GET"]}}],"collection":[{"href":"https:\/\/www.vetorino.com\/veterinaire\/chalus-87230\/boutique\/wp-json\/wp\/v2\/product"}],"about":[{"href":"https:\/\/www.vetorino.com\/veterinaire\/chalus-87230\/boutique\/wp-json\/wp\/v2\/types\/product"}],"wp:featuredmedia":[{"embeddable":true,"href":"https:\/\/www.vetorino.com\/veterinaire\/chalus-87230\/boutique\/wp-json\/wp\/v2\/media\/591822"}],"wp:attachment":[{"href":"https:\/\/www.vetorino.com\/veterinaire\/chalus-87230\/boutique\/wp-json\/wp\/v2\/media?parent=510949"}],"wp:term":[{"taxonomy":"product_cat","embeddable":true,"href":"https:\/\/www.vetorino.com\/veterinaire\/chalus-87230\/boutique\/wp-json\/wp\/v2\/product_cat?post=510949"},{"taxonomy":"product_tag","embeddable":true,"href":"https:\/\/www.vetorino.com\/veterinaire\/chalus-87230\/boutique\/wp-json\/wp\/v2\/product_tag?post=510949"}],"curies":[{"name":"wp","href":"https:\/\/api.w.org\/{rel}","templated":true}]}}