{"id":1029826,"date":"2024-09-24T05:32:48","date_gmt":"2024-09-24T03:32:48","guid":{"rendered":"https:\/\/www.vetorino.com\/boutique\/?post_type=product&#038;p=1029826"},"modified":"2024-09-24T05:46:08","modified_gmt":"2024-09-24T03:46:08","slug":"lactadiet-colostrum-chien-3","status":"publish","type":"product","link":"https:\/\/www.vetorino.com\/veterinaire\/chillymazarin-91380\/boutique\/product\/lactadiet-colostrum-chien-3\/","title":{"rendered":"Lactadiet Colostrum Chien"},"content":{"rendered":"<p>ESP\u00c8CES : chiens et rongeurs<\/p>\n<p>FORME GAL\u00c9NIQUE : sachets de poudre individuels<\/p>\n<p>COMPOSITION : lait en poudre, levures, lactose, huile de poissons (contient om\u00e9ga 3), colostrum, mannitol, st\u00e9arate de magn\u00e9sium. Additifs : vitamines A, B1, B2, B6, B12, C, D3, E, K, chlorure de choline, taurine, niacinamide, d-pantoth\u00e9nate de calcium, acide folique, biotine, zinc, fer, mangan\u00e8se, cuivre, s\u00e9l\u00e9nium, acide linol\u00e9ique, acide linol\u00e9nique, om\u00e9ga 3 (EPA+ DHA), colostrum, calcium, phosphore.<\/p>\n","protected":false},"excerpt":{"rendered":"<p><strong>Lait maternis\u00e9 instantan\u00e9 enrichi en nutriments contribuant au d\u00e9veloppement des chiots.<\/strong><\/p>\n<p>Bo\u00eete de 300g : contient 40 sachets de 7,5 g et un biberon.<\/p>\n<p>Bo\u00eete de 1005g : contient 134 sachets de 7,5 g et un biberon.<\/p>\n<ul>\n<li>Chiots nouveau-n\u00e9s orphelins, incapables de t\u00e9ter ou avec d\u2019autres probl\u00e8mes li\u00e9s \u00e0 l\u2019allaitement.<\/li>\n<\/ul>\n","protected":false},"featured_media":616986,"template":"","meta":[],"product_cat":[2698,12622],"product_tag":[],"class_list":{"0":"post-1029826","1":"product","2":"type-product","3":"status-publish","4":"has-post-thumbnail","6":"product_cat-chien","7":"product_cat-lacation-du-chien","8":"pa_marque-pharmadiet","10":"first","11":"instock","12":"taxable","13":"shipping-taxable","14":"purchasable","15":"product-type-variable"},"yoast_head":"<!-- This site is optimized with the Yoast SEO plugin v26.7 - https:\/\/yoast.com\/wordpress\/plugins\/seo\/ -->\n<title>Lactadiet Colostrum Chien Pharmadiet - V\u00e9torino<\/title>\n<meta name=\"description\" content=\"Lait maternis\u00e9 instantan\u00e9 enrichi en nutriments contribuant au d\u00e9veloppement des chiots.  Bo\u00eete de 300g : contient 40 sachets de 7,5 g et un biberon.  Bo\u00eete de 1005g : contient 134 sachets de 7,5 g et un biberon.   Chiots nouveau-n\u00e9s orphelins, incapables de t\u00e9ter ou avec d\u2019autres probl\u00e8mes li\u00e9s \u00e0 l\u2019allaitement.\" \/>\n<meta name=\"robots\" content=\"noindex, nofollow\" \/>\n<meta property=\"og:locale\" content=\"fr_FR\" \/>\n<meta property=\"og:type\" content=\"article\" \/>\n<meta property=\"og:title\" content=\"Lactadiet Colostrum Chien Pharmadiet - V\u00e9torino\" \/>\n<meta property=\"og:description\" content=\"Lait maternis\u00e9 instantan\u00e9 enrichi en nutriments contribuant au d\u00e9veloppement des chiots.  Bo\u00eete de 300g : contient 40 sachets de 7,5 g et un biberon.  Bo\u00eete de 1005g : contient 134 sachets de 7,5 g et un biberon.   Chiots nouveau-n\u00e9s orphelins, incapables de t\u00e9ter ou avec d\u2019autres probl\u00e8mes li\u00e9s \u00e0 l\u2019allaitement.\" \/>\n<meta property=\"og:url\" content=\"https:\/\/www.vetorino.com\/veterinaire\/chillymazarin-91380\/boutique\/product\/lactadiet-colostrum-chien-3\/\" \/>\n<meta property=\"og:site_name\" content=\"V\u00e9torino\" \/>\n<meta property=\"article:publisher\" content=\"https:\/\/www.facebook.com\/Vetorino\/\" \/>\n<meta property=\"article:modified_time\" content=\"2024-09-24T03:46:08+00:00\" \/>\n<meta property=\"og:image\" content=\"https:\/\/www.vetorino.com\/boutique\/wp-content\/uploads\/2023\/03\/lactadiet-colostrum-chien.jpg1_.png\" \/>\n\t<meta property=\"og:image:width\" content=\"540\" \/>\n\t<meta property=\"og:image:height\" content=\"540\" \/>\n\t<meta property=\"og:image:type\" content=\"image\/png\" \/>\n<meta name=\"twitter:card\" content=\"summary_large_image\" \/>\n<meta name=\"twitter:label1\" content=\"Disponibilit\u00e9\" \/>\n\t<meta name=\"twitter:data1\" content=\"En stock\" \/>\n<script type=\"application\/ld+json\" class=\"yoast-schema-graph\">{\"@context\":\"https:\/\/schema.org\",\"@graph\":[{\"@type\":\"WebPage\",\"@id\":\"https:\/\/www.vetorino.com\/boutique\/product\/lactadiet-colostrum-chien-3\/\",\"url\":\"https:\/\/www.vetorino.com\/boutique\/product\/lactadiet-colostrum-chien-3\/\",\"name\":\"Lactadiet Colostrum Chien Pharmadiet - V\u00e9torino\",\"isPartOf\":{\"@id\":\"https:\/\/www.vetorino.com\/boutique\/#website\"},\"primaryImageOfPage\":{\"@id\":\"https:\/\/www.vetorino.com\/boutique\/product\/lactadiet-colostrum-chien-3\/#primaryimage\"},\"image\":{\"@id\":\"https:\/\/www.vetorino.com\/boutique\/product\/lactadiet-colostrum-chien-3\/#primaryimage\"},\"thumbnailUrl\":\"https:\/\/www.vetorino.com\/boutique\/wp-content\/uploads\/2023\/03\/lactadiet-colostrum-chien.jpg1_.png\",\"datePublished\":\"2024-09-24T03:32:48+00:00\",\"dateModified\":\"2024-09-24T03:46:08+00:00\",\"description\":\"Lait maternis\u00e9 instantan\u00e9 enrichi en nutriments contribuant au d\u00e9veloppement des chiots. Bo\u00eete de 300g : contient 40 sachets de 7,5 g et un biberon. Bo\u00eete de 1005g : contient 134 sachets de 7,5 g et un biberon. Chiots nouveau-n\u00e9s orphelins, incapables de t\u00e9ter ou avec d\u2019autres probl\u00e8mes li\u00e9s \u00e0 l\u2019allaitement.\",\"breadcrumb\":{\"@id\":\"https:\/\/www.vetorino.com\/boutique\/product\/lactadiet-colostrum-chien-3\/#breadcrumb\"},\"inLanguage\":\"fr-FR\",\"potentialAction\":[{\"@type\":\"ReadAction\",\"target\":[\"https:\/\/www.vetorino.com\/boutique\/product\/lactadiet-colostrum-chien-3\/\"]}]},{\"@type\":\"ImageObject\",\"inLanguage\":\"fr-FR\",\"@id\":\"https:\/\/www.vetorino.com\/boutique\/product\/lactadiet-colostrum-chien-3\/#primaryimage\",\"url\":\"https:\/\/www.vetorino.com\/boutique\/wp-content\/uploads\/2023\/03\/lactadiet-colostrum-chien.jpg1_.png\",\"contentUrl\":\"https:\/\/www.vetorino.com\/boutique\/wp-content\/uploads\/2023\/03\/lactadiet-colostrum-chien.jpg1_.png\",\"width\":540,\"height\":540},{\"@type\":\"BreadcrumbList\",\"@id\":\"https:\/\/www.vetorino.com\/boutique\/product\/lactadiet-colostrum-chien-3\/#breadcrumb\",\"itemListElement\":[{\"@type\":\"ListItem\",\"position\":1,\"name\":\"Accueil\",\"item\":\"https:\/\/www.vetorino.com\/boutique\/\"},{\"@type\":\"ListItem\",\"position\":2,\"name\":\"Produits\",\"item\":\"https:\/\/www.vetorino.com\/boutique\/\"},{\"@type\":\"ListItem\",\"position\":3,\"name\":\"Lactadiet Colostrum Chien\"}]},{\"@type\":\"WebSite\",\"@id\":\"https:\/\/www.vetorino.com\/boutique\/#website\",\"url\":\"https:\/\/www.vetorino.com\/boutique\/\",\"name\":\"V\u00e9torino\",\"description\":\"\",\"publisher\":{\"@id\":\"https:\/\/www.vetorino.com\/boutique\/#organization\"},\"potentialAction\":[{\"@type\":\"SearchAction\",\"target\":{\"@type\":\"EntryPoint\",\"urlTemplate\":\"https:\/\/www.vetorino.com\/boutique\/?s={search_term_string}\"},\"query-input\":{\"@type\":\"PropertyValueSpecification\",\"valueRequired\":true,\"valueName\":\"search_term_string\"}}],\"inLanguage\":\"fr-FR\"},{\"@type\":\"Organization\",\"@id\":\"https:\/\/www.vetorino.com\/boutique\/#organization\",\"name\":\"V\u00e9torino\",\"url\":\"https:\/\/www.vetorino.com\/boutique\/\",\"logo\":{\"@type\":\"ImageObject\",\"inLanguage\":\"fr-FR\",\"@id\":\"https:\/\/www.vetorino.com\/boutique\/#\/schema\/logo\/image\/\",\"url\":\"https:\/\/www.vetorino.com\/boutique\/wp-content\/uploads\/2024\/10\/logo.jpg\",\"contentUrl\":\"https:\/\/www.vetorino.com\/boutique\/wp-content\/uploads\/2024\/10\/logo.jpg\",\"width\":1200,\"height\":610,\"caption\":\"V\u00e9torino\"},\"image\":{\"@id\":\"https:\/\/www.vetorino.com\/boutique\/#\/schema\/logo\/image\/\"},\"sameAs\":[\"https:\/\/www.facebook.com\/Vetorino\/\",\"https:\/\/www.instagram.com\/vetorino_off\/\",\"https:\/\/www.linkedin.com\/company\/vtorino\/\"]}]}<\/script>\n<meta property=\"product:brand\" content=\"Pharmadiet\" \/>\n<meta property=\"og:availability\" content=\"instock\" \/>\n<meta property=\"product:availability\" content=\"instock\" \/>\n<meta property=\"product:condition\" content=\"new\" \/>\n<!-- \/ Yoast SEO plugin. -->","yoast_head_json":{"title":"Lactadiet Colostrum Chien Pharmadiet - V\u00e9torino","description":"Lait maternis\u00e9 instantan\u00e9 enrichi en nutriments contribuant au d\u00e9veloppement des chiots.  Bo\u00eete de 300g : contient 40 sachets de 7,5 g et un biberon.  Bo\u00eete de 1005g : contient 134 sachets de 7,5 g et un biberon.   Chiots nouveau-n\u00e9s orphelins, incapables de t\u00e9ter ou avec d\u2019autres probl\u00e8mes li\u00e9s \u00e0 l\u2019allaitement.","robots":{"index":"noindex","follow":"nofollow"},"og_locale":"fr_FR","og_type":"article","og_title":"Lactadiet Colostrum Chien Pharmadiet - V\u00e9torino","og_description":"Lait maternis\u00e9 instantan\u00e9 enrichi en nutriments contribuant au d\u00e9veloppement des chiots.  Bo\u00eete de 300g : contient 40 sachets de 7,5 g et un biberon.  Bo\u00eete de 1005g : contient 134 sachets de 7,5 g et un biberon.   Chiots nouveau-n\u00e9s orphelins, incapables de t\u00e9ter ou avec d\u2019autres probl\u00e8mes li\u00e9s \u00e0 l\u2019allaitement.","og_url":"https:\/\/www.vetorino.com\/veterinaire\/chillymazarin-91380\/boutique\/product\/lactadiet-colostrum-chien-3\/","og_site_name":"V\u00e9torino","article_publisher":"https:\/\/www.facebook.com\/Vetorino\/","article_modified_time":"2024-09-24T03:46:08+00:00","og_image":[{"width":540,"height":540,"url":"https:\/\/www.vetorino.com\/boutique\/wp-content\/uploads\/2023\/03\/lactadiet-colostrum-chien.jpg1_.png","type":"image\/png"}],"twitter_card":"summary_large_image","twitter_misc":{"Disponibilit\u00e9":"En stock"},"schema":{"@context":"https:\/\/schema.org","@graph":[{"@type":"WebPage","@id":"https:\/\/www.vetorino.com\/boutique\/product\/lactadiet-colostrum-chien-3\/","url":"https:\/\/www.vetorino.com\/boutique\/product\/lactadiet-colostrum-chien-3\/","name":"Lactadiet Colostrum Chien Pharmadiet - V\u00e9torino","isPartOf":{"@id":"https:\/\/www.vetorino.com\/boutique\/#website"},"primaryImageOfPage":{"@id":"https:\/\/www.vetorino.com\/boutique\/product\/lactadiet-colostrum-chien-3\/#primaryimage"},"image":{"@id":"https:\/\/www.vetorino.com\/boutique\/product\/lactadiet-colostrum-chien-3\/#primaryimage"},"thumbnailUrl":"https:\/\/www.vetorino.com\/boutique\/wp-content\/uploads\/2023\/03\/lactadiet-colostrum-chien.jpg1_.png","datePublished":"2024-09-24T03:32:48+00:00","dateModified":"2024-09-24T03:46:08+00:00","description":"Lait maternis\u00e9 instantan\u00e9 enrichi en nutriments contribuant au d\u00e9veloppement des chiots. Bo\u00eete de 300g : contient 40 sachets de 7,5 g et un biberon. Bo\u00eete de 1005g : contient 134 sachets de 7,5 g et un biberon. Chiots nouveau-n\u00e9s orphelins, incapables de t\u00e9ter ou avec d\u2019autres probl\u00e8mes li\u00e9s \u00e0 l\u2019allaitement.","breadcrumb":{"@id":"https:\/\/www.vetorino.com\/boutique\/product\/lactadiet-colostrum-chien-3\/#breadcrumb"},"inLanguage":"fr-FR","potentialAction":[{"@type":"ReadAction","target":["https:\/\/www.vetorino.com\/boutique\/product\/lactadiet-colostrum-chien-3\/"]}]},{"@type":"ImageObject","inLanguage":"fr-FR","@id":"https:\/\/www.vetorino.com\/boutique\/product\/lactadiet-colostrum-chien-3\/#primaryimage","url":"https:\/\/www.vetorino.com\/boutique\/wp-content\/uploads\/2023\/03\/lactadiet-colostrum-chien.jpg1_.png","contentUrl":"https:\/\/www.vetorino.com\/boutique\/wp-content\/uploads\/2023\/03\/lactadiet-colostrum-chien.jpg1_.png","width":540,"height":540},{"@type":"BreadcrumbList","@id":"https:\/\/www.vetorino.com\/boutique\/product\/lactadiet-colostrum-chien-3\/#breadcrumb","itemListElement":[{"@type":"ListItem","position":1,"name":"Accueil","item":"https:\/\/www.vetorino.com\/boutique\/"},{"@type":"ListItem","position":2,"name":"Produits","item":"https:\/\/www.vetorino.com\/boutique\/"},{"@type":"ListItem","position":3,"name":"Lactadiet Colostrum Chien"}]},{"@type":"WebSite","@id":"https:\/\/www.vetorino.com\/boutique\/#website","url":"https:\/\/www.vetorino.com\/boutique\/","name":"V\u00e9torino","description":"","publisher":{"@id":"https:\/\/www.vetorino.com\/boutique\/#organization"},"potentialAction":[{"@type":"SearchAction","target":{"@type":"EntryPoint","urlTemplate":"https:\/\/www.vetorino.com\/boutique\/?s={search_term_string}"},"query-input":{"@type":"PropertyValueSpecification","valueRequired":true,"valueName":"search_term_string"}}],"inLanguage":"fr-FR"},{"@type":"Organization","@id":"https:\/\/www.vetorino.com\/boutique\/#organization","name":"V\u00e9torino","url":"https:\/\/www.vetorino.com\/boutique\/","logo":{"@type":"ImageObject","inLanguage":"fr-FR","@id":"https:\/\/www.vetorino.com\/boutique\/#\/schema\/logo\/image\/","url":"https:\/\/www.vetorino.com\/boutique\/wp-content\/uploads\/2024\/10\/logo.jpg","contentUrl":"https:\/\/www.vetorino.com\/boutique\/wp-content\/uploads\/2024\/10\/logo.jpg","width":1200,"height":610,"caption":"V\u00e9torino"},"image":{"@id":"https:\/\/www.vetorino.com\/boutique\/#\/schema\/logo\/image\/"},"sameAs":["https:\/\/www.facebook.com\/Vetorino\/","https:\/\/www.instagram.com\/vetorino_off\/","https:\/\/www.linkedin.com\/company\/vtorino\/"]}]},"product_brand":"Pharmadiet","og_availability":"instock","product_availability":"instock","product_condition":"new"},"_links":{"self":[{"href":"https:\/\/www.vetorino.com\/veterinaire\/chillymazarin-91380\/boutique\/wp-json\/wp\/v2\/product\/1029826","targetHints":{"allow":["GET"]}}],"collection":[{"href":"https:\/\/www.vetorino.com\/veterinaire\/chillymazarin-91380\/boutique\/wp-json\/wp\/v2\/product"}],"about":[{"href":"https:\/\/www.vetorino.com\/veterinaire\/chillymazarin-91380\/boutique\/wp-json\/wp\/v2\/types\/product"}],"wp:featuredmedia":[{"embeddable":true,"href":"https:\/\/www.vetorino.com\/veterinaire\/chillymazarin-91380\/boutique\/wp-json\/wp\/v2\/media\/616986"}],"wp:attachment":[{"href":"https:\/\/www.vetorino.com\/veterinaire\/chillymazarin-91380\/boutique\/wp-json\/wp\/v2\/media?parent=1029826"}],"wp:term":[{"taxonomy":"product_cat","embeddable":true,"href":"https:\/\/www.vetorino.com\/veterinaire\/chillymazarin-91380\/boutique\/wp-json\/wp\/v2\/product_cat?post=1029826"},{"taxonomy":"product_tag","embeddable":true,"href":"https:\/\/www.vetorino.com\/veterinaire\/chillymazarin-91380\/boutique\/wp-json\/wp\/v2\/product_tag?post=1029826"}],"curies":[{"name":"wp","href":"https:\/\/api.w.org\/{rel}","templated":true}]}}