{"id":101183,"date":"2020-06-30T01:55:03","date_gmt":"2020-06-29T23:55:03","guid":{"rendered":"https:\/\/www.vetorino.com\/boutique\/product\/propylact\/"},"modified":"2026-01-10T09:55:11","modified_gmt":"2026-01-10T08:55:11","slug":"propylact","status":"publish","type":"product","link":"https:\/\/www.vetorino.com\/veterinaire\/clinique-village-passy-16\/boutique\/product\/propylact\/","title":{"rendered":"Propylact"},"content":{"rendered":"<div class=\"hidden\"><strong>Suppl\u00e9ment nutritionnel<\/strong> di\u00e9t\u00e9tique en compl\u00e9ment de l&#8217;alimentation des<strong> bovins, ovins, caprins.<\/strong><\/div>\n<div><\/div>\n<div class=\"hidden\"><strong>Bienfaits essentiels<\/strong> :<\/div>\n<ul>\n<li class=\"hidden\">Permet de<strong> r\u00e9duire le risque de c\u00e9tose<\/strong> (Ac\u00e9ton\u00e9mie).<\/li>\n<li class=\"hidden\"><strong>Corrige l&#8217;alimentation<\/strong> en cas de d\u00e9s\u00e9quilibre glucidique.<\/li>\n<\/ul>\n<p><strong>R\u00e9pandre sur l\u2019aliment ou en drogage<\/strong> :<\/p>\n<ul>\n<li><em>Vaches laiti\u00e8res : 250 ml \u00e0 400 ml par jour pendant 5 \u00e0 8 jours. <\/em><\/li>\n<li><em>Ovins adultes \/ Caprins adultes : 20 ml \u00e0 30 ml par jour, pendant 5 \u00e0 10 jours \/ Pr\u00e9paration \u00e0 la mise bas distribuer PROPYLACT 4 jours avant et 4 jours apr\u00e8s la mise bas.<\/em><\/li>\n<\/ul>\n","protected":false},"excerpt":{"rendered":"<div class=\"hidden\"><strong>Suppl\u00e9ment nutritionnel<\/strong> di\u00e9t\u00e9tique en compl\u00e9ment de l&#8217;alimentation des<strong> bovins, ovins, caprins.<\/strong><\/div>\n<div><\/div>\n<div class=\"hidden\"><strong>Bienfaits essentiels<\/strong> :<\/div>\n<ul>\n<li class=\"hidden\">Permet de<strong> r\u00e9duire le risque de c\u00e9tose<\/strong> (Ac\u00e9ton\u00e9mie).<\/li>\n<li class=\"hidden\"><strong>Corrige l&#8217;alimentation<\/strong> en cas de d\u00e9s\u00e9quilibre glucidique.<\/li>\n<\/ul>\n","protected":false},"featured_media":1422363,"template":"","meta":[],"product_cat":[6864,6870,6871,6873],"product_tag":[],"class_list":{"0":"post-101183","1":"product","2":"type-product","3":"status-publish","4":"has-post-thumbnail","6":"product_cat-animaux-delevage","7":"product_cat-bovins","8":"product_cat-caprins","9":"product_cat-ovins","10":"pa_marque-difagri","12":"first","13":"outofstock","14":"taxable","15":"shipping-taxable","16":"purchasable","17":"product-type-simple"},"yoast_head":"<!-- This site is optimized with the Yoast SEO plugin v27.3 - https:\/\/yoast.com\/product\/yoast-seo-wordpress\/ -->\n<title>Propylact DIFAGRI - V\u00e9torino<\/title>\n<meta name=\"description\" content=\"Suppl\u00e9ment nutritionnel di\u00e9t\u00e9tique en compl\u00e9ment de l&#039;alimentation des bovins, ovins, caprins.  Bienfaits essentiels :   Permet de r\u00e9duire le risque de c\u00e9tose (Ac\u00e9ton\u00e9mie).  Corrige l&#039;alimentation en cas de d\u00e9s\u00e9quilibre glucidique.\" \/>\n<meta name=\"robots\" content=\"noindex, nofollow\" \/>\n<meta property=\"og:locale\" content=\"fr_FR\" \/>\n<meta property=\"og:type\" content=\"article\" \/>\n<meta property=\"og:title\" content=\"Propylact DIFAGRI - V\u00e9torino\" \/>\n<meta property=\"og:description\" content=\"Suppl\u00e9ment nutritionnel di\u00e9t\u00e9tique en compl\u00e9ment de l&#039;alimentation des bovins, ovins, caprins.  Bienfaits essentiels :   Permet de r\u00e9duire le risque de c\u00e9tose (Ac\u00e9ton\u00e9mie).  Corrige l&#039;alimentation en cas de d\u00e9s\u00e9quilibre glucidique.\" \/>\n<meta property=\"og:url\" content=\"https:\/\/www.vetorino.com\/veterinaire\/clinique-village-passy-16\/boutique\/product\/propylact\/\" \/>\n<meta property=\"og:site_name\" content=\"V\u00e9torino\" \/>\n<meta property=\"article:publisher\" content=\"https:\/\/www.facebook.com\/Vetorino\/\" \/>\n<meta property=\"article:modified_time\" content=\"2026-01-10T08:55:11+00:00\" \/>\n<meta property=\"og:image\" content=\"https:\/\/www.vetorino.com\/boutique\/wp-content\/uploads\/2020\/06\/PROPYLACT-1.jpg\" \/>\n\t<meta property=\"og:image:width\" content=\"800\" \/>\n\t<meta property=\"og:image:height\" content=\"800\" \/>\n\t<meta property=\"og:image:type\" content=\"image\/jpeg\" \/>\n<meta name=\"twitter:card\" content=\"summary_large_image\" \/>\n<meta name=\"twitter:label1\" content=\"Prix\" \/>\n\t<meta name=\"twitter:data1\" content=\"44,36&euro;\" \/>\n\t<meta name=\"twitter:label2\" content=\"Disponibilit\u00e9\" \/>\n\t<meta name=\"twitter:data2\" content=\"Rupture de stock\" \/>\n<script type=\"application\/ld+json\" class=\"yoast-schema-graph\">{\"@context\":\"https:\\\/\\\/schema.org\",\"@graph\":[{\"@type\":\"WebPage\",\"@id\":\"https:\\\/\\\/www.vetorino.com\\\/boutique\\\/product\\\/propylact\\\/\",\"url\":\"https:\\\/\\\/www.vetorino.com\\\/boutique\\\/product\\\/propylact\\\/\",\"name\":\"Propylact DIFAGRI - V\u00e9torino\",\"isPartOf\":{\"@id\":\"https:\\\/\\\/www.vetorino.com\\\/boutique\\\/#website\"},\"primaryImageOfPage\":{\"@id\":\"https:\\\/\\\/www.vetorino.com\\\/boutique\\\/product\\\/propylact\\\/#primaryimage\"},\"image\":{\"@id\":\"https:\\\/\\\/www.vetorino.com\\\/boutique\\\/product\\\/propylact\\\/#primaryimage\"},\"thumbnailUrl\":\"https:\\\/\\\/www.vetorino.com\\\/boutique\\\/wp-content\\\/uploads\\\/2020\\\/06\\\/PROPYLACT-1.jpg\",\"datePublished\":\"2020-06-29T23:55:03+00:00\",\"dateModified\":\"2026-01-10T08:55:11+00:00\",\"description\":\"Suppl\u00e9ment nutritionnel di\u00e9t\u00e9tique en compl\u00e9ment de l'alimentation des bovins, ovins, caprins. Bienfaits essentiels : Permet de r\u00e9duire le risque de c\u00e9tose (Ac\u00e9ton\u00e9mie). Corrige l'alimentation en cas de d\u00e9s\u00e9quilibre glucidique.\",\"breadcrumb\":{\"@id\":\"https:\\\/\\\/www.vetorino.com\\\/boutique\\\/product\\\/propylact\\\/#breadcrumb\"},\"inLanguage\":\"fr-FR\",\"potentialAction\":[{\"@type\":\"ReadAction\",\"target\":[\"https:\\\/\\\/www.vetorino.com\\\/boutique\\\/product\\\/propylact\\\/\"]}]},{\"@type\":\"ImageObject\",\"inLanguage\":\"fr-FR\",\"@id\":\"https:\\\/\\\/www.vetorino.com\\\/boutique\\\/product\\\/propylact\\\/#primaryimage\",\"url\":\"https:\\\/\\\/www.vetorino.com\\\/boutique\\\/wp-content\\\/uploads\\\/2020\\\/06\\\/PROPYLACT-1.jpg\",\"contentUrl\":\"https:\\\/\\\/www.vetorino.com\\\/boutique\\\/wp-content\\\/uploads\\\/2020\\\/06\\\/PROPYLACT-1.jpg\",\"width\":800,\"height\":800},{\"@type\":\"BreadcrumbList\",\"@id\":\"https:\\\/\\\/www.vetorino.com\\\/boutique\\\/product\\\/propylact\\\/#breadcrumb\",\"itemListElement\":[{\"@type\":\"ListItem\",\"position\":1,\"name\":\"Accueil\",\"item\":\"https:\\\/\\\/www.vetorino.com\\\/boutique\\\/\"},{\"@type\":\"ListItem\",\"position\":2,\"name\":\"Produits\",\"item\":\"https:\\\/\\\/www.vetorino.com\\\/boutique\\\/\"},{\"@type\":\"ListItem\",\"position\":3,\"name\":\"Propylact\"}]},{\"@type\":\"WebSite\",\"@id\":\"https:\\\/\\\/www.vetorino.com\\\/boutique\\\/#website\",\"url\":\"https:\\\/\\\/www.vetorino.com\\\/boutique\\\/\",\"name\":\"V\u00e9torino\",\"description\":\"\",\"publisher\":{\"@id\":\"https:\\\/\\\/www.vetorino.com\\\/boutique\\\/#organization\"},\"potentialAction\":[{\"@type\":\"SearchAction\",\"target\":{\"@type\":\"EntryPoint\",\"urlTemplate\":\"https:\\\/\\\/www.vetorino.com\\\/boutique\\\/?s={search_term_string}\"},\"query-input\":{\"@type\":\"PropertyValueSpecification\",\"valueRequired\":true,\"valueName\":\"search_term_string\"}}],\"inLanguage\":\"fr-FR\"},{\"@type\":\"Organization\",\"@id\":\"https:\\\/\\\/www.vetorino.com\\\/boutique\\\/#organization\",\"name\":\"V\u00e9torino\",\"url\":\"https:\\\/\\\/www.vetorino.com\\\/boutique\\\/\",\"logo\":{\"@type\":\"ImageObject\",\"inLanguage\":\"fr-FR\",\"@id\":\"https:\\\/\\\/www.vetorino.com\\\/boutique\\\/#\\\/schema\\\/logo\\\/image\\\/\",\"url\":\"https:\\\/\\\/www.vetorino.com\\\/boutique\\\/wp-content\\\/uploads\\\/2024\\\/10\\\/logo.jpg\",\"contentUrl\":\"https:\\\/\\\/www.vetorino.com\\\/boutique\\\/wp-content\\\/uploads\\\/2024\\\/10\\\/logo.jpg\",\"width\":1200,\"height\":610,\"caption\":\"V\u00e9torino\"},\"image\":{\"@id\":\"https:\\\/\\\/www.vetorino.com\\\/boutique\\\/#\\\/schema\\\/logo\\\/image\\\/\"},\"sameAs\":[\"https:\\\/\\\/www.facebook.com\\\/Vetorino\\\/\",\"https:\\\/\\\/www.instagram.com\\\/vetorino_off\\\/\",\"https:\\\/\\\/www.linkedin.com\\\/company\\\/vtorino\\\/\"]}]}<\/script>\n<meta property=\"product:brand\" content=\"DIFAGRI\" \/>\n<meta property=\"product:price:amount\" content=\"44.36\" \/>\n<meta property=\"product:price:currency\" content=\"EUR\" \/>\n<meta property=\"og:availability\" content=\"out of stock\" \/>\n<meta property=\"product:availability\" content=\"out of stock\" \/>\n<meta property=\"product:retailer_item_id\" content=\"C-PRO208\" \/>\n<meta property=\"product:condition\" content=\"new\" \/>\n<!-- \/ Yoast SEO plugin. -->","yoast_head_json":{"title":"Propylact DIFAGRI - V\u00e9torino","description":"Suppl\u00e9ment nutritionnel di\u00e9t\u00e9tique en compl\u00e9ment de l'alimentation des bovins, ovins, caprins.  Bienfaits essentiels :   Permet de r\u00e9duire le risque de c\u00e9tose (Ac\u00e9ton\u00e9mie).  Corrige l'alimentation en cas de d\u00e9s\u00e9quilibre glucidique.","robots":{"index":"noindex","follow":"nofollow"},"og_locale":"fr_FR","og_type":"article","og_title":"Propylact DIFAGRI - V\u00e9torino","og_description":"Suppl\u00e9ment nutritionnel di\u00e9t\u00e9tique en compl\u00e9ment de l'alimentation des bovins, ovins, caprins.  Bienfaits essentiels :   Permet de r\u00e9duire le risque de c\u00e9tose (Ac\u00e9ton\u00e9mie).  Corrige l'alimentation en cas de d\u00e9s\u00e9quilibre glucidique.","og_url":"https:\/\/www.vetorino.com\/veterinaire\/clinique-village-passy-16\/boutique\/product\/propylact\/","og_site_name":"V\u00e9torino","article_publisher":"https:\/\/www.facebook.com\/Vetorino\/","article_modified_time":"2026-01-10T08:55:11+00:00","og_image":[{"width":800,"height":800,"url":"https:\/\/www.vetorino.com\/boutique\/wp-content\/uploads\/2020\/06\/PROPYLACT-1.jpg","type":"image\/jpeg"}],"twitter_card":"summary_large_image","twitter_misc":{"Prix":"44,36&euro;","Disponibilit\u00e9":"Rupture de stock"},"schema":{"@context":"https:\/\/schema.org","@graph":[{"@type":"WebPage","@id":"https:\/\/www.vetorino.com\/boutique\/product\/propylact\/","url":"https:\/\/www.vetorino.com\/boutique\/product\/propylact\/","name":"Propylact DIFAGRI - V\u00e9torino","isPartOf":{"@id":"https:\/\/www.vetorino.com\/boutique\/#website"},"primaryImageOfPage":{"@id":"https:\/\/www.vetorino.com\/boutique\/product\/propylact\/#primaryimage"},"image":{"@id":"https:\/\/www.vetorino.com\/boutique\/product\/propylact\/#primaryimage"},"thumbnailUrl":"https:\/\/www.vetorino.com\/boutique\/wp-content\/uploads\/2020\/06\/PROPYLACT-1.jpg","datePublished":"2020-06-29T23:55:03+00:00","dateModified":"2026-01-10T08:55:11+00:00","description":"Suppl\u00e9ment nutritionnel di\u00e9t\u00e9tique en compl\u00e9ment de l'alimentation des bovins, ovins, caprins. Bienfaits essentiels : Permet de r\u00e9duire le risque de c\u00e9tose (Ac\u00e9ton\u00e9mie). Corrige l'alimentation en cas de d\u00e9s\u00e9quilibre glucidique.","breadcrumb":{"@id":"https:\/\/www.vetorino.com\/boutique\/product\/propylact\/#breadcrumb"},"inLanguage":"fr-FR","potentialAction":[{"@type":"ReadAction","target":["https:\/\/www.vetorino.com\/boutique\/product\/propylact\/"]}]},{"@type":"ImageObject","inLanguage":"fr-FR","@id":"https:\/\/www.vetorino.com\/boutique\/product\/propylact\/#primaryimage","url":"https:\/\/www.vetorino.com\/boutique\/wp-content\/uploads\/2020\/06\/PROPYLACT-1.jpg","contentUrl":"https:\/\/www.vetorino.com\/boutique\/wp-content\/uploads\/2020\/06\/PROPYLACT-1.jpg","width":800,"height":800},{"@type":"BreadcrumbList","@id":"https:\/\/www.vetorino.com\/boutique\/product\/propylact\/#breadcrumb","itemListElement":[{"@type":"ListItem","position":1,"name":"Accueil","item":"https:\/\/www.vetorino.com\/boutique\/"},{"@type":"ListItem","position":2,"name":"Produits","item":"https:\/\/www.vetorino.com\/boutique\/"},{"@type":"ListItem","position":3,"name":"Propylact"}]},{"@type":"WebSite","@id":"https:\/\/www.vetorino.com\/boutique\/#website","url":"https:\/\/www.vetorino.com\/boutique\/","name":"V\u00e9torino","description":"","publisher":{"@id":"https:\/\/www.vetorino.com\/boutique\/#organization"},"potentialAction":[{"@type":"SearchAction","target":{"@type":"EntryPoint","urlTemplate":"https:\/\/www.vetorino.com\/boutique\/?s={search_term_string}"},"query-input":{"@type":"PropertyValueSpecification","valueRequired":true,"valueName":"search_term_string"}}],"inLanguage":"fr-FR"},{"@type":"Organization","@id":"https:\/\/www.vetorino.com\/boutique\/#organization","name":"V\u00e9torino","url":"https:\/\/www.vetorino.com\/boutique\/","logo":{"@type":"ImageObject","inLanguage":"fr-FR","@id":"https:\/\/www.vetorino.com\/boutique\/#\/schema\/logo\/image\/","url":"https:\/\/www.vetorino.com\/boutique\/wp-content\/uploads\/2024\/10\/logo.jpg","contentUrl":"https:\/\/www.vetorino.com\/boutique\/wp-content\/uploads\/2024\/10\/logo.jpg","width":1200,"height":610,"caption":"V\u00e9torino"},"image":{"@id":"https:\/\/www.vetorino.com\/boutique\/#\/schema\/logo\/image\/"},"sameAs":["https:\/\/www.facebook.com\/Vetorino\/","https:\/\/www.instagram.com\/vetorino_off\/","https:\/\/www.linkedin.com\/company\/vtorino\/"]}]},"product_brand":"DIFAGRI","product_price_amount":"44.36","product_price_currency":"EUR","og_availability":"out of stock","product_availability":"out of stock","product_retailer_item_id":"C-PRO208","product_condition":"new"},"_links":{"self":[{"href":"https:\/\/www.vetorino.com\/veterinaire\/clinique-village-passy-16\/boutique\/wp-json\/wp\/v2\/product\/101183","targetHints":{"allow":["GET"]}}],"collection":[{"href":"https:\/\/www.vetorino.com\/veterinaire\/clinique-village-passy-16\/boutique\/wp-json\/wp\/v2\/product"}],"about":[{"href":"https:\/\/www.vetorino.com\/veterinaire\/clinique-village-passy-16\/boutique\/wp-json\/wp\/v2\/types\/product"}],"wp:featuredmedia":[{"embeddable":true,"href":"https:\/\/www.vetorino.com\/veterinaire\/clinique-village-passy-16\/boutique\/wp-json\/wp\/v2\/media\/1422363"}],"wp:attachment":[{"href":"https:\/\/www.vetorino.com\/veterinaire\/clinique-village-passy-16\/boutique\/wp-json\/wp\/v2\/media?parent=101183"}],"wp:term":[{"taxonomy":"product_cat","embeddable":true,"href":"https:\/\/www.vetorino.com\/veterinaire\/clinique-village-passy-16\/boutique\/wp-json\/wp\/v2\/product_cat?post=101183"},{"taxonomy":"product_tag","embeddable":true,"href":"https:\/\/www.vetorino.com\/veterinaire\/clinique-village-passy-16\/boutique\/wp-json\/wp\/v2\/product_tag?post=101183"}],"curies":[{"name":"wp","href":"https:\/\/api.w.org\/{rel}","templated":true}]}}