{"id":100187,"date":"2020-06-30T01:41:10","date_gmt":"2020-06-29T23:41:10","guid":{"rendered":"https:\/\/www.vetorino.com\/boutique\/product\/orexidine-2\/"},"modified":"2025-09-15T20:13:46","modified_gmt":"2025-09-15T18:13:46","slug":"orexidine-2","status":"publish","type":"product","link":"https:\/\/www.vetorino.com\/veterinaire\/confolens-16500\/boutique\/product\/orexidine-2\/","title":{"rendered":"Orexidine"},"content":{"rendered":"<p><strong>Solution nettoyante et adoucissante du conduit auditif externe pr\u00e9sentant une grande activit\u00e9 c\u00e9ruminolytique.<br \/>\n<\/strong><\/p>\n<p><strong>Utilisation :<\/strong><\/p>\n<ul>\n<li>Nettoyant doux et tr\u00e8s bien tol\u00e9r\u00e9, ce qui permet une utilisation r\u00e9guli\u00e8re, notamment lors d\u2019otites suppur\u00e9es o\u00f9 inflammation et exsudat pr\u00e9dominent (en compl\u00e9ment du traitement prescrit par votre v\u00e9t\u00e9rinaire).<\/li>\n<li>Nettoie et ass\u00e8che le conduit auriculaire.<\/li>\n<\/ul>\n<p><strong>Mode d&#8217;emploi :<\/strong><\/p>\n<p>Instiller d\u00e9licatement quelques gouttes dans le conduit auditif puis masser l\u00e9g\u00e8rement ou appliquer directement sur une compresse. Une \u00e0 deux fois par jour avant un traitement, si n\u00e9cessaire, et une \u00e0 deux fois par semaine en entretien.<\/p>\n<p>Toujours suivre les conseils de votre v\u00e9t\u00e9rinaire.<\/p>\n<p><strong>Avantages :<\/strong><\/p>\n<ul>\n<li>Le calendula a des propri\u00e9t\u00e9s adoucissantes, hydratantes, calmantes et r\u00e9g\u00e9n\u00e9rantes.<\/li>\n<li>La centella asiatica, gr\u00e2ce \u00e0 ses actifs, favorise la synth\u00e8se du collag\u00e8ne et de la fibronectine, am\u00e9liore la r\u00e9sistance de la peau nouvellement form\u00e9e, module l\u2019inflammation cicatricielle et limite la formation des ch\u00e9lo\u00efdes hypertrophiques.<\/li>\n<li>Action adoucissante sur le conduit auditif.<\/li>\n<li>Tr\u00e8s bonne tol\u00e9rance ce qui autorise une utilisation r\u00e9guli\u00e8re.<\/li>\n<li>Action antiseptique et antifongique et ass\u00e8che le conduit auriculaire.<\/li>\n<\/ul>\n","protected":false},"excerpt":{"rendered":"<p><strong>Solution nettoyante et adoucissante du conduit auditif externe pr\u00e9sentant une grande activit\u00e9 c\u00e9ruminolytique.<br \/>\n<\/strong><\/p>\n<p><strong>Utilisation :<\/strong><\/p>\n<ul>\n<li>Nettoyant doux et tr\u00e8s bien tol\u00e9r\u00e9, ce qui permet une utilisation r\u00e9guli\u00e8re, notamment lors d\u2019otites suppur\u00e9es o\u00f9 inflammation et exsudat pr\u00e9dominent (en compl\u00e9ment du traitement prescrit par votre v\u00e9t\u00e9rinaire).<\/li>\n<li>Nettoie et ass\u00e8che le conduit auriculaire.<\/li>\n<\/ul>\n","protected":false},"featured_media":970311,"template":"","meta":[],"product_cat":[2697,2698,12613,12614,12560,12561],"product_tag":[],"class_list":{"0":"post-100187","1":"product","2":"type-product","3":"status-publish","4":"has-post-thumbnail","6":"product_cat-chat","7":"product_cat-chien","8":"product_cat-hygiene-des-oreilles-du-chat","9":"product_cat-hygiene-des-oreilles-du-chien","10":"product_cat-hygiene-du-chat","11":"product_cat-hygiene-du-chien","12":"pa_marque-mp-labo","14":"first","15":"instock","16":"taxable","17":"shipping-taxable","18":"purchasable","19":"product-type-simple"},"yoast_head":"<!-- This site is optimized with the Yoast SEO plugin v27.3 - https:\/\/yoast.com\/product\/yoast-seo-wordpress\/ -->\n<title>Orexidine Mp Labo - V\u00e9torino<\/title>\n<meta name=\"description\" content=\"Solution nettoyante et adoucissante du conduit auditif externe pr\u00e9sentant une grande activit\u00e9 c\u00e9ruminolytique.   Utilisation :   Nettoyant doux et tr\u00e8s bien tol\u00e9r\u00e9, ce qui permet une utilisation r\u00e9guli\u00e8re, notamment lors d\u2019otites suppur\u00e9es o\u00f9 inflammation et exsudat pr\u00e9dominent (en compl\u00e9ment du traitement prescrit par votre v\u00e9t\u00e9rinaire).  Nettoie et ass\u00e8che le conduit auriculaire.\" \/>\n<meta name=\"robots\" content=\"noindex, nofollow\" \/>\n<meta property=\"og:locale\" content=\"fr_FR\" \/>\n<meta property=\"og:type\" content=\"article\" \/>\n<meta property=\"og:title\" content=\"Orexidine Mp Labo - V\u00e9torino\" \/>\n<meta property=\"og:description\" content=\"Solution nettoyante et adoucissante du conduit auditif externe pr\u00e9sentant une grande activit\u00e9 c\u00e9ruminolytique.   Utilisation :   Nettoyant doux et tr\u00e8s bien tol\u00e9r\u00e9, ce qui permet une utilisation r\u00e9guli\u00e8re, notamment lors d\u2019otites suppur\u00e9es o\u00f9 inflammation et exsudat pr\u00e9dominent (en compl\u00e9ment du traitement prescrit par votre v\u00e9t\u00e9rinaire).  Nettoie et ass\u00e8che le conduit auriculaire.\" \/>\n<meta property=\"og:url\" content=\"https:\/\/www.vetorino.com\/veterinaire\/confolens-16500\/boutique\/product\/orexidine-2\/\" \/>\n<meta property=\"og:site_name\" content=\"V\u00e9torino\" \/>\n<meta property=\"article:publisher\" content=\"https:\/\/www.facebook.com\/Vetorino\/\" \/>\n<meta property=\"article:modified_time\" content=\"2025-09-15T18:13:46+00:00\" \/>\n<meta property=\"og:image\" content=\"https:\/\/www.vetorino.com\/boutique\/wp-content\/uploads\/2020\/06\/FilsORE001FormatMediumTypeIM.png\" \/>\n\t<meta property=\"og:image:width\" content=\"400\" \/>\n\t<meta property=\"og:image:height\" content=\"400\" \/>\n\t<meta property=\"og:image:type\" content=\"image\/png\" \/>\n<meta name=\"twitter:card\" content=\"summary_large_image\" \/>\n<meta name=\"twitter:label1\" content=\"Prix\" \/>\n\t<meta name=\"twitter:data1\" content=\"12,73&euro;\" \/>\n\t<meta name=\"twitter:label2\" content=\"Disponibilit\u00e9\" \/>\n\t<meta name=\"twitter:data2\" content=\"En stock\" \/>\n<script type=\"application\/ld+json\" class=\"yoast-schema-graph\">{\"@context\":\"https:\\\/\\\/schema.org\",\"@graph\":[{\"@type\":\"WebPage\",\"@id\":\"https:\\\/\\\/www.vetorino.com\\\/boutique\\\/product\\\/orexidine-2\\\/\",\"url\":\"https:\\\/\\\/www.vetorino.com\\\/boutique\\\/product\\\/orexidine-2\\\/\",\"name\":\"Orexidine Mp Labo - V\u00e9torino\",\"isPartOf\":{\"@id\":\"https:\\\/\\\/www.vetorino.com\\\/boutique\\\/#website\"},\"primaryImageOfPage\":{\"@id\":\"https:\\\/\\\/www.vetorino.com\\\/boutique\\\/product\\\/orexidine-2\\\/#primaryimage\"},\"image\":{\"@id\":\"https:\\\/\\\/www.vetorino.com\\\/boutique\\\/product\\\/orexidine-2\\\/#primaryimage\"},\"thumbnailUrl\":\"https:\\\/\\\/www.vetorino.com\\\/boutique\\\/wp-content\\\/uploads\\\/2020\\\/03\\\/orexidine.webp\",\"datePublished\":\"2020-06-29T23:41:10+00:00\",\"dateModified\":\"2025-09-15T18:13:46+00:00\",\"description\":\"Solution nettoyante et adoucissante du conduit auditif externe pr\u00e9sentant une grande activit\u00e9 c\u00e9ruminolytique. Utilisation : Nettoyant doux et tr\u00e8s bien tol\u00e9r\u00e9, ce qui permet une utilisation r\u00e9guli\u00e8re, notamment lors d\u2019otites suppur\u00e9es o\u00f9 inflammation et exsudat pr\u00e9dominent (en compl\u00e9ment du traitement prescrit par votre v\u00e9t\u00e9rinaire). Nettoie et ass\u00e8che le conduit auriculaire.\",\"breadcrumb\":{\"@id\":\"https:\\\/\\\/www.vetorino.com\\\/boutique\\\/product\\\/orexidine-2\\\/#breadcrumb\"},\"inLanguage\":\"fr-FR\",\"potentialAction\":[{\"@type\":\"ReadAction\",\"target\":[\"https:\\\/\\\/www.vetorino.com\\\/boutique\\\/product\\\/orexidine-2\\\/\"]}]},{\"@type\":\"ImageObject\",\"inLanguage\":\"fr-FR\",\"@id\":\"https:\\\/\\\/www.vetorino.com\\\/boutique\\\/product\\\/orexidine-2\\\/#primaryimage\",\"url\":\"https:\\\/\\\/www.vetorino.com\\\/boutique\\\/wp-content\\\/uploads\\\/2020\\\/03\\\/orexidine.webp\",\"contentUrl\":\"https:\\\/\\\/www.vetorino.com\\\/boutique\\\/wp-content\\\/uploads\\\/2020\\\/03\\\/orexidine.webp\",\"width\":540,\"height\":540},{\"@type\":\"BreadcrumbList\",\"@id\":\"https:\\\/\\\/www.vetorino.com\\\/boutique\\\/product\\\/orexidine-2\\\/#breadcrumb\",\"itemListElement\":[{\"@type\":\"ListItem\",\"position\":1,\"name\":\"Accueil\",\"item\":\"https:\\\/\\\/www.vetorino.com\\\/boutique\\\/\"},{\"@type\":\"ListItem\",\"position\":2,\"name\":\"Produits\",\"item\":\"https:\\\/\\\/www.vetorino.com\\\/boutique\\\/\"},{\"@type\":\"ListItem\",\"position\":3,\"name\":\"Orexidine\"}]},{\"@type\":\"WebSite\",\"@id\":\"https:\\\/\\\/www.vetorino.com\\\/boutique\\\/#website\",\"url\":\"https:\\\/\\\/www.vetorino.com\\\/boutique\\\/\",\"name\":\"V\u00e9torino\",\"description\":\"\",\"publisher\":{\"@id\":\"https:\\\/\\\/www.vetorino.com\\\/boutique\\\/#organization\"},\"potentialAction\":[{\"@type\":\"SearchAction\",\"target\":{\"@type\":\"EntryPoint\",\"urlTemplate\":\"https:\\\/\\\/www.vetorino.com\\\/boutique\\\/?s={search_term_string}\"},\"query-input\":{\"@type\":\"PropertyValueSpecification\",\"valueRequired\":true,\"valueName\":\"search_term_string\"}}],\"inLanguage\":\"fr-FR\"},{\"@type\":\"Organization\",\"@id\":\"https:\\\/\\\/www.vetorino.com\\\/boutique\\\/#organization\",\"name\":\"V\u00e9torino\",\"url\":\"https:\\\/\\\/www.vetorino.com\\\/boutique\\\/\",\"logo\":{\"@type\":\"ImageObject\",\"inLanguage\":\"fr-FR\",\"@id\":\"https:\\\/\\\/www.vetorino.com\\\/boutique\\\/#\\\/schema\\\/logo\\\/image\\\/\",\"url\":\"https:\\\/\\\/www.vetorino.com\\\/boutique\\\/wp-content\\\/uploads\\\/2024\\\/10\\\/logo.jpg\",\"contentUrl\":\"https:\\\/\\\/www.vetorino.com\\\/boutique\\\/wp-content\\\/uploads\\\/2024\\\/10\\\/logo.jpg\",\"width\":1200,\"height\":610,\"caption\":\"V\u00e9torino\"},\"image\":{\"@id\":\"https:\\\/\\\/www.vetorino.com\\\/boutique\\\/#\\\/schema\\\/logo\\\/image\\\/\"},\"sameAs\":[\"https:\\\/\\\/www.facebook.com\\\/Vetorino\\\/\",\"https:\\\/\\\/www.instagram.com\\\/vetorino_off\\\/\",\"https:\\\/\\\/www.linkedin.com\\\/company\\\/vtorino\\\/\"]}]}<\/script>\n<meta property=\"product:brand\" content=\"Mp Labo\" \/>\n<meta property=\"product:price:amount\" content=\"12.73\" \/>\n<meta property=\"product:price:currency\" content=\"EUR\" \/>\n<meta property=\"og:availability\" content=\"instock\" \/>\n<meta property=\"product:availability\" content=\"instock\" \/>\n<meta property=\"product:retailer_item_id\" content=\"C-ORE001\" \/>\n<meta property=\"product:condition\" content=\"new\" \/>\n<!-- \/ Yoast SEO plugin. -->","yoast_head_json":{"title":"Orexidine Mp Labo - V\u00e9torino","description":"Solution nettoyante et adoucissante du conduit auditif externe pr\u00e9sentant une grande activit\u00e9 c\u00e9ruminolytique.   Utilisation :   Nettoyant doux et tr\u00e8s bien tol\u00e9r\u00e9, ce qui permet une utilisation r\u00e9guli\u00e8re, notamment lors d\u2019otites suppur\u00e9es o\u00f9 inflammation et exsudat pr\u00e9dominent (en compl\u00e9ment du traitement prescrit par votre v\u00e9t\u00e9rinaire).  Nettoie et ass\u00e8che le conduit auriculaire.","robots":{"index":"noindex","follow":"nofollow"},"og_locale":"fr_FR","og_type":"article","og_title":"Orexidine Mp Labo - V\u00e9torino","og_description":"Solution nettoyante et adoucissante du conduit auditif externe pr\u00e9sentant une grande activit\u00e9 c\u00e9ruminolytique.   Utilisation :   Nettoyant doux et tr\u00e8s bien tol\u00e9r\u00e9, ce qui permet une utilisation r\u00e9guli\u00e8re, notamment lors d\u2019otites suppur\u00e9es o\u00f9 inflammation et exsudat pr\u00e9dominent (en compl\u00e9ment du traitement prescrit par votre v\u00e9t\u00e9rinaire).  Nettoie et ass\u00e8che le conduit auriculaire.","og_url":"https:\/\/www.vetorino.com\/veterinaire\/confolens-16500\/boutique\/product\/orexidine-2\/","og_site_name":"V\u00e9torino","article_publisher":"https:\/\/www.facebook.com\/Vetorino\/","article_modified_time":"2025-09-15T18:13:46+00:00","og_image":[{"width":400,"height":400,"url":"https:\/\/www.vetorino.com\/boutique\/wp-content\/uploads\/2020\/06\/FilsORE001FormatMediumTypeIM.png","type":"image\/png"}],"twitter_card":"summary_large_image","twitter_misc":{"Prix":"12,73&euro;","Disponibilit\u00e9":"En stock"},"schema":{"@context":"https:\/\/schema.org","@graph":[{"@type":"WebPage","@id":"https:\/\/www.vetorino.com\/boutique\/product\/orexidine-2\/","url":"https:\/\/www.vetorino.com\/boutique\/product\/orexidine-2\/","name":"Orexidine Mp Labo - V\u00e9torino","isPartOf":{"@id":"https:\/\/www.vetorino.com\/boutique\/#website"},"primaryImageOfPage":{"@id":"https:\/\/www.vetorino.com\/boutique\/product\/orexidine-2\/#primaryimage"},"image":{"@id":"https:\/\/www.vetorino.com\/boutique\/product\/orexidine-2\/#primaryimage"},"thumbnailUrl":"https:\/\/www.vetorino.com\/boutique\/wp-content\/uploads\/2020\/03\/orexidine.webp","datePublished":"2020-06-29T23:41:10+00:00","dateModified":"2025-09-15T18:13:46+00:00","description":"Solution nettoyante et adoucissante du conduit auditif externe pr\u00e9sentant une grande activit\u00e9 c\u00e9ruminolytique. Utilisation : Nettoyant doux et tr\u00e8s bien tol\u00e9r\u00e9, ce qui permet une utilisation r\u00e9guli\u00e8re, notamment lors d\u2019otites suppur\u00e9es o\u00f9 inflammation et exsudat pr\u00e9dominent (en compl\u00e9ment du traitement prescrit par votre v\u00e9t\u00e9rinaire). Nettoie et ass\u00e8che le conduit auriculaire.","breadcrumb":{"@id":"https:\/\/www.vetorino.com\/boutique\/product\/orexidine-2\/#breadcrumb"},"inLanguage":"fr-FR","potentialAction":[{"@type":"ReadAction","target":["https:\/\/www.vetorino.com\/boutique\/product\/orexidine-2\/"]}]},{"@type":"ImageObject","inLanguage":"fr-FR","@id":"https:\/\/www.vetorino.com\/boutique\/product\/orexidine-2\/#primaryimage","url":"https:\/\/www.vetorino.com\/boutique\/wp-content\/uploads\/2020\/03\/orexidine.webp","contentUrl":"https:\/\/www.vetorino.com\/boutique\/wp-content\/uploads\/2020\/03\/orexidine.webp","width":540,"height":540},{"@type":"BreadcrumbList","@id":"https:\/\/www.vetorino.com\/boutique\/product\/orexidine-2\/#breadcrumb","itemListElement":[{"@type":"ListItem","position":1,"name":"Accueil","item":"https:\/\/www.vetorino.com\/boutique\/"},{"@type":"ListItem","position":2,"name":"Produits","item":"https:\/\/www.vetorino.com\/boutique\/"},{"@type":"ListItem","position":3,"name":"Orexidine"}]},{"@type":"WebSite","@id":"https:\/\/www.vetorino.com\/boutique\/#website","url":"https:\/\/www.vetorino.com\/boutique\/","name":"V\u00e9torino","description":"","publisher":{"@id":"https:\/\/www.vetorino.com\/boutique\/#organization"},"potentialAction":[{"@type":"SearchAction","target":{"@type":"EntryPoint","urlTemplate":"https:\/\/www.vetorino.com\/boutique\/?s={search_term_string}"},"query-input":{"@type":"PropertyValueSpecification","valueRequired":true,"valueName":"search_term_string"}}],"inLanguage":"fr-FR"},{"@type":"Organization","@id":"https:\/\/www.vetorino.com\/boutique\/#organization","name":"V\u00e9torino","url":"https:\/\/www.vetorino.com\/boutique\/","logo":{"@type":"ImageObject","inLanguage":"fr-FR","@id":"https:\/\/www.vetorino.com\/boutique\/#\/schema\/logo\/image\/","url":"https:\/\/www.vetorino.com\/boutique\/wp-content\/uploads\/2024\/10\/logo.jpg","contentUrl":"https:\/\/www.vetorino.com\/boutique\/wp-content\/uploads\/2024\/10\/logo.jpg","width":1200,"height":610,"caption":"V\u00e9torino"},"image":{"@id":"https:\/\/www.vetorino.com\/boutique\/#\/schema\/logo\/image\/"},"sameAs":["https:\/\/www.facebook.com\/Vetorino\/","https:\/\/www.instagram.com\/vetorino_off\/","https:\/\/www.linkedin.com\/company\/vtorino\/"]}]},"product_brand":"Mp Labo","product_price_amount":"12.73","product_price_currency":"EUR","og_availability":"instock","product_availability":"instock","product_retailer_item_id":"C-ORE001","product_condition":"new"},"_links":{"self":[{"href":"https:\/\/www.vetorino.com\/veterinaire\/confolens-16500\/boutique\/wp-json\/wp\/v2\/product\/100187","targetHints":{"allow":["GET"]}}],"collection":[{"href":"https:\/\/www.vetorino.com\/veterinaire\/confolens-16500\/boutique\/wp-json\/wp\/v2\/product"}],"about":[{"href":"https:\/\/www.vetorino.com\/veterinaire\/confolens-16500\/boutique\/wp-json\/wp\/v2\/types\/product"}],"wp:featuredmedia":[{"embeddable":true,"href":"https:\/\/www.vetorino.com\/veterinaire\/confolens-16500\/boutique\/wp-json\/wp\/v2\/media\/970311"}],"wp:attachment":[{"href":"https:\/\/www.vetorino.com\/veterinaire\/confolens-16500\/boutique\/wp-json\/wp\/v2\/media?parent=100187"}],"wp:term":[{"taxonomy":"product_cat","embeddable":true,"href":"https:\/\/www.vetorino.com\/veterinaire\/confolens-16500\/boutique\/wp-json\/wp\/v2\/product_cat?post=100187"},{"taxonomy":"product_tag","embeddable":true,"href":"https:\/\/www.vetorino.com\/veterinaire\/confolens-16500\/boutique\/wp-json\/wp\/v2\/product_tag?post=100187"}],"curies":[{"name":"wp","href":"https:\/\/api.w.org\/{rel}","templated":true}]}}