{"id":100325,"date":"2020-06-30T01:43:12","date_gmt":"2020-06-29T23:43:12","guid":{"rendered":"https:\/\/www.vetorino.com\/boutique\/product\/otoclean-unidose\/"},"modified":"2025-10-18T10:36:52","modified_gmt":"2025-10-18T08:36:52","slug":"otoclean-unidose","status":"publish","type":"product","link":"https:\/\/www.vetorino.com\/veterinaire\/confolens-16500\/boutique\/product\/otoclean-unidose\/","title":{"rendered":"Nettoyant auriculaire OTOCLEAN Chien et Chat"},"content":{"rendered":"<p><strong>Utilisation :<\/strong><\/p>\n<ul>\n<li>Pour des chiens de grande taille, instiller un flacon dans chaque oreille.<\/li>\n<li>Pour des animaux de taille moyenne ou de petite taille, le contenu du flacon peut \u00eatre r\u00e9parti entre les deux oreilles.<\/li>\n<\/ul>\n<p><strong>Mode d&#8217;emploi :<\/strong><\/p>\n<ul>\n<li>Ouvrir le flacon en tournant le capuchon en plastique.<\/li>\n<li>Placer l&#8217;embout dans l&#8217;oreille et presser le flacon pour instiller la solution OTOCLEAN\u00a0dans le conduit auditif.<\/li>\n<li>Masser la base de l\u2019oreille pendant quelques secondes.<\/li>\n<li>Laisser agir OTOCLEAN<sup>\u00a0<\/sup>quelques minutes, puis nettoyer l&#8217;oreille avec une compresse (ou \u00e9quivalent).<\/li>\n<\/ul>\n<p><strong>Bienfaits essentiels :<\/strong><\/p>\n<ul>\n<li>La monodose garantit un <strong>nettoyage parfait sans risque de contamination<\/strong> du produit ou des oreilles les jours suivants.<\/li>\n<li><strong>Parfaitement tol\u00e9r\u00e9<\/strong>, bonne efficacit\u00e9 pour le nettoyage par sa texture.<\/li>\n<li><strong>Nettoie en douceur<\/strong> et en profondeur le conduit de l&#8217;oreille.<\/li>\n<li>Assure l&#8217;\u00e9limination des s\u00e9rosit\u00e9s et des cro\u00fbtes tout en <strong>respectant le pavillon auriculaire et le conduit auditif<\/strong>.<\/li>\n<li>Les extraits naturels de plantes favorisent l&#8217;action des agents nettoyants, <strong>calment l&#8217;irritation de l&#8217;oreille<\/strong> et aident \u00e0 la r\u00e9g\u00e9n\u00e9ration de l&#8217;\u00e9piderme.<\/li>\n<\/ul>\n","protected":false},"excerpt":{"rendered":"<p><strong>Nettoyant auriculaire monodose pour chiens et chats, pour une hygi\u00e8ne des oreilles en toute s\u00e9curit\u00e9.<\/strong><\/p>\n<p>&nbsp;<\/p>\n<p><strong>U<\/strong><strong>tilisation :<\/strong><\/p>\n<ul>\n<li>Pour des chiens de grande taille, instiller un flacon dans chaque oreille.<\/li>\n<li>Pour des animaux de taille moyenne ou de petite taille, le contenu du flacon peut \u00eatre r\u00e9parti entre les deux oreilles.<\/li>\n<\/ul>\n","protected":false},"featured_media":803360,"template":"","meta":[],"product_cat":[2697,2698,12613,12614,12560,12561],"product_tag":[],"class_list":{"0":"post-100325","1":"product","2":"type-product","3":"status-publish","4":"has-post-thumbnail","6":"product_cat-chat","7":"product_cat-chien","8":"product_cat-hygiene-des-oreilles-du-chat","9":"product_cat-hygiene-des-oreilles-du-chien","10":"product_cat-hygiene-du-chat","11":"product_cat-hygiene-du-chien","12":"pa_marque-elanco","14":"first","15":"instock","16":"taxable","17":"shipping-taxable","18":"purchasable","19":"product-type-simple"},"yoast_head":"<!-- This site is optimized with the Yoast SEO plugin v27.3 - https:\/\/yoast.com\/product\/yoast-seo-wordpress\/ -->\n<title>Nettoyant auriculaire OTOCLEAN Chien et Chat Elanco - V\u00e9torino<\/title>\n<meta name=\"description\" content=\"Nettoyant auriculaire monodose pour chiens et chats, pour une hygi\u00e8ne des oreilles en toute s\u00e9curit\u00e9.  &nbsp;  Utilisation :   Pour des chiens de grande taille, instiller un flacon dans chaque oreille.  Pour des animaux de taille moyenne ou de petite taille, le contenu du flacon peut \u00eatre r\u00e9parti entre les deux oreilles.\" \/>\n<meta name=\"robots\" content=\"noindex, nofollow\" \/>\n<meta property=\"og:locale\" content=\"fr_FR\" \/>\n<meta property=\"og:type\" content=\"article\" \/>\n<meta property=\"og:title\" content=\"Nettoyant auriculaire OTOCLEAN Chien et Chat Elanco - V\u00e9torino\" \/>\n<meta property=\"og:description\" content=\"Nettoyant auriculaire monodose pour chiens et chats, pour une hygi\u00e8ne des oreilles en toute s\u00e9curit\u00e9.  &nbsp;  Utilisation :   Pour des chiens de grande taille, instiller un flacon dans chaque oreille.  Pour des animaux de taille moyenne ou de petite taille, le contenu du flacon peut \u00eatre r\u00e9parti entre les deux oreilles.\" \/>\n<meta property=\"og:url\" content=\"https:\/\/www.vetorino.com\/veterinaire\/confolens-16500\/boutique\/product\/otoclean-unidose\/\" \/>\n<meta property=\"og:site_name\" content=\"V\u00e9torino\" \/>\n<meta property=\"article:publisher\" content=\"https:\/\/www.facebook.com\/Vetorino\/\" \/>\n<meta property=\"article:modified_time\" content=\"2025-10-18T08:36:52+00:00\" \/>\n<meta property=\"og:image\" content=\"https:\/\/www.vetorino.com\/boutique\/wp-content\/uploads\/2020\/03\/otoclean.jpg\" \/>\n\t<meta property=\"og:image:width\" content=\"540\" \/>\n\t<meta property=\"og:image:height\" content=\"540\" \/>\n\t<meta property=\"og:image:type\" content=\"image\/jpeg\" \/>\n<meta name=\"twitter:card\" content=\"summary_large_image\" \/>\n<meta name=\"twitter:label1\" content=\"Prix\" \/>\n\t<meta name=\"twitter:data1\" content=\"19,15&euro;\" \/>\n\t<meta name=\"twitter:label2\" content=\"Disponibilit\u00e9\" \/>\n\t<meta name=\"twitter:data2\" content=\"En stock\" \/>\n<script type=\"application\/ld+json\" class=\"yoast-schema-graph\">{\"@context\":\"https:\\\/\\\/schema.org\",\"@graph\":[{\"@type\":\"WebPage\",\"@id\":\"https:\\\/\\\/www.vetorino.com\\\/veterinaire\\\/rouen-76100\\\/boutique\\\/product\\\/otoclean-unidose\\\/\",\"url\":\"https:\\\/\\\/www.vetorino.com\\\/veterinaire\\\/rouen-76100\\\/boutique\\\/product\\\/otoclean-unidose\\\/\",\"name\":\"Nettoyant auriculaire OTOCLEAN Chien et Chat Elanco - V\u00e9torino\",\"isPartOf\":{\"@id\":\"https:\\\/\\\/www.vetorino.com\\\/boutique\\\/#website\"},\"primaryImageOfPage\":{\"@id\":\"https:\\\/\\\/www.vetorino.com\\\/veterinaire\\\/rouen-76100\\\/boutique\\\/product\\\/otoclean-unidose\\\/#primaryimage\"},\"image\":{\"@id\":\"https:\\\/\\\/www.vetorino.com\\\/veterinaire\\\/rouen-76100\\\/boutique\\\/product\\\/otoclean-unidose\\\/#primaryimage\"},\"thumbnailUrl\":\"https:\\\/\\\/www.vetorino.com\\\/boutique\\\/wp-content\\\/uploads\\\/2020\\\/03\\\/otoclean.jpg\",\"datePublished\":\"2020-06-29T23:43:12+00:00\",\"dateModified\":\"2025-10-18T08:36:52+00:00\",\"description\":\"Nettoyant auriculaire monodose pour chiens et chats, pour une hygi\u00e8ne des oreilles en toute s\u00e9curit\u00e9. &nbsp; Utilisation : Pour des chiens de grande taille, instiller un flacon dans chaque oreille. Pour des animaux de taille moyenne ou de petite taille, le contenu du flacon peut \u00eatre r\u00e9parti entre les deux oreilles.\",\"breadcrumb\":{\"@id\":\"https:\\\/\\\/www.vetorino.com\\\/veterinaire\\\/rouen-76100\\\/boutique\\\/product\\\/otoclean-unidose\\\/#breadcrumb\"},\"inLanguage\":\"fr-FR\",\"potentialAction\":[{\"@type\":\"ReadAction\",\"target\":[\"https:\\\/\\\/www.vetorino.com\\\/veterinaire\\\/rouen-76100\\\/boutique\\\/product\\\/otoclean-unidose\\\/\"]}]},{\"@type\":\"ImageObject\",\"inLanguage\":\"fr-FR\",\"@id\":\"https:\\\/\\\/www.vetorino.com\\\/veterinaire\\\/rouen-76100\\\/boutique\\\/product\\\/otoclean-unidose\\\/#primaryimage\",\"url\":\"https:\\\/\\\/www.vetorino.com\\\/boutique\\\/wp-content\\\/uploads\\\/2020\\\/03\\\/otoclean.jpg\",\"contentUrl\":\"https:\\\/\\\/www.vetorino.com\\\/boutique\\\/wp-content\\\/uploads\\\/2020\\\/03\\\/otoclean.jpg\",\"width\":540,\"height\":540},{\"@type\":\"BreadcrumbList\",\"@id\":\"https:\\\/\\\/www.vetorino.com\\\/veterinaire\\\/rouen-76100\\\/boutique\\\/product\\\/otoclean-unidose\\\/#breadcrumb\",\"itemListElement\":[{\"@type\":\"ListItem\",\"position\":1,\"name\":\"Accueil\",\"item\":\"https:\\\/\\\/www.vetorino.com\\\/boutique\\\/\"},{\"@type\":\"ListItem\",\"position\":2,\"name\":\"Produits\",\"item\":\"https:\\\/\\\/www.vetorino.com\\\/boutique\\\/\"},{\"@type\":\"ListItem\",\"position\":3,\"name\":\"Nettoyant auriculaire OTOCLEAN Chien et Chat\"}]},{\"@type\":\"WebSite\",\"@id\":\"https:\\\/\\\/www.vetorino.com\\\/boutique\\\/#website\",\"url\":\"https:\\\/\\\/www.vetorino.com\\\/boutique\\\/\",\"name\":\"V\u00e9torino\",\"description\":\"\",\"publisher\":{\"@id\":\"https:\\\/\\\/www.vetorino.com\\\/boutique\\\/#organization\"},\"potentialAction\":[{\"@type\":\"SearchAction\",\"target\":{\"@type\":\"EntryPoint\",\"urlTemplate\":\"https:\\\/\\\/www.vetorino.com\\\/boutique\\\/?s={search_term_string}\"},\"query-input\":{\"@type\":\"PropertyValueSpecification\",\"valueRequired\":true,\"valueName\":\"search_term_string\"}}],\"inLanguage\":\"fr-FR\"},{\"@type\":\"Organization\",\"@id\":\"https:\\\/\\\/www.vetorino.com\\\/boutique\\\/#organization\",\"name\":\"V\u00e9torino\",\"url\":\"https:\\\/\\\/www.vetorino.com\\\/boutique\\\/\",\"logo\":{\"@type\":\"ImageObject\",\"inLanguage\":\"fr-FR\",\"@id\":\"https:\\\/\\\/www.vetorino.com\\\/boutique\\\/#\\\/schema\\\/logo\\\/image\\\/\",\"url\":\"https:\\\/\\\/www.vetorino.com\\\/boutique\\\/wp-content\\\/uploads\\\/2024\\\/10\\\/logo.jpg\",\"contentUrl\":\"https:\\\/\\\/www.vetorino.com\\\/boutique\\\/wp-content\\\/uploads\\\/2024\\\/10\\\/logo.jpg\",\"width\":1200,\"height\":610,\"caption\":\"V\u00e9torino\"},\"image\":{\"@id\":\"https:\\\/\\\/www.vetorino.com\\\/boutique\\\/#\\\/schema\\\/logo\\\/image\\\/\"},\"sameAs\":[\"https:\\\/\\\/www.facebook.com\\\/Vetorino\\\/\",\"https:\\\/\\\/www.instagram.com\\\/vetorino_off\\\/\",\"https:\\\/\\\/www.linkedin.com\\\/company\\\/vtorino\\\/\"]}]}<\/script>\n<meta property=\"product:brand\" content=\"Elanco\" \/>\n<meta property=\"product:price:amount\" content=\"19.15\" \/>\n<meta property=\"product:price:currency\" content=\"EUR\" \/>\n<meta property=\"og:availability\" content=\"instock\" \/>\n<meta property=\"product:availability\" content=\"instock\" \/>\n<meta property=\"product:retailer_item_id\" content=\"C-OTO009\" \/>\n<meta property=\"product:condition\" content=\"new\" \/>\n<!-- \/ Yoast SEO plugin. -->","yoast_head_json":{"title":"Nettoyant auriculaire OTOCLEAN Chien et Chat Elanco - V\u00e9torino","description":"Nettoyant auriculaire monodose pour chiens et chats, pour une hygi\u00e8ne des oreilles en toute s\u00e9curit\u00e9.  &nbsp;  Utilisation :   Pour des chiens de grande taille, instiller un flacon dans chaque oreille.  Pour des animaux de taille moyenne ou de petite taille, le contenu du flacon peut \u00eatre r\u00e9parti entre les deux oreilles.","robots":{"index":"noindex","follow":"nofollow"},"og_locale":"fr_FR","og_type":"article","og_title":"Nettoyant auriculaire OTOCLEAN Chien et Chat Elanco - V\u00e9torino","og_description":"Nettoyant auriculaire monodose pour chiens et chats, pour une hygi\u00e8ne des oreilles en toute s\u00e9curit\u00e9.  &nbsp;  Utilisation :   Pour des chiens de grande taille, instiller un flacon dans chaque oreille.  Pour des animaux de taille moyenne ou de petite taille, le contenu du flacon peut \u00eatre r\u00e9parti entre les deux oreilles.","og_url":"https:\/\/www.vetorino.com\/veterinaire\/confolens-16500\/boutique\/product\/otoclean-unidose\/","og_site_name":"V\u00e9torino","article_publisher":"https:\/\/www.facebook.com\/Vetorino\/","article_modified_time":"2025-10-18T08:36:52+00:00","og_image":[{"width":540,"height":540,"url":"https:\/\/www.vetorino.com\/boutique\/wp-content\/uploads\/2020\/03\/otoclean.jpg","type":"image\/jpeg"}],"twitter_card":"summary_large_image","twitter_misc":{"Prix":"19,15&euro;","Disponibilit\u00e9":"En stock"},"schema":{"@context":"https:\/\/schema.org","@graph":[{"@type":"WebPage","@id":"https:\/\/www.vetorino.com\/veterinaire\/rouen-76100\/boutique\/product\/otoclean-unidose\/","url":"https:\/\/www.vetorino.com\/veterinaire\/rouen-76100\/boutique\/product\/otoclean-unidose\/","name":"Nettoyant auriculaire OTOCLEAN Chien et Chat Elanco - V\u00e9torino","isPartOf":{"@id":"https:\/\/www.vetorino.com\/boutique\/#website"},"primaryImageOfPage":{"@id":"https:\/\/www.vetorino.com\/veterinaire\/rouen-76100\/boutique\/product\/otoclean-unidose\/#primaryimage"},"image":{"@id":"https:\/\/www.vetorino.com\/veterinaire\/rouen-76100\/boutique\/product\/otoclean-unidose\/#primaryimage"},"thumbnailUrl":"https:\/\/www.vetorino.com\/boutique\/wp-content\/uploads\/2020\/03\/otoclean.jpg","datePublished":"2020-06-29T23:43:12+00:00","dateModified":"2025-10-18T08:36:52+00:00","description":"Nettoyant auriculaire monodose pour chiens et chats, pour une hygi\u00e8ne des oreilles en toute s\u00e9curit\u00e9. &nbsp; Utilisation : Pour des chiens de grande taille, instiller un flacon dans chaque oreille. Pour des animaux de taille moyenne ou de petite taille, le contenu du flacon peut \u00eatre r\u00e9parti entre les deux oreilles.","breadcrumb":{"@id":"https:\/\/www.vetorino.com\/veterinaire\/rouen-76100\/boutique\/product\/otoclean-unidose\/#breadcrumb"},"inLanguage":"fr-FR","potentialAction":[{"@type":"ReadAction","target":["https:\/\/www.vetorino.com\/veterinaire\/rouen-76100\/boutique\/product\/otoclean-unidose\/"]}]},{"@type":"ImageObject","inLanguage":"fr-FR","@id":"https:\/\/www.vetorino.com\/veterinaire\/rouen-76100\/boutique\/product\/otoclean-unidose\/#primaryimage","url":"https:\/\/www.vetorino.com\/boutique\/wp-content\/uploads\/2020\/03\/otoclean.jpg","contentUrl":"https:\/\/www.vetorino.com\/boutique\/wp-content\/uploads\/2020\/03\/otoclean.jpg","width":540,"height":540},{"@type":"BreadcrumbList","@id":"https:\/\/www.vetorino.com\/veterinaire\/rouen-76100\/boutique\/product\/otoclean-unidose\/#breadcrumb","itemListElement":[{"@type":"ListItem","position":1,"name":"Accueil","item":"https:\/\/www.vetorino.com\/boutique\/"},{"@type":"ListItem","position":2,"name":"Produits","item":"https:\/\/www.vetorino.com\/boutique\/"},{"@type":"ListItem","position":3,"name":"Nettoyant auriculaire OTOCLEAN Chien et Chat"}]},{"@type":"WebSite","@id":"https:\/\/www.vetorino.com\/boutique\/#website","url":"https:\/\/www.vetorino.com\/boutique\/","name":"V\u00e9torino","description":"","publisher":{"@id":"https:\/\/www.vetorino.com\/boutique\/#organization"},"potentialAction":[{"@type":"SearchAction","target":{"@type":"EntryPoint","urlTemplate":"https:\/\/www.vetorino.com\/boutique\/?s={search_term_string}"},"query-input":{"@type":"PropertyValueSpecification","valueRequired":true,"valueName":"search_term_string"}}],"inLanguage":"fr-FR"},{"@type":"Organization","@id":"https:\/\/www.vetorino.com\/boutique\/#organization","name":"V\u00e9torino","url":"https:\/\/www.vetorino.com\/boutique\/","logo":{"@type":"ImageObject","inLanguage":"fr-FR","@id":"https:\/\/www.vetorino.com\/boutique\/#\/schema\/logo\/image\/","url":"https:\/\/www.vetorino.com\/boutique\/wp-content\/uploads\/2024\/10\/logo.jpg","contentUrl":"https:\/\/www.vetorino.com\/boutique\/wp-content\/uploads\/2024\/10\/logo.jpg","width":1200,"height":610,"caption":"V\u00e9torino"},"image":{"@id":"https:\/\/www.vetorino.com\/boutique\/#\/schema\/logo\/image\/"},"sameAs":["https:\/\/www.facebook.com\/Vetorino\/","https:\/\/www.instagram.com\/vetorino_off\/","https:\/\/www.linkedin.com\/company\/vtorino\/"]}]},"product_brand":"Elanco","product_price_amount":"19.15","product_price_currency":"EUR","og_availability":"instock","product_availability":"instock","product_retailer_item_id":"C-OTO009","product_condition":"new"},"_links":{"self":[{"href":"https:\/\/www.vetorino.com\/veterinaire\/confolens-16500\/boutique\/wp-json\/wp\/v2\/product\/100325","targetHints":{"allow":["GET"]}}],"collection":[{"href":"https:\/\/www.vetorino.com\/veterinaire\/confolens-16500\/boutique\/wp-json\/wp\/v2\/product"}],"about":[{"href":"https:\/\/www.vetorino.com\/veterinaire\/confolens-16500\/boutique\/wp-json\/wp\/v2\/types\/product"}],"wp:featuredmedia":[{"embeddable":true,"href":"https:\/\/www.vetorino.com\/veterinaire\/confolens-16500\/boutique\/wp-json\/wp\/v2\/media\/803360"}],"wp:attachment":[{"href":"https:\/\/www.vetorino.com\/veterinaire\/confolens-16500\/boutique\/wp-json\/wp\/v2\/media?parent=100325"}],"wp:term":[{"taxonomy":"product_cat","embeddable":true,"href":"https:\/\/www.vetorino.com\/veterinaire\/confolens-16500\/boutique\/wp-json\/wp\/v2\/product_cat?post=100325"},{"taxonomy":"product_tag","embeddable":true,"href":"https:\/\/www.vetorino.com\/veterinaire\/confolens-16500\/boutique\/wp-json\/wp\/v2\/product_tag?post=100325"}],"curies":[{"name":"wp","href":"https:\/\/api.w.org\/{rel}","templated":true}]}}