{"id":106392,"date":"2020-07-07T15:29:57","date_gmt":"2020-07-07T13:29:57","guid":{"rendered":"https:\/\/www.vetorino.com\/boutique\/product\/bandana-rafraichissant\/"},"modified":"2024-03-03T02:42:38","modified_gmt":"2024-03-03T01:42:38","slug":"bandana-rafraichissant","status":"publish","type":"product","link":"https:\/\/www.vetorino.com\/veterinaire\/confolens-16500\/boutique\/product\/bandana-rafraichissant\/","title":{"rendered":"Bandana rafra\u00eechissant Trixie"},"content":{"rendered":"<div class=\"hidden\">MATERIEL<\/div>\n<div class=\"hidden\">Chiens<\/div>\n<p>Bandana rafra\u00eechissant en PVA hautement absorbant.<\/p>\n<ul>\n<li>Favorise la thermor\u00e9gulation par exemple pendant le sport, l&#8217;entra\u00eenement et les comp\u00e9titions.<\/li>\n<li>Id\u00e9al aussi pour les chiens \u00e2g\u00e9s.<\/li>\n<li>Rafraichit par \u00e9vaporation, r\u00e9utilisable.<\/li>\n<li>Avec bande auto-agrippante.<\/li>\n<\/ul>\n","protected":false},"excerpt":{"rendered":"<p>Bandana rafra\u00eechissant en PVA hautement absorbant favorise la thermor\u00e9gulation par exemple pendant le sport, l&#8217;entra\u00eenement et les comp\u00e9titions id\u00e9al aussi pour les chiens \u00e2g\u00e9s rafraichit par \u00e9vaporation, r\u00e9utilisable avec bande auto-agrippante<\/p>\n<ul>\n<li>Couleur: bleu<\/li>\n<li>Dimensions: 28-40 cm<\/li>\n<\/ul>\n","protected":false},"featured_media":633794,"template":"","meta":[],"product_cat":[2698,12596],"product_tag":[],"class_list":{"0":"post-106392","1":"product","2":"type-product","3":"status-publish","4":"has-post-thumbnail","6":"product_cat-chien","7":"product_cat-confort-du-chien","8":"pa_marque-trixie","10":"first","11":"instock","12":"taxable","13":"shipping-taxable","14":"purchasable","15":"product-type-variable"},"yoast_head":"<!-- This site is optimized with the Yoast SEO plugin v27.3 - https:\/\/yoast.com\/product\/yoast-seo-wordpress\/ -->\n<title>Bandana rafra\u00eechissant Trixie Trixie - V\u00e9torino<\/title>\n<meta name=\"description\" content=\"Bandana rafra\u00eechissant en PVA hautement absorbant favorise la thermor\u00e9gulation par exemple pendant le sport, l&#039;entra\u00eenement et les comp\u00e9titions id\u00e9al aussi pour les chiens \u00e2g\u00e9s rafraichit par \u00e9vaporation, r\u00e9utilisable avec bande auto-agrippante   Couleur: bleu  Dimensions: 28-40 cm\" \/>\n<meta name=\"robots\" content=\"noindex, nofollow\" \/>\n<meta property=\"og:locale\" content=\"fr_FR\" \/>\n<meta property=\"og:type\" content=\"article\" \/>\n<meta property=\"og:title\" content=\"Bandana rafra\u00eechissant Trixie Trixie - V\u00e9torino\" \/>\n<meta property=\"og:description\" content=\"Bandana rafra\u00eechissant en PVA hautement absorbant favorise la thermor\u00e9gulation par exemple pendant le sport, l&#039;entra\u00eenement et les comp\u00e9titions id\u00e9al aussi pour les chiens \u00e2g\u00e9s rafraichit par \u00e9vaporation, r\u00e9utilisable avec bande auto-agrippante   Couleur: bleu  Dimensions: 28-40 cm\" \/>\n<meta property=\"og:url\" content=\"https:\/\/www.vetorino.com\/veterinaire\/confolens-16500\/boutique\/product\/bandana-rafraichissant\/\" \/>\n<meta property=\"og:site_name\" content=\"V\u00e9torino\" \/>\n<meta property=\"article:publisher\" content=\"https:\/\/www.facebook.com\/Vetorino\/\" \/>\n<meta property=\"article:modified_time\" content=\"2024-03-03T01:42:38+00:00\" \/>\n<meta property=\"og:image\" content=\"https:\/\/www.vetorino.com\/boutique\/wp-content\/uploads\/2020\/07\/a1fd95d7786f41a58dac51ec300a1a28-image.jpg\" \/>\n\t<meta property=\"og:image:width\" content=\"1500\" \/>\n\t<meta property=\"og:image:height\" content=\"1500\" \/>\n\t<meta property=\"og:image:type\" content=\"image\/jpeg\" \/>\n<meta name=\"twitter:card\" content=\"summary_large_image\" \/>\n<meta name=\"twitter:label1\" content=\"Disponibilit\u00e9\" \/>\n\t<meta name=\"twitter:data1\" content=\"En stock\" \/>\n<script type=\"application\/ld+json\" class=\"yoast-schema-graph\">{\"@context\":\"https:\\\/\\\/schema.org\",\"@graph\":[{\"@type\":\"WebPage\",\"@id\":\"https:\\\/\\\/www.vetorino.com\\\/boutique\\\/product\\\/bandana-rafraichissant\\\/\",\"url\":\"https:\\\/\\\/www.vetorino.com\\\/boutique\\\/product\\\/bandana-rafraichissant\\\/\",\"name\":\"Bandana rafra\u00eechissant Trixie Trixie - V\u00e9torino\",\"isPartOf\":{\"@id\":\"https:\\\/\\\/www.vetorino.com\\\/boutique\\\/#website\"},\"primaryImageOfPage\":{\"@id\":\"https:\\\/\\\/www.vetorino.com\\\/boutique\\\/product\\\/bandana-rafraichissant\\\/#primaryimage\"},\"image\":{\"@id\":\"https:\\\/\\\/www.vetorino.com\\\/boutique\\\/product\\\/bandana-rafraichissant\\\/#primaryimage\"},\"thumbnailUrl\":\"https:\\\/\\\/www.vetorino.com\\\/boutique\\\/wp-content\\\/uploads\\\/2020\\\/07\\\/a1fd95d7786f41a58dac51ec300a1a28-image.jpg\",\"datePublished\":\"2020-07-07T13:29:57+00:00\",\"dateModified\":\"2024-03-03T01:42:38+00:00\",\"description\":\"Bandana rafra\u00eechissant en PVA hautement absorbant favorise la thermor\u00e9gulation par exemple pendant le sport, l'entra\u00eenement et les comp\u00e9titions id\u00e9al aussi pour les chiens \u00e2g\u00e9s rafraichit par \u00e9vaporation, r\u00e9utilisable avec bande auto-agrippante Couleur: bleu Dimensions: 28-40 cm\",\"breadcrumb\":{\"@id\":\"https:\\\/\\\/www.vetorino.com\\\/boutique\\\/product\\\/bandana-rafraichissant\\\/#breadcrumb\"},\"inLanguage\":\"fr-FR\",\"potentialAction\":[{\"@type\":\"ReadAction\",\"target\":[\"https:\\\/\\\/www.vetorino.com\\\/boutique\\\/product\\\/bandana-rafraichissant\\\/\"]}]},{\"@type\":\"ImageObject\",\"inLanguage\":\"fr-FR\",\"@id\":\"https:\\\/\\\/www.vetorino.com\\\/boutique\\\/product\\\/bandana-rafraichissant\\\/#primaryimage\",\"url\":\"https:\\\/\\\/www.vetorino.com\\\/boutique\\\/wp-content\\\/uploads\\\/2020\\\/07\\\/a1fd95d7786f41a58dac51ec300a1a28-image.jpg\",\"contentUrl\":\"https:\\\/\\\/www.vetorino.com\\\/boutique\\\/wp-content\\\/uploads\\\/2020\\\/07\\\/a1fd95d7786f41a58dac51ec300a1a28-image.jpg\",\"width\":1500,\"height\":1500},{\"@type\":\"BreadcrumbList\",\"@id\":\"https:\\\/\\\/www.vetorino.com\\\/boutique\\\/product\\\/bandana-rafraichissant\\\/#breadcrumb\",\"itemListElement\":[{\"@type\":\"ListItem\",\"position\":1,\"name\":\"Accueil\",\"item\":\"https:\\\/\\\/www.vetorino.com\\\/boutique\\\/\"},{\"@type\":\"ListItem\",\"position\":2,\"name\":\"Produits\",\"item\":\"https:\\\/\\\/www.vetorino.com\\\/boutique\\\/\"},{\"@type\":\"ListItem\",\"position\":3,\"name\":\"Bandana rafra\u00eechissant Trixie\"}]},{\"@type\":\"WebSite\",\"@id\":\"https:\\\/\\\/www.vetorino.com\\\/boutique\\\/#website\",\"url\":\"https:\\\/\\\/www.vetorino.com\\\/boutique\\\/\",\"name\":\"V\u00e9torino\",\"description\":\"\",\"publisher\":{\"@id\":\"https:\\\/\\\/www.vetorino.com\\\/boutique\\\/#organization\"},\"potentialAction\":[{\"@type\":\"SearchAction\",\"target\":{\"@type\":\"EntryPoint\",\"urlTemplate\":\"https:\\\/\\\/www.vetorino.com\\\/boutique\\\/?s={search_term_string}\"},\"query-input\":{\"@type\":\"PropertyValueSpecification\",\"valueRequired\":true,\"valueName\":\"search_term_string\"}}],\"inLanguage\":\"fr-FR\"},{\"@type\":\"Organization\",\"@id\":\"https:\\\/\\\/www.vetorino.com\\\/boutique\\\/#organization\",\"name\":\"V\u00e9torino\",\"url\":\"https:\\\/\\\/www.vetorino.com\\\/boutique\\\/\",\"logo\":{\"@type\":\"ImageObject\",\"inLanguage\":\"fr-FR\",\"@id\":\"https:\\\/\\\/www.vetorino.com\\\/boutique\\\/#\\\/schema\\\/logo\\\/image\\\/\",\"url\":\"https:\\\/\\\/www.vetorino.com\\\/boutique\\\/wp-content\\\/uploads\\\/2024\\\/10\\\/logo.jpg\",\"contentUrl\":\"https:\\\/\\\/www.vetorino.com\\\/boutique\\\/wp-content\\\/uploads\\\/2024\\\/10\\\/logo.jpg\",\"width\":1200,\"height\":610,\"caption\":\"V\u00e9torino\"},\"image\":{\"@id\":\"https:\\\/\\\/www.vetorino.com\\\/boutique\\\/#\\\/schema\\\/logo\\\/image\\\/\"},\"sameAs\":[\"https:\\\/\\\/www.facebook.com\\\/Vetorino\\\/\",\"https:\\\/\\\/www.instagram.com\\\/vetorino_off\\\/\",\"https:\\\/\\\/www.linkedin.com\\\/company\\\/vtorino\\\/\"]}]}<\/script>\n<meta property=\"product:brand\" content=\"Trixie\" \/>\n<meta property=\"og:availability\" content=\"instock\" \/>\n<meta property=\"product:availability\" content=\"instock\" \/>\n<meta property=\"product:condition\" content=\"new\" \/>\n<!-- \/ Yoast SEO plugin. -->","yoast_head_json":{"title":"Bandana rafra\u00eechissant Trixie Trixie - V\u00e9torino","description":"Bandana rafra\u00eechissant en PVA hautement absorbant favorise la thermor\u00e9gulation par exemple pendant le sport, l'entra\u00eenement et les comp\u00e9titions id\u00e9al aussi pour les chiens \u00e2g\u00e9s rafraichit par \u00e9vaporation, r\u00e9utilisable avec bande auto-agrippante   Couleur: bleu  Dimensions: 28-40 cm","robots":{"index":"noindex","follow":"nofollow"},"og_locale":"fr_FR","og_type":"article","og_title":"Bandana rafra\u00eechissant Trixie Trixie - V\u00e9torino","og_description":"Bandana rafra\u00eechissant en PVA hautement absorbant favorise la thermor\u00e9gulation par exemple pendant le sport, l'entra\u00eenement et les comp\u00e9titions id\u00e9al aussi pour les chiens \u00e2g\u00e9s rafraichit par \u00e9vaporation, r\u00e9utilisable avec bande auto-agrippante   Couleur: bleu  Dimensions: 28-40 cm","og_url":"https:\/\/www.vetorino.com\/veterinaire\/confolens-16500\/boutique\/product\/bandana-rafraichissant\/","og_site_name":"V\u00e9torino","article_publisher":"https:\/\/www.facebook.com\/Vetorino\/","article_modified_time":"2024-03-03T01:42:38+00:00","og_image":[{"width":1500,"height":1500,"url":"https:\/\/www.vetorino.com\/boutique\/wp-content\/uploads\/2020\/07\/a1fd95d7786f41a58dac51ec300a1a28-image.jpg","type":"image\/jpeg"}],"twitter_card":"summary_large_image","twitter_misc":{"Disponibilit\u00e9":"En stock"},"schema":{"@context":"https:\/\/schema.org","@graph":[{"@type":"WebPage","@id":"https:\/\/www.vetorino.com\/boutique\/product\/bandana-rafraichissant\/","url":"https:\/\/www.vetorino.com\/boutique\/product\/bandana-rafraichissant\/","name":"Bandana rafra\u00eechissant Trixie Trixie - V\u00e9torino","isPartOf":{"@id":"https:\/\/www.vetorino.com\/boutique\/#website"},"primaryImageOfPage":{"@id":"https:\/\/www.vetorino.com\/boutique\/product\/bandana-rafraichissant\/#primaryimage"},"image":{"@id":"https:\/\/www.vetorino.com\/boutique\/product\/bandana-rafraichissant\/#primaryimage"},"thumbnailUrl":"https:\/\/www.vetorino.com\/boutique\/wp-content\/uploads\/2020\/07\/a1fd95d7786f41a58dac51ec300a1a28-image.jpg","datePublished":"2020-07-07T13:29:57+00:00","dateModified":"2024-03-03T01:42:38+00:00","description":"Bandana rafra\u00eechissant en PVA hautement absorbant favorise la thermor\u00e9gulation par exemple pendant le sport, l'entra\u00eenement et les comp\u00e9titions id\u00e9al aussi pour les chiens \u00e2g\u00e9s rafraichit par \u00e9vaporation, r\u00e9utilisable avec bande auto-agrippante Couleur: bleu Dimensions: 28-40 cm","breadcrumb":{"@id":"https:\/\/www.vetorino.com\/boutique\/product\/bandana-rafraichissant\/#breadcrumb"},"inLanguage":"fr-FR","potentialAction":[{"@type":"ReadAction","target":["https:\/\/www.vetorino.com\/boutique\/product\/bandana-rafraichissant\/"]}]},{"@type":"ImageObject","inLanguage":"fr-FR","@id":"https:\/\/www.vetorino.com\/boutique\/product\/bandana-rafraichissant\/#primaryimage","url":"https:\/\/www.vetorino.com\/boutique\/wp-content\/uploads\/2020\/07\/a1fd95d7786f41a58dac51ec300a1a28-image.jpg","contentUrl":"https:\/\/www.vetorino.com\/boutique\/wp-content\/uploads\/2020\/07\/a1fd95d7786f41a58dac51ec300a1a28-image.jpg","width":1500,"height":1500},{"@type":"BreadcrumbList","@id":"https:\/\/www.vetorino.com\/boutique\/product\/bandana-rafraichissant\/#breadcrumb","itemListElement":[{"@type":"ListItem","position":1,"name":"Accueil","item":"https:\/\/www.vetorino.com\/boutique\/"},{"@type":"ListItem","position":2,"name":"Produits","item":"https:\/\/www.vetorino.com\/boutique\/"},{"@type":"ListItem","position":3,"name":"Bandana rafra\u00eechissant Trixie"}]},{"@type":"WebSite","@id":"https:\/\/www.vetorino.com\/boutique\/#website","url":"https:\/\/www.vetorino.com\/boutique\/","name":"V\u00e9torino","description":"","publisher":{"@id":"https:\/\/www.vetorino.com\/boutique\/#organization"},"potentialAction":[{"@type":"SearchAction","target":{"@type":"EntryPoint","urlTemplate":"https:\/\/www.vetorino.com\/boutique\/?s={search_term_string}"},"query-input":{"@type":"PropertyValueSpecification","valueRequired":true,"valueName":"search_term_string"}}],"inLanguage":"fr-FR"},{"@type":"Organization","@id":"https:\/\/www.vetorino.com\/boutique\/#organization","name":"V\u00e9torino","url":"https:\/\/www.vetorino.com\/boutique\/","logo":{"@type":"ImageObject","inLanguage":"fr-FR","@id":"https:\/\/www.vetorino.com\/boutique\/#\/schema\/logo\/image\/","url":"https:\/\/www.vetorino.com\/boutique\/wp-content\/uploads\/2024\/10\/logo.jpg","contentUrl":"https:\/\/www.vetorino.com\/boutique\/wp-content\/uploads\/2024\/10\/logo.jpg","width":1200,"height":610,"caption":"V\u00e9torino"},"image":{"@id":"https:\/\/www.vetorino.com\/boutique\/#\/schema\/logo\/image\/"},"sameAs":["https:\/\/www.facebook.com\/Vetorino\/","https:\/\/www.instagram.com\/vetorino_off\/","https:\/\/www.linkedin.com\/company\/vtorino\/"]}]},"product_brand":"Trixie","og_availability":"instock","product_availability":"instock","product_condition":"new"},"_links":{"self":[{"href":"https:\/\/www.vetorino.com\/veterinaire\/confolens-16500\/boutique\/wp-json\/wp\/v2\/product\/106392","targetHints":{"allow":["GET"]}}],"collection":[{"href":"https:\/\/www.vetorino.com\/veterinaire\/confolens-16500\/boutique\/wp-json\/wp\/v2\/product"}],"about":[{"href":"https:\/\/www.vetorino.com\/veterinaire\/confolens-16500\/boutique\/wp-json\/wp\/v2\/types\/product"}],"wp:featuredmedia":[{"embeddable":true,"href":"https:\/\/www.vetorino.com\/veterinaire\/confolens-16500\/boutique\/wp-json\/wp\/v2\/media\/633794"}],"wp:attachment":[{"href":"https:\/\/www.vetorino.com\/veterinaire\/confolens-16500\/boutique\/wp-json\/wp\/v2\/media?parent=106392"}],"wp:term":[{"taxonomy":"product_cat","embeddable":true,"href":"https:\/\/www.vetorino.com\/veterinaire\/confolens-16500\/boutique\/wp-json\/wp\/v2\/product_cat?post=106392"},{"taxonomy":"product_tag","embeddable":true,"href":"https:\/\/www.vetorino.com\/veterinaire\/confolens-16500\/boutique\/wp-json\/wp\/v2\/product_tag?post=106392"}],"curies":[{"name":"wp","href":"https:\/\/api.w.org\/{rel}","templated":true}]}}