{"id":1328939,"date":"2025-05-14T12:12:45","date_gmt":"2025-05-14T10:12:45","guid":{"rendered":"https:\/\/www.vetorino.com\/boutique\/product\/anandavet-xl\/"},"modified":"2026-04-01T18:43:51","modified_gmt":"2026-04-01T16:43:51","slug":"anandavet-xl","status":"publish","type":"product","link":"https:\/\/www.vetorino.com\/veterinaire\/confolens-16500\/boutique\/product\/anandavet-xl\/","title":{"rendered":"AnandaVet XL Chien"},"content":{"rendered":"<p>L&#8217;huile AnandaVet XL a<strong>ide rapidement les chiens \u00e2g\u00e9s ou en baisse de forme.<\/strong> Elle peut s\u2019utiliser en cures de plusieurs semaines.<\/p>\n<p>Il s\u2019agit d\u2019un produit de bien-\u00eatre ne se substituant pas au traitement habituel. Anandavet XL est<strong> fabriqu\u00e9 en France<\/strong> \u00e0 base d&#8217;huile de chanvre.<\/p>\n<p><strong>Comment utiliser Anadavet XL pour votre chien ?<\/strong><\/p>\n<ul>\n<li>5 gouttes\/10kg ou 0.17 ml\/10kg, matin et soir directement sur la muqueuse buccale ( \u00e0 l&#8217;aide de la pipette ou d&#8217;une seringue)<\/li>\n<\/ul>\n<p>Flacon de 10ml = 300 gouttes.<\/p>\n<p>Flacon de 30 ml : 900 gouttes.<\/p>\n","protected":false},"excerpt":{"rendered":"<p>L&#8217;huile AnandaVet XL a<strong>ide rapidement les chiens \u00e2g\u00e9s ou en baisse de forme.<\/strong> Elle peut s\u2019utiliser en cures de plusieurs semaines.<\/p>\n<p>Il s\u2019agit d\u2019un produit de bien-\u00eatre ne se substituant pas au traitement habituel. Anandavet XL est<strong> fabriqu\u00e9 en France<\/strong> \u00e0 base d&#8217;huile de chanvre.<\/p>\n","protected":false},"featured_media":1329046,"template":"","meta":[],"product_cat":[12552,2738,2698,12568],"product_tag":[],"class_list":{"0":"post-1328939","1":"product","2":"type-product","3":"status-publish","4":"has-post-thumbnail","6":"product_cat-alimentation-du-chien","7":"product_cat-aliments-complementaires-pour-chien","8":"product_cat-chien","9":"product_cat-produit-veterinaire-du-chien","10":"pa_marque-zamz-bien-etre","12":"first","13":"instock","14":"taxable","15":"shipping-taxable","16":"purchasable","17":"product-type-variable"},"yoast_head":"<!-- This site is optimized with the Yoast SEO plugin v27.3 - https:\/\/yoast.com\/product\/yoast-seo-wordpress\/ -->\n<title>AnandaVet XL Chien ZamZ - V\u00e9torino<\/title>\n<meta name=\"description\" content=\"L&#039;huile AnandaVet XL aide rapidement les chiens \u00e2g\u00e9s ou en baisse de forme. Elle peut s\u2019utiliser en cures de plusieurs semaines.  Il s\u2019agit d\u2019un produit de bien-\u00eatre ne se substituant pas au traitement habituel. Anandavet XL est fabriqu\u00e9 en France \u00e0 base d&#039;huile de chanvre.\" \/>\n<meta name=\"robots\" content=\"noindex, nofollow\" \/>\n<meta property=\"og:locale\" content=\"fr_FR\" \/>\n<meta property=\"og:type\" content=\"article\" \/>\n<meta property=\"og:title\" content=\"AnandaVet XL Chien ZamZ - V\u00e9torino\" \/>\n<meta property=\"og:description\" content=\"L&#039;huile AnandaVet XL aide rapidement les chiens \u00e2g\u00e9s ou en baisse de forme. Elle peut s\u2019utiliser en cures de plusieurs semaines.  Il s\u2019agit d\u2019un produit de bien-\u00eatre ne se substituant pas au traitement habituel. Anandavet XL est fabriqu\u00e9 en France \u00e0 base d&#039;huile de chanvre.\" \/>\n<meta property=\"og:url\" content=\"https:\/\/www.vetorino.com\/veterinaire\/confolens-16500\/boutique\/product\/anandavet-xl\/\" \/>\n<meta property=\"og:site_name\" content=\"V\u00e9torino\" \/>\n<meta property=\"article:publisher\" content=\"https:\/\/www.facebook.com\/Vetorino\/\" \/>\n<meta property=\"article:modified_time\" content=\"2026-04-01T16:43:51+00:00\" \/>\n<meta property=\"og:image\" content=\"https:\/\/www.vetorino.com\/boutique\/wp-content\/uploads\/2025\/05\/AnandaVet-XL-chien.png\" \/>\n\t<meta property=\"og:image:width\" content=\"960\" \/>\n\t<meta property=\"og:image:height\" content=\"960\" \/>\n\t<meta property=\"og:image:type\" content=\"image\/png\" \/>\n<meta name=\"twitter:card\" content=\"summary_large_image\" \/>\n<meta name=\"twitter:label1\" content=\"Disponibilit\u00e9\" \/>\n\t<meta name=\"twitter:data1\" content=\"En stock\" \/>\n<script type=\"application\/ld+json\" class=\"yoast-schema-graph\">{\"@context\":\"https:\\\/\\\/schema.org\",\"@graph\":[{\"@type\":\"WebPage\",\"@id\":\"https:\\\/\\\/www.vetorino.com\\\/veterinaire\\\/evry-91000\\\/boutique\\\/product\\\/anandavet-xl\\\/\",\"url\":\"https:\\\/\\\/www.vetorino.com\\\/veterinaire\\\/evry-91000\\\/boutique\\\/product\\\/anandavet-xl\\\/\",\"name\":\"AnandaVet XL Chien ZamZ - V\u00e9torino\",\"isPartOf\":{\"@id\":\"https:\\\/\\\/www.vetorino.com\\\/boutique\\\/#website\"},\"primaryImageOfPage\":{\"@id\":\"https:\\\/\\\/www.vetorino.com\\\/veterinaire\\\/evry-91000\\\/boutique\\\/product\\\/anandavet-xl\\\/#primaryimage\"},\"image\":{\"@id\":\"https:\\\/\\\/www.vetorino.com\\\/veterinaire\\\/evry-91000\\\/boutique\\\/product\\\/anandavet-xl\\\/#primaryimage\"},\"thumbnailUrl\":\"https:\\\/\\\/www.vetorino.com\\\/boutique\\\/wp-content\\\/uploads\\\/2025\\\/05\\\/AnandaVet-XL-chien.png\",\"datePublished\":\"2025-05-14T10:12:45+00:00\",\"dateModified\":\"2026-04-01T16:43:51+00:00\",\"description\":\"L'huile AnandaVet XL aide rapidement les chiens \u00e2g\u00e9s ou en baisse de forme. Elle peut s\u2019utiliser en cures de plusieurs semaines. Il s\u2019agit d\u2019un produit de bien-\u00eatre ne se substituant pas au traitement habituel. Anandavet XL est fabriqu\u00e9 en France \u00e0 base d'huile de chanvre.\",\"breadcrumb\":{\"@id\":\"https:\\\/\\\/www.vetorino.com\\\/veterinaire\\\/evry-91000\\\/boutique\\\/product\\\/anandavet-xl\\\/#breadcrumb\"},\"inLanguage\":\"fr-FR\",\"potentialAction\":[{\"@type\":\"ReadAction\",\"target\":[\"https:\\\/\\\/www.vetorino.com\\\/veterinaire\\\/evry-91000\\\/boutique\\\/product\\\/anandavet-xl\\\/\"]}]},{\"@type\":\"ImageObject\",\"inLanguage\":\"fr-FR\",\"@id\":\"https:\\\/\\\/www.vetorino.com\\\/veterinaire\\\/evry-91000\\\/boutique\\\/product\\\/anandavet-xl\\\/#primaryimage\",\"url\":\"https:\\\/\\\/www.vetorino.com\\\/boutique\\\/wp-content\\\/uploads\\\/2025\\\/05\\\/AnandaVet-XL-chien.png\",\"contentUrl\":\"https:\\\/\\\/www.vetorino.com\\\/boutique\\\/wp-content\\\/uploads\\\/2025\\\/05\\\/AnandaVet-XL-chien.png\",\"width\":960,\"height\":960},{\"@type\":\"BreadcrumbList\",\"@id\":\"https:\\\/\\\/www.vetorino.com\\\/veterinaire\\\/evry-91000\\\/boutique\\\/product\\\/anandavet-xl\\\/#breadcrumb\",\"itemListElement\":[{\"@type\":\"ListItem\",\"position\":1,\"name\":\"Accueil\",\"item\":\"https:\\\/\\\/www.vetorino.com\\\/boutique\\\/\"},{\"@type\":\"ListItem\",\"position\":2,\"name\":\"Produits\",\"item\":\"https:\\\/\\\/www.vetorino.com\\\/boutique\\\/\"},{\"@type\":\"ListItem\",\"position\":3,\"name\":\"AnandaVet XL Chien\"}]},{\"@type\":\"WebSite\",\"@id\":\"https:\\\/\\\/www.vetorino.com\\\/boutique\\\/#website\",\"url\":\"https:\\\/\\\/www.vetorino.com\\\/boutique\\\/\",\"name\":\"V\u00e9torino\",\"description\":\"\",\"publisher\":{\"@id\":\"https:\\\/\\\/www.vetorino.com\\\/boutique\\\/#organization\"},\"potentialAction\":[{\"@type\":\"SearchAction\",\"target\":{\"@type\":\"EntryPoint\",\"urlTemplate\":\"https:\\\/\\\/www.vetorino.com\\\/boutique\\\/?s={search_term_string}\"},\"query-input\":{\"@type\":\"PropertyValueSpecification\",\"valueRequired\":true,\"valueName\":\"search_term_string\"}}],\"inLanguage\":\"fr-FR\"},{\"@type\":\"Organization\",\"@id\":\"https:\\\/\\\/www.vetorino.com\\\/boutique\\\/#organization\",\"name\":\"V\u00e9torino\",\"url\":\"https:\\\/\\\/www.vetorino.com\\\/boutique\\\/\",\"logo\":{\"@type\":\"ImageObject\",\"inLanguage\":\"fr-FR\",\"@id\":\"https:\\\/\\\/www.vetorino.com\\\/boutique\\\/#\\\/schema\\\/logo\\\/image\\\/\",\"url\":\"https:\\\/\\\/www.vetorino.com\\\/boutique\\\/wp-content\\\/uploads\\\/2024\\\/10\\\/logo.jpg\",\"contentUrl\":\"https:\\\/\\\/www.vetorino.com\\\/boutique\\\/wp-content\\\/uploads\\\/2024\\\/10\\\/logo.jpg\",\"width\":1200,\"height\":610,\"caption\":\"V\u00e9torino\"},\"image\":{\"@id\":\"https:\\\/\\\/www.vetorino.com\\\/boutique\\\/#\\\/schema\\\/logo\\\/image\\\/\"},\"sameAs\":[\"https:\\\/\\\/www.facebook.com\\\/Vetorino\\\/\",\"https:\\\/\\\/www.instagram.com\\\/vetorino_off\\\/\",\"https:\\\/\\\/www.linkedin.com\\\/company\\\/vtorino\\\/\"]}]}<\/script>\n<meta property=\"product:brand\" content=\"ZamZ\" \/>\n<meta property=\"og:availability\" content=\"instock\" \/>\n<meta property=\"product:availability\" content=\"instock\" \/>\n<meta property=\"product:condition\" content=\"new\" \/>\n<!-- \/ Yoast SEO plugin. -->","yoast_head_json":{"title":"AnandaVet XL Chien ZamZ - V\u00e9torino","description":"L'huile AnandaVet XL aide rapidement les chiens \u00e2g\u00e9s ou en baisse de forme. Elle peut s\u2019utiliser en cures de plusieurs semaines.  Il s\u2019agit d\u2019un produit de bien-\u00eatre ne se substituant pas au traitement habituel. Anandavet XL est fabriqu\u00e9 en France \u00e0 base d'huile de chanvre.","robots":{"index":"noindex","follow":"nofollow"},"og_locale":"fr_FR","og_type":"article","og_title":"AnandaVet XL Chien ZamZ - V\u00e9torino","og_description":"L'huile AnandaVet XL aide rapidement les chiens \u00e2g\u00e9s ou en baisse de forme. Elle peut s\u2019utiliser en cures de plusieurs semaines.  Il s\u2019agit d\u2019un produit de bien-\u00eatre ne se substituant pas au traitement habituel. Anandavet XL est fabriqu\u00e9 en France \u00e0 base d'huile de chanvre.","og_url":"https:\/\/www.vetorino.com\/veterinaire\/confolens-16500\/boutique\/product\/anandavet-xl\/","og_site_name":"V\u00e9torino","article_publisher":"https:\/\/www.facebook.com\/Vetorino\/","article_modified_time":"2026-04-01T16:43:51+00:00","og_image":[{"width":960,"height":960,"url":"https:\/\/www.vetorino.com\/boutique\/wp-content\/uploads\/2025\/05\/AnandaVet-XL-chien.png","type":"image\/png"}],"twitter_card":"summary_large_image","twitter_misc":{"Disponibilit\u00e9":"En stock"},"schema":{"@context":"https:\/\/schema.org","@graph":[{"@type":"WebPage","@id":"https:\/\/www.vetorino.com\/veterinaire\/evry-91000\/boutique\/product\/anandavet-xl\/","url":"https:\/\/www.vetorino.com\/veterinaire\/evry-91000\/boutique\/product\/anandavet-xl\/","name":"AnandaVet XL Chien ZamZ - V\u00e9torino","isPartOf":{"@id":"https:\/\/www.vetorino.com\/boutique\/#website"},"primaryImageOfPage":{"@id":"https:\/\/www.vetorino.com\/veterinaire\/evry-91000\/boutique\/product\/anandavet-xl\/#primaryimage"},"image":{"@id":"https:\/\/www.vetorino.com\/veterinaire\/evry-91000\/boutique\/product\/anandavet-xl\/#primaryimage"},"thumbnailUrl":"https:\/\/www.vetorino.com\/boutique\/wp-content\/uploads\/2025\/05\/AnandaVet-XL-chien.png","datePublished":"2025-05-14T10:12:45+00:00","dateModified":"2026-04-01T16:43:51+00:00","description":"L'huile AnandaVet XL aide rapidement les chiens \u00e2g\u00e9s ou en baisse de forme. Elle peut s\u2019utiliser en cures de plusieurs semaines. Il s\u2019agit d\u2019un produit de bien-\u00eatre ne se substituant pas au traitement habituel. Anandavet XL est fabriqu\u00e9 en France \u00e0 base d'huile de chanvre.","breadcrumb":{"@id":"https:\/\/www.vetorino.com\/veterinaire\/evry-91000\/boutique\/product\/anandavet-xl\/#breadcrumb"},"inLanguage":"fr-FR","potentialAction":[{"@type":"ReadAction","target":["https:\/\/www.vetorino.com\/veterinaire\/evry-91000\/boutique\/product\/anandavet-xl\/"]}]},{"@type":"ImageObject","inLanguage":"fr-FR","@id":"https:\/\/www.vetorino.com\/veterinaire\/evry-91000\/boutique\/product\/anandavet-xl\/#primaryimage","url":"https:\/\/www.vetorino.com\/boutique\/wp-content\/uploads\/2025\/05\/AnandaVet-XL-chien.png","contentUrl":"https:\/\/www.vetorino.com\/boutique\/wp-content\/uploads\/2025\/05\/AnandaVet-XL-chien.png","width":960,"height":960},{"@type":"BreadcrumbList","@id":"https:\/\/www.vetorino.com\/veterinaire\/evry-91000\/boutique\/product\/anandavet-xl\/#breadcrumb","itemListElement":[{"@type":"ListItem","position":1,"name":"Accueil","item":"https:\/\/www.vetorino.com\/boutique\/"},{"@type":"ListItem","position":2,"name":"Produits","item":"https:\/\/www.vetorino.com\/boutique\/"},{"@type":"ListItem","position":3,"name":"AnandaVet XL Chien"}]},{"@type":"WebSite","@id":"https:\/\/www.vetorino.com\/boutique\/#website","url":"https:\/\/www.vetorino.com\/boutique\/","name":"V\u00e9torino","description":"","publisher":{"@id":"https:\/\/www.vetorino.com\/boutique\/#organization"},"potentialAction":[{"@type":"SearchAction","target":{"@type":"EntryPoint","urlTemplate":"https:\/\/www.vetorino.com\/boutique\/?s={search_term_string}"},"query-input":{"@type":"PropertyValueSpecification","valueRequired":true,"valueName":"search_term_string"}}],"inLanguage":"fr-FR"},{"@type":"Organization","@id":"https:\/\/www.vetorino.com\/boutique\/#organization","name":"V\u00e9torino","url":"https:\/\/www.vetorino.com\/boutique\/","logo":{"@type":"ImageObject","inLanguage":"fr-FR","@id":"https:\/\/www.vetorino.com\/boutique\/#\/schema\/logo\/image\/","url":"https:\/\/www.vetorino.com\/boutique\/wp-content\/uploads\/2024\/10\/logo.jpg","contentUrl":"https:\/\/www.vetorino.com\/boutique\/wp-content\/uploads\/2024\/10\/logo.jpg","width":1200,"height":610,"caption":"V\u00e9torino"},"image":{"@id":"https:\/\/www.vetorino.com\/boutique\/#\/schema\/logo\/image\/"},"sameAs":["https:\/\/www.facebook.com\/Vetorino\/","https:\/\/www.instagram.com\/vetorino_off\/","https:\/\/www.linkedin.com\/company\/vtorino\/"]}]},"product_brand":"ZamZ","og_availability":"instock","product_availability":"instock","product_condition":"new"},"_links":{"self":[{"href":"https:\/\/www.vetorino.com\/veterinaire\/confolens-16500\/boutique\/wp-json\/wp\/v2\/product\/1328939","targetHints":{"allow":["GET"]}}],"collection":[{"href":"https:\/\/www.vetorino.com\/veterinaire\/confolens-16500\/boutique\/wp-json\/wp\/v2\/product"}],"about":[{"href":"https:\/\/www.vetorino.com\/veterinaire\/confolens-16500\/boutique\/wp-json\/wp\/v2\/types\/product"}],"wp:featuredmedia":[{"embeddable":true,"href":"https:\/\/www.vetorino.com\/veterinaire\/confolens-16500\/boutique\/wp-json\/wp\/v2\/media\/1329046"}],"wp:attachment":[{"href":"https:\/\/www.vetorino.com\/veterinaire\/confolens-16500\/boutique\/wp-json\/wp\/v2\/media?parent=1328939"}],"wp:term":[{"taxonomy":"product_cat","embeddable":true,"href":"https:\/\/www.vetorino.com\/veterinaire\/confolens-16500\/boutique\/wp-json\/wp\/v2\/product_cat?post=1328939"},{"taxonomy":"product_tag","embeddable":true,"href":"https:\/\/www.vetorino.com\/veterinaire\/confolens-16500\/boutique\/wp-json\/wp\/v2\/product_tag?post=1328939"}],"curies":[{"name":"wp","href":"https:\/\/api.w.org\/{rel}","templated":true}]}}