{"id":1448127,"date":"2025-08-11T15:08:53","date_gmt":"2025-08-11T13:08:53","guid":{"rendered":"https:\/\/www.vetorino.com\/boutique\/product\/tire-tique-tick-twister-manche-silicone-en-clipbox\/"},"modified":"2026-03-09T15:03:47","modified_gmt":"2026-03-09T14:03:47","slug":"tire-tique-tick-twister-manche-silicone-en-clipbox","status":"publish","type":"product","link":"https:\/\/www.vetorino.com\/veterinaire\/confolens-16500\/boutique\/product\/tire-tique-tick-twister-manche-silicone-en-clipbox\/","title":{"rendered":"Tire-tique Tick Twister"},"content":{"rendered":"<p>1 Clipbox de 3 : un grand, un petit et un micro. Coloris al\u00e9atoire.<\/p>\n<p><strong>Permet de retirer les tiques fix\u00e9es sur l&#8217;animal :<\/strong><\/p>\n<ul>\n<li>Sans laisser la t\u00eate de la tique plant\u00e9e dans la peau.<\/li>\n<li>Sans utilisation d&#8217;\u00e9ther ou autre produit.<\/li>\n<li>Imm\u00e9diatement et sans douleur.<\/li>\n<li>Sans comprimer le corps de la tique, ce qui r\u00e9duit le risque de transmission de maladies infectieuses (piroplasmose).<\/li>\n<li>Nouvelle ouverture au dos de la Clipbox pour faciliter le retrait des tire-tiques.<\/li>\n<li>Syst\u00e8me de clip pour emporter le Clipbox partout.<\/li>\n<li>Le crochet O&#8217;TOM est ind\u00e9finiment r\u00e9utilisable.<\/li>\n<li>Ce mod\u00e8le a un manche compl\u00e9t\u00e9 d&#8217;un manchon en silicone pour une meilleure pr\u00e9hension.<\/li>\n<li>Fabrication fran\u00e7aise.<\/li>\n<\/ul>\n<p>Le\u00a0micro crochet est sp\u00e9cial pour larves et nymphes (Les tiques au stade de nymphe semblent \u00eatre responsables de la plupart des transmissions de maladies : plus de 80 % des piq\u00fbres, dans certaines r\u00e9gions seraient caus\u00e9es par des nymphes).<\/p>\n","protected":false},"excerpt":{"rendered":"<p>1 Clipbox de 3 : un grand, un petit et un micro. Coloris al\u00e9atoire.<\/p>\n<p><strong>Permet de retirer les tiques fix\u00e9es sur l&#8217;animal :<\/strong><\/p>\n<ul>\n<li>Sans laisser la t\u00eate de la tique plant\u00e9e dans la peau.<\/li>\n<li>Sans utilisation d&#8217;\u00e9ther ou autre produit.<\/li>\n<li>Imm\u00e9diatement et sans douleur.<\/li>\n<li>Sans comprimer le corps de la tique, ce qui r\u00e9duit le risque de transmission de maladies infectieuses.<\/li>\n<li>Le crochet O&#8217;TOM est ind\u00e9finiment r\u00e9utilisable.<\/li>\n<li>Ce mod\u00e8le a un manche compl\u00e9t\u00e9 d&#8217;un manchon en silicone pour une meilleure pr\u00e9hension.<\/li>\n<\/ul>\n<p>Le\u00a0micro crochet est sp\u00e9cial pour larves et nymphes (Les tiques au stade de nymphe semblent \u00eatre responsables de la plupart des transmissions de maladies : plus de 80 % des piq\u00fbres, dans certaines r\u00e9gions seraient caus\u00e9es par des nymphes).<\/p>\n","protected":false},"featured_media":1448132,"template":"","meta":[],"product_cat":[12548,12550,12553,12554,2698],"product_tag":[],"class_list":{"0":"post-1448127","1":"product","2":"type-product","3":"status-publish","4":"has-post-thumbnail","6":"product_cat-accessoire-du-chat","7":"product_cat-accessoires-du-chien","8":"product_cat-antiparasitaire-du-chat","9":"product_cat-antiparasitaire-du-chien","10":"product_cat-chien","11":"pa_marque-materiel","13":"first","14":"instock","15":"taxable","16":"shipping-taxable","17":"purchasable","18":"product-type-simple"},"yoast_head":"<!-- This site is optimized with the Yoast SEO plugin v27.3 - https:\/\/yoast.com\/product\/yoast-seo-wordpress\/ -->\n<title>Tire-tique Tick Twister Mat\u00e9riel - V\u00e9torino<\/title>\n<meta name=\"description\" content=\"1 Clipbox de 3 : un grand, un petit et un micro. Coloris al\u00e9atoire.  Permet de retirer les tiques fix\u00e9es sur l&#039;animal :   Sans laisser la t\u00eate de la tique plant\u00e9e dans la peau.  Sans utilisation d&#039;\u00e9ther ou autre produit.  Imm\u00e9diatement et sans douleur.  Sans comprimer le corps de la tique, ce qui r\u00e9duit le risque de transmission de maladies infectieuses.  Le crochet O&#039;TOM est ind\u00e9finiment r\u00e9utilisable.  Ce mod\u00e8le a un manche compl\u00e9t\u00e9 d&#039;un manchon en silicone pour une meilleure pr\u00e9hension.  Le\u00a0micro crochet est sp\u00e9cial pour larves et nymphes (Les tiques au stade de nymphe semblent \u00eatre responsables de la plupart des transmissions de maladies : plus de 80 % des piq\u00fbres, dans certaines r\u00e9gions seraient caus\u00e9es par des nymphes).\" \/>\n<meta name=\"robots\" content=\"noindex, nofollow\" \/>\n<meta property=\"og:locale\" content=\"fr_FR\" \/>\n<meta property=\"og:type\" content=\"article\" \/>\n<meta property=\"og:title\" content=\"Tire-tique Tick Twister Mat\u00e9riel - V\u00e9torino\" \/>\n<meta property=\"og:description\" content=\"1 Clipbox de 3 : un grand, un petit et un micro. Coloris al\u00e9atoire.  Permet de retirer les tiques fix\u00e9es sur l&#039;animal :   Sans laisser la t\u00eate de la tique plant\u00e9e dans la peau.  Sans utilisation d&#039;\u00e9ther ou autre produit.  Imm\u00e9diatement et sans douleur.  Sans comprimer le corps de la tique, ce qui r\u00e9duit le risque de transmission de maladies infectieuses.  Le crochet O&#039;TOM est ind\u00e9finiment r\u00e9utilisable.  Ce mod\u00e8le a un manche compl\u00e9t\u00e9 d&#039;un manchon en silicone pour une meilleure pr\u00e9hension.  Le\u00a0micro crochet est sp\u00e9cial pour larves et nymphes (Les tiques au stade de nymphe semblent \u00eatre responsables de la plupart des transmissions de maladies : plus de 80 % des piq\u00fbres, dans certaines r\u00e9gions seraient caus\u00e9es par des nymphes).\" \/>\n<meta property=\"og:url\" content=\"https:\/\/www.vetorino.com\/veterinaire\/confolens-16500\/boutique\/product\/tire-tique-tick-twister-manche-silicone-en-clipbox\/\" \/>\n<meta property=\"og:site_name\" content=\"V\u00e9torino\" \/>\n<meta property=\"article:publisher\" content=\"https:\/\/www.facebook.com\/Vetorino\/\" \/>\n<meta property=\"article:modified_time\" content=\"2026-03-09T14:03:47+00:00\" \/>\n<meta property=\"og:image\" content=\"https:\/\/www.vetorino.com\/boutique\/wp-content\/uploads\/2020\/09\/logo-vetorino-1.png\" \/>\n\t<meta property=\"og:image:width\" content=\"539\" \/>\n\t<meta property=\"og:image:height\" content=\"224\" \/>\n\t<meta property=\"og:image:type\" content=\"image\/png\" \/>\n<meta name=\"twitter:card\" content=\"summary_large_image\" \/>\n<meta name=\"twitter:label1\" content=\"Prix\" \/>\n\t<meta name=\"twitter:data1\" content=\"3,84&euro;\" \/>\n\t<meta name=\"twitter:label2\" content=\"Disponibilit\u00e9\" \/>\n\t<meta name=\"twitter:data2\" content=\"En stock\" \/>\n<script type=\"application\/ld+json\" class=\"yoast-schema-graph\">{\"@context\":\"https:\\\/\\\/schema.org\",\"@graph\":[{\"@type\":\"WebPage\",\"@id\":\"https:\\\/\\\/www.vetorino.com\\\/boutique\\\/product\\\/tire-tique-tick-twister-manche-silicone-en-clipbox\\\/\",\"url\":\"https:\\\/\\\/www.vetorino.com\\\/boutique\\\/product\\\/tire-tique-tick-twister-manche-silicone-en-clipbox\\\/\",\"name\":\"Tire-tique Tick Twister Mat\u00e9riel - V\u00e9torino\",\"isPartOf\":{\"@id\":\"https:\\\/\\\/www.vetorino.com\\\/boutique\\\/#website\"},\"primaryImageOfPage\":{\"@id\":\"https:\\\/\\\/www.vetorino.com\\\/boutique\\\/product\\\/tire-tique-tick-twister-manche-silicone-en-clipbox\\\/#primaryimage\"},\"image\":{\"@id\":\"https:\\\/\\\/www.vetorino.com\\\/boutique\\\/product\\\/tire-tique-tick-twister-manche-silicone-en-clipbox\\\/#primaryimage\"},\"thumbnailUrl\":\"https:\\\/\\\/www.vetorino.com\\\/boutique\\\/wp-content\\\/uploads\\\/2025\\\/08\\\/1191128027.avif\",\"datePublished\":\"2025-08-11T13:08:53+00:00\",\"dateModified\":\"2026-03-09T14:03:47+00:00\",\"description\":\"1 Clipbox de 3 : un grand, un petit et un micro. Coloris al\u00e9atoire. Permet de retirer les tiques fix\u00e9es sur l'animal : Sans laisser la t\u00eate de la tique plant\u00e9e dans la peau. Sans utilisation d'\u00e9ther ou autre produit. Imm\u00e9diatement et sans douleur. Sans comprimer le corps de la tique, ce qui r\u00e9duit le risque de transmission de maladies infectieuses. Le crochet O'TOM est ind\u00e9finiment r\u00e9utilisable. Ce mod\u00e8le a un manche compl\u00e9t\u00e9 d'un manchon en silicone pour une meilleure pr\u00e9hension. Le\u00a0micro crochet est sp\u00e9cial pour larves et nymphes (Les tiques au stade de nymphe semblent \u00eatre responsables de la plupart des transmissions de maladies : plus de 80 % des piq\u00fbres, dans certaines r\u00e9gions seraient caus\u00e9es par des nymphes).\",\"breadcrumb\":{\"@id\":\"https:\\\/\\\/www.vetorino.com\\\/boutique\\\/product\\\/tire-tique-tick-twister-manche-silicone-en-clipbox\\\/#breadcrumb\"},\"inLanguage\":\"fr-FR\",\"potentialAction\":[{\"@type\":\"ReadAction\",\"target\":[\"https:\\\/\\\/www.vetorino.com\\\/boutique\\\/product\\\/tire-tique-tick-twister-manche-silicone-en-clipbox\\\/\"]}]},{\"@type\":\"ImageObject\",\"inLanguage\":\"fr-FR\",\"@id\":\"https:\\\/\\\/www.vetorino.com\\\/boutique\\\/product\\\/tire-tique-tick-twister-manche-silicone-en-clipbox\\\/#primaryimage\",\"url\":\"https:\\\/\\\/www.vetorino.com\\\/boutique\\\/wp-content\\\/uploads\\\/2025\\\/08\\\/1191128027.avif\",\"contentUrl\":\"https:\\\/\\\/www.vetorino.com\\\/boutique\\\/wp-content\\\/uploads\\\/2025\\\/08\\\/1191128027.avif\",\"width\":734,\"height\":734},{\"@type\":\"BreadcrumbList\",\"@id\":\"https:\\\/\\\/www.vetorino.com\\\/boutique\\\/product\\\/tire-tique-tick-twister-manche-silicone-en-clipbox\\\/#breadcrumb\",\"itemListElement\":[{\"@type\":\"ListItem\",\"position\":1,\"name\":\"Accueil\",\"item\":\"https:\\\/\\\/www.vetorino.com\\\/boutique\\\/\"},{\"@type\":\"ListItem\",\"position\":2,\"name\":\"Produits\",\"item\":\"https:\\\/\\\/www.vetorino.com\\\/boutique\\\/\"},{\"@type\":\"ListItem\",\"position\":3,\"name\":\"Tire-tique Tick Twister\"}]},{\"@type\":\"WebSite\",\"@id\":\"https:\\\/\\\/www.vetorino.com\\\/boutique\\\/#website\",\"url\":\"https:\\\/\\\/www.vetorino.com\\\/boutique\\\/\",\"name\":\"V\u00e9torino\",\"description\":\"\",\"publisher\":{\"@id\":\"https:\\\/\\\/www.vetorino.com\\\/boutique\\\/#organization\"},\"potentialAction\":[{\"@type\":\"SearchAction\",\"target\":{\"@type\":\"EntryPoint\",\"urlTemplate\":\"https:\\\/\\\/www.vetorino.com\\\/boutique\\\/?s={search_term_string}\"},\"query-input\":{\"@type\":\"PropertyValueSpecification\",\"valueRequired\":true,\"valueName\":\"search_term_string\"}}],\"inLanguage\":\"fr-FR\"},{\"@type\":\"Organization\",\"@id\":\"https:\\\/\\\/www.vetorino.com\\\/boutique\\\/#organization\",\"name\":\"V\u00e9torino\",\"url\":\"https:\\\/\\\/www.vetorino.com\\\/boutique\\\/\",\"logo\":{\"@type\":\"ImageObject\",\"inLanguage\":\"fr-FR\",\"@id\":\"https:\\\/\\\/www.vetorino.com\\\/boutique\\\/#\\\/schema\\\/logo\\\/image\\\/\",\"url\":\"https:\\\/\\\/www.vetorino.com\\\/boutique\\\/wp-content\\\/uploads\\\/2024\\\/10\\\/logo.jpg\",\"contentUrl\":\"https:\\\/\\\/www.vetorino.com\\\/boutique\\\/wp-content\\\/uploads\\\/2024\\\/10\\\/logo.jpg\",\"width\":1200,\"height\":610,\"caption\":\"V\u00e9torino\"},\"image\":{\"@id\":\"https:\\\/\\\/www.vetorino.com\\\/boutique\\\/#\\\/schema\\\/logo\\\/image\\\/\"},\"sameAs\":[\"https:\\\/\\\/www.facebook.com\\\/Vetorino\\\/\",\"https:\\\/\\\/www.instagram.com\\\/vetorino_off\\\/\",\"https:\\\/\\\/www.linkedin.com\\\/company\\\/vtorino\\\/\"]}]}<\/script>\n<meta property=\"product:brand\" content=\"Mat\u00e9riel\" \/>\n<meta property=\"product:price:amount\" content=\"3.84\" \/>\n<meta property=\"product:price:currency\" content=\"EUR\" \/>\n<meta property=\"og:availability\" content=\"instock\" \/>\n<meta property=\"product:availability\" content=\"instock\" \/>\n<meta property=\"product:retailer_item_id\" content=\"C-TIR709\" \/>\n<meta property=\"product:condition\" content=\"new\" \/>\n<!-- \/ Yoast SEO plugin. -->","yoast_head_json":{"title":"Tire-tique Tick Twister Mat\u00e9riel - V\u00e9torino","description":"1 Clipbox de 3 : un grand, un petit et un micro. Coloris al\u00e9atoire.  Permet de retirer les tiques fix\u00e9es sur l'animal :   Sans laisser la t\u00eate de la tique plant\u00e9e dans la peau.  Sans utilisation d'\u00e9ther ou autre produit.  Imm\u00e9diatement et sans douleur.  Sans comprimer le corps de la tique, ce qui r\u00e9duit le risque de transmission de maladies infectieuses.  Le crochet O'TOM est ind\u00e9finiment r\u00e9utilisable.  Ce mod\u00e8le a un manche compl\u00e9t\u00e9 d'un manchon en silicone pour une meilleure pr\u00e9hension.  Le\u00a0micro crochet est sp\u00e9cial pour larves et nymphes (Les tiques au stade de nymphe semblent \u00eatre responsables de la plupart des transmissions de maladies : plus de 80 % des piq\u00fbres, dans certaines r\u00e9gions seraient caus\u00e9es par des nymphes).","robots":{"index":"noindex","follow":"nofollow"},"og_locale":"fr_FR","og_type":"article","og_title":"Tire-tique Tick Twister Mat\u00e9riel - V\u00e9torino","og_description":"1 Clipbox de 3 : un grand, un petit et un micro. Coloris al\u00e9atoire.  Permet de retirer les tiques fix\u00e9es sur l'animal :   Sans laisser la t\u00eate de la tique plant\u00e9e dans la peau.  Sans utilisation d'\u00e9ther ou autre produit.  Imm\u00e9diatement et sans douleur.  Sans comprimer le corps de la tique, ce qui r\u00e9duit le risque de transmission de maladies infectieuses.  Le crochet O'TOM est ind\u00e9finiment r\u00e9utilisable.  Ce mod\u00e8le a un manche compl\u00e9t\u00e9 d'un manchon en silicone pour une meilleure pr\u00e9hension.  Le\u00a0micro crochet est sp\u00e9cial pour larves et nymphes (Les tiques au stade de nymphe semblent \u00eatre responsables de la plupart des transmissions de maladies : plus de 80 % des piq\u00fbres, dans certaines r\u00e9gions seraient caus\u00e9es par des nymphes).","og_url":"https:\/\/www.vetorino.com\/veterinaire\/confolens-16500\/boutique\/product\/tire-tique-tick-twister-manche-silicone-en-clipbox\/","og_site_name":"V\u00e9torino","article_publisher":"https:\/\/www.facebook.com\/Vetorino\/","article_modified_time":"2026-03-09T14:03:47+00:00","og_image":[{"width":539,"height":224,"url":"https:\/\/www.vetorino.com\/boutique\/wp-content\/uploads\/2020\/09\/logo-vetorino-1.png","type":"image\/png"}],"twitter_card":"summary_large_image","twitter_misc":{"Prix":"3,84&euro;","Disponibilit\u00e9":"En stock"},"schema":{"@context":"https:\/\/schema.org","@graph":[{"@type":"WebPage","@id":"https:\/\/www.vetorino.com\/boutique\/product\/tire-tique-tick-twister-manche-silicone-en-clipbox\/","url":"https:\/\/www.vetorino.com\/boutique\/product\/tire-tique-tick-twister-manche-silicone-en-clipbox\/","name":"Tire-tique Tick Twister Mat\u00e9riel - V\u00e9torino","isPartOf":{"@id":"https:\/\/www.vetorino.com\/boutique\/#website"},"primaryImageOfPage":{"@id":"https:\/\/www.vetorino.com\/boutique\/product\/tire-tique-tick-twister-manche-silicone-en-clipbox\/#primaryimage"},"image":{"@id":"https:\/\/www.vetorino.com\/boutique\/product\/tire-tique-tick-twister-manche-silicone-en-clipbox\/#primaryimage"},"thumbnailUrl":"https:\/\/www.vetorino.com\/boutique\/wp-content\/uploads\/2025\/08\/1191128027.avif","datePublished":"2025-08-11T13:08:53+00:00","dateModified":"2026-03-09T14:03:47+00:00","description":"1 Clipbox de 3 : un grand, un petit et un micro. Coloris al\u00e9atoire. Permet de retirer les tiques fix\u00e9es sur l'animal : Sans laisser la t\u00eate de la tique plant\u00e9e dans la peau. Sans utilisation d'\u00e9ther ou autre produit. Imm\u00e9diatement et sans douleur. Sans comprimer le corps de la tique, ce qui r\u00e9duit le risque de transmission de maladies infectieuses. Le crochet O'TOM est ind\u00e9finiment r\u00e9utilisable. Ce mod\u00e8le a un manche compl\u00e9t\u00e9 d'un manchon en silicone pour une meilleure pr\u00e9hension. Le\u00a0micro crochet est sp\u00e9cial pour larves et nymphes (Les tiques au stade de nymphe semblent \u00eatre responsables de la plupart des transmissions de maladies : plus de 80 % des piq\u00fbres, dans certaines r\u00e9gions seraient caus\u00e9es par des nymphes).","breadcrumb":{"@id":"https:\/\/www.vetorino.com\/boutique\/product\/tire-tique-tick-twister-manche-silicone-en-clipbox\/#breadcrumb"},"inLanguage":"fr-FR","potentialAction":[{"@type":"ReadAction","target":["https:\/\/www.vetorino.com\/boutique\/product\/tire-tique-tick-twister-manche-silicone-en-clipbox\/"]}]},{"@type":"ImageObject","inLanguage":"fr-FR","@id":"https:\/\/www.vetorino.com\/boutique\/product\/tire-tique-tick-twister-manche-silicone-en-clipbox\/#primaryimage","url":"https:\/\/www.vetorino.com\/boutique\/wp-content\/uploads\/2025\/08\/1191128027.avif","contentUrl":"https:\/\/www.vetorino.com\/boutique\/wp-content\/uploads\/2025\/08\/1191128027.avif","width":734,"height":734},{"@type":"BreadcrumbList","@id":"https:\/\/www.vetorino.com\/boutique\/product\/tire-tique-tick-twister-manche-silicone-en-clipbox\/#breadcrumb","itemListElement":[{"@type":"ListItem","position":1,"name":"Accueil","item":"https:\/\/www.vetorino.com\/boutique\/"},{"@type":"ListItem","position":2,"name":"Produits","item":"https:\/\/www.vetorino.com\/boutique\/"},{"@type":"ListItem","position":3,"name":"Tire-tique Tick Twister"}]},{"@type":"WebSite","@id":"https:\/\/www.vetorino.com\/boutique\/#website","url":"https:\/\/www.vetorino.com\/boutique\/","name":"V\u00e9torino","description":"","publisher":{"@id":"https:\/\/www.vetorino.com\/boutique\/#organization"},"potentialAction":[{"@type":"SearchAction","target":{"@type":"EntryPoint","urlTemplate":"https:\/\/www.vetorino.com\/boutique\/?s={search_term_string}"},"query-input":{"@type":"PropertyValueSpecification","valueRequired":true,"valueName":"search_term_string"}}],"inLanguage":"fr-FR"},{"@type":"Organization","@id":"https:\/\/www.vetorino.com\/boutique\/#organization","name":"V\u00e9torino","url":"https:\/\/www.vetorino.com\/boutique\/","logo":{"@type":"ImageObject","inLanguage":"fr-FR","@id":"https:\/\/www.vetorino.com\/boutique\/#\/schema\/logo\/image\/","url":"https:\/\/www.vetorino.com\/boutique\/wp-content\/uploads\/2024\/10\/logo.jpg","contentUrl":"https:\/\/www.vetorino.com\/boutique\/wp-content\/uploads\/2024\/10\/logo.jpg","width":1200,"height":610,"caption":"V\u00e9torino"},"image":{"@id":"https:\/\/www.vetorino.com\/boutique\/#\/schema\/logo\/image\/"},"sameAs":["https:\/\/www.facebook.com\/Vetorino\/","https:\/\/www.instagram.com\/vetorino_off\/","https:\/\/www.linkedin.com\/company\/vtorino\/"]}]},"product_brand":"Mat\u00e9riel","product_price_amount":"3.84","product_price_currency":"EUR","og_availability":"instock","product_availability":"instock","product_retailer_item_id":"C-TIR709","product_condition":"new"},"_links":{"self":[{"href":"https:\/\/www.vetorino.com\/veterinaire\/confolens-16500\/boutique\/wp-json\/wp\/v2\/product\/1448127","targetHints":{"allow":["GET"]}}],"collection":[{"href":"https:\/\/www.vetorino.com\/veterinaire\/confolens-16500\/boutique\/wp-json\/wp\/v2\/product"}],"about":[{"href":"https:\/\/www.vetorino.com\/veterinaire\/confolens-16500\/boutique\/wp-json\/wp\/v2\/types\/product"}],"wp:featuredmedia":[{"embeddable":true,"href":"https:\/\/www.vetorino.com\/veterinaire\/confolens-16500\/boutique\/wp-json\/wp\/v2\/media\/1448132"}],"wp:attachment":[{"href":"https:\/\/www.vetorino.com\/veterinaire\/confolens-16500\/boutique\/wp-json\/wp\/v2\/media?parent=1448127"}],"wp:term":[{"taxonomy":"product_cat","embeddable":true,"href":"https:\/\/www.vetorino.com\/veterinaire\/confolens-16500\/boutique\/wp-json\/wp\/v2\/product_cat?post=1448127"},{"taxonomy":"product_tag","embeddable":true,"href":"https:\/\/www.vetorino.com\/veterinaire\/confolens-16500\/boutique\/wp-json\/wp\/v2\/product_tag?post=1448127"}],"curies":[{"name":"wp","href":"https:\/\/api.w.org\/{rel}","templated":true}]}}