{"id":1478462,"date":"2025-09-05T12:23:58","date_gmt":"2025-09-05T10:23:58","guid":{"rendered":"https:\/\/www.vetorino.com\/boutique\/product\/fungfeed-chien-friandise-hypoallergenique\/"},"modified":"2026-04-02T13:25:52","modified_gmt":"2026-04-02T11:25:52","slug":"fungfeed-chien-friandise-hypoallergenique","status":"publish","type":"product","link":"https:\/\/www.vetorino.com\/veterinaire\/confolens-16500\/boutique\/product\/fungfeed-chien-friandise-hypoallergenique\/","title":{"rendered":"Snack Hypoallerg\u00e9nique &#8211; chien"},"content":{"rendered":"<p><strong>Faites plaisir \u00e0 votre chien tout en prenant soin de sa sant\u00e9<\/strong> avec les friandises hypoallerg\u00e9niques aux insectes Fungfeed !<\/p>\n<p>Nos friandises pour chien contiennent du\u00a0<strong>T\u00e9n\u00e9brio Molitor (N-ova)<\/strong>\u00a0comme unique source de prot\u00e9ine animale. Cet ingr\u00e9dient a forte teneur en vitamine D3 gr\u00e2ce \u00e0 un proc\u00e9d\u00e9 brevet\u00e9, ce qui participe \u00e0 la\u00a0<strong>remin\u00e9ralisation des os<\/strong>, au\u00a0<strong>confort articulaire<\/strong>\u00a0ainsi qu\u2019au\u00a0<strong>renforcement du syst\u00e8me immunitaire<\/strong>.<\/p>\n<p>Cette friandise Fungfeed est id\u00e9ale pour les animaux sensibles qui souhaitent quand m\u00eame se r\u00e9galer avec des plaisirs quotidiens, parfaite pour l\u2019\u00e9ducation ou l\u2019enrichissement gr\u00e2ce \u00e0 leur <strong>petite taille.<\/strong><\/p>\n<p>Elles peuvent aussi \u00eatre donn\u00e9es \u00e0 des chiens qui n\u2019ont pas de soucis de sant\u00e9 mais dont les propri\u00e9taires sont sensibles \u00e0 l\u2019environnement tout en d\u00e9sirant fournir des prot\u00e9ines animales \u00e0 leur chien.<\/p>\n<p class=\"fs-18 fs-lg-22\"><strong>Utilisations :<\/strong><\/p>\n<div class=\"content\">\n<ul>\n<li>Chiot, chien adulte et senior<\/li>\n<li>Aliment compl\u00e9mentaire<\/li>\n<\/ul>\n<p class=\"fs-18 fs-lg-22 pt-6 pt-lg-0\"><strong>Bienfaits :<\/strong><\/p>\n<ul>\n<li><strong>Remin\u00e9ralisation<\/strong>\u00a0osseuse<\/li>\n<li>Participe au\u00a0<strong>confort articulaire<\/strong><\/li>\n<li>Renforcement du\u00a0<strong>syst\u00e8me immunitaire<\/strong><\/li>\n<li>\u00a0Nourrir durablement son carnivore domestique<\/li>\n<\/ul>\n<\/div>\n","protected":false},"excerpt":{"rendered":"<p><strong>Faites plaisir \u00e0 votre chien tout en prenant soin de sa sant\u00e9<\/strong> avec les friandises hypoallerg\u00e9niques aux insectes Fungfeed !<\/p>\n<p class=\"fs-18 fs-lg-22\"><strong>Utilisations :<\/strong><\/p>\n<div class=\"content\">\n<ul>\n<li>Chiot, chien adulte et senior<\/li>\n<li>Aliment compl\u00e9mentaire<\/li>\n<\/ul>\n<p class=\"fs-18 fs-lg-22 pt-6 pt-lg-0\"><strong>Bienfaits :<\/strong><\/p>\n<ul>\n<li><strong>Remin\u00e9ralisation<\/strong>\u00a0osseuse<\/li>\n<li>Participe au\u00a0<strong>confort articulaire<\/strong><\/li>\n<li>Renforcement du\u00a0<strong>syst\u00e8me immunitaire<\/strong><\/li>\n<li>\u00a0Nourrir durablement son carnivore domestique<\/li>\n<\/ul>\n<\/div>\n","protected":false},"featured_media":1478567,"template":"","meta":[],"product_cat":[2698],"product_tag":[],"class_list":{"0":"post-1478462","1":"product","2":"type-product","3":"status-publish","4":"has-post-thumbnail","6":"product_cat-chien","7":"pa_marque-fungfeed","9":"first","10":"instock","11":"taxable","12":"shipping-taxable","13":"purchasable","14":"product-type-variable"},"yoast_head":"<!-- This site is optimized with the Yoast SEO plugin v27.3 - https:\/\/yoast.com\/product\/yoast-seo-wordpress\/ -->\n<title>Snack Hypoallerg\u00e9nique - chien Fungfeed - V\u00e9torino<\/title>\n<meta name=\"description\" content=\"Faites plaisir \u00e0 votre chien tout en prenant soin de sa sant\u00e9 avec les friandises hypoallerg\u00e9niques aux insectes Fungfeed ! Utilisations :     Chiot, chien adulte et senior  Aliment compl\u00e9mentaire  Bienfaits :    Remin\u00e9ralisation\u00a0osseuse  Participe au\u00a0confort articulaire  Renforcement du\u00a0syst\u00e8me immunitaire  \u00a0Nourrir durablement son carnivore domestique\" \/>\n<meta name=\"robots\" content=\"noindex, nofollow\" \/>\n<meta property=\"og:locale\" content=\"fr_FR\" \/>\n<meta property=\"og:type\" content=\"article\" \/>\n<meta property=\"og:title\" content=\"Snack Hypoallerg\u00e9nique - chien Fungfeed - V\u00e9torino\" \/>\n<meta property=\"og:description\" content=\"Faites plaisir \u00e0 votre chien tout en prenant soin de sa sant\u00e9 avec les friandises hypoallerg\u00e9niques aux insectes Fungfeed ! Utilisations :     Chiot, chien adulte et senior  Aliment compl\u00e9mentaire  Bienfaits :    Remin\u00e9ralisation\u00a0osseuse  Participe au\u00a0confort articulaire  Renforcement du\u00a0syst\u00e8me immunitaire  \u00a0Nourrir durablement son carnivore domestique\" \/>\n<meta property=\"og:url\" content=\"https:\/\/www.vetorino.com\/veterinaire\/confolens-16500\/boutique\/product\/fungfeed-chien-friandise-hypoallergenique\/\" \/>\n<meta property=\"og:site_name\" content=\"V\u00e9torino\" \/>\n<meta property=\"article:publisher\" content=\"https:\/\/www.facebook.com\/Vetorino\/\" \/>\n<meta property=\"article:modified_time\" content=\"2026-04-02T11:25:52+00:00\" \/>\n<meta property=\"og:image\" content=\"https:\/\/www.vetorino.com\/boutique\/wp-content\/uploads\/2025\/09\/fungfeed-friandises-chien-2.webp\" \/>\n\t<meta property=\"og:image:width\" content=\"500\" \/>\n\t<meta property=\"og:image:height\" content=\"500\" \/>\n\t<meta property=\"og:image:type\" content=\"image\/webp\" \/>\n<meta name=\"twitter:card\" content=\"summary_large_image\" \/>\n<meta name=\"twitter:label1\" content=\"Disponibilit\u00e9\" \/>\n\t<meta name=\"twitter:data1\" content=\"En stock\" \/>\n<script type=\"application\/ld+json\" class=\"yoast-schema-graph\">{\"@context\":\"https:\\\/\\\/schema.org\",\"@graph\":[{\"@type\":\"WebPage\",\"@id\":\"https:\\\/\\\/www.vetorino.com\\\/boutique\\\/product\\\/fungfeed-chien-friandise-hypoallergenique\\\/\",\"url\":\"https:\\\/\\\/www.vetorino.com\\\/boutique\\\/product\\\/fungfeed-chien-friandise-hypoallergenique\\\/\",\"name\":\"Snack Hypoallerg\u00e9nique - chien Fungfeed - V\u00e9torino\",\"isPartOf\":{\"@id\":\"https:\\\/\\\/www.vetorino.com\\\/boutique\\\/#website\"},\"primaryImageOfPage\":{\"@id\":\"https:\\\/\\\/www.vetorino.com\\\/boutique\\\/product\\\/fungfeed-chien-friandise-hypoallergenique\\\/#primaryimage\"},\"image\":{\"@id\":\"https:\\\/\\\/www.vetorino.com\\\/boutique\\\/product\\\/fungfeed-chien-friandise-hypoallergenique\\\/#primaryimage\"},\"thumbnailUrl\":\"https:\\\/\\\/www.vetorino.com\\\/boutique\\\/wp-content\\\/uploads\\\/2025\\\/09\\\/fungfeed-friandises-chien-2.webp\",\"datePublished\":\"2025-09-05T10:23:58+00:00\",\"dateModified\":\"2026-04-02T11:25:52+00:00\",\"description\":\"Faites plaisir \u00e0 votre chien tout en prenant soin de sa sant\u00e9 avec les friandises hypoallerg\u00e9niques aux insectes Fungfeed ! Utilisations : Chiot, chien adulte et senior Aliment compl\u00e9mentaire Bienfaits : Remin\u00e9ralisation\u00a0osseuse Participe au\u00a0confort articulaire Renforcement du\u00a0syst\u00e8me immunitaire \u00a0Nourrir durablement son carnivore domestique\",\"breadcrumb\":{\"@id\":\"https:\\\/\\\/www.vetorino.com\\\/boutique\\\/product\\\/fungfeed-chien-friandise-hypoallergenique\\\/#breadcrumb\"},\"inLanguage\":\"fr-FR\",\"potentialAction\":[{\"@type\":\"ReadAction\",\"target\":[\"https:\\\/\\\/www.vetorino.com\\\/boutique\\\/product\\\/fungfeed-chien-friandise-hypoallergenique\\\/\"]}]},{\"@type\":\"ImageObject\",\"inLanguage\":\"fr-FR\",\"@id\":\"https:\\\/\\\/www.vetorino.com\\\/boutique\\\/product\\\/fungfeed-chien-friandise-hypoallergenique\\\/#primaryimage\",\"url\":\"https:\\\/\\\/www.vetorino.com\\\/boutique\\\/wp-content\\\/uploads\\\/2025\\\/09\\\/fungfeed-friandises-chien-2.webp\",\"contentUrl\":\"https:\\\/\\\/www.vetorino.com\\\/boutique\\\/wp-content\\\/uploads\\\/2025\\\/09\\\/fungfeed-friandises-chien-2.webp\",\"width\":500,\"height\":500},{\"@type\":\"BreadcrumbList\",\"@id\":\"https:\\\/\\\/www.vetorino.com\\\/boutique\\\/product\\\/fungfeed-chien-friandise-hypoallergenique\\\/#breadcrumb\",\"itemListElement\":[{\"@type\":\"ListItem\",\"position\":1,\"name\":\"Accueil\",\"item\":\"https:\\\/\\\/www.vetorino.com\\\/boutique\\\/\"},{\"@type\":\"ListItem\",\"position\":2,\"name\":\"Produits\",\"item\":\"https:\\\/\\\/www.vetorino.com\\\/boutique\\\/\"},{\"@type\":\"ListItem\",\"position\":3,\"name\":\"Snack Hypoallerg\u00e9nique &#8211; chien\"}]},{\"@type\":\"WebSite\",\"@id\":\"https:\\\/\\\/www.vetorino.com\\\/boutique\\\/#website\",\"url\":\"https:\\\/\\\/www.vetorino.com\\\/boutique\\\/\",\"name\":\"V\u00e9torino\",\"description\":\"\",\"publisher\":{\"@id\":\"https:\\\/\\\/www.vetorino.com\\\/boutique\\\/#organization\"},\"potentialAction\":[{\"@type\":\"SearchAction\",\"target\":{\"@type\":\"EntryPoint\",\"urlTemplate\":\"https:\\\/\\\/www.vetorino.com\\\/boutique\\\/?s={search_term_string}\"},\"query-input\":{\"@type\":\"PropertyValueSpecification\",\"valueRequired\":true,\"valueName\":\"search_term_string\"}}],\"inLanguage\":\"fr-FR\"},{\"@type\":\"Organization\",\"@id\":\"https:\\\/\\\/www.vetorino.com\\\/boutique\\\/#organization\",\"name\":\"V\u00e9torino\",\"url\":\"https:\\\/\\\/www.vetorino.com\\\/boutique\\\/\",\"logo\":{\"@type\":\"ImageObject\",\"inLanguage\":\"fr-FR\",\"@id\":\"https:\\\/\\\/www.vetorino.com\\\/boutique\\\/#\\\/schema\\\/logo\\\/image\\\/\",\"url\":\"https:\\\/\\\/www.vetorino.com\\\/boutique\\\/wp-content\\\/uploads\\\/2024\\\/10\\\/logo.jpg\",\"contentUrl\":\"https:\\\/\\\/www.vetorino.com\\\/boutique\\\/wp-content\\\/uploads\\\/2024\\\/10\\\/logo.jpg\",\"width\":1200,\"height\":610,\"caption\":\"V\u00e9torino\"},\"image\":{\"@id\":\"https:\\\/\\\/www.vetorino.com\\\/boutique\\\/#\\\/schema\\\/logo\\\/image\\\/\"},\"sameAs\":[\"https:\\\/\\\/www.facebook.com\\\/Vetorino\\\/\",\"https:\\\/\\\/www.instagram.com\\\/vetorino_off\\\/\",\"https:\\\/\\\/www.linkedin.com\\\/company\\\/vtorino\\\/\"]}]}<\/script>\n<meta property=\"product:brand\" content=\"Fungfeed\" \/>\n<meta property=\"og:availability\" content=\"instock\" \/>\n<meta property=\"product:availability\" content=\"instock\" \/>\n<meta property=\"product:condition\" content=\"new\" \/>\n<!-- \/ Yoast SEO plugin. -->","yoast_head_json":{"title":"Snack Hypoallerg\u00e9nique - chien Fungfeed - V\u00e9torino","description":"Faites plaisir \u00e0 votre chien tout en prenant soin de sa sant\u00e9 avec les friandises hypoallerg\u00e9niques aux insectes Fungfeed ! Utilisations :     Chiot, chien adulte et senior  Aliment compl\u00e9mentaire  Bienfaits :    Remin\u00e9ralisation\u00a0osseuse  Participe au\u00a0confort articulaire  Renforcement du\u00a0syst\u00e8me immunitaire  \u00a0Nourrir durablement son carnivore domestique","robots":{"index":"noindex","follow":"nofollow"},"og_locale":"fr_FR","og_type":"article","og_title":"Snack Hypoallerg\u00e9nique - chien Fungfeed - V\u00e9torino","og_description":"Faites plaisir \u00e0 votre chien tout en prenant soin de sa sant\u00e9 avec les friandises hypoallerg\u00e9niques aux insectes Fungfeed ! Utilisations :     Chiot, chien adulte et senior  Aliment compl\u00e9mentaire  Bienfaits :    Remin\u00e9ralisation\u00a0osseuse  Participe au\u00a0confort articulaire  Renforcement du\u00a0syst\u00e8me immunitaire  \u00a0Nourrir durablement son carnivore domestique","og_url":"https:\/\/www.vetorino.com\/veterinaire\/confolens-16500\/boutique\/product\/fungfeed-chien-friandise-hypoallergenique\/","og_site_name":"V\u00e9torino","article_publisher":"https:\/\/www.facebook.com\/Vetorino\/","article_modified_time":"2026-04-02T11:25:52+00:00","og_image":[{"width":500,"height":500,"url":"https:\/\/www.vetorino.com\/boutique\/wp-content\/uploads\/2025\/09\/fungfeed-friandises-chien-2.webp","type":"image\/webp"}],"twitter_card":"summary_large_image","twitter_misc":{"Disponibilit\u00e9":"En stock"},"schema":{"@context":"https:\/\/schema.org","@graph":[{"@type":"WebPage","@id":"https:\/\/www.vetorino.com\/boutique\/product\/fungfeed-chien-friandise-hypoallergenique\/","url":"https:\/\/www.vetorino.com\/boutique\/product\/fungfeed-chien-friandise-hypoallergenique\/","name":"Snack Hypoallerg\u00e9nique - chien Fungfeed - V\u00e9torino","isPartOf":{"@id":"https:\/\/www.vetorino.com\/boutique\/#website"},"primaryImageOfPage":{"@id":"https:\/\/www.vetorino.com\/boutique\/product\/fungfeed-chien-friandise-hypoallergenique\/#primaryimage"},"image":{"@id":"https:\/\/www.vetorino.com\/boutique\/product\/fungfeed-chien-friandise-hypoallergenique\/#primaryimage"},"thumbnailUrl":"https:\/\/www.vetorino.com\/boutique\/wp-content\/uploads\/2025\/09\/fungfeed-friandises-chien-2.webp","datePublished":"2025-09-05T10:23:58+00:00","dateModified":"2026-04-02T11:25:52+00:00","description":"Faites plaisir \u00e0 votre chien tout en prenant soin de sa sant\u00e9 avec les friandises hypoallerg\u00e9niques aux insectes Fungfeed ! Utilisations : Chiot, chien adulte et senior Aliment compl\u00e9mentaire Bienfaits : Remin\u00e9ralisation\u00a0osseuse Participe au\u00a0confort articulaire Renforcement du\u00a0syst\u00e8me immunitaire \u00a0Nourrir durablement son carnivore domestique","breadcrumb":{"@id":"https:\/\/www.vetorino.com\/boutique\/product\/fungfeed-chien-friandise-hypoallergenique\/#breadcrumb"},"inLanguage":"fr-FR","potentialAction":[{"@type":"ReadAction","target":["https:\/\/www.vetorino.com\/boutique\/product\/fungfeed-chien-friandise-hypoallergenique\/"]}]},{"@type":"ImageObject","inLanguage":"fr-FR","@id":"https:\/\/www.vetorino.com\/boutique\/product\/fungfeed-chien-friandise-hypoallergenique\/#primaryimage","url":"https:\/\/www.vetorino.com\/boutique\/wp-content\/uploads\/2025\/09\/fungfeed-friandises-chien-2.webp","contentUrl":"https:\/\/www.vetorino.com\/boutique\/wp-content\/uploads\/2025\/09\/fungfeed-friandises-chien-2.webp","width":500,"height":500},{"@type":"BreadcrumbList","@id":"https:\/\/www.vetorino.com\/boutique\/product\/fungfeed-chien-friandise-hypoallergenique\/#breadcrumb","itemListElement":[{"@type":"ListItem","position":1,"name":"Accueil","item":"https:\/\/www.vetorino.com\/boutique\/"},{"@type":"ListItem","position":2,"name":"Produits","item":"https:\/\/www.vetorino.com\/boutique\/"},{"@type":"ListItem","position":3,"name":"Snack Hypoallerg\u00e9nique &#8211; chien"}]},{"@type":"WebSite","@id":"https:\/\/www.vetorino.com\/boutique\/#website","url":"https:\/\/www.vetorino.com\/boutique\/","name":"V\u00e9torino","description":"","publisher":{"@id":"https:\/\/www.vetorino.com\/boutique\/#organization"},"potentialAction":[{"@type":"SearchAction","target":{"@type":"EntryPoint","urlTemplate":"https:\/\/www.vetorino.com\/boutique\/?s={search_term_string}"},"query-input":{"@type":"PropertyValueSpecification","valueRequired":true,"valueName":"search_term_string"}}],"inLanguage":"fr-FR"},{"@type":"Organization","@id":"https:\/\/www.vetorino.com\/boutique\/#organization","name":"V\u00e9torino","url":"https:\/\/www.vetorino.com\/boutique\/","logo":{"@type":"ImageObject","inLanguage":"fr-FR","@id":"https:\/\/www.vetorino.com\/boutique\/#\/schema\/logo\/image\/","url":"https:\/\/www.vetorino.com\/boutique\/wp-content\/uploads\/2024\/10\/logo.jpg","contentUrl":"https:\/\/www.vetorino.com\/boutique\/wp-content\/uploads\/2024\/10\/logo.jpg","width":1200,"height":610,"caption":"V\u00e9torino"},"image":{"@id":"https:\/\/www.vetorino.com\/boutique\/#\/schema\/logo\/image\/"},"sameAs":["https:\/\/www.facebook.com\/Vetorino\/","https:\/\/www.instagram.com\/vetorino_off\/","https:\/\/www.linkedin.com\/company\/vtorino\/"]}]},"product_brand":"Fungfeed","og_availability":"instock","product_availability":"instock","product_condition":"new"},"_links":{"self":[{"href":"https:\/\/www.vetorino.com\/veterinaire\/confolens-16500\/boutique\/wp-json\/wp\/v2\/product\/1478462","targetHints":{"allow":["GET"]}}],"collection":[{"href":"https:\/\/www.vetorino.com\/veterinaire\/confolens-16500\/boutique\/wp-json\/wp\/v2\/product"}],"about":[{"href":"https:\/\/www.vetorino.com\/veterinaire\/confolens-16500\/boutique\/wp-json\/wp\/v2\/types\/product"}],"wp:featuredmedia":[{"embeddable":true,"href":"https:\/\/www.vetorino.com\/veterinaire\/confolens-16500\/boutique\/wp-json\/wp\/v2\/media\/1478567"}],"wp:attachment":[{"href":"https:\/\/www.vetorino.com\/veterinaire\/confolens-16500\/boutique\/wp-json\/wp\/v2\/media?parent=1478462"}],"wp:term":[{"taxonomy":"product_cat","embeddable":true,"href":"https:\/\/www.vetorino.com\/veterinaire\/confolens-16500\/boutique\/wp-json\/wp\/v2\/product_cat?post=1478462"},{"taxonomy":"product_tag","embeddable":true,"href":"https:\/\/www.vetorino.com\/veterinaire\/confolens-16500\/boutique\/wp-json\/wp\/v2\/product_tag?post=1478462"}],"curies":[{"name":"wp","href":"https:\/\/api.w.org\/{rel}","templated":true}]}}