{"id":1663262,"date":"2026-01-19T14:58:18","date_gmt":"2026-01-19T13:58:18","guid":{"rendered":"https:\/\/www.vetorino.com\/boutique\/product\/friandises-chat-zolux-sweeties-creme-thon\/"},"modified":"2026-02-13T09:41:39","modified_gmt":"2026-02-13T08:41:39","slug":"friandises-chat-zolux-sweeties-creme-thon","status":"publish","type":"product","link":"https:\/\/www.vetorino.com\/veterinaire\/confolens-16500\/boutique\/product\/friandises-chat-zolux-sweeties-creme-thon\/","title":{"rendered":"Friandises Sweeties Thon \u2013 chat"},"content":{"rendered":"<p><strong>Cette friandise cr\u00e9meuse ultra app\u00e9tente ravit m\u00eame les chats les plus difficiles !<\/strong><\/p>\n<p>Riche en thon, cette gourmandise est formul\u00e9e <strong>sans colorant, sans ar\u00f4me artificiel et sans sucre ajout\u00e9.<\/strong><\/p>\n<p><strong>Riche en prot\u00e9ines et pauvre en mati\u00e8res grasses<\/strong>, elle ne d\u00e9s\u00e9quilibre pas l\u2019alimentation du chat dans les conditions d\u2019utilisation recommand\u00e9es (5 tubes maximum par jour pour un poids corporel de 4 kg).<\/p>\n<ul>\n<li>Elle aidera le chat \u00e0 se maintenir hydrat\u00e9.<\/li>\n<li>Cet en-cas est \u00e0 laper directement, \u00e0 verser dans la gamelle du chat ou sur un tapis \u00e0 l\u00e9cher.<\/li>\n<li>Elle deviendra indispensable lors des apprentissages et maintiendra le chat occup\u00e9.<\/li>\n<li>Approuv\u00e9 par un v\u00e9t\u00e9rinaire.<\/li>\n<li>Ce produit est porteur du Label 1 % Pour Les Animaux.<\/li>\n<\/ul>\n","protected":false},"excerpt":{"rendered":"<p><strong>Cette friandise cr\u00e9meuse ultra app\u00e9tente ravit m\u00eame les chats les plus difficiles !<\/strong><\/p>\n<p>Riche en thon, cette gourmandise est formul\u00e9e <strong>sans colorant, sans ar\u00f4me artificiel et sans sucre ajout\u00e9.<\/strong><\/p>\n<p><strong>Riche en prot\u00e9ines et pauvre en mati\u00e8res grasses<\/strong>, elle ne d\u00e9s\u00e9quilibre pas l\u2019alimentation du chat dans les conditions d\u2019utilisation recommand\u00e9es (5 tubes maximum par jour pour un poids corporel de 4 kg).<\/p>\n<ul>\n<li>Elle aidera le chat \u00e0 se maintenir hydrat\u00e9.<\/li>\n<li>Cet en-cas est \u00e0 laper directement, \u00e0 verser dans la gamelle du chat ou sur un tapis \u00e0 l\u00e9cher.<\/li>\n<li>Elle deviendra indispensable lors des apprentissages et maintiendra le chat occup\u00e9.<\/li>\n<li>Approuv\u00e9 par un v\u00e9t\u00e9rinaire.<\/li>\n<li>Ce produit est porteur du Label 1 % Pour Les Animaux.<\/li>\n<\/ul>\n","protected":false},"featured_media":1664566,"template":"","meta":[],"product_cat":[12551,12583,2697,2733],"product_tag":[],"class_list":{"0":"post-1663262","1":"product","2":"type-product","3":"status-publish","4":"has-post-thumbnail","6":"product_cat-alimentation-du-chat","7":"product_cat-alimentation-premium-pour-chat","8":"product_cat-chat","9":"product_cat-friandises-pour-chat","10":"pa_marque-zolux","12":"first","13":"instock","14":"taxable","15":"shipping-taxable","16":"purchasable","17":"product-type-simple"},"yoast_head":"<!-- This site is optimized with the Yoast SEO plugin v27.3 - https:\/\/yoast.com\/product\/yoast-seo-wordpress\/ -->\n<title>Friandises Sweeties Thon \u2013 chat Zolux - V\u00e9torino<\/title>\n<meta name=\"description\" content=\"Cette friandise cr\u00e9meuse ultra app\u00e9tente ravit m\u00eame les chats les plus difficiles !  Riche en thon, cette gourmandise est formul\u00e9e sans colorant, sans ar\u00f4me artificiel et sans sucre ajout\u00e9.  Riche en prot\u00e9ines et pauvre en mati\u00e8res grasses, elle ne d\u00e9s\u00e9quilibre pas l\u2019alimentation du chat dans les conditions d\u2019utilisation recommand\u00e9es (5 tubes maximum par jour pour un poids corporel de 4 kg).   Elle aidera le chat \u00e0 se maintenir hydrat\u00e9.  Cet en-cas est \u00e0 laper directement, \u00e0 verser dans la gamelle du chat ou sur un tapis \u00e0 l\u00e9cher.  Elle deviendra indispensable lors des apprentissages et maintiendra le chat occup\u00e9.  Approuv\u00e9 par un v\u00e9t\u00e9rinaire.  Ce produit est porteur du Label 1 % Pour Les Animaux.\" \/>\n<meta name=\"robots\" content=\"noindex, nofollow\" \/>\n<meta property=\"og:locale\" content=\"fr_FR\" \/>\n<meta property=\"og:type\" content=\"article\" \/>\n<meta property=\"og:title\" content=\"Friandises Sweeties Thon \u2013 chat Zolux - V\u00e9torino\" \/>\n<meta property=\"og:description\" content=\"Cette friandise cr\u00e9meuse ultra app\u00e9tente ravit m\u00eame les chats les plus difficiles !  Riche en thon, cette gourmandise est formul\u00e9e sans colorant, sans ar\u00f4me artificiel et sans sucre ajout\u00e9.  Riche en prot\u00e9ines et pauvre en mati\u00e8res grasses, elle ne d\u00e9s\u00e9quilibre pas l\u2019alimentation du chat dans les conditions d\u2019utilisation recommand\u00e9es (5 tubes maximum par jour pour un poids corporel de 4 kg).   Elle aidera le chat \u00e0 se maintenir hydrat\u00e9.  Cet en-cas est \u00e0 laper directement, \u00e0 verser dans la gamelle du chat ou sur un tapis \u00e0 l\u00e9cher.  Elle deviendra indispensable lors des apprentissages et maintiendra le chat occup\u00e9.  Approuv\u00e9 par un v\u00e9t\u00e9rinaire.  Ce produit est porteur du Label 1 % Pour Les Animaux.\" \/>\n<meta property=\"og:url\" content=\"https:\/\/www.vetorino.com\/veterinaire\/confolens-16500\/boutique\/product\/friandises-chat-zolux-sweeties-creme-thon\/\" \/>\n<meta property=\"og:site_name\" content=\"V\u00e9torino\" \/>\n<meta property=\"article:publisher\" content=\"https:\/\/www.facebook.com\/Vetorino\/\" \/>\n<meta property=\"article:modified_time\" content=\"2026-02-13T08:41:39+00:00\" \/>\n<meta property=\"og:image\" content=\"https:\/\/www.vetorino.com\/boutique\/wp-content\/uploads\/2026\/01\/sticks-creme-de-thon-7-x-14-g-pour-chat-zolux-zo-582180.jpg\" \/>\n\t<meta property=\"og:image:width\" content=\"800\" \/>\n\t<meta property=\"og:image:height\" content=\"800\" \/>\n\t<meta property=\"og:image:type\" content=\"image\/jpeg\" \/>\n<meta name=\"twitter:card\" content=\"summary_large_image\" \/>\n<meta name=\"twitter:label1\" content=\"Prix\" \/>\n\t<meta name=\"twitter:data1\" content=\"3,33&euro;\" \/>\n\t<meta name=\"twitter:label2\" content=\"Disponibilit\u00e9\" \/>\n\t<meta name=\"twitter:data2\" content=\"En stock\" \/>\n<script type=\"application\/ld+json\" class=\"yoast-schema-graph\">{\"@context\":\"https:\\\/\\\/schema.org\",\"@graph\":[{\"@type\":\"WebPage\",\"@id\":\"https:\\\/\\\/www.vetorino.com\\\/boutique\\\/product\\\/friandises-chat-zolux-sweeties-creme-thon\\\/\",\"url\":\"https:\\\/\\\/www.vetorino.com\\\/boutique\\\/product\\\/friandises-chat-zolux-sweeties-creme-thon\\\/\",\"name\":\"Friandises Sweeties Thon \u2013 chat Zolux - V\u00e9torino\",\"isPartOf\":{\"@id\":\"https:\\\/\\\/www.vetorino.com\\\/boutique\\\/#website\"},\"primaryImageOfPage\":{\"@id\":\"https:\\\/\\\/www.vetorino.com\\\/boutique\\\/product\\\/friandises-chat-zolux-sweeties-creme-thon\\\/#primaryimage\"},\"image\":{\"@id\":\"https:\\\/\\\/www.vetorino.com\\\/boutique\\\/product\\\/friandises-chat-zolux-sweeties-creme-thon\\\/#primaryimage\"},\"thumbnailUrl\":\"https:\\\/\\\/www.vetorino.com\\\/boutique\\\/wp-content\\\/uploads\\\/2026\\\/01\\\/sticks-creme-de-thon-7-x-14-g-pour-chat-zolux-zo-582180.jpg\",\"datePublished\":\"2026-01-19T13:58:18+00:00\",\"dateModified\":\"2026-02-13T08:41:39+00:00\",\"description\":\"Cette friandise cr\u00e9meuse ultra app\u00e9tente ravit m\u00eame les chats les plus difficiles ! Riche en thon, cette gourmandise est formul\u00e9e sans colorant, sans ar\u00f4me artificiel et sans sucre ajout\u00e9. Riche en prot\u00e9ines et pauvre en mati\u00e8res grasses, elle ne d\u00e9s\u00e9quilibre pas l\u2019alimentation du chat dans les conditions d\u2019utilisation recommand\u00e9es (5 tubes maximum par jour pour un poids corporel de 4 kg). Elle aidera le chat \u00e0 se maintenir hydrat\u00e9. Cet en-cas est \u00e0 laper directement, \u00e0 verser dans la gamelle du chat ou sur un tapis \u00e0 l\u00e9cher. Elle deviendra indispensable lors des apprentissages et maintiendra le chat occup\u00e9. Approuv\u00e9 par un v\u00e9t\u00e9rinaire. Ce produit est porteur du Label 1 % Pour Les Animaux.\",\"breadcrumb\":{\"@id\":\"https:\\\/\\\/www.vetorino.com\\\/boutique\\\/product\\\/friandises-chat-zolux-sweeties-creme-thon\\\/#breadcrumb\"},\"inLanguage\":\"fr-FR\",\"potentialAction\":[{\"@type\":\"ReadAction\",\"target\":[\"https:\\\/\\\/www.vetorino.com\\\/boutique\\\/product\\\/friandises-chat-zolux-sweeties-creme-thon\\\/\"]}]},{\"@type\":\"ImageObject\",\"inLanguage\":\"fr-FR\",\"@id\":\"https:\\\/\\\/www.vetorino.com\\\/boutique\\\/product\\\/friandises-chat-zolux-sweeties-creme-thon\\\/#primaryimage\",\"url\":\"https:\\\/\\\/www.vetorino.com\\\/boutique\\\/wp-content\\\/uploads\\\/2026\\\/01\\\/sticks-creme-de-thon-7-x-14-g-pour-chat-zolux-zo-582180.jpg\",\"contentUrl\":\"https:\\\/\\\/www.vetorino.com\\\/boutique\\\/wp-content\\\/uploads\\\/2026\\\/01\\\/sticks-creme-de-thon-7-x-14-g-pour-chat-zolux-zo-582180.jpg\",\"width\":800,\"height\":800},{\"@type\":\"BreadcrumbList\",\"@id\":\"https:\\\/\\\/www.vetorino.com\\\/boutique\\\/product\\\/friandises-chat-zolux-sweeties-creme-thon\\\/#breadcrumb\",\"itemListElement\":[{\"@type\":\"ListItem\",\"position\":1,\"name\":\"Accueil\",\"item\":\"https:\\\/\\\/www.vetorino.com\\\/boutique\\\/\"},{\"@type\":\"ListItem\",\"position\":2,\"name\":\"Produits\",\"item\":\"https:\\\/\\\/www.vetorino.com\\\/boutique\\\/\"},{\"@type\":\"ListItem\",\"position\":3,\"name\":\"Friandises Sweeties Thon \u2013 chat\"}]},{\"@type\":\"WebSite\",\"@id\":\"https:\\\/\\\/www.vetorino.com\\\/boutique\\\/#website\",\"url\":\"https:\\\/\\\/www.vetorino.com\\\/boutique\\\/\",\"name\":\"V\u00e9torino\",\"description\":\"\",\"publisher\":{\"@id\":\"https:\\\/\\\/www.vetorino.com\\\/boutique\\\/#organization\"},\"potentialAction\":[{\"@type\":\"SearchAction\",\"target\":{\"@type\":\"EntryPoint\",\"urlTemplate\":\"https:\\\/\\\/www.vetorino.com\\\/boutique\\\/?s={search_term_string}\"},\"query-input\":{\"@type\":\"PropertyValueSpecification\",\"valueRequired\":true,\"valueName\":\"search_term_string\"}}],\"inLanguage\":\"fr-FR\"},{\"@type\":\"Organization\",\"@id\":\"https:\\\/\\\/www.vetorino.com\\\/boutique\\\/#organization\",\"name\":\"V\u00e9torino\",\"url\":\"https:\\\/\\\/www.vetorino.com\\\/boutique\\\/\",\"logo\":{\"@type\":\"ImageObject\",\"inLanguage\":\"fr-FR\",\"@id\":\"https:\\\/\\\/www.vetorino.com\\\/boutique\\\/#\\\/schema\\\/logo\\\/image\\\/\",\"url\":\"https:\\\/\\\/www.vetorino.com\\\/boutique\\\/wp-content\\\/uploads\\\/2024\\\/10\\\/logo.jpg\",\"contentUrl\":\"https:\\\/\\\/www.vetorino.com\\\/boutique\\\/wp-content\\\/uploads\\\/2024\\\/10\\\/logo.jpg\",\"width\":1200,\"height\":610,\"caption\":\"V\u00e9torino\"},\"image\":{\"@id\":\"https:\\\/\\\/www.vetorino.com\\\/boutique\\\/#\\\/schema\\\/logo\\\/image\\\/\"},\"sameAs\":[\"https:\\\/\\\/www.facebook.com\\\/Vetorino\\\/\",\"https:\\\/\\\/www.instagram.com\\\/vetorino_off\\\/\",\"https:\\\/\\\/www.linkedin.com\\\/company\\\/vtorino\\\/\"]}]}<\/script>\n<meta property=\"product:brand\" content=\"Zolux\" \/>\n<meta property=\"product:price:amount\" content=\"3.33\" \/>\n<meta property=\"product:price:currency\" content=\"EUR\" \/>\n<meta property=\"og:availability\" content=\"instock\" \/>\n<meta property=\"product:availability\" content=\"instock\" \/>\n<meta property=\"product:retailer_item_id\" content=\"C-FRI155\" \/>\n<meta property=\"product:condition\" content=\"new\" \/>\n<!-- \/ Yoast SEO plugin. -->","yoast_head_json":{"title":"Friandises Sweeties Thon \u2013 chat Zolux - V\u00e9torino","description":"Cette friandise cr\u00e9meuse ultra app\u00e9tente ravit m\u00eame les chats les plus difficiles !  Riche en thon, cette gourmandise est formul\u00e9e sans colorant, sans ar\u00f4me artificiel et sans sucre ajout\u00e9.  Riche en prot\u00e9ines et pauvre en mati\u00e8res grasses, elle ne d\u00e9s\u00e9quilibre pas l\u2019alimentation du chat dans les conditions d\u2019utilisation recommand\u00e9es (5 tubes maximum par jour pour un poids corporel de 4 kg).   Elle aidera le chat \u00e0 se maintenir hydrat\u00e9.  Cet en-cas est \u00e0 laper directement, \u00e0 verser dans la gamelle du chat ou sur un tapis \u00e0 l\u00e9cher.  Elle deviendra indispensable lors des apprentissages et maintiendra le chat occup\u00e9.  Approuv\u00e9 par un v\u00e9t\u00e9rinaire.  Ce produit est porteur du Label 1 % Pour Les Animaux.","robots":{"index":"noindex","follow":"nofollow"},"og_locale":"fr_FR","og_type":"article","og_title":"Friandises Sweeties Thon \u2013 chat Zolux - V\u00e9torino","og_description":"Cette friandise cr\u00e9meuse ultra app\u00e9tente ravit m\u00eame les chats les plus difficiles !  Riche en thon, cette gourmandise est formul\u00e9e sans colorant, sans ar\u00f4me artificiel et sans sucre ajout\u00e9.  Riche en prot\u00e9ines et pauvre en mati\u00e8res grasses, elle ne d\u00e9s\u00e9quilibre pas l\u2019alimentation du chat dans les conditions d\u2019utilisation recommand\u00e9es (5 tubes maximum par jour pour un poids corporel de 4 kg).   Elle aidera le chat \u00e0 se maintenir hydrat\u00e9.  Cet en-cas est \u00e0 laper directement, \u00e0 verser dans la gamelle du chat ou sur un tapis \u00e0 l\u00e9cher.  Elle deviendra indispensable lors des apprentissages et maintiendra le chat occup\u00e9.  Approuv\u00e9 par un v\u00e9t\u00e9rinaire.  Ce produit est porteur du Label 1 % Pour Les Animaux.","og_url":"https:\/\/www.vetorino.com\/veterinaire\/confolens-16500\/boutique\/product\/friandises-chat-zolux-sweeties-creme-thon\/","og_site_name":"V\u00e9torino","article_publisher":"https:\/\/www.facebook.com\/Vetorino\/","article_modified_time":"2026-02-13T08:41:39+00:00","og_image":[{"width":800,"height":800,"url":"https:\/\/www.vetorino.com\/boutique\/wp-content\/uploads\/2026\/01\/sticks-creme-de-thon-7-x-14-g-pour-chat-zolux-zo-582180.jpg","type":"image\/jpeg"}],"twitter_card":"summary_large_image","twitter_misc":{"Prix":"3,33&euro;","Disponibilit\u00e9":"En stock"},"schema":{"@context":"https:\/\/schema.org","@graph":[{"@type":"WebPage","@id":"https:\/\/www.vetorino.com\/boutique\/product\/friandises-chat-zolux-sweeties-creme-thon\/","url":"https:\/\/www.vetorino.com\/boutique\/product\/friandises-chat-zolux-sweeties-creme-thon\/","name":"Friandises Sweeties Thon \u2013 chat Zolux - V\u00e9torino","isPartOf":{"@id":"https:\/\/www.vetorino.com\/boutique\/#website"},"primaryImageOfPage":{"@id":"https:\/\/www.vetorino.com\/boutique\/product\/friandises-chat-zolux-sweeties-creme-thon\/#primaryimage"},"image":{"@id":"https:\/\/www.vetorino.com\/boutique\/product\/friandises-chat-zolux-sweeties-creme-thon\/#primaryimage"},"thumbnailUrl":"https:\/\/www.vetorino.com\/boutique\/wp-content\/uploads\/2026\/01\/sticks-creme-de-thon-7-x-14-g-pour-chat-zolux-zo-582180.jpg","datePublished":"2026-01-19T13:58:18+00:00","dateModified":"2026-02-13T08:41:39+00:00","description":"Cette friandise cr\u00e9meuse ultra app\u00e9tente ravit m\u00eame les chats les plus difficiles ! Riche en thon, cette gourmandise est formul\u00e9e sans colorant, sans ar\u00f4me artificiel et sans sucre ajout\u00e9. Riche en prot\u00e9ines et pauvre en mati\u00e8res grasses, elle ne d\u00e9s\u00e9quilibre pas l\u2019alimentation du chat dans les conditions d\u2019utilisation recommand\u00e9es (5 tubes maximum par jour pour un poids corporel de 4 kg). Elle aidera le chat \u00e0 se maintenir hydrat\u00e9. Cet en-cas est \u00e0 laper directement, \u00e0 verser dans la gamelle du chat ou sur un tapis \u00e0 l\u00e9cher. Elle deviendra indispensable lors des apprentissages et maintiendra le chat occup\u00e9. Approuv\u00e9 par un v\u00e9t\u00e9rinaire. Ce produit est porteur du Label 1 % Pour Les Animaux.","breadcrumb":{"@id":"https:\/\/www.vetorino.com\/boutique\/product\/friandises-chat-zolux-sweeties-creme-thon\/#breadcrumb"},"inLanguage":"fr-FR","potentialAction":[{"@type":"ReadAction","target":["https:\/\/www.vetorino.com\/boutique\/product\/friandises-chat-zolux-sweeties-creme-thon\/"]}]},{"@type":"ImageObject","inLanguage":"fr-FR","@id":"https:\/\/www.vetorino.com\/boutique\/product\/friandises-chat-zolux-sweeties-creme-thon\/#primaryimage","url":"https:\/\/www.vetorino.com\/boutique\/wp-content\/uploads\/2026\/01\/sticks-creme-de-thon-7-x-14-g-pour-chat-zolux-zo-582180.jpg","contentUrl":"https:\/\/www.vetorino.com\/boutique\/wp-content\/uploads\/2026\/01\/sticks-creme-de-thon-7-x-14-g-pour-chat-zolux-zo-582180.jpg","width":800,"height":800},{"@type":"BreadcrumbList","@id":"https:\/\/www.vetorino.com\/boutique\/product\/friandises-chat-zolux-sweeties-creme-thon\/#breadcrumb","itemListElement":[{"@type":"ListItem","position":1,"name":"Accueil","item":"https:\/\/www.vetorino.com\/boutique\/"},{"@type":"ListItem","position":2,"name":"Produits","item":"https:\/\/www.vetorino.com\/boutique\/"},{"@type":"ListItem","position":3,"name":"Friandises Sweeties Thon \u2013 chat"}]},{"@type":"WebSite","@id":"https:\/\/www.vetorino.com\/boutique\/#website","url":"https:\/\/www.vetorino.com\/boutique\/","name":"V\u00e9torino","description":"","publisher":{"@id":"https:\/\/www.vetorino.com\/boutique\/#organization"},"potentialAction":[{"@type":"SearchAction","target":{"@type":"EntryPoint","urlTemplate":"https:\/\/www.vetorino.com\/boutique\/?s={search_term_string}"},"query-input":{"@type":"PropertyValueSpecification","valueRequired":true,"valueName":"search_term_string"}}],"inLanguage":"fr-FR"},{"@type":"Organization","@id":"https:\/\/www.vetorino.com\/boutique\/#organization","name":"V\u00e9torino","url":"https:\/\/www.vetorino.com\/boutique\/","logo":{"@type":"ImageObject","inLanguage":"fr-FR","@id":"https:\/\/www.vetorino.com\/boutique\/#\/schema\/logo\/image\/","url":"https:\/\/www.vetorino.com\/boutique\/wp-content\/uploads\/2024\/10\/logo.jpg","contentUrl":"https:\/\/www.vetorino.com\/boutique\/wp-content\/uploads\/2024\/10\/logo.jpg","width":1200,"height":610,"caption":"V\u00e9torino"},"image":{"@id":"https:\/\/www.vetorino.com\/boutique\/#\/schema\/logo\/image\/"},"sameAs":["https:\/\/www.facebook.com\/Vetorino\/","https:\/\/www.instagram.com\/vetorino_off\/","https:\/\/www.linkedin.com\/company\/vtorino\/"]}]},"product_brand":"Zolux","product_price_amount":"3.33","product_price_currency":"EUR","og_availability":"instock","product_availability":"instock","product_retailer_item_id":"C-FRI155","product_condition":"new"},"_links":{"self":[{"href":"https:\/\/www.vetorino.com\/veterinaire\/confolens-16500\/boutique\/wp-json\/wp\/v2\/product\/1663262","targetHints":{"allow":["GET"]}}],"collection":[{"href":"https:\/\/www.vetorino.com\/veterinaire\/confolens-16500\/boutique\/wp-json\/wp\/v2\/product"}],"about":[{"href":"https:\/\/www.vetorino.com\/veterinaire\/confolens-16500\/boutique\/wp-json\/wp\/v2\/types\/product"}],"wp:featuredmedia":[{"embeddable":true,"href":"https:\/\/www.vetorino.com\/veterinaire\/confolens-16500\/boutique\/wp-json\/wp\/v2\/media\/1664566"}],"wp:attachment":[{"href":"https:\/\/www.vetorino.com\/veterinaire\/confolens-16500\/boutique\/wp-json\/wp\/v2\/media?parent=1663262"}],"wp:term":[{"taxonomy":"product_cat","embeddable":true,"href":"https:\/\/www.vetorino.com\/veterinaire\/confolens-16500\/boutique\/wp-json\/wp\/v2\/product_cat?post=1663262"},{"taxonomy":"product_tag","embeddable":true,"href":"https:\/\/www.vetorino.com\/veterinaire\/confolens-16500\/boutique\/wp-json\/wp\/v2\/product_tag?post=1663262"}],"curies":[{"name":"wp","href":"https:\/\/api.w.org\/{rel}","templated":true}]}}