{"id":549769,"date":"2023-01-31T12:18:48","date_gmt":"2023-01-31T11:18:48","guid":{"rendered":"https:\/\/www.vetorino.com\/boutique\/product\/corbeille-trixie-calito-a-memoire-de-forme\/"},"modified":"2024-05-09T02:42:41","modified_gmt":"2024-05-09T00:42:41","slug":"corbeille-trixie-calito-a-memoire-de-forme","status":"publish","type":"product","link":"https:\/\/www.vetorino.com\/veterinaire\/confolens-16500\/boutique\/product\/corbeille-trixie-calito-a-memoire-de-forme\/","title":{"rendered":"Corbeille Trixie Calito \u00e0 m\u00e9moire de forme"},"content":{"rendered":"<p>Lit orthop\u00e9dique pour un confort de sommeil maximum !<\/p>\n<ul>\n<li>Daim-cuir artificiel.<\/li>\n<li>Couverture en polyester.<\/li>\n<li>Agr\u00e9ablement doux et r\u00e9sistant.<\/li>\n<li>Coussin r\u00e9versible avec flocons de mousse visco-\u00e9lastique\/flocons de mousse (effet m\u00e9moire).<\/li>\n<li>Rebord avec rembourrage en fibres de polyester.<\/li>\n<li>Enveloppes d\u00e9houssables.<\/li>\n<li>Fond anti-d\u00e9rapant.<\/li>\n<\/ul>\n","protected":false},"excerpt":{"rendered":"<p>Offrez \u00e0 votre compagnon le\u00a0<strong>confort n\u00e9cessaire \u00e0 sa bonne sant\u00e9<\/strong>\u00a0avec le\u00a0<strong>Panier Vital Calito<\/strong>\u00a0de chez Trixie !<\/p>\n<ul>\n<li><strong>Confortable<\/strong>, son coussin est en flocon de mousse visco-\u00e9lastique \u00e0 effet\u00a0<strong>m\u00e9moire de forme<\/strong>\u00a0et ses rebords sont rembourr\u00e9s en fibre de polyester.<\/li>\n<li><strong>Pratique<\/strong>, son enveloppe en polyester est\u00a0<strong>d\u00e9houssable<\/strong>\u00a0et lavable en machine \u00e0 40\u00b0 maximum. Son fond est \u00e9galement\u00a0<strong>antid\u00e9rapant<\/strong>.<\/li>\n<li><strong>Tendance<\/strong>, son tissu doux et\u00a0<strong>r\u00e9sistant<\/strong>\u00a0a un aspect daim\/cuir.<\/li>\n<\/ul>\n","protected":false},"featured_media":619949,"template":"","meta":[],"product_cat":[2698,12596],"product_tag":[],"class_list":{"0":"post-549769","1":"product","2":"type-product","3":"status-publish","4":"has-post-thumbnail","6":"product_cat-chien","7":"product_cat-confort-du-chien","8":"pa_marque-trixie","10":"first","11":"instock","12":"taxable","13":"shipping-taxable","14":"purchasable","15":"product-type-variable"},"yoast_head":"<!-- This site is optimized with the Yoast SEO plugin v27.3 - https:\/\/yoast.com\/product\/yoast-seo-wordpress\/ -->\n<title>Corbeille Trixie Calito \u00e0 m\u00e9moire de forme Trixie - V\u00e9torino<\/title>\n<meta name=\"description\" content=\"Offrez \u00e0 votre compagnon le\u00a0confort n\u00e9cessaire \u00e0 sa bonne sant\u00e9\u00a0avec le\u00a0Panier Vital Calito\u00a0de chez Trixie !   Confortable, son coussin est en flocon de mousse visco-\u00e9lastique \u00e0 effet\u00a0m\u00e9moire de forme\u00a0et ses rebords sont rembourr\u00e9s en fibre de polyester.  Pratique, son enveloppe en polyester est\u00a0d\u00e9houssable\u00a0et lavable en machine \u00e0 40\u00b0 maximum. Son fond est \u00e9galement\u00a0antid\u00e9rapant.  Tendance, son tissu doux et\u00a0r\u00e9sistant\u00a0a un aspect daim\/cuir.\" \/>\n<meta name=\"robots\" content=\"noindex, nofollow\" \/>\n<meta property=\"og:locale\" content=\"fr_FR\" \/>\n<meta property=\"og:type\" content=\"article\" \/>\n<meta property=\"og:title\" content=\"Corbeille Trixie Calito \u00e0 m\u00e9moire de forme Trixie - V\u00e9torino\" \/>\n<meta property=\"og:description\" content=\"Offrez \u00e0 votre compagnon le\u00a0confort n\u00e9cessaire \u00e0 sa bonne sant\u00e9\u00a0avec le\u00a0Panier Vital Calito\u00a0de chez Trixie !   Confortable, son coussin est en flocon de mousse visco-\u00e9lastique \u00e0 effet\u00a0m\u00e9moire de forme\u00a0et ses rebords sont rembourr\u00e9s en fibre de polyester.  Pratique, son enveloppe en polyester est\u00a0d\u00e9houssable\u00a0et lavable en machine \u00e0 40\u00b0 maximum. Son fond est \u00e9galement\u00a0antid\u00e9rapant.  Tendance, son tissu doux et\u00a0r\u00e9sistant\u00a0a un aspect daim\/cuir.\" \/>\n<meta property=\"og:url\" content=\"https:\/\/www.vetorino.com\/veterinaire\/confolens-16500\/boutique\/product\/corbeille-trixie-calito-a-memoire-de-forme\/\" \/>\n<meta property=\"og:site_name\" content=\"V\u00e9torino\" \/>\n<meta property=\"article:publisher\" content=\"https:\/\/www.facebook.com\/Vetorino\/\" \/>\n<meta property=\"article:modified_time\" content=\"2024-05-09T00:42:41+00:00\" \/>\n<meta property=\"og:image\" content=\"https:\/\/www.vetorino.com\/boutique\/wp-content\/uploads\/2023\/01\/trixie-panier-pour-chien-vital-calito-couleur-beigegris-60-50-cm-2.jpg\" \/>\n\t<meta property=\"og:image:width\" content=\"800\" \/>\n\t<meta property=\"og:image:height\" content=\"800\" \/>\n\t<meta property=\"og:image:type\" content=\"image\/jpeg\" \/>\n<meta name=\"twitter:card\" content=\"summary_large_image\" \/>\n<meta name=\"twitter:label1\" content=\"Disponibilit\u00e9\" \/>\n\t<meta name=\"twitter:data1\" content=\"En stock\" \/>\n<script type=\"application\/ld+json\" class=\"yoast-schema-graph\">{\"@context\":\"https:\\\/\\\/schema.org\",\"@graph\":[{\"@type\":\"WebPage\",\"@id\":\"https:\\\/\\\/www.vetorino.com\\\/boutique\\\/product\\\/corbeille-trixie-calito-a-memoire-de-forme\\\/\",\"url\":\"https:\\\/\\\/www.vetorino.com\\\/boutique\\\/product\\\/corbeille-trixie-calito-a-memoire-de-forme\\\/\",\"name\":\"Corbeille Trixie Calito \u00e0 m\u00e9moire de forme Trixie - V\u00e9torino\",\"isPartOf\":{\"@id\":\"https:\\\/\\\/www.vetorino.com\\\/boutique\\\/#website\"},\"primaryImageOfPage\":{\"@id\":\"https:\\\/\\\/www.vetorino.com\\\/boutique\\\/product\\\/corbeille-trixie-calito-a-memoire-de-forme\\\/#primaryimage\"},\"image\":{\"@id\":\"https:\\\/\\\/www.vetorino.com\\\/boutique\\\/product\\\/corbeille-trixie-calito-a-memoire-de-forme\\\/#primaryimage\"},\"thumbnailUrl\":\"https:\\\/\\\/www.vetorino.com\\\/boutique\\\/wp-content\\\/uploads\\\/2023\\\/01\\\/trixie-panier-pour-chien-vital-calito-couleur-beigegris-60-50-cm-2.jpg\",\"datePublished\":\"2023-01-31T11:18:48+00:00\",\"dateModified\":\"2024-05-09T00:42:41+00:00\",\"description\":\"Offrez \u00e0 votre compagnon le\u00a0confort n\u00e9cessaire \u00e0 sa bonne sant\u00e9\u00a0avec le\u00a0Panier Vital Calito\u00a0de chez Trixie ! Confortable, son coussin est en flocon de mousse visco-\u00e9lastique \u00e0 effet\u00a0m\u00e9moire de forme\u00a0et ses rebords sont rembourr\u00e9s en fibre de polyester. Pratique, son enveloppe en polyester est\u00a0d\u00e9houssable\u00a0et lavable en machine \u00e0 40\u00b0 maximum. Son fond est \u00e9galement\u00a0antid\u00e9rapant. Tendance, son tissu doux et\u00a0r\u00e9sistant\u00a0a un aspect daim\\\/cuir.\",\"breadcrumb\":{\"@id\":\"https:\\\/\\\/www.vetorino.com\\\/boutique\\\/product\\\/corbeille-trixie-calito-a-memoire-de-forme\\\/#breadcrumb\"},\"inLanguage\":\"fr-FR\",\"potentialAction\":[{\"@type\":\"ReadAction\",\"target\":[\"https:\\\/\\\/www.vetorino.com\\\/boutique\\\/product\\\/corbeille-trixie-calito-a-memoire-de-forme\\\/\"]}]},{\"@type\":\"ImageObject\",\"inLanguage\":\"fr-FR\",\"@id\":\"https:\\\/\\\/www.vetorino.com\\\/boutique\\\/product\\\/corbeille-trixie-calito-a-memoire-de-forme\\\/#primaryimage\",\"url\":\"https:\\\/\\\/www.vetorino.com\\\/boutique\\\/wp-content\\\/uploads\\\/2023\\\/01\\\/trixie-panier-pour-chien-vital-calito-couleur-beigegris-60-50-cm-2.jpg\",\"contentUrl\":\"https:\\\/\\\/www.vetorino.com\\\/boutique\\\/wp-content\\\/uploads\\\/2023\\\/01\\\/trixie-panier-pour-chien-vital-calito-couleur-beigegris-60-50-cm-2.jpg\",\"width\":800,\"height\":800},{\"@type\":\"BreadcrumbList\",\"@id\":\"https:\\\/\\\/www.vetorino.com\\\/boutique\\\/product\\\/corbeille-trixie-calito-a-memoire-de-forme\\\/#breadcrumb\",\"itemListElement\":[{\"@type\":\"ListItem\",\"position\":1,\"name\":\"Accueil\",\"item\":\"https:\\\/\\\/www.vetorino.com\\\/boutique\\\/\"},{\"@type\":\"ListItem\",\"position\":2,\"name\":\"Produits\",\"item\":\"https:\\\/\\\/www.vetorino.com\\\/boutique\\\/\"},{\"@type\":\"ListItem\",\"position\":3,\"name\":\"Corbeille Trixie Calito \u00e0 m\u00e9moire de forme\"}]},{\"@type\":\"WebSite\",\"@id\":\"https:\\\/\\\/www.vetorino.com\\\/boutique\\\/#website\",\"url\":\"https:\\\/\\\/www.vetorino.com\\\/boutique\\\/\",\"name\":\"V\u00e9torino\",\"description\":\"\",\"publisher\":{\"@id\":\"https:\\\/\\\/www.vetorino.com\\\/boutique\\\/#organization\"},\"potentialAction\":[{\"@type\":\"SearchAction\",\"target\":{\"@type\":\"EntryPoint\",\"urlTemplate\":\"https:\\\/\\\/www.vetorino.com\\\/boutique\\\/?s={search_term_string}\"},\"query-input\":{\"@type\":\"PropertyValueSpecification\",\"valueRequired\":true,\"valueName\":\"search_term_string\"}}],\"inLanguage\":\"fr-FR\"},{\"@type\":\"Organization\",\"@id\":\"https:\\\/\\\/www.vetorino.com\\\/boutique\\\/#organization\",\"name\":\"V\u00e9torino\",\"url\":\"https:\\\/\\\/www.vetorino.com\\\/boutique\\\/\",\"logo\":{\"@type\":\"ImageObject\",\"inLanguage\":\"fr-FR\",\"@id\":\"https:\\\/\\\/www.vetorino.com\\\/boutique\\\/#\\\/schema\\\/logo\\\/image\\\/\",\"url\":\"https:\\\/\\\/www.vetorino.com\\\/boutique\\\/wp-content\\\/uploads\\\/2024\\\/10\\\/logo.jpg\",\"contentUrl\":\"https:\\\/\\\/www.vetorino.com\\\/boutique\\\/wp-content\\\/uploads\\\/2024\\\/10\\\/logo.jpg\",\"width\":1200,\"height\":610,\"caption\":\"V\u00e9torino\"},\"image\":{\"@id\":\"https:\\\/\\\/www.vetorino.com\\\/boutique\\\/#\\\/schema\\\/logo\\\/image\\\/\"},\"sameAs\":[\"https:\\\/\\\/www.facebook.com\\\/Vetorino\\\/\",\"https:\\\/\\\/www.instagram.com\\\/vetorino_off\\\/\",\"https:\\\/\\\/www.linkedin.com\\\/company\\\/vtorino\\\/\"]}]}<\/script>\n<meta property=\"product:brand\" content=\"Trixie\" \/>\n<meta property=\"og:availability\" content=\"instock\" \/>\n<meta property=\"product:availability\" content=\"instock\" \/>\n<meta property=\"product:condition\" content=\"new\" \/>\n<!-- \/ Yoast SEO plugin. -->","yoast_head_json":{"title":"Corbeille Trixie Calito \u00e0 m\u00e9moire de forme Trixie - V\u00e9torino","description":"Offrez \u00e0 votre compagnon le\u00a0confort n\u00e9cessaire \u00e0 sa bonne sant\u00e9\u00a0avec le\u00a0Panier Vital Calito\u00a0de chez Trixie !   Confortable, son coussin est en flocon de mousse visco-\u00e9lastique \u00e0 effet\u00a0m\u00e9moire de forme\u00a0et ses rebords sont rembourr\u00e9s en fibre de polyester.  Pratique, son enveloppe en polyester est\u00a0d\u00e9houssable\u00a0et lavable en machine \u00e0 40\u00b0 maximum. Son fond est \u00e9galement\u00a0antid\u00e9rapant.  Tendance, son tissu doux et\u00a0r\u00e9sistant\u00a0a un aspect daim\/cuir.","robots":{"index":"noindex","follow":"nofollow"},"og_locale":"fr_FR","og_type":"article","og_title":"Corbeille Trixie Calito \u00e0 m\u00e9moire de forme Trixie - V\u00e9torino","og_description":"Offrez \u00e0 votre compagnon le\u00a0confort n\u00e9cessaire \u00e0 sa bonne sant\u00e9\u00a0avec le\u00a0Panier Vital Calito\u00a0de chez Trixie !   Confortable, son coussin est en flocon de mousse visco-\u00e9lastique \u00e0 effet\u00a0m\u00e9moire de forme\u00a0et ses rebords sont rembourr\u00e9s en fibre de polyester.  Pratique, son enveloppe en polyester est\u00a0d\u00e9houssable\u00a0et lavable en machine \u00e0 40\u00b0 maximum. Son fond est \u00e9galement\u00a0antid\u00e9rapant.  Tendance, son tissu doux et\u00a0r\u00e9sistant\u00a0a un aspect daim\/cuir.","og_url":"https:\/\/www.vetorino.com\/veterinaire\/confolens-16500\/boutique\/product\/corbeille-trixie-calito-a-memoire-de-forme\/","og_site_name":"V\u00e9torino","article_publisher":"https:\/\/www.facebook.com\/Vetorino\/","article_modified_time":"2024-05-09T00:42:41+00:00","og_image":[{"width":800,"height":800,"url":"https:\/\/www.vetorino.com\/boutique\/wp-content\/uploads\/2023\/01\/trixie-panier-pour-chien-vital-calito-couleur-beigegris-60-50-cm-2.jpg","type":"image\/jpeg"}],"twitter_card":"summary_large_image","twitter_misc":{"Disponibilit\u00e9":"En stock"},"schema":{"@context":"https:\/\/schema.org","@graph":[{"@type":"WebPage","@id":"https:\/\/www.vetorino.com\/boutique\/product\/corbeille-trixie-calito-a-memoire-de-forme\/","url":"https:\/\/www.vetorino.com\/boutique\/product\/corbeille-trixie-calito-a-memoire-de-forme\/","name":"Corbeille Trixie Calito \u00e0 m\u00e9moire de forme Trixie - V\u00e9torino","isPartOf":{"@id":"https:\/\/www.vetorino.com\/boutique\/#website"},"primaryImageOfPage":{"@id":"https:\/\/www.vetorino.com\/boutique\/product\/corbeille-trixie-calito-a-memoire-de-forme\/#primaryimage"},"image":{"@id":"https:\/\/www.vetorino.com\/boutique\/product\/corbeille-trixie-calito-a-memoire-de-forme\/#primaryimage"},"thumbnailUrl":"https:\/\/www.vetorino.com\/boutique\/wp-content\/uploads\/2023\/01\/trixie-panier-pour-chien-vital-calito-couleur-beigegris-60-50-cm-2.jpg","datePublished":"2023-01-31T11:18:48+00:00","dateModified":"2024-05-09T00:42:41+00:00","description":"Offrez \u00e0 votre compagnon le\u00a0confort n\u00e9cessaire \u00e0 sa bonne sant\u00e9\u00a0avec le\u00a0Panier Vital Calito\u00a0de chez Trixie ! Confortable, son coussin est en flocon de mousse visco-\u00e9lastique \u00e0 effet\u00a0m\u00e9moire de forme\u00a0et ses rebords sont rembourr\u00e9s en fibre de polyester. Pratique, son enveloppe en polyester est\u00a0d\u00e9houssable\u00a0et lavable en machine \u00e0 40\u00b0 maximum. Son fond est \u00e9galement\u00a0antid\u00e9rapant. Tendance, son tissu doux et\u00a0r\u00e9sistant\u00a0a un aspect daim\/cuir.","breadcrumb":{"@id":"https:\/\/www.vetorino.com\/boutique\/product\/corbeille-trixie-calito-a-memoire-de-forme\/#breadcrumb"},"inLanguage":"fr-FR","potentialAction":[{"@type":"ReadAction","target":["https:\/\/www.vetorino.com\/boutique\/product\/corbeille-trixie-calito-a-memoire-de-forme\/"]}]},{"@type":"ImageObject","inLanguage":"fr-FR","@id":"https:\/\/www.vetorino.com\/boutique\/product\/corbeille-trixie-calito-a-memoire-de-forme\/#primaryimage","url":"https:\/\/www.vetorino.com\/boutique\/wp-content\/uploads\/2023\/01\/trixie-panier-pour-chien-vital-calito-couleur-beigegris-60-50-cm-2.jpg","contentUrl":"https:\/\/www.vetorino.com\/boutique\/wp-content\/uploads\/2023\/01\/trixie-panier-pour-chien-vital-calito-couleur-beigegris-60-50-cm-2.jpg","width":800,"height":800},{"@type":"BreadcrumbList","@id":"https:\/\/www.vetorino.com\/boutique\/product\/corbeille-trixie-calito-a-memoire-de-forme\/#breadcrumb","itemListElement":[{"@type":"ListItem","position":1,"name":"Accueil","item":"https:\/\/www.vetorino.com\/boutique\/"},{"@type":"ListItem","position":2,"name":"Produits","item":"https:\/\/www.vetorino.com\/boutique\/"},{"@type":"ListItem","position":3,"name":"Corbeille Trixie Calito \u00e0 m\u00e9moire de forme"}]},{"@type":"WebSite","@id":"https:\/\/www.vetorino.com\/boutique\/#website","url":"https:\/\/www.vetorino.com\/boutique\/","name":"V\u00e9torino","description":"","publisher":{"@id":"https:\/\/www.vetorino.com\/boutique\/#organization"},"potentialAction":[{"@type":"SearchAction","target":{"@type":"EntryPoint","urlTemplate":"https:\/\/www.vetorino.com\/boutique\/?s={search_term_string}"},"query-input":{"@type":"PropertyValueSpecification","valueRequired":true,"valueName":"search_term_string"}}],"inLanguage":"fr-FR"},{"@type":"Organization","@id":"https:\/\/www.vetorino.com\/boutique\/#organization","name":"V\u00e9torino","url":"https:\/\/www.vetorino.com\/boutique\/","logo":{"@type":"ImageObject","inLanguage":"fr-FR","@id":"https:\/\/www.vetorino.com\/boutique\/#\/schema\/logo\/image\/","url":"https:\/\/www.vetorino.com\/boutique\/wp-content\/uploads\/2024\/10\/logo.jpg","contentUrl":"https:\/\/www.vetorino.com\/boutique\/wp-content\/uploads\/2024\/10\/logo.jpg","width":1200,"height":610,"caption":"V\u00e9torino"},"image":{"@id":"https:\/\/www.vetorino.com\/boutique\/#\/schema\/logo\/image\/"},"sameAs":["https:\/\/www.facebook.com\/Vetorino\/","https:\/\/www.instagram.com\/vetorino_off\/","https:\/\/www.linkedin.com\/company\/vtorino\/"]}]},"product_brand":"Trixie","og_availability":"instock","product_availability":"instock","product_condition":"new"},"_links":{"self":[{"href":"https:\/\/www.vetorino.com\/veterinaire\/confolens-16500\/boutique\/wp-json\/wp\/v2\/product\/549769","targetHints":{"allow":["GET"]}}],"collection":[{"href":"https:\/\/www.vetorino.com\/veterinaire\/confolens-16500\/boutique\/wp-json\/wp\/v2\/product"}],"about":[{"href":"https:\/\/www.vetorino.com\/veterinaire\/confolens-16500\/boutique\/wp-json\/wp\/v2\/types\/product"}],"wp:featuredmedia":[{"embeddable":true,"href":"https:\/\/www.vetorino.com\/veterinaire\/confolens-16500\/boutique\/wp-json\/wp\/v2\/media\/619949"}],"wp:attachment":[{"href":"https:\/\/www.vetorino.com\/veterinaire\/confolens-16500\/boutique\/wp-json\/wp\/v2\/media?parent=549769"}],"wp:term":[{"taxonomy":"product_cat","embeddable":true,"href":"https:\/\/www.vetorino.com\/veterinaire\/confolens-16500\/boutique\/wp-json\/wp\/v2\/product_cat?post=549769"},{"taxonomy":"product_tag","embeddable":true,"href":"https:\/\/www.vetorino.com\/veterinaire\/confolens-16500\/boutique\/wp-json\/wp\/v2\/product_tag?post=549769"}],"curies":[{"name":"wp","href":"https:\/\/api.w.org\/{rel}","templated":true}]}}