{"id":550648,"date":"2023-02-01T17:17:39","date_gmt":"2023-02-01T16:17:39","guid":{"rendered":"https:\/\/www.vetorino.com\/boutique\/product\/impermeable-trixie-be-nordic\/"},"modified":"2026-04-03T02:42:10","modified_gmt":"2026-04-03T00:42:10","slug":"impermeable-trixie-be-nordic","status":"publish","type":"product","link":"https:\/\/www.vetorino.com\/veterinaire\/confolens-16500\/boutique\/product\/impermeable-trixie-be-nordic\/","title":{"rendered":"Imperm\u00e9able Trixie Be Nordic"},"content":{"rendered":"<p>Tous les chiens ne sont pas suffisamment prot\u00e9g\u00e9s du froid, de la pluie et du vent par leur fourrure. Les chiens \u00e2g\u00e9s ou malades doivent b\u00e9n\u00e9ficier en particulier d&#8217;une protection contre les intemp\u00e9ries. Il est \u00e9galement utile d&#8217;emp\u00eacher le chien d&#8217;avoir froid lorsqu&#8217;il doit attendre dehors ou dans la voiture. Les pull-overs, les manteaux pour chien, les imperm\u00e9ables pour chien et les manteaux d&#8217;hiver pour chiens TRIXIE offrent une protection optimale contre les basses temp\u00e9ratures et l&#8217;humidit\u00e9 avec leurs diff\u00e9rents degr\u00e9s de chaleur. Avec cet imperm\u00e9able Husum BE NORDIC, votre chien n&#8217;aura plus peur de sortir en balade par tous les temps.<\/p>\n<p><strong>Caract\u00e9ristiques de l&#8217;imperm\u00e9able Husum BE NORDIC mi-saison<\/strong> :<\/p>\n<p>&#8211; en polyur\u00e9thane\/polyester<br \/>\n&#8211; avec deux fermetures \u00e9clair \u00e9tanches pour attacher la laisse ou le harnais<br \/>\n&#8211; prot\u00e8ge du vent, id\u00e9al pour la mi-saison<br \/>\n&#8211; sangle ventrale avec boucle, r\u00e9glable en continu<br \/>\n&#8211; col tr\u00e8s haut avec cordon de serrage<br \/>\n&#8211; r\u00e9fl\u00e9chissante<br \/>\n&#8211; doublure facile d&#8217;entretien<br \/>\n&#8211; sangles jambes r\u00e9glables pour les pattes arri\u00e8res<br \/>\n&#8211; plusieurs tailles disponibles<\/p>\n<p>Avec la vente de la gamme Be Nordic, Trixie soutient les projets de protection marine et contribue \u00e0 conserver durablement la nature et \u00e0 prot\u00e9ger de nombreuses esp\u00e8ces.<\/p>\n","protected":false},"excerpt":{"rendered":"<p>Avec cet imperm\u00e9able Husum BE NORDIC, votre chien n&#8217;aura plus peur de sortir en balade par tous les temps.<\/p>\n","protected":false},"featured_media":619292,"template":"","meta":[],"product_cat":[2698,12596],"product_tag":[],"class_list":{"0":"post-550648","1":"product","2":"type-product","3":"status-publish","4":"has-post-thumbnail","6":"product_cat-chien","7":"product_cat-confort-du-chien","8":"pa_marque-trixie","10":"first","11":"instock","12":"taxable","13":"shipping-taxable","14":"purchasable","15":"product-type-variable"},"yoast_head":"<!-- This site is optimized with the Yoast SEO plugin v27.3 - https:\/\/yoast.com\/product\/yoast-seo-wordpress\/ -->\n<title>Imperm\u00e9able Trixie Be Nordic Trixie - V\u00e9torino<\/title>\n<meta name=\"description\" content=\"Avec cet imperm\u00e9able Husum BE NORDIC, votre chien n&#039;aura plus peur de sortir en balade par tous les temps.\" \/>\n<meta name=\"robots\" content=\"noindex, nofollow\" \/>\n<meta property=\"og:locale\" content=\"fr_FR\" \/>\n<meta property=\"og:type\" content=\"article\" \/>\n<meta property=\"og:title\" content=\"Imperm\u00e9able Trixie Be Nordic Trixie - V\u00e9torino\" \/>\n<meta property=\"og:description\" content=\"Avec cet imperm\u00e9able Husum BE NORDIC, votre chien n&#039;aura plus peur de sortir en balade par tous les temps.\" \/>\n<meta property=\"og:url\" content=\"https:\/\/www.vetorino.com\/veterinaire\/confolens-16500\/boutique\/product\/impermeable-trixie-be-nordic\/\" \/>\n<meta property=\"og:site_name\" content=\"V\u00e9torino\" \/>\n<meta property=\"article:publisher\" content=\"https:\/\/www.facebook.com\/Vetorino\/\" \/>\n<meta property=\"article:modified_time\" content=\"2026-04-03T00:42:10+00:00\" \/>\n<meta property=\"og:image\" content=\"https:\/\/www.vetorino.com\/boutique\/wp-content\/uploads\/2023\/02\/lm_853ef815416f775098fe977004015c61931598989223.jpg\" \/>\n\t<meta property=\"og:image:width\" content=\"800\" \/>\n\t<meta property=\"og:image:height\" content=\"771\" \/>\n\t<meta property=\"og:image:type\" content=\"image\/jpeg\" \/>\n<meta name=\"twitter:card\" content=\"summary_large_image\" \/>\n<meta name=\"twitter:label1\" content=\"Disponibilit\u00e9\" \/>\n\t<meta name=\"twitter:data1\" content=\"En stock\" \/>\n<script type=\"application\/ld+json\" class=\"yoast-schema-graph\">{\"@context\":\"https:\\\/\\\/schema.org\",\"@graph\":[{\"@type\":\"WebPage\",\"@id\":\"https:\\\/\\\/www.vetorino.com\\\/boutique\\\/product\\\/impermeable-trixie-be-nordic\\\/\",\"url\":\"https:\\\/\\\/www.vetorino.com\\\/boutique\\\/product\\\/impermeable-trixie-be-nordic\\\/\",\"name\":\"Imperm\u00e9able Trixie Be Nordic Trixie - V\u00e9torino\",\"isPartOf\":{\"@id\":\"https:\\\/\\\/www.vetorino.com\\\/boutique\\\/#website\"},\"primaryImageOfPage\":{\"@id\":\"https:\\\/\\\/www.vetorino.com\\\/boutique\\\/product\\\/impermeable-trixie-be-nordic\\\/#primaryimage\"},\"image\":{\"@id\":\"https:\\\/\\\/www.vetorino.com\\\/boutique\\\/product\\\/impermeable-trixie-be-nordic\\\/#primaryimage\"},\"thumbnailUrl\":\"https:\\\/\\\/www.vetorino.com\\\/boutique\\\/wp-content\\\/uploads\\\/2023\\\/02\\\/lm_853ef815416f775098fe977004015c61931598989223.jpg\",\"datePublished\":\"2023-02-01T16:17:39+00:00\",\"dateModified\":\"2026-04-03T00:42:10+00:00\",\"description\":\"Avec cet imperm\u00e9able Husum BE NORDIC, votre chien n'aura plus peur de sortir en balade par tous les temps.\",\"breadcrumb\":{\"@id\":\"https:\\\/\\\/www.vetorino.com\\\/boutique\\\/product\\\/impermeable-trixie-be-nordic\\\/#breadcrumb\"},\"inLanguage\":\"fr-FR\",\"potentialAction\":[{\"@type\":\"ReadAction\",\"target\":[\"https:\\\/\\\/www.vetorino.com\\\/boutique\\\/product\\\/impermeable-trixie-be-nordic\\\/\"]}]},{\"@type\":\"ImageObject\",\"inLanguage\":\"fr-FR\",\"@id\":\"https:\\\/\\\/www.vetorino.com\\\/boutique\\\/product\\\/impermeable-trixie-be-nordic\\\/#primaryimage\",\"url\":\"https:\\\/\\\/www.vetorino.com\\\/boutique\\\/wp-content\\\/uploads\\\/2023\\\/02\\\/lm_853ef815416f775098fe977004015c61931598989223.jpg\",\"contentUrl\":\"https:\\\/\\\/www.vetorino.com\\\/boutique\\\/wp-content\\\/uploads\\\/2023\\\/02\\\/lm_853ef815416f775098fe977004015c61931598989223.jpg\",\"width\":800,\"height\":771},{\"@type\":\"BreadcrumbList\",\"@id\":\"https:\\\/\\\/www.vetorino.com\\\/boutique\\\/product\\\/impermeable-trixie-be-nordic\\\/#breadcrumb\",\"itemListElement\":[{\"@type\":\"ListItem\",\"position\":1,\"name\":\"Accueil\",\"item\":\"https:\\\/\\\/www.vetorino.com\\\/boutique\\\/\"},{\"@type\":\"ListItem\",\"position\":2,\"name\":\"Produits\",\"item\":\"https:\\\/\\\/www.vetorino.com\\\/boutique\\\/\"},{\"@type\":\"ListItem\",\"position\":3,\"name\":\"Imperm\u00e9able Trixie Be Nordic\"}]},{\"@type\":\"WebSite\",\"@id\":\"https:\\\/\\\/www.vetorino.com\\\/boutique\\\/#website\",\"url\":\"https:\\\/\\\/www.vetorino.com\\\/boutique\\\/\",\"name\":\"V\u00e9torino\",\"description\":\"\",\"publisher\":{\"@id\":\"https:\\\/\\\/www.vetorino.com\\\/boutique\\\/#organization\"},\"potentialAction\":[{\"@type\":\"SearchAction\",\"target\":{\"@type\":\"EntryPoint\",\"urlTemplate\":\"https:\\\/\\\/www.vetorino.com\\\/boutique\\\/?s={search_term_string}\"},\"query-input\":{\"@type\":\"PropertyValueSpecification\",\"valueRequired\":true,\"valueName\":\"search_term_string\"}}],\"inLanguage\":\"fr-FR\"},{\"@type\":\"Organization\",\"@id\":\"https:\\\/\\\/www.vetorino.com\\\/boutique\\\/#organization\",\"name\":\"V\u00e9torino\",\"url\":\"https:\\\/\\\/www.vetorino.com\\\/boutique\\\/\",\"logo\":{\"@type\":\"ImageObject\",\"inLanguage\":\"fr-FR\",\"@id\":\"https:\\\/\\\/www.vetorino.com\\\/boutique\\\/#\\\/schema\\\/logo\\\/image\\\/\",\"url\":\"https:\\\/\\\/www.vetorino.com\\\/boutique\\\/wp-content\\\/uploads\\\/2024\\\/10\\\/logo.jpg\",\"contentUrl\":\"https:\\\/\\\/www.vetorino.com\\\/boutique\\\/wp-content\\\/uploads\\\/2024\\\/10\\\/logo.jpg\",\"width\":1200,\"height\":610,\"caption\":\"V\u00e9torino\"},\"image\":{\"@id\":\"https:\\\/\\\/www.vetorino.com\\\/boutique\\\/#\\\/schema\\\/logo\\\/image\\\/\"},\"sameAs\":[\"https:\\\/\\\/www.facebook.com\\\/Vetorino\\\/\",\"https:\\\/\\\/www.instagram.com\\\/vetorino_off\\\/\",\"https:\\\/\\\/www.linkedin.com\\\/company\\\/vtorino\\\/\"]}]}<\/script>\n<meta property=\"product:brand\" content=\"Trixie\" \/>\n<meta property=\"og:availability\" content=\"instock\" \/>\n<meta property=\"product:availability\" content=\"instock\" \/>\n<meta property=\"product:condition\" content=\"new\" \/>\n<!-- \/ Yoast SEO plugin. -->","yoast_head_json":{"title":"Imperm\u00e9able Trixie Be Nordic Trixie - V\u00e9torino","description":"Avec cet imperm\u00e9able Husum BE NORDIC, votre chien n'aura plus peur de sortir en balade par tous les temps.","robots":{"index":"noindex","follow":"nofollow"},"og_locale":"fr_FR","og_type":"article","og_title":"Imperm\u00e9able Trixie Be Nordic Trixie - V\u00e9torino","og_description":"Avec cet imperm\u00e9able Husum BE NORDIC, votre chien n'aura plus peur de sortir en balade par tous les temps.","og_url":"https:\/\/www.vetorino.com\/veterinaire\/confolens-16500\/boutique\/product\/impermeable-trixie-be-nordic\/","og_site_name":"V\u00e9torino","article_publisher":"https:\/\/www.facebook.com\/Vetorino\/","article_modified_time":"2026-04-03T00:42:10+00:00","og_image":[{"width":800,"height":771,"url":"https:\/\/www.vetorino.com\/boutique\/wp-content\/uploads\/2023\/02\/lm_853ef815416f775098fe977004015c61931598989223.jpg","type":"image\/jpeg"}],"twitter_card":"summary_large_image","twitter_misc":{"Disponibilit\u00e9":"En stock"},"schema":{"@context":"https:\/\/schema.org","@graph":[{"@type":"WebPage","@id":"https:\/\/www.vetorino.com\/boutique\/product\/impermeable-trixie-be-nordic\/","url":"https:\/\/www.vetorino.com\/boutique\/product\/impermeable-trixie-be-nordic\/","name":"Imperm\u00e9able Trixie Be Nordic Trixie - V\u00e9torino","isPartOf":{"@id":"https:\/\/www.vetorino.com\/boutique\/#website"},"primaryImageOfPage":{"@id":"https:\/\/www.vetorino.com\/boutique\/product\/impermeable-trixie-be-nordic\/#primaryimage"},"image":{"@id":"https:\/\/www.vetorino.com\/boutique\/product\/impermeable-trixie-be-nordic\/#primaryimage"},"thumbnailUrl":"https:\/\/www.vetorino.com\/boutique\/wp-content\/uploads\/2023\/02\/lm_853ef815416f775098fe977004015c61931598989223.jpg","datePublished":"2023-02-01T16:17:39+00:00","dateModified":"2026-04-03T00:42:10+00:00","description":"Avec cet imperm\u00e9able Husum BE NORDIC, votre chien n'aura plus peur de sortir en balade par tous les temps.","breadcrumb":{"@id":"https:\/\/www.vetorino.com\/boutique\/product\/impermeable-trixie-be-nordic\/#breadcrumb"},"inLanguage":"fr-FR","potentialAction":[{"@type":"ReadAction","target":["https:\/\/www.vetorino.com\/boutique\/product\/impermeable-trixie-be-nordic\/"]}]},{"@type":"ImageObject","inLanguage":"fr-FR","@id":"https:\/\/www.vetorino.com\/boutique\/product\/impermeable-trixie-be-nordic\/#primaryimage","url":"https:\/\/www.vetorino.com\/boutique\/wp-content\/uploads\/2023\/02\/lm_853ef815416f775098fe977004015c61931598989223.jpg","contentUrl":"https:\/\/www.vetorino.com\/boutique\/wp-content\/uploads\/2023\/02\/lm_853ef815416f775098fe977004015c61931598989223.jpg","width":800,"height":771},{"@type":"BreadcrumbList","@id":"https:\/\/www.vetorino.com\/boutique\/product\/impermeable-trixie-be-nordic\/#breadcrumb","itemListElement":[{"@type":"ListItem","position":1,"name":"Accueil","item":"https:\/\/www.vetorino.com\/boutique\/"},{"@type":"ListItem","position":2,"name":"Produits","item":"https:\/\/www.vetorino.com\/boutique\/"},{"@type":"ListItem","position":3,"name":"Imperm\u00e9able Trixie Be Nordic"}]},{"@type":"WebSite","@id":"https:\/\/www.vetorino.com\/boutique\/#website","url":"https:\/\/www.vetorino.com\/boutique\/","name":"V\u00e9torino","description":"","publisher":{"@id":"https:\/\/www.vetorino.com\/boutique\/#organization"},"potentialAction":[{"@type":"SearchAction","target":{"@type":"EntryPoint","urlTemplate":"https:\/\/www.vetorino.com\/boutique\/?s={search_term_string}"},"query-input":{"@type":"PropertyValueSpecification","valueRequired":true,"valueName":"search_term_string"}}],"inLanguage":"fr-FR"},{"@type":"Organization","@id":"https:\/\/www.vetorino.com\/boutique\/#organization","name":"V\u00e9torino","url":"https:\/\/www.vetorino.com\/boutique\/","logo":{"@type":"ImageObject","inLanguage":"fr-FR","@id":"https:\/\/www.vetorino.com\/boutique\/#\/schema\/logo\/image\/","url":"https:\/\/www.vetorino.com\/boutique\/wp-content\/uploads\/2024\/10\/logo.jpg","contentUrl":"https:\/\/www.vetorino.com\/boutique\/wp-content\/uploads\/2024\/10\/logo.jpg","width":1200,"height":610,"caption":"V\u00e9torino"},"image":{"@id":"https:\/\/www.vetorino.com\/boutique\/#\/schema\/logo\/image\/"},"sameAs":["https:\/\/www.facebook.com\/Vetorino\/","https:\/\/www.instagram.com\/vetorino_off\/","https:\/\/www.linkedin.com\/company\/vtorino\/"]}]},"product_brand":"Trixie","og_availability":"instock","product_availability":"instock","product_condition":"new"},"_links":{"self":[{"href":"https:\/\/www.vetorino.com\/veterinaire\/confolens-16500\/boutique\/wp-json\/wp\/v2\/product\/550648","targetHints":{"allow":["GET"]}}],"collection":[{"href":"https:\/\/www.vetorino.com\/veterinaire\/confolens-16500\/boutique\/wp-json\/wp\/v2\/product"}],"about":[{"href":"https:\/\/www.vetorino.com\/veterinaire\/confolens-16500\/boutique\/wp-json\/wp\/v2\/types\/product"}],"wp:featuredmedia":[{"embeddable":true,"href":"https:\/\/www.vetorino.com\/veterinaire\/confolens-16500\/boutique\/wp-json\/wp\/v2\/media\/619292"}],"wp:attachment":[{"href":"https:\/\/www.vetorino.com\/veterinaire\/confolens-16500\/boutique\/wp-json\/wp\/v2\/media?parent=550648"}],"wp:term":[{"taxonomy":"product_cat","embeddable":true,"href":"https:\/\/www.vetorino.com\/veterinaire\/confolens-16500\/boutique\/wp-json\/wp\/v2\/product_cat?post=550648"},{"taxonomy":"product_tag","embeddable":true,"href":"https:\/\/www.vetorino.com\/veterinaire\/confolens-16500\/boutique\/wp-json\/wp\/v2\/product_tag?post=550648"}],"curies":[{"name":"wp","href":"https:\/\/api.w.org\/{rel}","templated":true}]}}