{"id":550722,"date":"2023-02-01T17:36:46","date_gmt":"2023-02-01T16:36:46","guid":{"rendered":"https:\/\/www.vetorino.com\/boutique\/product\/sofa-trixie-harvey\/"},"modified":"2024-12-14T09:41:57","modified_gmt":"2024-12-14T08:41:57","slug":"sofa-trixie-harvey","status":"publish","type":"product","link":"https:\/\/www.vetorino.com\/veterinaire\/confolens-16500\/boutique\/product\/sofa-trixie-harvey\/","title":{"rendered":"Sofa Trixie Harvey"},"content":{"rendered":"<div class=\"weight\">Si ton chien ne peut pas aller sur le canap\u00e9, il devrait au moins avoir le sien : Le canap\u00e9 Harvey de Trixie offre \u00e0 ton compagnon \u00e0 quatre pattes un endroit confortable et douillet pour dormir et se coucher en<strong> position sur\u00e9lev\u00e9e.<\/strong> Le corps en bois robuste est recouvert d&#8217;<strong> une peluche moelleuse \u00e0 poils longs<\/strong> et le dossier confortable est rembourr\u00e9 en douceur. Le<strong> coussin r\u00e9versible doux,<\/strong> que tu peux \u00e9galement laver en machine, assure un confort suppl\u00e9mentaire.<\/p>\n<p><strong>Aper\u00e7u du canap\u00e9 Harvey de Trixie<\/strong><\/p>\n<ul>\n<li>Canap\u00e9 confortable pour chats ou chiens jusqu&#8217;\u00e0 40 kg<\/li>\n<li><strong>Lieu de repos sur\u00e9lev\u00e9 : <\/strong>id\u00e9al pour dormir, se blottir ou observer<\/li>\n<li><strong>Tr\u00e8s confortable : <\/strong>dossier rembourr\u00e9 doux et stable, recouvert d&#8217;une peluche douillette \u00e0 poils longs<\/li>\n<li><strong>Coussin moelleux r\u00e9versible :<\/strong> avec c\u00f4t\u00e9 peluche et velours, housse lavable en machine<\/li>\n<li>Design moderne, pieds en bois chics<\/li>\n<li><strong>Couleur : <\/strong>blanc \/ noir<\/li>\n<li><strong>Mat\u00e9riel <\/strong>\n<ul>\n<li>Housse : polyester<\/li>\n<li>Rembourrage : non-tiss\u00e9 en polyester<\/li>\n<li>Corps &amp; pieds : Bois<\/li>\n<\/ul>\n<\/li>\n<li><strong>Conseil d&#8217;entretien :<\/strong> coussin lavable en machine \u00e0 40\u00b0C<\/li>\n<\/ul>\n<p><strong>Guide des tailles <\/strong><\/p>\n<table border=\"1\" cellspacing=\"1\" cellpadding=\"1\">\n<tbody>\n<tr>\n<td><small><strong>Dimensions totales <\/strong><\/small><\/td>\n<td><small><strong>Surface de couchage <\/strong><\/small><\/td>\n<td><small><strong>Hauteur d&#8217;acc\u00e8s <\/strong><\/small><\/td>\n<\/tr>\n<tr>\n<td><small>\u00d8 46 x H 28 cm<\/small><\/td>\n<td><small>\u00d8 40 cm<\/small><\/td>\n<td><small>H 21,5 cm<\/small><\/td>\n<\/tr>\n<tr>\n<td><small>L 60 x l 54 x H 28 cm<\/small><\/td>\n<td><small>L 55 x l 49 cm<\/small><\/td>\n<td><small>H 21,5 cm<\/small><\/td>\n<\/tr>\n<\/tbody>\n<\/table>\n<\/div>\n","protected":false},"excerpt":{"rendered":"<p>Si ton chien ne peut pas aller sur le canap\u00e9, il devrait au moins avoir le sien : Le canap\u00e9 Harvey de Trixie offre \u00e0 ton compagnon \u00e0 quatre pattes un endroit confortable et douillet pour dormir et se coucher en<strong> position sur\u00e9lev\u00e9e.<\/strong> Le corps en bois robuste est recouvert d&#8217;<strong> une peluche moelleuse \u00e0 poils longs<\/strong> et le dossier confortable est rembourr\u00e9 en douceur. Le<strong> coussin r\u00e9versible doux,<\/strong> que tu peux \u00e9galement laver en machine, assure un confort suppl\u00e9mentaire.<\/p>\n","protected":false},"featured_media":915880,"template":"","meta":[],"product_cat":[2697,2698,12595,12596],"product_tag":[],"class_list":{"0":"post-550722","1":"product","2":"type-product","3":"status-publish","4":"has-post-thumbnail","6":"product_cat-chat","7":"product_cat-chien","8":"product_cat-confort-du-chat","9":"product_cat-confort-du-chien","11":"first","12":"instock","13":"taxable","14":"shipping-taxable","15":"purchasable","16":"product-type-variable"},"yoast_head":"<!-- This site is optimized with the Yoast SEO plugin v27.3 - https:\/\/yoast.com\/product\/yoast-seo-wordpress\/ -->\n<title>Sofa Trixie Harvey - V\u00e9torino<\/title>\n<meta name=\"description\" content=\"Si ton chien ne peut pas aller sur le canap\u00e9, il devrait au moins avoir le sien : Le canap\u00e9 Harvey de Trixie offre \u00e0 ton compagnon \u00e0 quatre pattes un endroit confortable et douillet pour dormir et se coucher en position sur\u00e9lev\u00e9e. Le corps en bois robuste est recouvert d&#039; une peluche moelleuse \u00e0 poils longs et le dossier confortable est rembourr\u00e9 en douceur. Le coussin r\u00e9versible doux, que tu peux \u00e9galement laver en machine, assure un confort suppl\u00e9mentaire.\" \/>\n<meta name=\"robots\" content=\"noindex, nofollow\" \/>\n<meta property=\"og:locale\" content=\"fr_FR\" \/>\n<meta property=\"og:type\" content=\"article\" \/>\n<meta property=\"og:title\" content=\"Sofa Trixie Harvey - V\u00e9torino\" \/>\n<meta property=\"og:description\" content=\"Si ton chien ne peut pas aller sur le canap\u00e9, il devrait au moins avoir le sien : Le canap\u00e9 Harvey de Trixie offre \u00e0 ton compagnon \u00e0 quatre pattes un endroit confortable et douillet pour dormir et se coucher en position sur\u00e9lev\u00e9e. Le corps en bois robuste est recouvert d&#039; une peluche moelleuse \u00e0 poils longs et le dossier confortable est rembourr\u00e9 en douceur. Le coussin r\u00e9versible doux, que tu peux \u00e9galement laver en machine, assure un confort suppl\u00e9mentaire.\" \/>\n<meta property=\"og:url\" content=\"https:\/\/www.vetorino.com\/veterinaire\/confolens-16500\/boutique\/product\/sofa-trixie-harvey\/\" \/>\n<meta property=\"og:site_name\" content=\"V\u00e9torino\" \/>\n<meta property=\"article:publisher\" content=\"https:\/\/www.facebook.com\/Vetorino\/\" \/>\n<meta property=\"article:modified_time\" content=\"2024-12-14T08:41:57+00:00\" \/>\n<meta property=\"og:image\" content=\"https:\/\/www.vetorino.com\/boutique\/wp-content\/uploads\/2023\/02\/235224_pla_trixie_sofa_harvey_hs_01_7.jpg\" \/>\n\t<meta property=\"og:image:width\" content=\"800\" \/>\n\t<meta property=\"og:image:height\" content=\"800\" \/>\n\t<meta property=\"og:image:type\" content=\"image\/jpeg\" \/>\n<meta name=\"twitter:card\" content=\"summary_large_image\" \/>\n<meta name=\"twitter:label1\" content=\"Disponibilit\u00e9\" \/>\n\t<meta name=\"twitter:data1\" content=\"En stock\" \/>\n<script type=\"application\/ld+json\" class=\"yoast-schema-graph\">{\"@context\":\"https:\\\/\\\/schema.org\",\"@graph\":[{\"@type\":\"WebPage\",\"@id\":\"https:\\\/\\\/www.vetorino.com\\\/veterinaire\\\/evry-91000\\\/boutique\\\/product\\\/sofa-trixie-harvey\\\/\",\"url\":\"https:\\\/\\\/www.vetorino.com\\\/veterinaire\\\/evry-91000\\\/boutique\\\/product\\\/sofa-trixie-harvey\\\/\",\"name\":\"Sofa Trixie Harvey - V\u00e9torino\",\"isPartOf\":{\"@id\":\"https:\\\/\\\/www.vetorino.com\\\/boutique\\\/#website\"},\"primaryImageOfPage\":{\"@id\":\"https:\\\/\\\/www.vetorino.com\\\/veterinaire\\\/evry-91000\\\/boutique\\\/product\\\/sofa-trixie-harvey\\\/#primaryimage\"},\"image\":{\"@id\":\"https:\\\/\\\/www.vetorino.com\\\/veterinaire\\\/evry-91000\\\/boutique\\\/product\\\/sofa-trixie-harvey\\\/#primaryimage\"},\"thumbnailUrl\":\"https:\\\/\\\/www.vetorino.com\\\/boutique\\\/wp-content\\\/uploads\\\/2023\\\/02\\\/235224_pla_trixie_sofa_harvey_hs_01_7.jpg\",\"datePublished\":\"2023-02-01T16:36:46+00:00\",\"dateModified\":\"2024-12-14T08:41:57+00:00\",\"description\":\"Si ton chien ne peut pas aller sur le canap\u00e9, il devrait au moins avoir le sien : Le canap\u00e9 Harvey de Trixie offre \u00e0 ton compagnon \u00e0 quatre pattes un endroit confortable et douillet pour dormir et se coucher en position sur\u00e9lev\u00e9e. Le corps en bois robuste est recouvert d' une peluche moelleuse \u00e0 poils longs et le dossier confortable est rembourr\u00e9 en douceur. Le coussin r\u00e9versible doux, que tu peux \u00e9galement laver en machine, assure un confort suppl\u00e9mentaire.\",\"breadcrumb\":{\"@id\":\"https:\\\/\\\/www.vetorino.com\\\/veterinaire\\\/evry-91000\\\/boutique\\\/product\\\/sofa-trixie-harvey\\\/#breadcrumb\"},\"inLanguage\":\"fr-FR\",\"potentialAction\":[{\"@type\":\"ReadAction\",\"target\":[\"https:\\\/\\\/www.vetorino.com\\\/veterinaire\\\/evry-91000\\\/boutique\\\/product\\\/sofa-trixie-harvey\\\/\"]}]},{\"@type\":\"ImageObject\",\"inLanguage\":\"fr-FR\",\"@id\":\"https:\\\/\\\/www.vetorino.com\\\/veterinaire\\\/evry-91000\\\/boutique\\\/product\\\/sofa-trixie-harvey\\\/#primaryimage\",\"url\":\"https:\\\/\\\/www.vetorino.com\\\/boutique\\\/wp-content\\\/uploads\\\/2023\\\/02\\\/235224_pla_trixie_sofa_harvey_hs_01_7.jpg\",\"contentUrl\":\"https:\\\/\\\/www.vetorino.com\\\/boutique\\\/wp-content\\\/uploads\\\/2023\\\/02\\\/235224_pla_trixie_sofa_harvey_hs_01_7.jpg\",\"width\":800,\"height\":800},{\"@type\":\"BreadcrumbList\",\"@id\":\"https:\\\/\\\/www.vetorino.com\\\/veterinaire\\\/evry-91000\\\/boutique\\\/product\\\/sofa-trixie-harvey\\\/#breadcrumb\",\"itemListElement\":[{\"@type\":\"ListItem\",\"position\":1,\"name\":\"Accueil\",\"item\":\"https:\\\/\\\/www.vetorino.com\\\/boutique\\\/\"},{\"@type\":\"ListItem\",\"position\":2,\"name\":\"Produits\",\"item\":\"https:\\\/\\\/www.vetorino.com\\\/boutique\\\/\"},{\"@type\":\"ListItem\",\"position\":3,\"name\":\"Sofa Trixie Harvey\"}]},{\"@type\":\"WebSite\",\"@id\":\"https:\\\/\\\/www.vetorino.com\\\/boutique\\\/#website\",\"url\":\"https:\\\/\\\/www.vetorino.com\\\/boutique\\\/\",\"name\":\"V\u00e9torino\",\"description\":\"\",\"publisher\":{\"@id\":\"https:\\\/\\\/www.vetorino.com\\\/boutique\\\/#organization\"},\"potentialAction\":[{\"@type\":\"SearchAction\",\"target\":{\"@type\":\"EntryPoint\",\"urlTemplate\":\"https:\\\/\\\/www.vetorino.com\\\/boutique\\\/?s={search_term_string}\"},\"query-input\":{\"@type\":\"PropertyValueSpecification\",\"valueRequired\":true,\"valueName\":\"search_term_string\"}}],\"inLanguage\":\"fr-FR\"},{\"@type\":\"Organization\",\"@id\":\"https:\\\/\\\/www.vetorino.com\\\/boutique\\\/#organization\",\"name\":\"V\u00e9torino\",\"url\":\"https:\\\/\\\/www.vetorino.com\\\/boutique\\\/\",\"logo\":{\"@type\":\"ImageObject\",\"inLanguage\":\"fr-FR\",\"@id\":\"https:\\\/\\\/www.vetorino.com\\\/boutique\\\/#\\\/schema\\\/logo\\\/image\\\/\",\"url\":\"https:\\\/\\\/www.vetorino.com\\\/boutique\\\/wp-content\\\/uploads\\\/2024\\\/10\\\/logo.jpg\",\"contentUrl\":\"https:\\\/\\\/www.vetorino.com\\\/boutique\\\/wp-content\\\/uploads\\\/2024\\\/10\\\/logo.jpg\",\"width\":1200,\"height\":610,\"caption\":\"V\u00e9torino\"},\"image\":{\"@id\":\"https:\\\/\\\/www.vetorino.com\\\/boutique\\\/#\\\/schema\\\/logo\\\/image\\\/\"},\"sameAs\":[\"https:\\\/\\\/www.facebook.com\\\/Vetorino\\\/\",\"https:\\\/\\\/www.instagram.com\\\/vetorino_off\\\/\",\"https:\\\/\\\/www.linkedin.com\\\/company\\\/vtorino\\\/\"]}]}<\/script>\n<meta property=\"og:availability\" content=\"instock\" \/>\n<meta property=\"product:availability\" content=\"instock\" \/>\n<meta property=\"product:condition\" content=\"new\" \/>\n<!-- \/ Yoast SEO plugin. -->","yoast_head_json":{"title":"Sofa Trixie Harvey - V\u00e9torino","description":"Si ton chien ne peut pas aller sur le canap\u00e9, il devrait au moins avoir le sien : Le canap\u00e9 Harvey de Trixie offre \u00e0 ton compagnon \u00e0 quatre pattes un endroit confortable et douillet pour dormir et se coucher en position sur\u00e9lev\u00e9e. Le corps en bois robuste est recouvert d' une peluche moelleuse \u00e0 poils longs et le dossier confortable est rembourr\u00e9 en douceur. Le coussin r\u00e9versible doux, que tu peux \u00e9galement laver en machine, assure un confort suppl\u00e9mentaire.","robots":{"index":"noindex","follow":"nofollow"},"og_locale":"fr_FR","og_type":"article","og_title":"Sofa Trixie Harvey - V\u00e9torino","og_description":"Si ton chien ne peut pas aller sur le canap\u00e9, il devrait au moins avoir le sien : Le canap\u00e9 Harvey de Trixie offre \u00e0 ton compagnon \u00e0 quatre pattes un endroit confortable et douillet pour dormir et se coucher en position sur\u00e9lev\u00e9e. Le corps en bois robuste est recouvert d' une peluche moelleuse \u00e0 poils longs et le dossier confortable est rembourr\u00e9 en douceur. Le coussin r\u00e9versible doux, que tu peux \u00e9galement laver en machine, assure un confort suppl\u00e9mentaire.","og_url":"https:\/\/www.vetorino.com\/veterinaire\/confolens-16500\/boutique\/product\/sofa-trixie-harvey\/","og_site_name":"V\u00e9torino","article_publisher":"https:\/\/www.facebook.com\/Vetorino\/","article_modified_time":"2024-12-14T08:41:57+00:00","og_image":[{"width":800,"height":800,"url":"https:\/\/www.vetorino.com\/boutique\/wp-content\/uploads\/2023\/02\/235224_pla_trixie_sofa_harvey_hs_01_7.jpg","type":"image\/jpeg"}],"twitter_card":"summary_large_image","twitter_misc":{"Disponibilit\u00e9":"En stock"},"schema":{"@context":"https:\/\/schema.org","@graph":[{"@type":"WebPage","@id":"https:\/\/www.vetorino.com\/veterinaire\/evry-91000\/boutique\/product\/sofa-trixie-harvey\/","url":"https:\/\/www.vetorino.com\/veterinaire\/evry-91000\/boutique\/product\/sofa-trixie-harvey\/","name":"Sofa Trixie Harvey - V\u00e9torino","isPartOf":{"@id":"https:\/\/www.vetorino.com\/boutique\/#website"},"primaryImageOfPage":{"@id":"https:\/\/www.vetorino.com\/veterinaire\/evry-91000\/boutique\/product\/sofa-trixie-harvey\/#primaryimage"},"image":{"@id":"https:\/\/www.vetorino.com\/veterinaire\/evry-91000\/boutique\/product\/sofa-trixie-harvey\/#primaryimage"},"thumbnailUrl":"https:\/\/www.vetorino.com\/boutique\/wp-content\/uploads\/2023\/02\/235224_pla_trixie_sofa_harvey_hs_01_7.jpg","datePublished":"2023-02-01T16:36:46+00:00","dateModified":"2024-12-14T08:41:57+00:00","description":"Si ton chien ne peut pas aller sur le canap\u00e9, il devrait au moins avoir le sien : Le canap\u00e9 Harvey de Trixie offre \u00e0 ton compagnon \u00e0 quatre pattes un endroit confortable et douillet pour dormir et se coucher en position sur\u00e9lev\u00e9e. Le corps en bois robuste est recouvert d' une peluche moelleuse \u00e0 poils longs et le dossier confortable est rembourr\u00e9 en douceur. Le coussin r\u00e9versible doux, que tu peux \u00e9galement laver en machine, assure un confort suppl\u00e9mentaire.","breadcrumb":{"@id":"https:\/\/www.vetorino.com\/veterinaire\/evry-91000\/boutique\/product\/sofa-trixie-harvey\/#breadcrumb"},"inLanguage":"fr-FR","potentialAction":[{"@type":"ReadAction","target":["https:\/\/www.vetorino.com\/veterinaire\/evry-91000\/boutique\/product\/sofa-trixie-harvey\/"]}]},{"@type":"ImageObject","inLanguage":"fr-FR","@id":"https:\/\/www.vetorino.com\/veterinaire\/evry-91000\/boutique\/product\/sofa-trixie-harvey\/#primaryimage","url":"https:\/\/www.vetorino.com\/boutique\/wp-content\/uploads\/2023\/02\/235224_pla_trixie_sofa_harvey_hs_01_7.jpg","contentUrl":"https:\/\/www.vetorino.com\/boutique\/wp-content\/uploads\/2023\/02\/235224_pla_trixie_sofa_harvey_hs_01_7.jpg","width":800,"height":800},{"@type":"BreadcrumbList","@id":"https:\/\/www.vetorino.com\/veterinaire\/evry-91000\/boutique\/product\/sofa-trixie-harvey\/#breadcrumb","itemListElement":[{"@type":"ListItem","position":1,"name":"Accueil","item":"https:\/\/www.vetorino.com\/boutique\/"},{"@type":"ListItem","position":2,"name":"Produits","item":"https:\/\/www.vetorino.com\/boutique\/"},{"@type":"ListItem","position":3,"name":"Sofa Trixie Harvey"}]},{"@type":"WebSite","@id":"https:\/\/www.vetorino.com\/boutique\/#website","url":"https:\/\/www.vetorino.com\/boutique\/","name":"V\u00e9torino","description":"","publisher":{"@id":"https:\/\/www.vetorino.com\/boutique\/#organization"},"potentialAction":[{"@type":"SearchAction","target":{"@type":"EntryPoint","urlTemplate":"https:\/\/www.vetorino.com\/boutique\/?s={search_term_string}"},"query-input":{"@type":"PropertyValueSpecification","valueRequired":true,"valueName":"search_term_string"}}],"inLanguage":"fr-FR"},{"@type":"Organization","@id":"https:\/\/www.vetorino.com\/boutique\/#organization","name":"V\u00e9torino","url":"https:\/\/www.vetorino.com\/boutique\/","logo":{"@type":"ImageObject","inLanguage":"fr-FR","@id":"https:\/\/www.vetorino.com\/boutique\/#\/schema\/logo\/image\/","url":"https:\/\/www.vetorino.com\/boutique\/wp-content\/uploads\/2024\/10\/logo.jpg","contentUrl":"https:\/\/www.vetorino.com\/boutique\/wp-content\/uploads\/2024\/10\/logo.jpg","width":1200,"height":610,"caption":"V\u00e9torino"},"image":{"@id":"https:\/\/www.vetorino.com\/boutique\/#\/schema\/logo\/image\/"},"sameAs":["https:\/\/www.facebook.com\/Vetorino\/","https:\/\/www.instagram.com\/vetorino_off\/","https:\/\/www.linkedin.com\/company\/vtorino\/"]}]},"og_availability":"instock","product_availability":"instock","product_condition":"new"},"_links":{"self":[{"href":"https:\/\/www.vetorino.com\/veterinaire\/confolens-16500\/boutique\/wp-json\/wp\/v2\/product\/550722","targetHints":{"allow":["GET"]}}],"collection":[{"href":"https:\/\/www.vetorino.com\/veterinaire\/confolens-16500\/boutique\/wp-json\/wp\/v2\/product"}],"about":[{"href":"https:\/\/www.vetorino.com\/veterinaire\/confolens-16500\/boutique\/wp-json\/wp\/v2\/types\/product"}],"wp:featuredmedia":[{"embeddable":true,"href":"https:\/\/www.vetorino.com\/veterinaire\/confolens-16500\/boutique\/wp-json\/wp\/v2\/media\/915880"}],"wp:attachment":[{"href":"https:\/\/www.vetorino.com\/veterinaire\/confolens-16500\/boutique\/wp-json\/wp\/v2\/media?parent=550722"}],"wp:term":[{"taxonomy":"product_cat","embeddable":true,"href":"https:\/\/www.vetorino.com\/veterinaire\/confolens-16500\/boutique\/wp-json\/wp\/v2\/product_cat?post=550722"},{"taxonomy":"product_tag","embeddable":true,"href":"https:\/\/www.vetorino.com\/veterinaire\/confolens-16500\/boutique\/wp-json\/wp\/v2\/product_tag?post=550722"}],"curies":[{"name":"wp","href":"https:\/\/api.w.org\/{rel}","templated":true}]}}