{"id":89094,"date":"2020-06-26T02:59:43","date_gmt":"2020-06-26T00:59:43","guid":{"rendered":"https:\/\/www.vetorino.com\/boutique\/product\/actidralyte\/"},"modified":"2026-03-10T15:45:15","modified_gmt":"2026-03-10T14:45:15","slug":"actidralyte","status":"publish","type":"product","link":"https:\/\/www.vetorino.com\/veterinaire\/confolens-16500\/boutique\/product\/actidralyte\/","title":{"rendered":"Actidralyte"},"content":{"rendered":"<p><strong>Aliment compl\u00e9mentaire di\u00e9t\u00e9tique effervescent, stabilisant du bilan hydro-\u00e9lectrolytique pour veau, agneau, chevreau, porcelet et poulain.<\/strong><\/p>\n<ul>\n<li>Stabilisation du bilan des \u00e9lectrolytes et de l&#8217;eau afin de faciliter la digestion physiologique.<\/li>\n<li>Adapt\u00e9 aux phases de transition : retour au lait sans transition, r\u00e9cup\u00e9ration plus rapide et perte de poids limit\u00e9e, pouvoir tampon rapide et prolong\u00e9.<\/li>\n<li>Utilisation rapide et pratique.<\/li>\n<li>App\u00e9tant : base de lactose et ar\u00f4me vanille.<\/li>\n<\/ul>\n","protected":false},"excerpt":{"rendered":"<p><strong>Aliment compl\u00e9mentaire di\u00e9t\u00e9tique effervescent, stabilisant du bilan hydro-\u00e9lectrolytique pour veau, agneau, chevreau, porcelet et poulain.<\/strong><\/p>\n<ul>\n<li>Stabilisation du bilan des \u00e9lectrolytes et de l&#8217;eau afin de faciliter la digestion physiologique.<\/li>\n<li>Adapt\u00e9 aux phases de transition : retour au lait sans transition, r\u00e9cup\u00e9ration plus rapdie et perte de poids limit\u00e9e, pouvoir tampon rapide et prolong\u00e9.<\/li>\n<li>Utilisation rapide et pratique.<\/li>\n<li>App\u00e9tent : base de lactose et ar\u00f4,me vanille.<\/li>\n<\/ul>\n","protected":false},"featured_media":180925,"template":"","meta":[],"product_cat":[6870,12547,6873],"product_tag":[],"class_list":{"0":"post-89094","1":"product","2":"type-product","3":"status-publish","4":"has-post-thumbnail","6":"product_cat-bovins","7":"product_cat-cheval","8":"product_cat-ovins","9":"pa_marque-novactiv-hy-nutrition","11":"first","12":"outofstock","13":"taxable","14":"shipping-taxable","15":"purchasable","16":"product-type-simple"},"yoast_head":"<!-- This site is optimized with the Yoast SEO plugin v27.3 - https:\/\/yoast.com\/product\/yoast-seo-wordpress\/ -->\n<title>Actidralyte NOVACTIV HY-NUTRITION - V\u00e9torino<\/title>\n<meta name=\"description\" content=\"Aliment compl\u00e9mentaire di\u00e9t\u00e9tique effervescent, stabilisant du bilan hydro-\u00e9lectrolytique pour veau, agneau, chevreau, porcelet et poulain.   Stabilisation du bilan des \u00e9lectrolytes et de l&#039;eau afin de faciliter la digestion physiologique.  Adapt\u00e9 aux phases de transition : retour au lait sans transition, r\u00e9cup\u00e9ration plus rapdie et perte de poids limit\u00e9e, pouvoir tampon rapide et prolong\u00e9.  Utilisation rapide et pratique.  App\u00e9tent : base de lactose et ar\u00f4,me vanille.\" \/>\n<meta name=\"robots\" content=\"noindex, nofollow\" \/>\n<meta property=\"og:locale\" content=\"fr_FR\" \/>\n<meta property=\"og:type\" content=\"article\" \/>\n<meta property=\"og:title\" content=\"Actidralyte NOVACTIV HY-NUTRITION - V\u00e9torino\" \/>\n<meta property=\"og:description\" content=\"Aliment compl\u00e9mentaire di\u00e9t\u00e9tique effervescent, stabilisant du bilan hydro-\u00e9lectrolytique pour veau, agneau, chevreau, porcelet et poulain.   Stabilisation du bilan des \u00e9lectrolytes et de l&#039;eau afin de faciliter la digestion physiologique.  Adapt\u00e9 aux phases de transition : retour au lait sans transition, r\u00e9cup\u00e9ration plus rapdie et perte de poids limit\u00e9e, pouvoir tampon rapide et prolong\u00e9.  Utilisation rapide et pratique.  App\u00e9tent : base de lactose et ar\u00f4,me vanille.\" \/>\n<meta property=\"og:url\" content=\"https:\/\/www.vetorino.com\/veterinaire\/confolens-16500\/boutique\/product\/actidralyte\/\" \/>\n<meta property=\"og:site_name\" content=\"V\u00e9torino\" \/>\n<meta property=\"article:publisher\" content=\"https:\/\/www.facebook.com\/Vetorino\/\" \/>\n<meta property=\"article:modified_time\" content=\"2026-03-10T14:45:15+00:00\" \/>\n<meta property=\"og:image\" content=\"https:\/\/www.vetorino.com\/boutique\/wp-content\/uploads\/2020\/06\/unnamed-1.jpeg\" \/>\n\t<meta property=\"og:image:width\" content=\"512\" \/>\n\t<meta property=\"og:image:height\" content=\"330\" \/>\n\t<meta property=\"og:image:type\" content=\"image\/jpeg\" \/>\n<meta name=\"twitter:card\" content=\"summary_large_image\" \/>\n<meta name=\"twitter:label1\" content=\"Prix\" \/>\n\t<meta name=\"twitter:data1\" content=\"91,20&euro;\" \/>\n\t<meta name=\"twitter:label2\" content=\"Disponibilit\u00e9\" \/>\n\t<meta name=\"twitter:data2\" content=\"Rupture de stock\" \/>\n<script type=\"application\/ld+json\" class=\"yoast-schema-graph\">{\"@context\":\"https:\\\/\\\/schema.org\",\"@graph\":[{\"@type\":\"WebPage\",\"@id\":\"https:\\\/\\\/www.vetorino.com\\\/boutique\\\/product\\\/actidralyte\\\/\",\"url\":\"https:\\\/\\\/www.vetorino.com\\\/boutique\\\/product\\\/actidralyte\\\/\",\"name\":\"Actidralyte NOVACTIV HY-NUTRITION - V\u00e9torino\",\"isPartOf\":{\"@id\":\"https:\\\/\\\/www.vetorino.com\\\/boutique\\\/#website\"},\"primaryImageOfPage\":{\"@id\":\"https:\\\/\\\/www.vetorino.com\\\/boutique\\\/product\\\/actidralyte\\\/#primaryimage\"},\"image\":{\"@id\":\"https:\\\/\\\/www.vetorino.com\\\/boutique\\\/product\\\/actidralyte\\\/#primaryimage\"},\"thumbnailUrl\":\"https:\\\/\\\/www.vetorino.com\\\/boutique\\\/wp-content\\\/uploads\\\/2020\\\/06\\\/unnamed-1.jpeg\",\"datePublished\":\"2020-06-26T00:59:43+00:00\",\"dateModified\":\"2026-03-10T14:45:15+00:00\",\"description\":\"Aliment compl\u00e9mentaire di\u00e9t\u00e9tique effervescent, stabilisant du bilan hydro-\u00e9lectrolytique pour veau, agneau, chevreau, porcelet et poulain. Stabilisation du bilan des \u00e9lectrolytes et de l'eau afin de faciliter la digestion physiologique. Adapt\u00e9 aux phases de transition : retour au lait sans transition, r\u00e9cup\u00e9ration plus rapdie et perte de poids limit\u00e9e, pouvoir tampon rapide et prolong\u00e9. Utilisation rapide et pratique. App\u00e9tent : base de lactose et ar\u00f4,me vanille.\",\"breadcrumb\":{\"@id\":\"https:\\\/\\\/www.vetorino.com\\\/boutique\\\/product\\\/actidralyte\\\/#breadcrumb\"},\"inLanguage\":\"fr-FR\",\"potentialAction\":[{\"@type\":\"ReadAction\",\"target\":[\"https:\\\/\\\/www.vetorino.com\\\/boutique\\\/product\\\/actidralyte\\\/\"]}]},{\"@type\":\"ImageObject\",\"inLanguage\":\"fr-FR\",\"@id\":\"https:\\\/\\\/www.vetorino.com\\\/boutique\\\/product\\\/actidralyte\\\/#primaryimage\",\"url\":\"https:\\\/\\\/www.vetorino.com\\\/boutique\\\/wp-content\\\/uploads\\\/2020\\\/06\\\/unnamed-1.jpeg\",\"contentUrl\":\"https:\\\/\\\/www.vetorino.com\\\/boutique\\\/wp-content\\\/uploads\\\/2020\\\/06\\\/unnamed-1.jpeg\",\"width\":512,\"height\":330},{\"@type\":\"BreadcrumbList\",\"@id\":\"https:\\\/\\\/www.vetorino.com\\\/boutique\\\/product\\\/actidralyte\\\/#breadcrumb\",\"itemListElement\":[{\"@type\":\"ListItem\",\"position\":1,\"name\":\"Accueil\",\"item\":\"https:\\\/\\\/www.vetorino.com\\\/boutique\\\/\"},{\"@type\":\"ListItem\",\"position\":2,\"name\":\"Produits\",\"item\":\"https:\\\/\\\/www.vetorino.com\\\/boutique\\\/\"},{\"@type\":\"ListItem\",\"position\":3,\"name\":\"Actidralyte\"}]},{\"@type\":\"WebSite\",\"@id\":\"https:\\\/\\\/www.vetorino.com\\\/boutique\\\/#website\",\"url\":\"https:\\\/\\\/www.vetorino.com\\\/boutique\\\/\",\"name\":\"V\u00e9torino\",\"description\":\"\",\"publisher\":{\"@id\":\"https:\\\/\\\/www.vetorino.com\\\/boutique\\\/#organization\"},\"potentialAction\":[{\"@type\":\"SearchAction\",\"target\":{\"@type\":\"EntryPoint\",\"urlTemplate\":\"https:\\\/\\\/www.vetorino.com\\\/boutique\\\/?s={search_term_string}\"},\"query-input\":{\"@type\":\"PropertyValueSpecification\",\"valueRequired\":true,\"valueName\":\"search_term_string\"}}],\"inLanguage\":\"fr-FR\"},{\"@type\":\"Organization\",\"@id\":\"https:\\\/\\\/www.vetorino.com\\\/boutique\\\/#organization\",\"name\":\"V\u00e9torino\",\"url\":\"https:\\\/\\\/www.vetorino.com\\\/boutique\\\/\",\"logo\":{\"@type\":\"ImageObject\",\"inLanguage\":\"fr-FR\",\"@id\":\"https:\\\/\\\/www.vetorino.com\\\/boutique\\\/#\\\/schema\\\/logo\\\/image\\\/\",\"url\":\"https:\\\/\\\/www.vetorino.com\\\/boutique\\\/wp-content\\\/uploads\\\/2024\\\/10\\\/logo.jpg\",\"contentUrl\":\"https:\\\/\\\/www.vetorino.com\\\/boutique\\\/wp-content\\\/uploads\\\/2024\\\/10\\\/logo.jpg\",\"width\":1200,\"height\":610,\"caption\":\"V\u00e9torino\"},\"image\":{\"@id\":\"https:\\\/\\\/www.vetorino.com\\\/boutique\\\/#\\\/schema\\\/logo\\\/image\\\/\"},\"sameAs\":[\"https:\\\/\\\/www.facebook.com\\\/Vetorino\\\/\",\"https:\\\/\\\/www.instagram.com\\\/vetorino_off\\\/\",\"https:\\\/\\\/www.linkedin.com\\\/company\\\/vtorino\\\/\"]}]}<\/script>\n<meta property=\"product:brand\" content=\"NOVACTIV HY-NUTRITION\" \/>\n<meta property=\"product:price:amount\" content=\"91.20\" \/>\n<meta property=\"product:price:currency\" content=\"EUR\" \/>\n<meta property=\"og:availability\" content=\"out of stock\" \/>\n<meta property=\"product:availability\" content=\"out of stock\" \/>\n<meta property=\"product:retailer_item_id\" content=\"C-ACT019\" \/>\n<meta property=\"product:condition\" content=\"new\" \/>\n<!-- \/ Yoast SEO plugin. -->","yoast_head_json":{"title":"Actidralyte NOVACTIV HY-NUTRITION - V\u00e9torino","description":"Aliment compl\u00e9mentaire di\u00e9t\u00e9tique effervescent, stabilisant du bilan hydro-\u00e9lectrolytique pour veau, agneau, chevreau, porcelet et poulain.   Stabilisation du bilan des \u00e9lectrolytes et de l'eau afin de faciliter la digestion physiologique.  Adapt\u00e9 aux phases de transition : retour au lait sans transition, r\u00e9cup\u00e9ration plus rapdie et perte de poids limit\u00e9e, pouvoir tampon rapide et prolong\u00e9.  Utilisation rapide et pratique.  App\u00e9tent : base de lactose et ar\u00f4,me vanille.","robots":{"index":"noindex","follow":"nofollow"},"og_locale":"fr_FR","og_type":"article","og_title":"Actidralyte NOVACTIV HY-NUTRITION - V\u00e9torino","og_description":"Aliment compl\u00e9mentaire di\u00e9t\u00e9tique effervescent, stabilisant du bilan hydro-\u00e9lectrolytique pour veau, agneau, chevreau, porcelet et poulain.   Stabilisation du bilan des \u00e9lectrolytes et de l'eau afin de faciliter la digestion physiologique.  Adapt\u00e9 aux phases de transition : retour au lait sans transition, r\u00e9cup\u00e9ration plus rapdie et perte de poids limit\u00e9e, pouvoir tampon rapide et prolong\u00e9.  Utilisation rapide et pratique.  App\u00e9tent : base de lactose et ar\u00f4,me vanille.","og_url":"https:\/\/www.vetorino.com\/veterinaire\/confolens-16500\/boutique\/product\/actidralyte\/","og_site_name":"V\u00e9torino","article_publisher":"https:\/\/www.facebook.com\/Vetorino\/","article_modified_time":"2026-03-10T14:45:15+00:00","og_image":[{"width":512,"height":330,"url":"https:\/\/www.vetorino.com\/boutique\/wp-content\/uploads\/2020\/06\/unnamed-1.jpeg","type":"image\/jpeg"}],"twitter_card":"summary_large_image","twitter_misc":{"Prix":"91,20&euro;","Disponibilit\u00e9":"Rupture de stock"},"schema":{"@context":"https:\/\/schema.org","@graph":[{"@type":"WebPage","@id":"https:\/\/www.vetorino.com\/boutique\/product\/actidralyte\/","url":"https:\/\/www.vetorino.com\/boutique\/product\/actidralyte\/","name":"Actidralyte NOVACTIV HY-NUTRITION - V\u00e9torino","isPartOf":{"@id":"https:\/\/www.vetorino.com\/boutique\/#website"},"primaryImageOfPage":{"@id":"https:\/\/www.vetorino.com\/boutique\/product\/actidralyte\/#primaryimage"},"image":{"@id":"https:\/\/www.vetorino.com\/boutique\/product\/actidralyte\/#primaryimage"},"thumbnailUrl":"https:\/\/www.vetorino.com\/boutique\/wp-content\/uploads\/2020\/06\/unnamed-1.jpeg","datePublished":"2020-06-26T00:59:43+00:00","dateModified":"2026-03-10T14:45:15+00:00","description":"Aliment compl\u00e9mentaire di\u00e9t\u00e9tique effervescent, stabilisant du bilan hydro-\u00e9lectrolytique pour veau, agneau, chevreau, porcelet et poulain. Stabilisation du bilan des \u00e9lectrolytes et de l'eau afin de faciliter la digestion physiologique. Adapt\u00e9 aux phases de transition : retour au lait sans transition, r\u00e9cup\u00e9ration plus rapdie et perte de poids limit\u00e9e, pouvoir tampon rapide et prolong\u00e9. Utilisation rapide et pratique. App\u00e9tent : base de lactose et ar\u00f4,me vanille.","breadcrumb":{"@id":"https:\/\/www.vetorino.com\/boutique\/product\/actidralyte\/#breadcrumb"},"inLanguage":"fr-FR","potentialAction":[{"@type":"ReadAction","target":["https:\/\/www.vetorino.com\/boutique\/product\/actidralyte\/"]}]},{"@type":"ImageObject","inLanguage":"fr-FR","@id":"https:\/\/www.vetorino.com\/boutique\/product\/actidralyte\/#primaryimage","url":"https:\/\/www.vetorino.com\/boutique\/wp-content\/uploads\/2020\/06\/unnamed-1.jpeg","contentUrl":"https:\/\/www.vetorino.com\/boutique\/wp-content\/uploads\/2020\/06\/unnamed-1.jpeg","width":512,"height":330},{"@type":"BreadcrumbList","@id":"https:\/\/www.vetorino.com\/boutique\/product\/actidralyte\/#breadcrumb","itemListElement":[{"@type":"ListItem","position":1,"name":"Accueil","item":"https:\/\/www.vetorino.com\/boutique\/"},{"@type":"ListItem","position":2,"name":"Produits","item":"https:\/\/www.vetorino.com\/boutique\/"},{"@type":"ListItem","position":3,"name":"Actidralyte"}]},{"@type":"WebSite","@id":"https:\/\/www.vetorino.com\/boutique\/#website","url":"https:\/\/www.vetorino.com\/boutique\/","name":"V\u00e9torino","description":"","publisher":{"@id":"https:\/\/www.vetorino.com\/boutique\/#organization"},"potentialAction":[{"@type":"SearchAction","target":{"@type":"EntryPoint","urlTemplate":"https:\/\/www.vetorino.com\/boutique\/?s={search_term_string}"},"query-input":{"@type":"PropertyValueSpecification","valueRequired":true,"valueName":"search_term_string"}}],"inLanguage":"fr-FR"},{"@type":"Organization","@id":"https:\/\/www.vetorino.com\/boutique\/#organization","name":"V\u00e9torino","url":"https:\/\/www.vetorino.com\/boutique\/","logo":{"@type":"ImageObject","inLanguage":"fr-FR","@id":"https:\/\/www.vetorino.com\/boutique\/#\/schema\/logo\/image\/","url":"https:\/\/www.vetorino.com\/boutique\/wp-content\/uploads\/2024\/10\/logo.jpg","contentUrl":"https:\/\/www.vetorino.com\/boutique\/wp-content\/uploads\/2024\/10\/logo.jpg","width":1200,"height":610,"caption":"V\u00e9torino"},"image":{"@id":"https:\/\/www.vetorino.com\/boutique\/#\/schema\/logo\/image\/"},"sameAs":["https:\/\/www.facebook.com\/Vetorino\/","https:\/\/www.instagram.com\/vetorino_off\/","https:\/\/www.linkedin.com\/company\/vtorino\/"]}]},"product_brand":"NOVACTIV HY-NUTRITION","product_price_amount":"91.20","product_price_currency":"EUR","og_availability":"out of stock","product_availability":"out of stock","product_retailer_item_id":"C-ACT019","product_condition":"new"},"_links":{"self":[{"href":"https:\/\/www.vetorino.com\/veterinaire\/confolens-16500\/boutique\/wp-json\/wp\/v2\/product\/89094","targetHints":{"allow":["GET"]}}],"collection":[{"href":"https:\/\/www.vetorino.com\/veterinaire\/confolens-16500\/boutique\/wp-json\/wp\/v2\/product"}],"about":[{"href":"https:\/\/www.vetorino.com\/veterinaire\/confolens-16500\/boutique\/wp-json\/wp\/v2\/types\/product"}],"wp:featuredmedia":[{"embeddable":true,"href":"https:\/\/www.vetorino.com\/veterinaire\/confolens-16500\/boutique\/wp-json\/wp\/v2\/media\/180925"}],"wp:attachment":[{"href":"https:\/\/www.vetorino.com\/veterinaire\/confolens-16500\/boutique\/wp-json\/wp\/v2\/media?parent=89094"}],"wp:term":[{"taxonomy":"product_cat","embeddable":true,"href":"https:\/\/www.vetorino.com\/veterinaire\/confolens-16500\/boutique\/wp-json\/wp\/v2\/product_cat?post=89094"},{"taxonomy":"product_tag","embeddable":true,"href":"https:\/\/www.vetorino.com\/veterinaire\/confolens-16500\/boutique\/wp-json\/wp\/v2\/product_tag?post=89094"}],"curies":[{"name":"wp","href":"https:\/\/api.w.org\/{rel}","templated":true}]}}