{"id":91460,"date":"2020-06-26T14:10:57","date_gmt":"2020-06-26T12:10:57","guid":{"rendered":"https:\/\/www.vetorino.com\/boutique\/product\/brosse-perfect-care-double-a-picots-metal-et-poils\/"},"modified":"2026-04-02T02:42:06","modified_gmt":"2026-04-02T00:42:06","slug":"brosse-perfect-care-double-a-picots-metal-et-poils","status":"publish","type":"product","link":"https:\/\/www.vetorino.com\/veterinaire\/confolens-16500\/boutique\/product\/brosse-perfect-care-double-a-picots-metal-et-poils\/","title":{"rendered":"Brosse Perfect Care \u2013 chien"},"content":{"rendered":"<div class=\"hidden\">\n<p>Cette brosse double face est dot\u00e9e d&#8217;un c\u00f4t\u00e9 de<strong> picots m\u00e9talliques<\/strong> rigides \u00e0 boules\u00a0qui permettent de <strong>d\u00e9m\u00ealer le sous-poil.<\/strong><\/p>\n<p>L&#8217;autre\u00a0c\u00f4t\u00e9\u00a0est muni de\u00a0<strong>picots en perlon<\/strong> qui permet d&#8217;<strong>enlever la poussi\u00e8re<\/strong> au brossage et de<strong> faire briller le poil.<\/strong><\/p>\n<p>Ainsi, la brosse \u00e0 double face est un outil qui assure un toilettage facile et rapide du poil.<\/p>\n<p><em>Dimensions : L23 x P6,5 x H6,5 cm.<\/em><\/p>\n<\/div>\n","protected":false},"excerpt":{"rendered":"<div class=\"hidden\">\n<p>Cette brosse double face est dot\u00e9e d&#8217;un c\u00f4t\u00e9 de<strong> picots m\u00e9talliques<\/strong> rigides \u00e0 boules\u00a0qui permettent de <strong>d\u00e9m\u00ealer le sous-poil.<\/strong><\/p>\n<p>L&#8217;autre\u00a0c\u00f4t\u00e9\u00a0est muni de\u00a0<strong>picots en perlon<\/strong> qui permet d&#8217;<strong>enlever la poussi\u00e8re<\/strong> au brossage et de<strong> faire briller le poil.<\/strong><\/p>\n<p>Ainsi, la brosse \u00e0 double face est un outil qui assure un toilettage facile et rapide du poil.<\/p>\n<\/div>\n","protected":false},"featured_media":1443762,"template":"","meta":[],"product_cat":[2791,12550,2698],"product_tag":[],"class_list":{"0":"post-91460","1":"product","2":"type-product","3":"status-publish","4":"has-post-thumbnail","6":"product_cat-accessoires-de-toilettage-pour-chien","7":"product_cat-accessoires-du-chien","8":"product_cat-chien","9":"pa_marque-zolux","11":"first","12":"instock","13":"taxable","14":"shipping-taxable","15":"purchasable","16":"product-type-simple"},"yoast_head":"<!-- This site is optimized with the Yoast SEO plugin v27.3 - https:\/\/yoast.com\/product\/yoast-seo-wordpress\/ -->\n<title>Brosse Perfect Care \u2013 chien Zolux - V\u00e9torino<\/title>\n<meta name=\"description\" content=\"Cette brosse double face est dot\u00e9e d&#039;un c\u00f4t\u00e9 de picots m\u00e9talliques rigides \u00e0 boules\u00a0qui permettent de d\u00e9m\u00ealer le sous-poil.  L&#039;autre\u00a0c\u00f4t\u00e9\u00a0est muni de\u00a0picots en perlon qui permet d&#039;enlever la poussi\u00e8re au brossage et de faire briller le poil.  Ainsi, la brosse \u00e0 double face est un outil qui assure un toilettage facile et rapide du poil.\" \/>\n<meta name=\"robots\" content=\"noindex, nofollow\" \/>\n<meta property=\"og:locale\" content=\"fr_FR\" \/>\n<meta property=\"og:type\" content=\"article\" \/>\n<meta property=\"og:title\" content=\"Brosse Perfect Care \u2013 chien Zolux - V\u00e9torino\" \/>\n<meta property=\"og:description\" content=\"Cette brosse double face est dot\u00e9e d&#039;un c\u00f4t\u00e9 de picots m\u00e9talliques rigides \u00e0 boules\u00a0qui permettent de d\u00e9m\u00ealer le sous-poil.  L&#039;autre\u00a0c\u00f4t\u00e9\u00a0est muni de\u00a0picots en perlon qui permet d&#039;enlever la poussi\u00e8re au brossage et de faire briller le poil.  Ainsi, la brosse \u00e0 double face est un outil qui assure un toilettage facile et rapide du poil.\" \/>\n<meta property=\"og:url\" content=\"https:\/\/www.vetorino.com\/veterinaire\/confolens-16500\/boutique\/product\/brosse-perfect-care-double-a-picots-metal-et-poils\/\" \/>\n<meta property=\"og:site_name\" content=\"V\u00e9torino\" \/>\n<meta property=\"article:publisher\" content=\"https:\/\/www.facebook.com\/Vetorino\/\" \/>\n<meta property=\"article:modified_time\" content=\"2026-04-02T00:42:06+00:00\" \/>\n<meta property=\"og:image\" content=\"https:\/\/www.vetorino.com\/boutique\/wp-content\/uploads\/2020\/06\/brosse-double-perfect-care-chien-2.png\" \/>\n\t<meta property=\"og:image:width\" content=\"800\" \/>\n\t<meta property=\"og:image:height\" content=\"795\" \/>\n\t<meta property=\"og:image:type\" content=\"image\/png\" \/>\n<meta name=\"twitter:card\" content=\"summary_large_image\" \/>\n<meta name=\"twitter:label1\" content=\"Prix\" \/>\n\t<meta name=\"twitter:data1\" content=\"14,40&euro;\" \/>\n\t<meta name=\"twitter:label2\" content=\"Disponibilit\u00e9\" \/>\n\t<meta name=\"twitter:data2\" content=\"En stock\" \/>\n<script type=\"application\/ld+json\" class=\"yoast-schema-graph\">{\"@context\":\"https:\\\/\\\/schema.org\",\"@graph\":[{\"@type\":\"WebPage\",\"@id\":\"https:\\\/\\\/www.vetorino.com\\\/boutique\\\/product\\\/brosse-perfect-care-double-a-picots-metal-et-poils\\\/\",\"url\":\"https:\\\/\\\/www.vetorino.com\\\/boutique\\\/product\\\/brosse-perfect-care-double-a-picots-metal-et-poils\\\/\",\"name\":\"Brosse Perfect Care \u2013 chien Zolux - V\u00e9torino\",\"isPartOf\":{\"@id\":\"https:\\\/\\\/www.vetorino.com\\\/boutique\\\/#website\"},\"primaryImageOfPage\":{\"@id\":\"https:\\\/\\\/www.vetorino.com\\\/boutique\\\/product\\\/brosse-perfect-care-double-a-picots-metal-et-poils\\\/#primaryimage\"},\"image\":{\"@id\":\"https:\\\/\\\/www.vetorino.com\\\/boutique\\\/product\\\/brosse-perfect-care-double-a-picots-metal-et-poils\\\/#primaryimage\"},\"thumbnailUrl\":\"https:\\\/\\\/www.vetorino.com\\\/boutique\\\/wp-content\\\/uploads\\\/2020\\\/06\\\/brosse-double-perfect-care-chien-2.png\",\"datePublished\":\"2020-06-26T12:10:57+00:00\",\"dateModified\":\"2026-04-02T00:42:06+00:00\",\"description\":\"Cette brosse double face est dot\u00e9e d'un c\u00f4t\u00e9 de picots m\u00e9talliques rigides \u00e0 boules\u00a0qui permettent de d\u00e9m\u00ealer le sous-poil. L'autre\u00a0c\u00f4t\u00e9\u00a0est muni de\u00a0picots en perlon qui permet d'enlever la poussi\u00e8re au brossage et de faire briller le poil. Ainsi, la brosse \u00e0 double face est un outil qui assure un toilettage facile et rapide du poil.\",\"breadcrumb\":{\"@id\":\"https:\\\/\\\/www.vetorino.com\\\/boutique\\\/product\\\/brosse-perfect-care-double-a-picots-metal-et-poils\\\/#breadcrumb\"},\"inLanguage\":\"fr-FR\",\"potentialAction\":[{\"@type\":\"ReadAction\",\"target\":[\"https:\\\/\\\/www.vetorino.com\\\/boutique\\\/product\\\/brosse-perfect-care-double-a-picots-metal-et-poils\\\/\"]}]},{\"@type\":\"ImageObject\",\"inLanguage\":\"fr-FR\",\"@id\":\"https:\\\/\\\/www.vetorino.com\\\/boutique\\\/product\\\/brosse-perfect-care-double-a-picots-metal-et-poils\\\/#primaryimage\",\"url\":\"https:\\\/\\\/www.vetorino.com\\\/boutique\\\/wp-content\\\/uploads\\\/2020\\\/06\\\/brosse-double-perfect-care-chien-2.png\",\"contentUrl\":\"https:\\\/\\\/www.vetorino.com\\\/boutique\\\/wp-content\\\/uploads\\\/2020\\\/06\\\/brosse-double-perfect-care-chien-2.png\",\"width\":800,\"height\":795},{\"@type\":\"BreadcrumbList\",\"@id\":\"https:\\\/\\\/www.vetorino.com\\\/boutique\\\/product\\\/brosse-perfect-care-double-a-picots-metal-et-poils\\\/#breadcrumb\",\"itemListElement\":[{\"@type\":\"ListItem\",\"position\":1,\"name\":\"Accueil\",\"item\":\"https:\\\/\\\/www.vetorino.com\\\/boutique\\\/\"},{\"@type\":\"ListItem\",\"position\":2,\"name\":\"Produits\",\"item\":\"https:\\\/\\\/www.vetorino.com\\\/boutique\\\/\"},{\"@type\":\"ListItem\",\"position\":3,\"name\":\"Brosse Perfect Care \u2013 chien\"}]},{\"@type\":\"WebSite\",\"@id\":\"https:\\\/\\\/www.vetorino.com\\\/boutique\\\/#website\",\"url\":\"https:\\\/\\\/www.vetorino.com\\\/boutique\\\/\",\"name\":\"V\u00e9torino\",\"description\":\"\",\"publisher\":{\"@id\":\"https:\\\/\\\/www.vetorino.com\\\/boutique\\\/#organization\"},\"potentialAction\":[{\"@type\":\"SearchAction\",\"target\":{\"@type\":\"EntryPoint\",\"urlTemplate\":\"https:\\\/\\\/www.vetorino.com\\\/boutique\\\/?s={search_term_string}\"},\"query-input\":{\"@type\":\"PropertyValueSpecification\",\"valueRequired\":true,\"valueName\":\"search_term_string\"}}],\"inLanguage\":\"fr-FR\"},{\"@type\":\"Organization\",\"@id\":\"https:\\\/\\\/www.vetorino.com\\\/boutique\\\/#organization\",\"name\":\"V\u00e9torino\",\"url\":\"https:\\\/\\\/www.vetorino.com\\\/boutique\\\/\",\"logo\":{\"@type\":\"ImageObject\",\"inLanguage\":\"fr-FR\",\"@id\":\"https:\\\/\\\/www.vetorino.com\\\/boutique\\\/#\\\/schema\\\/logo\\\/image\\\/\",\"url\":\"https:\\\/\\\/www.vetorino.com\\\/boutique\\\/wp-content\\\/uploads\\\/2024\\\/10\\\/logo.jpg\",\"contentUrl\":\"https:\\\/\\\/www.vetorino.com\\\/boutique\\\/wp-content\\\/uploads\\\/2024\\\/10\\\/logo.jpg\",\"width\":1200,\"height\":610,\"caption\":\"V\u00e9torino\"},\"image\":{\"@id\":\"https:\\\/\\\/www.vetorino.com\\\/boutique\\\/#\\\/schema\\\/logo\\\/image\\\/\"},\"sameAs\":[\"https:\\\/\\\/www.facebook.com\\\/Vetorino\\\/\",\"https:\\\/\\\/www.instagram.com\\\/vetorino_off\\\/\",\"https:\\\/\\\/www.linkedin.com\\\/company\\\/vtorino\\\/\"]}]}<\/script>\n<meta property=\"product:brand\" content=\"Zolux\" \/>\n<meta property=\"product:price:amount\" content=\"14.40\" \/>\n<meta property=\"product:price:currency\" content=\"EUR\" \/>\n<meta property=\"og:availability\" content=\"instock\" \/>\n<meta property=\"product:availability\" content=\"instock\" \/>\n<meta property=\"product:retailer_item_id\" content=\"C-BRO814\" \/>\n<meta property=\"product:condition\" content=\"new\" \/>\n<!-- \/ Yoast SEO plugin. -->","yoast_head_json":{"title":"Brosse Perfect Care \u2013 chien Zolux - V\u00e9torino","description":"Cette brosse double face est dot\u00e9e d'un c\u00f4t\u00e9 de picots m\u00e9talliques rigides \u00e0 boules\u00a0qui permettent de d\u00e9m\u00ealer le sous-poil.  L'autre\u00a0c\u00f4t\u00e9\u00a0est muni de\u00a0picots en perlon qui permet d'enlever la poussi\u00e8re au brossage et de faire briller le poil.  Ainsi, la brosse \u00e0 double face est un outil qui assure un toilettage facile et rapide du poil.","robots":{"index":"noindex","follow":"nofollow"},"og_locale":"fr_FR","og_type":"article","og_title":"Brosse Perfect Care \u2013 chien Zolux - V\u00e9torino","og_description":"Cette brosse double face est dot\u00e9e d'un c\u00f4t\u00e9 de picots m\u00e9talliques rigides \u00e0 boules\u00a0qui permettent de d\u00e9m\u00ealer le sous-poil.  L'autre\u00a0c\u00f4t\u00e9\u00a0est muni de\u00a0picots en perlon qui permet d'enlever la poussi\u00e8re au brossage et de faire briller le poil.  Ainsi, la brosse \u00e0 double face est un outil qui assure un toilettage facile et rapide du poil.","og_url":"https:\/\/www.vetorino.com\/veterinaire\/confolens-16500\/boutique\/product\/brosse-perfect-care-double-a-picots-metal-et-poils\/","og_site_name":"V\u00e9torino","article_publisher":"https:\/\/www.facebook.com\/Vetorino\/","article_modified_time":"2026-04-02T00:42:06+00:00","og_image":[{"width":800,"height":795,"url":"https:\/\/www.vetorino.com\/boutique\/wp-content\/uploads\/2020\/06\/brosse-double-perfect-care-chien-2.png","type":"image\/png"}],"twitter_card":"summary_large_image","twitter_misc":{"Prix":"14,40&euro;","Disponibilit\u00e9":"En stock"},"schema":{"@context":"https:\/\/schema.org","@graph":[{"@type":"WebPage","@id":"https:\/\/www.vetorino.com\/boutique\/product\/brosse-perfect-care-double-a-picots-metal-et-poils\/","url":"https:\/\/www.vetorino.com\/boutique\/product\/brosse-perfect-care-double-a-picots-metal-et-poils\/","name":"Brosse Perfect Care \u2013 chien Zolux - V\u00e9torino","isPartOf":{"@id":"https:\/\/www.vetorino.com\/boutique\/#website"},"primaryImageOfPage":{"@id":"https:\/\/www.vetorino.com\/boutique\/product\/brosse-perfect-care-double-a-picots-metal-et-poils\/#primaryimage"},"image":{"@id":"https:\/\/www.vetorino.com\/boutique\/product\/brosse-perfect-care-double-a-picots-metal-et-poils\/#primaryimage"},"thumbnailUrl":"https:\/\/www.vetorino.com\/boutique\/wp-content\/uploads\/2020\/06\/brosse-double-perfect-care-chien-2.png","datePublished":"2020-06-26T12:10:57+00:00","dateModified":"2026-04-02T00:42:06+00:00","description":"Cette brosse double face est dot\u00e9e d'un c\u00f4t\u00e9 de picots m\u00e9talliques rigides \u00e0 boules\u00a0qui permettent de d\u00e9m\u00ealer le sous-poil. L'autre\u00a0c\u00f4t\u00e9\u00a0est muni de\u00a0picots en perlon qui permet d'enlever la poussi\u00e8re au brossage et de faire briller le poil. Ainsi, la brosse \u00e0 double face est un outil qui assure un toilettage facile et rapide du poil.","breadcrumb":{"@id":"https:\/\/www.vetorino.com\/boutique\/product\/brosse-perfect-care-double-a-picots-metal-et-poils\/#breadcrumb"},"inLanguage":"fr-FR","potentialAction":[{"@type":"ReadAction","target":["https:\/\/www.vetorino.com\/boutique\/product\/brosse-perfect-care-double-a-picots-metal-et-poils\/"]}]},{"@type":"ImageObject","inLanguage":"fr-FR","@id":"https:\/\/www.vetorino.com\/boutique\/product\/brosse-perfect-care-double-a-picots-metal-et-poils\/#primaryimage","url":"https:\/\/www.vetorino.com\/boutique\/wp-content\/uploads\/2020\/06\/brosse-double-perfect-care-chien-2.png","contentUrl":"https:\/\/www.vetorino.com\/boutique\/wp-content\/uploads\/2020\/06\/brosse-double-perfect-care-chien-2.png","width":800,"height":795},{"@type":"BreadcrumbList","@id":"https:\/\/www.vetorino.com\/boutique\/product\/brosse-perfect-care-double-a-picots-metal-et-poils\/#breadcrumb","itemListElement":[{"@type":"ListItem","position":1,"name":"Accueil","item":"https:\/\/www.vetorino.com\/boutique\/"},{"@type":"ListItem","position":2,"name":"Produits","item":"https:\/\/www.vetorino.com\/boutique\/"},{"@type":"ListItem","position":3,"name":"Brosse Perfect Care \u2013 chien"}]},{"@type":"WebSite","@id":"https:\/\/www.vetorino.com\/boutique\/#website","url":"https:\/\/www.vetorino.com\/boutique\/","name":"V\u00e9torino","description":"","publisher":{"@id":"https:\/\/www.vetorino.com\/boutique\/#organization"},"potentialAction":[{"@type":"SearchAction","target":{"@type":"EntryPoint","urlTemplate":"https:\/\/www.vetorino.com\/boutique\/?s={search_term_string}"},"query-input":{"@type":"PropertyValueSpecification","valueRequired":true,"valueName":"search_term_string"}}],"inLanguage":"fr-FR"},{"@type":"Organization","@id":"https:\/\/www.vetorino.com\/boutique\/#organization","name":"V\u00e9torino","url":"https:\/\/www.vetorino.com\/boutique\/","logo":{"@type":"ImageObject","inLanguage":"fr-FR","@id":"https:\/\/www.vetorino.com\/boutique\/#\/schema\/logo\/image\/","url":"https:\/\/www.vetorino.com\/boutique\/wp-content\/uploads\/2024\/10\/logo.jpg","contentUrl":"https:\/\/www.vetorino.com\/boutique\/wp-content\/uploads\/2024\/10\/logo.jpg","width":1200,"height":610,"caption":"V\u00e9torino"},"image":{"@id":"https:\/\/www.vetorino.com\/boutique\/#\/schema\/logo\/image\/"},"sameAs":["https:\/\/www.facebook.com\/Vetorino\/","https:\/\/www.instagram.com\/vetorino_off\/","https:\/\/www.linkedin.com\/company\/vtorino\/"]}]},"product_brand":"Zolux","product_price_amount":"14.40","product_price_currency":"EUR","og_availability":"instock","product_availability":"instock","product_retailer_item_id":"C-BRO814","product_condition":"new"},"_links":{"self":[{"href":"https:\/\/www.vetorino.com\/veterinaire\/confolens-16500\/boutique\/wp-json\/wp\/v2\/product\/91460","targetHints":{"allow":["GET"]}}],"collection":[{"href":"https:\/\/www.vetorino.com\/veterinaire\/confolens-16500\/boutique\/wp-json\/wp\/v2\/product"}],"about":[{"href":"https:\/\/www.vetorino.com\/veterinaire\/confolens-16500\/boutique\/wp-json\/wp\/v2\/types\/product"}],"wp:featuredmedia":[{"embeddable":true,"href":"https:\/\/www.vetorino.com\/veterinaire\/confolens-16500\/boutique\/wp-json\/wp\/v2\/media\/1443762"}],"wp:attachment":[{"href":"https:\/\/www.vetorino.com\/veterinaire\/confolens-16500\/boutique\/wp-json\/wp\/v2\/media?parent=91460"}],"wp:term":[{"taxonomy":"product_cat","embeddable":true,"href":"https:\/\/www.vetorino.com\/veterinaire\/confolens-16500\/boutique\/wp-json\/wp\/v2\/product_cat?post=91460"},{"taxonomy":"product_tag","embeddable":true,"href":"https:\/\/www.vetorino.com\/veterinaire\/confolens-16500\/boutique\/wp-json\/wp\/v2\/product_tag?post=91460"}],"curies":[{"name":"wp","href":"https:\/\/api.w.org\/{rel}","templated":true}]}}