{"id":91464,"date":"2020-06-26T14:10:59","date_gmt":"2020-06-26T12:10:59","guid":{"rendered":"https:\/\/www.vetorino.com\/boutique\/product\/brosse-perfect-care-double-a-picots-metals-et-poils\/"},"modified":"2026-02-11T02:42:19","modified_gmt":"2026-02-11T01:42:19","slug":"brosse-perfect-care-double-a-picots-metals-et-poils","status":"publish","type":"product","link":"https:\/\/www.vetorino.com\/veterinaire\/confolens-16500\/boutique\/product\/brosse-perfect-care-double-a-picots-metals-et-poils\/","title":{"rendered":"Brosse Perfect Care \u2013 chien"},"content":{"rendered":"<div class=\"hidden\">\n<p><strong>Un c\u00f4t\u00e9 \u00e0 picots m\u00e9talliques avec capuchons protecteurs permettant de d\u00e9m\u00ealer le sous-poil et l\u2019autre en poils naturels pour enlever la poussi\u00e8re et faire briller la robe.<\/strong><\/p>\n<ul>\n<li>Utilisez d\u2019abord la face avec les picots en plastique pour d\u00e9m\u00ealer les poils. Brossez en partant des extr\u00e9mit\u00e9s des poils vers la peau.<\/li>\n<li>Brossez ensuite avec l\u2019autre face pour \u00e9liminer la poussi\u00e8re, la salet\u00e9 et les poils morts.<\/li>\n<li>Nettoyez r\u00e9guli\u00e8rement la brosse avec de l\u2019eau et du savon et faites s\u00e9cher.<\/li>\n<\/ul>\n<p><strong>Poids : 120 g<\/strong><\/p>\n<\/div>\n","protected":false},"excerpt":{"rendered":"<p><strong>Un c\u00f4t\u00e9 \u00e0 picots m\u00e9talliques avec capuchons protecteurs permettant de d\u00e9m\u00ealer le sous-poil et l\u2019autre en poils naturels pour enlever la poussi\u00e8re et faire briller la robe.<\/strong><\/p>\n<ul>\n<li>Utilisez d\u2019abord la face avec les picots en plastique pour d\u00e9m\u00ealer les poils. Brossez en partant des extr\u00e9mit\u00e9s des poils vers la peau.<\/li>\n<li>Brossez ensuite avec l\u2019autre face pour \u00e9liminer la poussi\u00e8re, la salet\u00e9 et les poils morts.<\/li>\n<li>Nettoyez r\u00e9guli\u00e8rement la brosse avec de l\u2019eau et du savon et faites s\u00e9cher.<\/li>\n<\/ul>\n","protected":false},"featured_media":1443763,"template":"","meta":[],"product_cat":[12573,12550,2698,2800],"product_tag":[],"class_list":{"0":"post-91464","1":"product","2":"type-product","3":"status-publish","4":"has-post-thumbnail","6":"product_cat-accessoire-pour-lhygiene-du-chien","7":"product_cat-accessoires-du-chien","8":"product_cat-chien","9":"product_cat-frisbees-pour-chien","10":"pa_marque-zolux","12":"first","13":"instock","14":"taxable","15":"shipping-taxable","16":"purchasable","17":"product-type-simple"},"yoast_head":"<!-- This site is optimized with the Yoast SEO plugin v27.3 - https:\/\/yoast.com\/product\/yoast-seo-wordpress\/ -->\n<title>Brosse Perfect Care \u2013 chien Zolux - V\u00e9torino<\/title>\n<meta name=\"description\" content=\"Un c\u00f4t\u00e9 \u00e0 picots m\u00e9talliques avec capuchons protecteurs permettant de d\u00e9m\u00ealer le sous-poil et l\u2019autre en poils naturels pour enlever la poussi\u00e8re et faire briller la robe.   Utilisez d\u2019abord la face avec les picots en plastique pour d\u00e9m\u00ealer les poils. Brossez en partant des extr\u00e9mit\u00e9s des poils vers la peau.  Brossez ensuite avec l\u2019autre face pour \u00e9liminer la poussi\u00e8re, la salet\u00e9 et les poils morts.  Nettoyez r\u00e9guli\u00e8rement la brosse avec de l\u2019eau et du savon et faites s\u00e9cher.\" \/>\n<meta name=\"robots\" content=\"noindex, nofollow\" \/>\n<meta property=\"og:locale\" content=\"fr_FR\" \/>\n<meta property=\"og:type\" content=\"article\" \/>\n<meta property=\"og:title\" content=\"Brosse Perfect Care \u2013 chien Zolux - V\u00e9torino\" \/>\n<meta property=\"og:description\" content=\"Un c\u00f4t\u00e9 \u00e0 picots m\u00e9talliques avec capuchons protecteurs permettant de d\u00e9m\u00ealer le sous-poil et l\u2019autre en poils naturels pour enlever la poussi\u00e8re et faire briller la robe.   Utilisez d\u2019abord la face avec les picots en plastique pour d\u00e9m\u00ealer les poils. Brossez en partant des extr\u00e9mit\u00e9s des poils vers la peau.  Brossez ensuite avec l\u2019autre face pour \u00e9liminer la poussi\u00e8re, la salet\u00e9 et les poils morts.  Nettoyez r\u00e9guli\u00e8rement la brosse avec de l\u2019eau et du savon et faites s\u00e9cher.\" \/>\n<meta property=\"og:url\" content=\"https:\/\/www.vetorino.com\/veterinaire\/confolens-16500\/boutique\/product\/brosse-perfect-care-double-a-picots-metals-et-poils\/\" \/>\n<meta property=\"og:site_name\" content=\"V\u00e9torino\" \/>\n<meta property=\"article:publisher\" content=\"https:\/\/www.facebook.com\/Vetorino\/\" \/>\n<meta property=\"article:modified_time\" content=\"2026-02-11T01:42:19+00:00\" \/>\n<meta property=\"og:image\" content=\"https:\/\/www.vetorino.com\/boutique\/wp-content\/uploads\/2020\/06\/brosse-double-perfect-care-chien-2-1.png\" \/>\n\t<meta property=\"og:image:width\" content=\"800\" \/>\n\t<meta property=\"og:image:height\" content=\"795\" \/>\n\t<meta property=\"og:image:type\" content=\"image\/png\" \/>\n<meta name=\"twitter:card\" content=\"summary_large_image\" \/>\n<meta name=\"twitter:label1\" content=\"Prix\" \/>\n\t<meta name=\"twitter:data1\" content=\"12,38&euro;\" \/>\n\t<meta name=\"twitter:label2\" content=\"Disponibilit\u00e9\" \/>\n\t<meta name=\"twitter:data2\" content=\"En stock\" \/>\n<script type=\"application\/ld+json\" class=\"yoast-schema-graph\">{\"@context\":\"https:\\\/\\\/schema.org\",\"@graph\":[{\"@type\":\"WebPage\",\"@id\":\"https:\\\/\\\/www.vetorino.com\\\/boutique\\\/product\\\/brosse-perfect-care-double-a-picots-metals-et-poils\\\/\",\"url\":\"https:\\\/\\\/www.vetorino.com\\\/boutique\\\/product\\\/brosse-perfect-care-double-a-picots-metals-et-poils\\\/\",\"name\":\"Brosse Perfect Care \u2013 chien Zolux - V\u00e9torino\",\"isPartOf\":{\"@id\":\"https:\\\/\\\/www.vetorino.com\\\/boutique\\\/#website\"},\"primaryImageOfPage\":{\"@id\":\"https:\\\/\\\/www.vetorino.com\\\/boutique\\\/product\\\/brosse-perfect-care-double-a-picots-metals-et-poils\\\/#primaryimage\"},\"image\":{\"@id\":\"https:\\\/\\\/www.vetorino.com\\\/boutique\\\/product\\\/brosse-perfect-care-double-a-picots-metals-et-poils\\\/#primaryimage\"},\"thumbnailUrl\":\"https:\\\/\\\/www.vetorino.com\\\/boutique\\\/wp-content\\\/uploads\\\/2020\\\/06\\\/brosse-double-perfect-care-chien-2-1.png\",\"datePublished\":\"2020-06-26T12:10:59+00:00\",\"dateModified\":\"2026-02-11T01:42:19+00:00\",\"description\":\"Un c\u00f4t\u00e9 \u00e0 picots m\u00e9talliques avec capuchons protecteurs permettant de d\u00e9m\u00ealer le sous-poil et l\u2019autre en poils naturels pour enlever la poussi\u00e8re et faire briller la robe. Utilisez d\u2019abord la face avec les picots en plastique pour d\u00e9m\u00ealer les poils. Brossez en partant des extr\u00e9mit\u00e9s des poils vers la peau. Brossez ensuite avec l\u2019autre face pour \u00e9liminer la poussi\u00e8re, la salet\u00e9 et les poils morts. Nettoyez r\u00e9guli\u00e8rement la brosse avec de l\u2019eau et du savon et faites s\u00e9cher.\",\"breadcrumb\":{\"@id\":\"https:\\\/\\\/www.vetorino.com\\\/boutique\\\/product\\\/brosse-perfect-care-double-a-picots-metals-et-poils\\\/#breadcrumb\"},\"inLanguage\":\"fr-FR\",\"potentialAction\":[{\"@type\":\"ReadAction\",\"target\":[\"https:\\\/\\\/www.vetorino.com\\\/boutique\\\/product\\\/brosse-perfect-care-double-a-picots-metals-et-poils\\\/\"]}]},{\"@type\":\"ImageObject\",\"inLanguage\":\"fr-FR\",\"@id\":\"https:\\\/\\\/www.vetorino.com\\\/boutique\\\/product\\\/brosse-perfect-care-double-a-picots-metals-et-poils\\\/#primaryimage\",\"url\":\"https:\\\/\\\/www.vetorino.com\\\/boutique\\\/wp-content\\\/uploads\\\/2020\\\/06\\\/brosse-double-perfect-care-chien-2-1.png\",\"contentUrl\":\"https:\\\/\\\/www.vetorino.com\\\/boutique\\\/wp-content\\\/uploads\\\/2020\\\/06\\\/brosse-double-perfect-care-chien-2-1.png\",\"width\":800,\"height\":795},{\"@type\":\"BreadcrumbList\",\"@id\":\"https:\\\/\\\/www.vetorino.com\\\/boutique\\\/product\\\/brosse-perfect-care-double-a-picots-metals-et-poils\\\/#breadcrumb\",\"itemListElement\":[{\"@type\":\"ListItem\",\"position\":1,\"name\":\"Accueil\",\"item\":\"https:\\\/\\\/www.vetorino.com\\\/boutique\\\/\"},{\"@type\":\"ListItem\",\"position\":2,\"name\":\"Produits\",\"item\":\"https:\\\/\\\/www.vetorino.com\\\/boutique\\\/\"},{\"@type\":\"ListItem\",\"position\":3,\"name\":\"Brosse Perfect Care \u2013 chien\"}]},{\"@type\":\"WebSite\",\"@id\":\"https:\\\/\\\/www.vetorino.com\\\/boutique\\\/#website\",\"url\":\"https:\\\/\\\/www.vetorino.com\\\/boutique\\\/\",\"name\":\"V\u00e9torino\",\"description\":\"\",\"publisher\":{\"@id\":\"https:\\\/\\\/www.vetorino.com\\\/boutique\\\/#organization\"},\"potentialAction\":[{\"@type\":\"SearchAction\",\"target\":{\"@type\":\"EntryPoint\",\"urlTemplate\":\"https:\\\/\\\/www.vetorino.com\\\/boutique\\\/?s={search_term_string}\"},\"query-input\":{\"@type\":\"PropertyValueSpecification\",\"valueRequired\":true,\"valueName\":\"search_term_string\"}}],\"inLanguage\":\"fr-FR\"},{\"@type\":\"Organization\",\"@id\":\"https:\\\/\\\/www.vetorino.com\\\/boutique\\\/#organization\",\"name\":\"V\u00e9torino\",\"url\":\"https:\\\/\\\/www.vetorino.com\\\/boutique\\\/\",\"logo\":{\"@type\":\"ImageObject\",\"inLanguage\":\"fr-FR\",\"@id\":\"https:\\\/\\\/www.vetorino.com\\\/boutique\\\/#\\\/schema\\\/logo\\\/image\\\/\",\"url\":\"https:\\\/\\\/www.vetorino.com\\\/boutique\\\/wp-content\\\/uploads\\\/2024\\\/10\\\/logo.jpg\",\"contentUrl\":\"https:\\\/\\\/www.vetorino.com\\\/boutique\\\/wp-content\\\/uploads\\\/2024\\\/10\\\/logo.jpg\",\"width\":1200,\"height\":610,\"caption\":\"V\u00e9torino\"},\"image\":{\"@id\":\"https:\\\/\\\/www.vetorino.com\\\/boutique\\\/#\\\/schema\\\/logo\\\/image\\\/\"},\"sameAs\":[\"https:\\\/\\\/www.facebook.com\\\/Vetorino\\\/\",\"https:\\\/\\\/www.instagram.com\\\/vetorino_off\\\/\",\"https:\\\/\\\/www.linkedin.com\\\/company\\\/vtorino\\\/\"]}]}<\/script>\n<meta property=\"product:brand\" content=\"Zolux\" \/>\n<meta property=\"product:price:amount\" content=\"12.38\" \/>\n<meta property=\"product:price:currency\" content=\"EUR\" \/>\n<meta property=\"og:availability\" content=\"instock\" \/>\n<meta property=\"product:availability\" content=\"instock\" \/>\n<meta property=\"product:retailer_item_id\" content=\"C-BRO817\" \/>\n<meta property=\"product:condition\" content=\"new\" \/>\n<!-- \/ Yoast SEO plugin. -->","yoast_head_json":{"title":"Brosse Perfect Care \u2013 chien Zolux - V\u00e9torino","description":"Un c\u00f4t\u00e9 \u00e0 picots m\u00e9talliques avec capuchons protecteurs permettant de d\u00e9m\u00ealer le sous-poil et l\u2019autre en poils naturels pour enlever la poussi\u00e8re et faire briller la robe.   Utilisez d\u2019abord la face avec les picots en plastique pour d\u00e9m\u00ealer les poils. Brossez en partant des extr\u00e9mit\u00e9s des poils vers la peau.  Brossez ensuite avec l\u2019autre face pour \u00e9liminer la poussi\u00e8re, la salet\u00e9 et les poils morts.  Nettoyez r\u00e9guli\u00e8rement la brosse avec de l\u2019eau et du savon et faites s\u00e9cher.","robots":{"index":"noindex","follow":"nofollow"},"og_locale":"fr_FR","og_type":"article","og_title":"Brosse Perfect Care \u2013 chien Zolux - V\u00e9torino","og_description":"Un c\u00f4t\u00e9 \u00e0 picots m\u00e9talliques avec capuchons protecteurs permettant de d\u00e9m\u00ealer le sous-poil et l\u2019autre en poils naturels pour enlever la poussi\u00e8re et faire briller la robe.   Utilisez d\u2019abord la face avec les picots en plastique pour d\u00e9m\u00ealer les poils. Brossez en partant des extr\u00e9mit\u00e9s des poils vers la peau.  Brossez ensuite avec l\u2019autre face pour \u00e9liminer la poussi\u00e8re, la salet\u00e9 et les poils morts.  Nettoyez r\u00e9guli\u00e8rement la brosse avec de l\u2019eau et du savon et faites s\u00e9cher.","og_url":"https:\/\/www.vetorino.com\/veterinaire\/confolens-16500\/boutique\/product\/brosse-perfect-care-double-a-picots-metals-et-poils\/","og_site_name":"V\u00e9torino","article_publisher":"https:\/\/www.facebook.com\/Vetorino\/","article_modified_time":"2026-02-11T01:42:19+00:00","og_image":[{"width":800,"height":795,"url":"https:\/\/www.vetorino.com\/boutique\/wp-content\/uploads\/2020\/06\/brosse-double-perfect-care-chien-2-1.png","type":"image\/png"}],"twitter_card":"summary_large_image","twitter_misc":{"Prix":"12,38&euro;","Disponibilit\u00e9":"En stock"},"schema":{"@context":"https:\/\/schema.org","@graph":[{"@type":"WebPage","@id":"https:\/\/www.vetorino.com\/boutique\/product\/brosse-perfect-care-double-a-picots-metals-et-poils\/","url":"https:\/\/www.vetorino.com\/boutique\/product\/brosse-perfect-care-double-a-picots-metals-et-poils\/","name":"Brosse Perfect Care \u2013 chien Zolux - V\u00e9torino","isPartOf":{"@id":"https:\/\/www.vetorino.com\/boutique\/#website"},"primaryImageOfPage":{"@id":"https:\/\/www.vetorino.com\/boutique\/product\/brosse-perfect-care-double-a-picots-metals-et-poils\/#primaryimage"},"image":{"@id":"https:\/\/www.vetorino.com\/boutique\/product\/brosse-perfect-care-double-a-picots-metals-et-poils\/#primaryimage"},"thumbnailUrl":"https:\/\/www.vetorino.com\/boutique\/wp-content\/uploads\/2020\/06\/brosse-double-perfect-care-chien-2-1.png","datePublished":"2020-06-26T12:10:59+00:00","dateModified":"2026-02-11T01:42:19+00:00","description":"Un c\u00f4t\u00e9 \u00e0 picots m\u00e9talliques avec capuchons protecteurs permettant de d\u00e9m\u00ealer le sous-poil et l\u2019autre en poils naturels pour enlever la poussi\u00e8re et faire briller la robe. Utilisez d\u2019abord la face avec les picots en plastique pour d\u00e9m\u00ealer les poils. Brossez en partant des extr\u00e9mit\u00e9s des poils vers la peau. Brossez ensuite avec l\u2019autre face pour \u00e9liminer la poussi\u00e8re, la salet\u00e9 et les poils morts. Nettoyez r\u00e9guli\u00e8rement la brosse avec de l\u2019eau et du savon et faites s\u00e9cher.","breadcrumb":{"@id":"https:\/\/www.vetorino.com\/boutique\/product\/brosse-perfect-care-double-a-picots-metals-et-poils\/#breadcrumb"},"inLanguage":"fr-FR","potentialAction":[{"@type":"ReadAction","target":["https:\/\/www.vetorino.com\/boutique\/product\/brosse-perfect-care-double-a-picots-metals-et-poils\/"]}]},{"@type":"ImageObject","inLanguage":"fr-FR","@id":"https:\/\/www.vetorino.com\/boutique\/product\/brosse-perfect-care-double-a-picots-metals-et-poils\/#primaryimage","url":"https:\/\/www.vetorino.com\/boutique\/wp-content\/uploads\/2020\/06\/brosse-double-perfect-care-chien-2-1.png","contentUrl":"https:\/\/www.vetorino.com\/boutique\/wp-content\/uploads\/2020\/06\/brosse-double-perfect-care-chien-2-1.png","width":800,"height":795},{"@type":"BreadcrumbList","@id":"https:\/\/www.vetorino.com\/boutique\/product\/brosse-perfect-care-double-a-picots-metals-et-poils\/#breadcrumb","itemListElement":[{"@type":"ListItem","position":1,"name":"Accueil","item":"https:\/\/www.vetorino.com\/boutique\/"},{"@type":"ListItem","position":2,"name":"Produits","item":"https:\/\/www.vetorino.com\/boutique\/"},{"@type":"ListItem","position":3,"name":"Brosse Perfect Care \u2013 chien"}]},{"@type":"WebSite","@id":"https:\/\/www.vetorino.com\/boutique\/#website","url":"https:\/\/www.vetorino.com\/boutique\/","name":"V\u00e9torino","description":"","publisher":{"@id":"https:\/\/www.vetorino.com\/boutique\/#organization"},"potentialAction":[{"@type":"SearchAction","target":{"@type":"EntryPoint","urlTemplate":"https:\/\/www.vetorino.com\/boutique\/?s={search_term_string}"},"query-input":{"@type":"PropertyValueSpecification","valueRequired":true,"valueName":"search_term_string"}}],"inLanguage":"fr-FR"},{"@type":"Organization","@id":"https:\/\/www.vetorino.com\/boutique\/#organization","name":"V\u00e9torino","url":"https:\/\/www.vetorino.com\/boutique\/","logo":{"@type":"ImageObject","inLanguage":"fr-FR","@id":"https:\/\/www.vetorino.com\/boutique\/#\/schema\/logo\/image\/","url":"https:\/\/www.vetorino.com\/boutique\/wp-content\/uploads\/2024\/10\/logo.jpg","contentUrl":"https:\/\/www.vetorino.com\/boutique\/wp-content\/uploads\/2024\/10\/logo.jpg","width":1200,"height":610,"caption":"V\u00e9torino"},"image":{"@id":"https:\/\/www.vetorino.com\/boutique\/#\/schema\/logo\/image\/"},"sameAs":["https:\/\/www.facebook.com\/Vetorino\/","https:\/\/www.instagram.com\/vetorino_off\/","https:\/\/www.linkedin.com\/company\/vtorino\/"]}]},"product_brand":"Zolux","product_price_amount":"12.38","product_price_currency":"EUR","og_availability":"instock","product_availability":"instock","product_retailer_item_id":"C-BRO817","product_condition":"new"},"_links":{"self":[{"href":"https:\/\/www.vetorino.com\/veterinaire\/confolens-16500\/boutique\/wp-json\/wp\/v2\/product\/91464","targetHints":{"allow":["GET"]}}],"collection":[{"href":"https:\/\/www.vetorino.com\/veterinaire\/confolens-16500\/boutique\/wp-json\/wp\/v2\/product"}],"about":[{"href":"https:\/\/www.vetorino.com\/veterinaire\/confolens-16500\/boutique\/wp-json\/wp\/v2\/types\/product"}],"wp:featuredmedia":[{"embeddable":true,"href":"https:\/\/www.vetorino.com\/veterinaire\/confolens-16500\/boutique\/wp-json\/wp\/v2\/media\/1443763"}],"wp:attachment":[{"href":"https:\/\/www.vetorino.com\/veterinaire\/confolens-16500\/boutique\/wp-json\/wp\/v2\/media?parent=91464"}],"wp:term":[{"taxonomy":"product_cat","embeddable":true,"href":"https:\/\/www.vetorino.com\/veterinaire\/confolens-16500\/boutique\/wp-json\/wp\/v2\/product_cat?post=91464"},{"taxonomy":"product_tag","embeddable":true,"href":"https:\/\/www.vetorino.com\/veterinaire\/confolens-16500\/boutique\/wp-json\/wp\/v2\/product_tag?post=91464"}],"curies":[{"name":"wp","href":"https:\/\/api.w.org\/{rel}","templated":true}]}}