{"id":94189,"date":"2020-06-29T13:10:52","date_gmt":"2020-06-29T11:10:52","guid":{"rendered":"https:\/\/www.vetorino.com\/boutique\/product\/collier-anti-aboiement-stopn-dog\/"},"modified":"2025-10-08T10:34:23","modified_gmt":"2025-10-08T08:34:23","slug":"collier-anti-aboiement-stopn-dog","status":"publish","type":"product","link":"https:\/\/www.vetorino.com\/veterinaire\/confolens-16500\/boutique\/product\/collier-anti-aboiement-stopn-dog\/","title":{"rendered":"Collier anti-aboiement \u00e0 spray Aboistop Small"},"content":{"rendered":"<div class=\"hidden\">MATERIEL<\/div>\n<div class=\"hidden\">Chiens<\/div>\n<p>Sp\u00e9cifiquement con\u00e7u pour les chiens avec une morphologie sp\u00e9cifique : dont le poids adulte ne d\u00e9passe pas 11 kg, pouvant mesurer de 15 \u00e0 40 cm au garrot selon les races, avec un tour de cou souvent inf\u00e9rieur \u00e0 30 cm, et avec un squelette plus fragile, des chiens dont les aboiements sont plus aigus (en moyenne 90db \u00e0 1 m\u00e8tre du chien sachant que le niveau sonore \u00e0 respecter \u00e0 proximit\u00e9 des habitations est de 45db).<br \/>\nLe Stop&#8217;N Dog s&#8217;adapte \u00e0 cette morphologie, miniature (52 g), \u00e0 la forme arrondie et avec des coques interchangeables (mauve ou verte). Un collier tiss\u00e9 en nylon muni de fils r\u00e9fl\u00e9chissants, largeur 15 mm et une boucle d&#8217;attache incurv\u00e9e pour \u00e9pous\u00e9e la forme du cou.<br \/>\nFonctionnement : capte l&#8217;aboiement par microphone et g\u00e9n\u00e8re un spray inoffensif dans le cou du chien.<br \/>\nParticularit\u00e9s :<br \/>\n&#8211; \u00e9tanche aux ruissellements et aux projections d&#8217;eau.<br \/>\n&#8211; le r\u00e9servoir rempli = 30 sprays, il est transparent afin de visualiser son contenu.<br \/>\n&#8211; la pile a une autonomie de 5 mois.<br \/>\nLivr\u00e9 avec : 1 pile lithium, 1 recharge de spray de 15ml, 2 coques interchangeables.<\/p>\n","protected":false},"excerpt":{"rendered":"<p><strong>Sp\u00e9cifiquement adapt\u00e9 aux petits chiens entre 1 et 11 kg.<\/strong><br \/>\nContr\u00f4le les aboiements excessifs par le d\u00e9clenchement d&#8217;un spray (\u00e9ducation douce).<br \/>\nL\u00e9ger et \u00e9conomique.<br \/>\nAutomatique : 1 aboiement = 1 spray.<br \/>\nCapte les aboiements par microphone.<br \/>\nIndolore et sans risque pour le flair de l&#8217;animal.<br \/>\nIndicateur de niveau du spray et d&#8217;usure de pile.<br \/>\nSangle en nylon r\u00e9glable.<br \/>\nLe collier fonctionne avec une pile 3 V.<br \/>\nRecharges de spray inodore ou \u00e0 la citronnelle.<br \/>\nLivr\u00e9 avec : 1 bo\u00eetier anti-aboiement, 1 sangle, 1 pile 3 V lithium,, 4 vis + 1 cl\u00e9 6 pans, 1 coque verte, 1 notice d&#8217;utilisation, 1 certificat de garantie.<\/p>\n","protected":false},"featured_media":625548,"template":"","meta":[],"product_cat":[2698,2789],"product_tag":[],"class_list":{"0":"post-94189","1":"product","2":"type-product","3":"status-publish","4":"has-post-thumbnail","6":"product_cat-chien","7":"product_cat-systemes-anti-aboiements","8":"pa_marque-dynavet","10":"first","11":"instock","12":"taxable","13":"shipping-taxable","14":"purchasable","15":"product-type-simple"},"yoast_head":"<!-- This site is optimized with the Yoast SEO plugin v27.3 - https:\/\/yoast.com\/product\/yoast-seo-wordpress\/ -->\n<title>Collier anti-aboiement \u00e0 spray Aboistop Small Dynavet - V\u00e9torino<\/title>\n<meta name=\"description\" content=\"Sp\u00e9cifiquement adapt\u00e9 aux petits chiens entre 1 et 11 kg. Contr\u00f4le les aboiements excessifs par le d\u00e9clenchement d&#039;un spray (\u00e9ducation douce). L\u00e9ger et \u00e9conomique. Automatique : 1 aboiement = 1 spray. Capte les aboiements par microphone. Indolore et sans risque pour le flair de l&#039;animal. Indicateur de niveau du spray et d&#039;usure de pile. Sangle en nylon r\u00e9glable. Le collier fonctionne avec une pile 3 V. Recharges de spray inodore ou \u00e0 la citronnelle. Livr\u00e9 avec : 1 bo\u00eetier anti-aboiement, 1 sangle, 1 pile 3 V lithium,, 4 vis + 1 cl\u00e9 6 pans, 1 coque verte, 1 notice d&#039;utilisation, 1 certificat de garantie.\" \/>\n<meta name=\"robots\" content=\"noindex, nofollow\" \/>\n<meta property=\"og:locale\" content=\"fr_FR\" \/>\n<meta property=\"og:type\" content=\"article\" \/>\n<meta property=\"og:title\" content=\"Collier anti-aboiement \u00e0 spray Aboistop Small Dynavet - V\u00e9torino\" \/>\n<meta property=\"og:description\" content=\"Sp\u00e9cifiquement adapt\u00e9 aux petits chiens entre 1 et 11 kg. Contr\u00f4le les aboiements excessifs par le d\u00e9clenchement d&#039;un spray (\u00e9ducation douce). L\u00e9ger et \u00e9conomique. Automatique : 1 aboiement = 1 spray. Capte les aboiements par microphone. Indolore et sans risque pour le flair de l&#039;animal. Indicateur de niveau du spray et d&#039;usure de pile. Sangle en nylon r\u00e9glable. Le collier fonctionne avec une pile 3 V. Recharges de spray inodore ou \u00e0 la citronnelle. Livr\u00e9 avec : 1 bo\u00eetier anti-aboiement, 1 sangle, 1 pile 3 V lithium,, 4 vis + 1 cl\u00e9 6 pans, 1 coque verte, 1 notice d&#039;utilisation, 1 certificat de garantie.\" \/>\n<meta property=\"og:url\" content=\"https:\/\/www.vetorino.com\/veterinaire\/confolens-16500\/boutique\/product\/collier-anti-aboiement-stopn-dog\/\" \/>\n<meta property=\"og:site_name\" content=\"V\u00e9torino\" \/>\n<meta property=\"article:publisher\" content=\"https:\/\/www.facebook.com\/Vetorino\/\" \/>\n<meta property=\"article:modified_time\" content=\"2025-10-08T08:34:23+00:00\" \/>\n<meta property=\"og:image\" content=\"https:\/\/www.vetorino.com\/boutique\/wp-content\/uploads\/2020\/06\/s-l1600.jpg\" \/>\n\t<meta property=\"og:image:width\" content=\"1000\" \/>\n\t<meta property=\"og:image:height\" content=\"1000\" \/>\n\t<meta property=\"og:image:type\" content=\"image\/jpeg\" \/>\n<meta name=\"twitter:card\" content=\"summary_large_image\" \/>\n<meta name=\"twitter:label1\" content=\"Prix\" \/>\n\t<meta name=\"twitter:data1\" content=\"112,69&euro;\" \/>\n\t<meta name=\"twitter:label2\" content=\"Disponibilit\u00e9\" \/>\n\t<meta name=\"twitter:data2\" content=\"En stock\" \/>\n<script type=\"application\/ld+json\" class=\"yoast-schema-graph\">{\"@context\":\"https:\\\/\\\/schema.org\",\"@graph\":[{\"@type\":\"WebPage\",\"@id\":\"https:\\\/\\\/www.vetorino.com\\\/boutique\\\/product\\\/collier-anti-aboiement-stopn-dog\\\/\",\"url\":\"https:\\\/\\\/www.vetorino.com\\\/boutique\\\/product\\\/collier-anti-aboiement-stopn-dog\\\/\",\"name\":\"Collier anti-aboiement \u00e0 spray Aboistop Small Dynavet - V\u00e9torino\",\"isPartOf\":{\"@id\":\"https:\\\/\\\/www.vetorino.com\\\/boutique\\\/#website\"},\"primaryImageOfPage\":{\"@id\":\"https:\\\/\\\/www.vetorino.com\\\/boutique\\\/product\\\/collier-anti-aboiement-stopn-dog\\\/#primaryimage\"},\"image\":{\"@id\":\"https:\\\/\\\/www.vetorino.com\\\/boutique\\\/product\\\/collier-anti-aboiement-stopn-dog\\\/#primaryimage\"},\"thumbnailUrl\":\"https:\\\/\\\/www.vetorino.com\\\/boutique\\\/wp-content\\\/uploads\\\/2020\\\/06\\\/s-l1600.jpg\",\"datePublished\":\"2020-06-29T11:10:52+00:00\",\"dateModified\":\"2025-10-08T08:34:23+00:00\",\"description\":\"Sp\u00e9cifiquement adapt\u00e9 aux petits chiens entre 1 et 11 kg. Contr\u00f4le les aboiements excessifs par le d\u00e9clenchement d'un spray (\u00e9ducation douce). L\u00e9ger et \u00e9conomique. Automatique : 1 aboiement = 1 spray. Capte les aboiements par microphone. Indolore et sans risque pour le flair de l'animal. Indicateur de niveau du spray et d'usure de pile. Sangle en nylon r\u00e9glable. Le collier fonctionne avec une pile 3 V. Recharges de spray inodore ou \u00e0 la citronnelle. Livr\u00e9 avec : 1 bo\u00eetier anti-aboiement, 1 sangle, 1 pile 3 V lithium,, 4 vis + 1 cl\u00e9 6 pans, 1 coque verte, 1 notice d'utilisation, 1 certificat de garantie.\",\"breadcrumb\":{\"@id\":\"https:\\\/\\\/www.vetorino.com\\\/boutique\\\/product\\\/collier-anti-aboiement-stopn-dog\\\/#breadcrumb\"},\"inLanguage\":\"fr-FR\",\"potentialAction\":[{\"@type\":\"ReadAction\",\"target\":[\"https:\\\/\\\/www.vetorino.com\\\/boutique\\\/product\\\/collier-anti-aboiement-stopn-dog\\\/\"]}]},{\"@type\":\"ImageObject\",\"inLanguage\":\"fr-FR\",\"@id\":\"https:\\\/\\\/www.vetorino.com\\\/boutique\\\/product\\\/collier-anti-aboiement-stopn-dog\\\/#primaryimage\",\"url\":\"https:\\\/\\\/www.vetorino.com\\\/boutique\\\/wp-content\\\/uploads\\\/2020\\\/06\\\/s-l1600.jpg\",\"contentUrl\":\"https:\\\/\\\/www.vetorino.com\\\/boutique\\\/wp-content\\\/uploads\\\/2020\\\/06\\\/s-l1600.jpg\",\"width\":1000,\"height\":1000},{\"@type\":\"BreadcrumbList\",\"@id\":\"https:\\\/\\\/www.vetorino.com\\\/boutique\\\/product\\\/collier-anti-aboiement-stopn-dog\\\/#breadcrumb\",\"itemListElement\":[{\"@type\":\"ListItem\",\"position\":1,\"name\":\"Accueil\",\"item\":\"https:\\\/\\\/www.vetorino.com\\\/boutique\\\/\"},{\"@type\":\"ListItem\",\"position\":2,\"name\":\"Produits\",\"item\":\"https:\\\/\\\/www.vetorino.com\\\/boutique\\\/\"},{\"@type\":\"ListItem\",\"position\":3,\"name\":\"Collier anti-aboiement \u00e0 spray Aboistop Small\"}]},{\"@type\":\"WebSite\",\"@id\":\"https:\\\/\\\/www.vetorino.com\\\/boutique\\\/#website\",\"url\":\"https:\\\/\\\/www.vetorino.com\\\/boutique\\\/\",\"name\":\"V\u00e9torino\",\"description\":\"\",\"publisher\":{\"@id\":\"https:\\\/\\\/www.vetorino.com\\\/boutique\\\/#organization\"},\"potentialAction\":[{\"@type\":\"SearchAction\",\"target\":{\"@type\":\"EntryPoint\",\"urlTemplate\":\"https:\\\/\\\/www.vetorino.com\\\/boutique\\\/?s={search_term_string}\"},\"query-input\":{\"@type\":\"PropertyValueSpecification\",\"valueRequired\":true,\"valueName\":\"search_term_string\"}}],\"inLanguage\":\"fr-FR\"},{\"@type\":\"Organization\",\"@id\":\"https:\\\/\\\/www.vetorino.com\\\/boutique\\\/#organization\",\"name\":\"V\u00e9torino\",\"url\":\"https:\\\/\\\/www.vetorino.com\\\/boutique\\\/\",\"logo\":{\"@type\":\"ImageObject\",\"inLanguage\":\"fr-FR\",\"@id\":\"https:\\\/\\\/www.vetorino.com\\\/boutique\\\/#\\\/schema\\\/logo\\\/image\\\/\",\"url\":\"https:\\\/\\\/www.vetorino.com\\\/boutique\\\/wp-content\\\/uploads\\\/2024\\\/10\\\/logo.jpg\",\"contentUrl\":\"https:\\\/\\\/www.vetorino.com\\\/boutique\\\/wp-content\\\/uploads\\\/2024\\\/10\\\/logo.jpg\",\"width\":1200,\"height\":610,\"caption\":\"V\u00e9torino\"},\"image\":{\"@id\":\"https:\\\/\\\/www.vetorino.com\\\/boutique\\\/#\\\/schema\\\/logo\\\/image\\\/\"},\"sameAs\":[\"https:\\\/\\\/www.facebook.com\\\/Vetorino\\\/\",\"https:\\\/\\\/www.instagram.com\\\/vetorino_off\\\/\",\"https:\\\/\\\/www.linkedin.com\\\/company\\\/vtorino\\\/\"]}]}<\/script>\n<meta property=\"product:brand\" content=\"Dynavet\" \/>\n<meta property=\"product:price:amount\" content=\"112.69\" \/>\n<meta property=\"product:price:currency\" content=\"EUR\" \/>\n<meta property=\"og:availability\" content=\"instock\" \/>\n<meta property=\"product:availability\" content=\"instock\" \/>\n<meta property=\"product:retailer_item_id\" content=\"C-COL704\" \/>\n<meta property=\"product:condition\" content=\"new\" \/>\n<!-- \/ Yoast SEO plugin. -->","yoast_head_json":{"title":"Collier anti-aboiement \u00e0 spray Aboistop Small Dynavet - V\u00e9torino","description":"Sp\u00e9cifiquement adapt\u00e9 aux petits chiens entre 1 et 11 kg. Contr\u00f4le les aboiements excessifs par le d\u00e9clenchement d'un spray (\u00e9ducation douce). L\u00e9ger et \u00e9conomique. Automatique : 1 aboiement = 1 spray. Capte les aboiements par microphone. Indolore et sans risque pour le flair de l'animal. Indicateur de niveau du spray et d'usure de pile. Sangle en nylon r\u00e9glable. Le collier fonctionne avec une pile 3 V. Recharges de spray inodore ou \u00e0 la citronnelle. Livr\u00e9 avec : 1 bo\u00eetier anti-aboiement, 1 sangle, 1 pile 3 V lithium,, 4 vis + 1 cl\u00e9 6 pans, 1 coque verte, 1 notice d'utilisation, 1 certificat de garantie.","robots":{"index":"noindex","follow":"nofollow"},"og_locale":"fr_FR","og_type":"article","og_title":"Collier anti-aboiement \u00e0 spray Aboistop Small Dynavet - V\u00e9torino","og_description":"Sp\u00e9cifiquement adapt\u00e9 aux petits chiens entre 1 et 11 kg. Contr\u00f4le les aboiements excessifs par le d\u00e9clenchement d'un spray (\u00e9ducation douce). L\u00e9ger et \u00e9conomique. Automatique : 1 aboiement = 1 spray. Capte les aboiements par microphone. Indolore et sans risque pour le flair de l'animal. Indicateur de niveau du spray et d'usure de pile. Sangle en nylon r\u00e9glable. Le collier fonctionne avec une pile 3 V. Recharges de spray inodore ou \u00e0 la citronnelle. Livr\u00e9 avec : 1 bo\u00eetier anti-aboiement, 1 sangle, 1 pile 3 V lithium,, 4 vis + 1 cl\u00e9 6 pans, 1 coque verte, 1 notice d'utilisation, 1 certificat de garantie.","og_url":"https:\/\/www.vetorino.com\/veterinaire\/confolens-16500\/boutique\/product\/collier-anti-aboiement-stopn-dog\/","og_site_name":"V\u00e9torino","article_publisher":"https:\/\/www.facebook.com\/Vetorino\/","article_modified_time":"2025-10-08T08:34:23+00:00","og_image":[{"width":1000,"height":1000,"url":"https:\/\/www.vetorino.com\/boutique\/wp-content\/uploads\/2020\/06\/s-l1600.jpg","type":"image\/jpeg"}],"twitter_card":"summary_large_image","twitter_misc":{"Prix":"112,69&euro;","Disponibilit\u00e9":"En stock"},"schema":{"@context":"https:\/\/schema.org","@graph":[{"@type":"WebPage","@id":"https:\/\/www.vetorino.com\/boutique\/product\/collier-anti-aboiement-stopn-dog\/","url":"https:\/\/www.vetorino.com\/boutique\/product\/collier-anti-aboiement-stopn-dog\/","name":"Collier anti-aboiement \u00e0 spray Aboistop Small Dynavet - V\u00e9torino","isPartOf":{"@id":"https:\/\/www.vetorino.com\/boutique\/#website"},"primaryImageOfPage":{"@id":"https:\/\/www.vetorino.com\/boutique\/product\/collier-anti-aboiement-stopn-dog\/#primaryimage"},"image":{"@id":"https:\/\/www.vetorino.com\/boutique\/product\/collier-anti-aboiement-stopn-dog\/#primaryimage"},"thumbnailUrl":"https:\/\/www.vetorino.com\/boutique\/wp-content\/uploads\/2020\/06\/s-l1600.jpg","datePublished":"2020-06-29T11:10:52+00:00","dateModified":"2025-10-08T08:34:23+00:00","description":"Sp\u00e9cifiquement adapt\u00e9 aux petits chiens entre 1 et 11 kg. Contr\u00f4le les aboiements excessifs par le d\u00e9clenchement d'un spray (\u00e9ducation douce). L\u00e9ger et \u00e9conomique. Automatique : 1 aboiement = 1 spray. Capte les aboiements par microphone. Indolore et sans risque pour le flair de l'animal. Indicateur de niveau du spray et d'usure de pile. Sangle en nylon r\u00e9glable. Le collier fonctionne avec une pile 3 V. Recharges de spray inodore ou \u00e0 la citronnelle. Livr\u00e9 avec : 1 bo\u00eetier anti-aboiement, 1 sangle, 1 pile 3 V lithium,, 4 vis + 1 cl\u00e9 6 pans, 1 coque verte, 1 notice d'utilisation, 1 certificat de garantie.","breadcrumb":{"@id":"https:\/\/www.vetorino.com\/boutique\/product\/collier-anti-aboiement-stopn-dog\/#breadcrumb"},"inLanguage":"fr-FR","potentialAction":[{"@type":"ReadAction","target":["https:\/\/www.vetorino.com\/boutique\/product\/collier-anti-aboiement-stopn-dog\/"]}]},{"@type":"ImageObject","inLanguage":"fr-FR","@id":"https:\/\/www.vetorino.com\/boutique\/product\/collier-anti-aboiement-stopn-dog\/#primaryimage","url":"https:\/\/www.vetorino.com\/boutique\/wp-content\/uploads\/2020\/06\/s-l1600.jpg","contentUrl":"https:\/\/www.vetorino.com\/boutique\/wp-content\/uploads\/2020\/06\/s-l1600.jpg","width":1000,"height":1000},{"@type":"BreadcrumbList","@id":"https:\/\/www.vetorino.com\/boutique\/product\/collier-anti-aboiement-stopn-dog\/#breadcrumb","itemListElement":[{"@type":"ListItem","position":1,"name":"Accueil","item":"https:\/\/www.vetorino.com\/boutique\/"},{"@type":"ListItem","position":2,"name":"Produits","item":"https:\/\/www.vetorino.com\/boutique\/"},{"@type":"ListItem","position":3,"name":"Collier anti-aboiement \u00e0 spray Aboistop Small"}]},{"@type":"WebSite","@id":"https:\/\/www.vetorino.com\/boutique\/#website","url":"https:\/\/www.vetorino.com\/boutique\/","name":"V\u00e9torino","description":"","publisher":{"@id":"https:\/\/www.vetorino.com\/boutique\/#organization"},"potentialAction":[{"@type":"SearchAction","target":{"@type":"EntryPoint","urlTemplate":"https:\/\/www.vetorino.com\/boutique\/?s={search_term_string}"},"query-input":{"@type":"PropertyValueSpecification","valueRequired":true,"valueName":"search_term_string"}}],"inLanguage":"fr-FR"},{"@type":"Organization","@id":"https:\/\/www.vetorino.com\/boutique\/#organization","name":"V\u00e9torino","url":"https:\/\/www.vetorino.com\/boutique\/","logo":{"@type":"ImageObject","inLanguage":"fr-FR","@id":"https:\/\/www.vetorino.com\/boutique\/#\/schema\/logo\/image\/","url":"https:\/\/www.vetorino.com\/boutique\/wp-content\/uploads\/2024\/10\/logo.jpg","contentUrl":"https:\/\/www.vetorino.com\/boutique\/wp-content\/uploads\/2024\/10\/logo.jpg","width":1200,"height":610,"caption":"V\u00e9torino"},"image":{"@id":"https:\/\/www.vetorino.com\/boutique\/#\/schema\/logo\/image\/"},"sameAs":["https:\/\/www.facebook.com\/Vetorino\/","https:\/\/www.instagram.com\/vetorino_off\/","https:\/\/www.linkedin.com\/company\/vtorino\/"]}]},"product_brand":"Dynavet","product_price_amount":"112.69","product_price_currency":"EUR","og_availability":"instock","product_availability":"instock","product_retailer_item_id":"C-COL704","product_condition":"new"},"_links":{"self":[{"href":"https:\/\/www.vetorino.com\/veterinaire\/confolens-16500\/boutique\/wp-json\/wp\/v2\/product\/94189","targetHints":{"allow":["GET"]}}],"collection":[{"href":"https:\/\/www.vetorino.com\/veterinaire\/confolens-16500\/boutique\/wp-json\/wp\/v2\/product"}],"about":[{"href":"https:\/\/www.vetorino.com\/veterinaire\/confolens-16500\/boutique\/wp-json\/wp\/v2\/types\/product"}],"wp:featuredmedia":[{"embeddable":true,"href":"https:\/\/www.vetorino.com\/veterinaire\/confolens-16500\/boutique\/wp-json\/wp\/v2\/media\/625548"}],"wp:attachment":[{"href":"https:\/\/www.vetorino.com\/veterinaire\/confolens-16500\/boutique\/wp-json\/wp\/v2\/media?parent=94189"}],"wp:term":[{"taxonomy":"product_cat","embeddable":true,"href":"https:\/\/www.vetorino.com\/veterinaire\/confolens-16500\/boutique\/wp-json\/wp\/v2\/product_cat?post=94189"},{"taxonomy":"product_tag","embeddable":true,"href":"https:\/\/www.vetorino.com\/veterinaire\/confolens-16500\/boutique\/wp-json\/wp\/v2\/product_tag?post=94189"}],"curies":[{"name":"wp","href":"https:\/\/api.w.org\/{rel}","templated":true}]}}