{"id":96201,"date":"2020-06-29T17:38:51","date_gmt":"2020-06-29T15:38:51","guid":{"rendered":"https:\/\/www.vetorino.com\/boutique\/product\/fontaine-drinkwell-360-en-inox\/"},"modified":"2023-08-09T11:16:25","modified_gmt":"2023-08-09T09:16:25","slug":"fontaine-drinkwell-360-en-inox","status":"publish","type":"product","link":"https:\/\/www.vetorino.com\/veterinaire\/confolens-16500\/boutique\/product\/fontaine-drinkwell-360-en-inox\/","title":{"rendered":"Fontaine \u00e0 eau Drinkwell inox"},"content":{"rendered":"<p><strong>La fontaine Drinkwell pouvant contenir jusqu&#8217;\u00e0 3,8 litres d&#8217;eau est adapt\u00e9e aux chiens et chats.<\/strong><\/p>\n<p>Elle dispose d&#8217;un syst\u00e8me de bagues interchangeables au niveau du bec verseur, permettant de cr\u00e9er de 1 \u00e0 5 voies d&#8217;eau distinctes selon les besoins. Deux syst\u00e8mes de filtration : filtre \u00e0 charbon, pour \u00e9liminer mauvaises odeurs et go\u00fbts, ou filtre en mousse, pour retenir poils et salet\u00e9s.<\/p>\n<p>L&#8217;eau est id\u00e9alement filtr\u00e9e et oxyg\u00e9n\u00e9e, pour le plus grand plaisir de l&#8217;animal !<br \/>\nAlimentation secteur<\/p>\n","protected":false},"excerpt":{"rendered":"<p>Cette fontaine \u00e0 eau incite votre animal \u00e0 boire davantage gr\u00e2ce au clapotis de l\u2019\u00e9coulement de l\u2019eau. L\u2019\u00e9coulement r\u00e9glable de l\u2019eau est une nouveaut\u00e9 absolue sur le march\u00e9. Avec cette fontaine, l\u2019\u00e9coulement de l\u2019eau est r\u00e9glable \u00e0 volont\u00e9. On peut choisir entre cinq variantes diff\u00e9rentes. La quantit\u00e9 d\u2019eau en circulation se r\u00e8gle via le r\u00e9gulateur.<\/p>\n","protected":false},"featured_media":642391,"template":"","meta":[],"product_cat":[2697,2698,12606,12607],"product_tag":[],"class_list":{"0":"post-96201","1":"product","2":"type-product","3":"status-publish","4":"has-post-thumbnail","6":"product_cat-chat","7":"product_cat-chien","8":"product_cat-gamelles-pour-chat","9":"product_cat-gamelles-pour-chien","10":"pa_marque-drinkwell","12":"first","13":"outofstock","14":"taxable","15":"shipping-taxable","16":"purchasable","17":"product-type-simple"},"yoast_head":"<!-- This site is optimized with the Yoast SEO plugin v27.3 - https:\/\/yoast.com\/product\/yoast-seo-wordpress\/ -->\n<title>Fontaine \u00e0 eau Drinkwell inox Drinkwell - V\u00e9torino<\/title>\n<meta name=\"description\" content=\"Cette fontaine \u00e0 eau incite votre animal \u00e0 boire davantage gr\u00e2ce au clapotis de l\u2019\u00e9coulement de l\u2019eau. L\u2019\u00e9coulement r\u00e9glable de l\u2019eau est une nouveaut\u00e9 absolue sur le march\u00e9. Avec cette fontaine, l\u2019\u00e9coulement de l\u2019eau est r\u00e9glable \u00e0 volont\u00e9. On peut choisir entre cinq variantes diff\u00e9rentes. La quantit\u00e9 d\u2019eau en circulation se r\u00e8gle via le r\u00e9gulateur.\" \/>\n<meta name=\"robots\" content=\"noindex, nofollow\" \/>\n<meta property=\"og:locale\" content=\"fr_FR\" \/>\n<meta property=\"og:type\" content=\"article\" \/>\n<meta property=\"og:title\" content=\"Fontaine \u00e0 eau Drinkwell inox Drinkwell - V\u00e9torino\" \/>\n<meta property=\"og:description\" content=\"Cette fontaine \u00e0 eau incite votre animal \u00e0 boire davantage gr\u00e2ce au clapotis de l\u2019\u00e9coulement de l\u2019eau. L\u2019\u00e9coulement r\u00e9glable de l\u2019eau est une nouveaut\u00e9 absolue sur le march\u00e9. Avec cette fontaine, l\u2019\u00e9coulement de l\u2019eau est r\u00e9glable \u00e0 volont\u00e9. On peut choisir entre cinq variantes diff\u00e9rentes. La quantit\u00e9 d\u2019eau en circulation se r\u00e8gle via le r\u00e9gulateur.\" \/>\n<meta property=\"og:url\" content=\"https:\/\/www.vetorino.com\/veterinaire\/confolens-16500\/boutique\/product\/fontaine-drinkwell-360-en-inox\/\" \/>\n<meta property=\"og:site_name\" content=\"V\u00e9torino\" \/>\n<meta property=\"article:publisher\" content=\"https:\/\/www.facebook.com\/Vetorino\/\" \/>\n<meta property=\"article:modified_time\" content=\"2023-08-09T09:16:25+00:00\" \/>\n<meta property=\"og:image\" content=\"https:\/\/www.vetorino.com\/boutique\/wp-content\/uploads\/2020\/03\/81S1fBMiumL._AC_SX679_.jpg\" \/>\n\t<meta property=\"og:image:width\" content=\"679\" \/>\n\t<meta property=\"og:image:height\" content=\"618\" \/>\n\t<meta property=\"og:image:type\" content=\"image\/jpeg\" \/>\n<meta name=\"twitter:card\" content=\"summary_large_image\" \/>\n<meta name=\"twitter:label1\" content=\"Prix\" \/>\n\t<meta name=\"twitter:data1\" content=\"78,67&euro;\" \/>\n\t<meta name=\"twitter:label2\" content=\"Disponibilit\u00e9\" \/>\n\t<meta name=\"twitter:data2\" content=\"Rupture de stock\" \/>\n<script type=\"application\/ld+json\" class=\"yoast-schema-graph\">{\"@context\":\"https:\\\/\\\/schema.org\",\"@graph\":[{\"@type\":\"WebPage\",\"@id\":\"https:\\\/\\\/www.vetorino.com\\\/boutique\\\/product\\\/fontaine-drinkwell-360-en-inox\\\/\",\"url\":\"https:\\\/\\\/www.vetorino.com\\\/boutique\\\/product\\\/fontaine-drinkwell-360-en-inox\\\/\",\"name\":\"Fontaine \u00e0 eau Drinkwell inox Drinkwell - V\u00e9torino\",\"isPartOf\":{\"@id\":\"https:\\\/\\\/www.vetorino.com\\\/boutique\\\/#website\"},\"primaryImageOfPage\":{\"@id\":\"https:\\\/\\\/www.vetorino.com\\\/boutique\\\/product\\\/fontaine-drinkwell-360-en-inox\\\/#primaryimage\"},\"image\":{\"@id\":\"https:\\\/\\\/www.vetorino.com\\\/boutique\\\/product\\\/fontaine-drinkwell-360-en-inox\\\/#primaryimage\"},\"thumbnailUrl\":\"https:\\\/\\\/www.vetorino.com\\\/boutique\\\/wp-content\\\/uploads\\\/2020\\\/03\\\/81S1fBMiumL._AC_SX679_.jpg\",\"datePublished\":\"2020-06-29T15:38:51+00:00\",\"dateModified\":\"2023-08-09T09:16:25+00:00\",\"description\":\"Cette fontaine \u00e0 eau incite votre animal \u00e0 boire davantage gr\u00e2ce au clapotis de l\u2019\u00e9coulement de l\u2019eau. L\u2019\u00e9coulement r\u00e9glable de l\u2019eau est une nouveaut\u00e9 absolue sur le march\u00e9. Avec cette fontaine, l\u2019\u00e9coulement de l\u2019eau est r\u00e9glable \u00e0 volont\u00e9. On peut choisir entre cinq variantes diff\u00e9rentes. La quantit\u00e9 d\u2019eau en circulation se r\u00e8gle via le r\u00e9gulateur.\",\"breadcrumb\":{\"@id\":\"https:\\\/\\\/www.vetorino.com\\\/boutique\\\/product\\\/fontaine-drinkwell-360-en-inox\\\/#breadcrumb\"},\"inLanguage\":\"fr-FR\",\"potentialAction\":[{\"@type\":\"ReadAction\",\"target\":[\"https:\\\/\\\/www.vetorino.com\\\/boutique\\\/product\\\/fontaine-drinkwell-360-en-inox\\\/\"]}]},{\"@type\":\"ImageObject\",\"inLanguage\":\"fr-FR\",\"@id\":\"https:\\\/\\\/www.vetorino.com\\\/boutique\\\/product\\\/fontaine-drinkwell-360-en-inox\\\/#primaryimage\",\"url\":\"https:\\\/\\\/www.vetorino.com\\\/boutique\\\/wp-content\\\/uploads\\\/2020\\\/03\\\/81S1fBMiumL._AC_SX679_.jpg\",\"contentUrl\":\"https:\\\/\\\/www.vetorino.com\\\/boutique\\\/wp-content\\\/uploads\\\/2020\\\/03\\\/81S1fBMiumL._AC_SX679_.jpg\",\"width\":679,\"height\":618},{\"@type\":\"BreadcrumbList\",\"@id\":\"https:\\\/\\\/www.vetorino.com\\\/boutique\\\/product\\\/fontaine-drinkwell-360-en-inox\\\/#breadcrumb\",\"itemListElement\":[{\"@type\":\"ListItem\",\"position\":1,\"name\":\"Accueil\",\"item\":\"https:\\\/\\\/www.vetorino.com\\\/boutique\\\/\"},{\"@type\":\"ListItem\",\"position\":2,\"name\":\"Produits\",\"item\":\"https:\\\/\\\/www.vetorino.com\\\/boutique\\\/\"},{\"@type\":\"ListItem\",\"position\":3,\"name\":\"Fontaine \u00e0 eau Drinkwell inox\"}]},{\"@type\":\"WebSite\",\"@id\":\"https:\\\/\\\/www.vetorino.com\\\/boutique\\\/#website\",\"url\":\"https:\\\/\\\/www.vetorino.com\\\/boutique\\\/\",\"name\":\"V\u00e9torino\",\"description\":\"\",\"publisher\":{\"@id\":\"https:\\\/\\\/www.vetorino.com\\\/boutique\\\/#organization\"},\"potentialAction\":[{\"@type\":\"SearchAction\",\"target\":{\"@type\":\"EntryPoint\",\"urlTemplate\":\"https:\\\/\\\/www.vetorino.com\\\/boutique\\\/?s={search_term_string}\"},\"query-input\":{\"@type\":\"PropertyValueSpecification\",\"valueRequired\":true,\"valueName\":\"search_term_string\"}}],\"inLanguage\":\"fr-FR\"},{\"@type\":\"Organization\",\"@id\":\"https:\\\/\\\/www.vetorino.com\\\/boutique\\\/#organization\",\"name\":\"V\u00e9torino\",\"url\":\"https:\\\/\\\/www.vetorino.com\\\/boutique\\\/\",\"logo\":{\"@type\":\"ImageObject\",\"inLanguage\":\"fr-FR\",\"@id\":\"https:\\\/\\\/www.vetorino.com\\\/boutique\\\/#\\\/schema\\\/logo\\\/image\\\/\",\"url\":\"https:\\\/\\\/www.vetorino.com\\\/boutique\\\/wp-content\\\/uploads\\\/2024\\\/10\\\/logo.jpg\",\"contentUrl\":\"https:\\\/\\\/www.vetorino.com\\\/boutique\\\/wp-content\\\/uploads\\\/2024\\\/10\\\/logo.jpg\",\"width\":1200,\"height\":610,\"caption\":\"V\u00e9torino\"},\"image\":{\"@id\":\"https:\\\/\\\/www.vetorino.com\\\/boutique\\\/#\\\/schema\\\/logo\\\/image\\\/\"},\"sameAs\":[\"https:\\\/\\\/www.facebook.com\\\/Vetorino\\\/\",\"https:\\\/\\\/www.instagram.com\\\/vetorino_off\\\/\",\"https:\\\/\\\/www.linkedin.com\\\/company\\\/vtorino\\\/\"]}]}<\/script>\n<meta property=\"product:brand\" content=\"Drinkwell\" \/>\n<meta property=\"product:price:amount\" content=\"78.67\" \/>\n<meta property=\"product:price:currency\" content=\"EUR\" \/>\n<meta property=\"og:availability\" content=\"out of stock\" \/>\n<meta property=\"product:availability\" content=\"out of stock\" \/>\n<meta property=\"product:retailer_item_id\" content=\"C-FON708\" \/>\n<meta property=\"product:condition\" content=\"new\" \/>\n<!-- \/ Yoast SEO plugin. -->","yoast_head_json":{"title":"Fontaine \u00e0 eau Drinkwell inox Drinkwell - V\u00e9torino","description":"Cette fontaine \u00e0 eau incite votre animal \u00e0 boire davantage gr\u00e2ce au clapotis de l\u2019\u00e9coulement de l\u2019eau. L\u2019\u00e9coulement r\u00e9glable de l\u2019eau est une nouveaut\u00e9 absolue sur le march\u00e9. Avec cette fontaine, l\u2019\u00e9coulement de l\u2019eau est r\u00e9glable \u00e0 volont\u00e9. On peut choisir entre cinq variantes diff\u00e9rentes. La quantit\u00e9 d\u2019eau en circulation se r\u00e8gle via le r\u00e9gulateur.","robots":{"index":"noindex","follow":"nofollow"},"og_locale":"fr_FR","og_type":"article","og_title":"Fontaine \u00e0 eau Drinkwell inox Drinkwell - V\u00e9torino","og_description":"Cette fontaine \u00e0 eau incite votre animal \u00e0 boire davantage gr\u00e2ce au clapotis de l\u2019\u00e9coulement de l\u2019eau. L\u2019\u00e9coulement r\u00e9glable de l\u2019eau est une nouveaut\u00e9 absolue sur le march\u00e9. Avec cette fontaine, l\u2019\u00e9coulement de l\u2019eau est r\u00e9glable \u00e0 volont\u00e9. On peut choisir entre cinq variantes diff\u00e9rentes. La quantit\u00e9 d\u2019eau en circulation se r\u00e8gle via le r\u00e9gulateur.","og_url":"https:\/\/www.vetorino.com\/veterinaire\/confolens-16500\/boutique\/product\/fontaine-drinkwell-360-en-inox\/","og_site_name":"V\u00e9torino","article_publisher":"https:\/\/www.facebook.com\/Vetorino\/","article_modified_time":"2023-08-09T09:16:25+00:00","og_image":[{"width":679,"height":618,"url":"https:\/\/www.vetorino.com\/boutique\/wp-content\/uploads\/2020\/03\/81S1fBMiumL._AC_SX679_.jpg","type":"image\/jpeg"}],"twitter_card":"summary_large_image","twitter_misc":{"Prix":"78,67&euro;","Disponibilit\u00e9":"Rupture de stock"},"schema":{"@context":"https:\/\/schema.org","@graph":[{"@type":"WebPage","@id":"https:\/\/www.vetorino.com\/boutique\/product\/fontaine-drinkwell-360-en-inox\/","url":"https:\/\/www.vetorino.com\/boutique\/product\/fontaine-drinkwell-360-en-inox\/","name":"Fontaine \u00e0 eau Drinkwell inox Drinkwell - V\u00e9torino","isPartOf":{"@id":"https:\/\/www.vetorino.com\/boutique\/#website"},"primaryImageOfPage":{"@id":"https:\/\/www.vetorino.com\/boutique\/product\/fontaine-drinkwell-360-en-inox\/#primaryimage"},"image":{"@id":"https:\/\/www.vetorino.com\/boutique\/product\/fontaine-drinkwell-360-en-inox\/#primaryimage"},"thumbnailUrl":"https:\/\/www.vetorino.com\/boutique\/wp-content\/uploads\/2020\/03\/81S1fBMiumL._AC_SX679_.jpg","datePublished":"2020-06-29T15:38:51+00:00","dateModified":"2023-08-09T09:16:25+00:00","description":"Cette fontaine \u00e0 eau incite votre animal \u00e0 boire davantage gr\u00e2ce au clapotis de l\u2019\u00e9coulement de l\u2019eau. L\u2019\u00e9coulement r\u00e9glable de l\u2019eau est une nouveaut\u00e9 absolue sur le march\u00e9. Avec cette fontaine, l\u2019\u00e9coulement de l\u2019eau est r\u00e9glable \u00e0 volont\u00e9. On peut choisir entre cinq variantes diff\u00e9rentes. La quantit\u00e9 d\u2019eau en circulation se r\u00e8gle via le r\u00e9gulateur.","breadcrumb":{"@id":"https:\/\/www.vetorino.com\/boutique\/product\/fontaine-drinkwell-360-en-inox\/#breadcrumb"},"inLanguage":"fr-FR","potentialAction":[{"@type":"ReadAction","target":["https:\/\/www.vetorino.com\/boutique\/product\/fontaine-drinkwell-360-en-inox\/"]}]},{"@type":"ImageObject","inLanguage":"fr-FR","@id":"https:\/\/www.vetorino.com\/boutique\/product\/fontaine-drinkwell-360-en-inox\/#primaryimage","url":"https:\/\/www.vetorino.com\/boutique\/wp-content\/uploads\/2020\/03\/81S1fBMiumL._AC_SX679_.jpg","contentUrl":"https:\/\/www.vetorino.com\/boutique\/wp-content\/uploads\/2020\/03\/81S1fBMiumL._AC_SX679_.jpg","width":679,"height":618},{"@type":"BreadcrumbList","@id":"https:\/\/www.vetorino.com\/boutique\/product\/fontaine-drinkwell-360-en-inox\/#breadcrumb","itemListElement":[{"@type":"ListItem","position":1,"name":"Accueil","item":"https:\/\/www.vetorino.com\/boutique\/"},{"@type":"ListItem","position":2,"name":"Produits","item":"https:\/\/www.vetorino.com\/boutique\/"},{"@type":"ListItem","position":3,"name":"Fontaine \u00e0 eau Drinkwell inox"}]},{"@type":"WebSite","@id":"https:\/\/www.vetorino.com\/boutique\/#website","url":"https:\/\/www.vetorino.com\/boutique\/","name":"V\u00e9torino","description":"","publisher":{"@id":"https:\/\/www.vetorino.com\/boutique\/#organization"},"potentialAction":[{"@type":"SearchAction","target":{"@type":"EntryPoint","urlTemplate":"https:\/\/www.vetorino.com\/boutique\/?s={search_term_string}"},"query-input":{"@type":"PropertyValueSpecification","valueRequired":true,"valueName":"search_term_string"}}],"inLanguage":"fr-FR"},{"@type":"Organization","@id":"https:\/\/www.vetorino.com\/boutique\/#organization","name":"V\u00e9torino","url":"https:\/\/www.vetorino.com\/boutique\/","logo":{"@type":"ImageObject","inLanguage":"fr-FR","@id":"https:\/\/www.vetorino.com\/boutique\/#\/schema\/logo\/image\/","url":"https:\/\/www.vetorino.com\/boutique\/wp-content\/uploads\/2024\/10\/logo.jpg","contentUrl":"https:\/\/www.vetorino.com\/boutique\/wp-content\/uploads\/2024\/10\/logo.jpg","width":1200,"height":610,"caption":"V\u00e9torino"},"image":{"@id":"https:\/\/www.vetorino.com\/boutique\/#\/schema\/logo\/image\/"},"sameAs":["https:\/\/www.facebook.com\/Vetorino\/","https:\/\/www.instagram.com\/vetorino_off\/","https:\/\/www.linkedin.com\/company\/vtorino\/"]}]},"product_brand":"Drinkwell","product_price_amount":"78.67","product_price_currency":"EUR","og_availability":"out of stock","product_availability":"out of stock","product_retailer_item_id":"C-FON708","product_condition":"new"},"_links":{"self":[{"href":"https:\/\/www.vetorino.com\/veterinaire\/confolens-16500\/boutique\/wp-json\/wp\/v2\/product\/96201","targetHints":{"allow":["GET"]}}],"collection":[{"href":"https:\/\/www.vetorino.com\/veterinaire\/confolens-16500\/boutique\/wp-json\/wp\/v2\/product"}],"about":[{"href":"https:\/\/www.vetorino.com\/veterinaire\/confolens-16500\/boutique\/wp-json\/wp\/v2\/types\/product"}],"wp:featuredmedia":[{"embeddable":true,"href":"https:\/\/www.vetorino.com\/veterinaire\/confolens-16500\/boutique\/wp-json\/wp\/v2\/media\/642391"}],"wp:attachment":[{"href":"https:\/\/www.vetorino.com\/veterinaire\/confolens-16500\/boutique\/wp-json\/wp\/v2\/media?parent=96201"}],"wp:term":[{"taxonomy":"product_cat","embeddable":true,"href":"https:\/\/www.vetorino.com\/veterinaire\/confolens-16500\/boutique\/wp-json\/wp\/v2\/product_cat?post=96201"},{"taxonomy":"product_tag","embeddable":true,"href":"https:\/\/www.vetorino.com\/veterinaire\/confolens-16500\/boutique\/wp-json\/wp\/v2\/product_tag?post=96201"}],"curies":[{"name":"wp","href":"https:\/\/api.w.org\/{rel}","templated":true}]}}