{"id":906366,"date":"2024-04-26T17:38:29","date_gmt":"2024-04-26T15:38:29","guid":{"rendered":"https:\/\/www.vetorino.com\/boutique\/product\/brosse-wouapy-magique\/"},"modified":"2026-03-25T10:49:58","modified_gmt":"2026-03-25T09:49:58","slug":"brosse-wouapy-magique","status":"publish","type":"product","link":"https:\/\/www.vetorino.com\/veterinaire\/gignaclanerthe-13180\/boutique\/product\/brosse-wouapy-magique\/","title":{"rendered":"Brosse anti-poils chiens et chats magique"},"content":{"rendered":"<p><strong>La brosse &#8220;Magique&#8221;<\/strong> qui enl\u00e8ve les poils et peluches 2 fois plus vite qu&#8217;une brosse ordinaire.<\/p>\n<ul>\n<li>Pas de recharge.<\/li>\n<li>Pas de ruban ah\u00e9sif.<\/li>\n<li>Plus de poils !<\/li>\n<li>Rapide et facile : passer pour enlever poils et peluches, ins\u00e9rer dans sa base pour la nettoyer et ouvrir le fond pour jeter les d\u00e9chets.<\/li>\n<li>Id\u00e9al pour les meubles rembourr\u00e9s, les v\u00eatements, tapis, linge de maison, oreillers, si\u00e8ges de voiture, tous tissus et bien plus encore !<\/li>\n<\/ul>\n","protected":false},"excerpt":{"rendered":"<p><strong>La brosse &#8220;Magique&#8221;<\/strong> qui enl\u00e8ve les poils et peluches 2 fois plus vite qu&#8217;une brosse ordinaire.<\/p>\n<ul>\n<li>Pas de recharge.<\/li>\n<li>Pas de ruban ah\u00e9sif.<\/li>\n<li>Plus de poils !<\/li>\n<li>Rapide et facile : passer pour enlever poils et peluches, ins\u00e9rer dans sa base pour la nettoyer et ouvrir le fond pour jeter les d\u00e9chets.<\/li>\n<li>Id\u00e9al pour les meubles rembourr\u00e9s, les v\u00eatements, tapis, linge de maison, oreillers, si\u00e8ges de voiture, tous tissus et bien plus encore !<\/li>\n<\/ul>\n","protected":false},"featured_media":908781,"template":"","meta":[],"product_cat":[12548,12573,12550,12590,2697,2698,15842],"product_tag":[],"class_list":{"0":"post-906366","1":"product","2":"type-product","3":"status-publish","4":"has-post-thumbnail","6":"product_cat-accessoire-du-chat","7":"product_cat-accessoire-pour-lhygiene-du-chien","8":"product_cat-accessoires-du-chien","9":"product_cat-brosses-pour-chat","10":"product_cat-chat","11":"product_cat-chien","12":"product_cat-rongeurs","13":"pa_marque-wouapy","15":"first","16":"instock","17":"taxable","18":"shipping-taxable","19":"purchasable","20":"product-type-simple"},"yoast_head":"<!-- This site is optimized with the Yoast SEO plugin v27.3 - https:\/\/yoast.com\/product\/yoast-seo-wordpress\/ -->\n<title>Brosse anti-poils chiens et chats magique Wouapy - V\u00e9torino<\/title>\n<meta name=\"description\" content=\"La brosse &quot;Magique&quot; qui enl\u00e8ve les poils et peluches 2 fois plus vite qu&#039;une brosse ordinaire.   Pas de recharge.  Pas de ruban ah\u00e9sif.  Plus de poils !  Rapide et facile : passer pour enlever poils et peluches, ins\u00e9rer dans sa base pour la nettoyer et ouvrir le fond pour jeter les d\u00e9chets.  Id\u00e9al pour les meubles rembourr\u00e9s, les v\u00eatements, tapis, linge de maison, oreillers, si\u00e8ges de voiture, tous tissus et bien plus encore !\" \/>\n<meta name=\"robots\" content=\"noindex, nofollow\" \/>\n<meta property=\"og:locale\" content=\"fr_FR\" \/>\n<meta property=\"og:type\" content=\"article\" \/>\n<meta property=\"og:title\" content=\"Brosse anti-poils chiens et chats magique Wouapy - V\u00e9torino\" \/>\n<meta property=\"og:description\" content=\"La brosse &quot;Magique&quot; qui enl\u00e8ve les poils et peluches 2 fois plus vite qu&#039;une brosse ordinaire.   Pas de recharge.  Pas de ruban ah\u00e9sif.  Plus de poils !  Rapide et facile : passer pour enlever poils et peluches, ins\u00e9rer dans sa base pour la nettoyer et ouvrir le fond pour jeter les d\u00e9chets.  Id\u00e9al pour les meubles rembourr\u00e9s, les v\u00eatements, tapis, linge de maison, oreillers, si\u00e8ges de voiture, tous tissus et bien plus encore !\" \/>\n<meta property=\"og:url\" content=\"https:\/\/www.vetorino.com\/veterinaire\/gignaclanerthe-13180\/boutique\/product\/brosse-wouapy-magique\/\" \/>\n<meta property=\"og:site_name\" content=\"V\u00e9torino\" \/>\n<meta property=\"article:publisher\" content=\"https:\/\/www.facebook.com\/Vetorino\/\" \/>\n<meta property=\"article:modified_time\" content=\"2026-03-25T09:49:58+00:00\" \/>\n<meta property=\"og:image\" content=\"https:\/\/www.vetorino.com\/boutique\/wp-content\/uploads\/2024\/04\/0683-0119-Zoom-02.jpg\" \/>\n\t<meta property=\"og:image:width\" content=\"729\" \/>\n\t<meta property=\"og:image:height\" content=\"850\" \/>\n\t<meta property=\"og:image:type\" content=\"image\/jpeg\" \/>\n<meta name=\"twitter:card\" content=\"summary_large_image\" \/>\n<meta name=\"twitter:label1\" content=\"Prix\" \/>\n\t<meta name=\"twitter:data1\" content=\"10,32&euro;\" \/>\n\t<meta name=\"twitter:label2\" content=\"Disponibilit\u00e9\" \/>\n\t<meta name=\"twitter:data2\" content=\"En stock\" \/>\n<script type=\"application\/ld+json\" class=\"yoast-schema-graph\">{\"@context\":\"https:\\\/\\\/schema.org\",\"@graph\":[{\"@type\":\"WebPage\",\"@id\":\"https:\\\/\\\/www.vetorino.com\\\/boutique\\\/product\\\/brosse-wouapy-magique\\\/\",\"url\":\"https:\\\/\\\/www.vetorino.com\\\/boutique\\\/product\\\/brosse-wouapy-magique\\\/\",\"name\":\"Brosse anti-poils chiens et chats magique Wouapy - V\u00e9torino\",\"isPartOf\":{\"@id\":\"https:\\\/\\\/www.vetorino.com\\\/boutique\\\/#website\"},\"primaryImageOfPage\":{\"@id\":\"https:\\\/\\\/www.vetorino.com\\\/boutique\\\/product\\\/brosse-wouapy-magique\\\/#primaryimage\"},\"image\":{\"@id\":\"https:\\\/\\\/www.vetorino.com\\\/boutique\\\/product\\\/brosse-wouapy-magique\\\/#primaryimage\"},\"thumbnailUrl\":\"https:\\\/\\\/www.vetorino.com\\\/boutique\\\/wp-content\\\/uploads\\\/2024\\\/04\\\/0683-0119-Zoom-02.jpg\",\"datePublished\":\"2024-04-26T15:38:29+00:00\",\"dateModified\":\"2026-03-25T09:49:58+00:00\",\"description\":\"La brosse \\\"Magique\\\" qui enl\u00e8ve les poils et peluches 2 fois plus vite qu'une brosse ordinaire. Pas de recharge. Pas de ruban ah\u00e9sif. Plus de poils ! Rapide et facile : passer pour enlever poils et peluches, ins\u00e9rer dans sa base pour la nettoyer et ouvrir le fond pour jeter les d\u00e9chets. Id\u00e9al pour les meubles rembourr\u00e9s, les v\u00eatements, tapis, linge de maison, oreillers, si\u00e8ges de voiture, tous tissus et bien plus encore !\",\"breadcrumb\":{\"@id\":\"https:\\\/\\\/www.vetorino.com\\\/boutique\\\/product\\\/brosse-wouapy-magique\\\/#breadcrumb\"},\"inLanguage\":\"fr-FR\",\"potentialAction\":[{\"@type\":\"ReadAction\",\"target\":[\"https:\\\/\\\/www.vetorino.com\\\/boutique\\\/product\\\/brosse-wouapy-magique\\\/\"]}]},{\"@type\":\"ImageObject\",\"inLanguage\":\"fr-FR\",\"@id\":\"https:\\\/\\\/www.vetorino.com\\\/boutique\\\/product\\\/brosse-wouapy-magique\\\/#primaryimage\",\"url\":\"https:\\\/\\\/www.vetorino.com\\\/boutique\\\/wp-content\\\/uploads\\\/2024\\\/04\\\/0683-0119-Zoom-02.jpg\",\"contentUrl\":\"https:\\\/\\\/www.vetorino.com\\\/boutique\\\/wp-content\\\/uploads\\\/2024\\\/04\\\/0683-0119-Zoom-02.jpg\",\"width\":729,\"height\":850},{\"@type\":\"BreadcrumbList\",\"@id\":\"https:\\\/\\\/www.vetorino.com\\\/boutique\\\/product\\\/brosse-wouapy-magique\\\/#breadcrumb\",\"itemListElement\":[{\"@type\":\"ListItem\",\"position\":1,\"name\":\"Accueil\",\"item\":\"https:\\\/\\\/www.vetorino.com\\\/boutique\\\/\"},{\"@type\":\"ListItem\",\"position\":2,\"name\":\"Produits\",\"item\":\"https:\\\/\\\/www.vetorino.com\\\/boutique\\\/\"},{\"@type\":\"ListItem\",\"position\":3,\"name\":\"Brosse anti-poils chiens et chats magique\"}]},{\"@type\":\"WebSite\",\"@id\":\"https:\\\/\\\/www.vetorino.com\\\/boutique\\\/#website\",\"url\":\"https:\\\/\\\/www.vetorino.com\\\/boutique\\\/\",\"name\":\"V\u00e9torino\",\"description\":\"\",\"publisher\":{\"@id\":\"https:\\\/\\\/www.vetorino.com\\\/boutique\\\/#organization\"},\"potentialAction\":[{\"@type\":\"SearchAction\",\"target\":{\"@type\":\"EntryPoint\",\"urlTemplate\":\"https:\\\/\\\/www.vetorino.com\\\/boutique\\\/?s={search_term_string}\"},\"query-input\":{\"@type\":\"PropertyValueSpecification\",\"valueRequired\":true,\"valueName\":\"search_term_string\"}}],\"inLanguage\":\"fr-FR\"},{\"@type\":\"Organization\",\"@id\":\"https:\\\/\\\/www.vetorino.com\\\/boutique\\\/#organization\",\"name\":\"V\u00e9torino\",\"url\":\"https:\\\/\\\/www.vetorino.com\\\/boutique\\\/\",\"logo\":{\"@type\":\"ImageObject\",\"inLanguage\":\"fr-FR\",\"@id\":\"https:\\\/\\\/www.vetorino.com\\\/boutique\\\/#\\\/schema\\\/logo\\\/image\\\/\",\"url\":\"https:\\\/\\\/www.vetorino.com\\\/boutique\\\/wp-content\\\/uploads\\\/2024\\\/10\\\/logo.jpg\",\"contentUrl\":\"https:\\\/\\\/www.vetorino.com\\\/boutique\\\/wp-content\\\/uploads\\\/2024\\\/10\\\/logo.jpg\",\"width\":1200,\"height\":610,\"caption\":\"V\u00e9torino\"},\"image\":{\"@id\":\"https:\\\/\\\/www.vetorino.com\\\/boutique\\\/#\\\/schema\\\/logo\\\/image\\\/\"},\"sameAs\":[\"https:\\\/\\\/www.facebook.com\\\/Vetorino\\\/\",\"https:\\\/\\\/www.instagram.com\\\/vetorino_off\\\/\",\"https:\\\/\\\/www.linkedin.com\\\/company\\\/vtorino\\\/\"]}]}<\/script>\n<meta property=\"product:brand\" content=\"Wouapy\" \/>\n<meta property=\"product:price:amount\" content=\"10.32\" \/>\n<meta property=\"product:price:currency\" content=\"EUR\" \/>\n<meta property=\"og:availability\" content=\"instock\" \/>\n<meta property=\"product:availability\" content=\"instock\" \/>\n<meta property=\"product:retailer_item_id\" content=\"C-BRO721\" \/>\n<meta property=\"product:condition\" content=\"new\" \/>\n<!-- \/ Yoast SEO plugin. -->","yoast_head_json":{"title":"Brosse anti-poils chiens et chats magique Wouapy - V\u00e9torino","description":"La brosse \"Magique\" qui enl\u00e8ve les poils et peluches 2 fois plus vite qu'une brosse ordinaire.   Pas de recharge.  Pas de ruban ah\u00e9sif.  Plus de poils !  Rapide et facile : passer pour enlever poils et peluches, ins\u00e9rer dans sa base pour la nettoyer et ouvrir le fond pour jeter les d\u00e9chets.  Id\u00e9al pour les meubles rembourr\u00e9s, les v\u00eatements, tapis, linge de maison, oreillers, si\u00e8ges de voiture, tous tissus et bien plus encore !","robots":{"index":"noindex","follow":"nofollow"},"og_locale":"fr_FR","og_type":"article","og_title":"Brosse anti-poils chiens et chats magique Wouapy - V\u00e9torino","og_description":"La brosse \"Magique\" qui enl\u00e8ve les poils et peluches 2 fois plus vite qu'une brosse ordinaire.   Pas de recharge.  Pas de ruban ah\u00e9sif.  Plus de poils !  Rapide et facile : passer pour enlever poils et peluches, ins\u00e9rer dans sa base pour la nettoyer et ouvrir le fond pour jeter les d\u00e9chets.  Id\u00e9al pour les meubles rembourr\u00e9s, les v\u00eatements, tapis, linge de maison, oreillers, si\u00e8ges de voiture, tous tissus et bien plus encore !","og_url":"https:\/\/www.vetorino.com\/veterinaire\/gignaclanerthe-13180\/boutique\/product\/brosse-wouapy-magique\/","og_site_name":"V\u00e9torino","article_publisher":"https:\/\/www.facebook.com\/Vetorino\/","article_modified_time":"2026-03-25T09:49:58+00:00","og_image":[{"width":729,"height":850,"url":"https:\/\/www.vetorino.com\/boutique\/wp-content\/uploads\/2024\/04\/0683-0119-Zoom-02.jpg","type":"image\/jpeg"}],"twitter_card":"summary_large_image","twitter_misc":{"Prix":"10,32&euro;","Disponibilit\u00e9":"En stock"},"schema":{"@context":"https:\/\/schema.org","@graph":[{"@type":"WebPage","@id":"https:\/\/www.vetorino.com\/boutique\/product\/brosse-wouapy-magique\/","url":"https:\/\/www.vetorino.com\/boutique\/product\/brosse-wouapy-magique\/","name":"Brosse anti-poils chiens et chats magique Wouapy - V\u00e9torino","isPartOf":{"@id":"https:\/\/www.vetorino.com\/boutique\/#website"},"primaryImageOfPage":{"@id":"https:\/\/www.vetorino.com\/boutique\/product\/brosse-wouapy-magique\/#primaryimage"},"image":{"@id":"https:\/\/www.vetorino.com\/boutique\/product\/brosse-wouapy-magique\/#primaryimage"},"thumbnailUrl":"https:\/\/www.vetorino.com\/boutique\/wp-content\/uploads\/2024\/04\/0683-0119-Zoom-02.jpg","datePublished":"2024-04-26T15:38:29+00:00","dateModified":"2026-03-25T09:49:58+00:00","description":"La brosse \"Magique\" qui enl\u00e8ve les poils et peluches 2 fois plus vite qu'une brosse ordinaire. Pas de recharge. Pas de ruban ah\u00e9sif. Plus de poils ! Rapide et facile : passer pour enlever poils et peluches, ins\u00e9rer dans sa base pour la nettoyer et ouvrir le fond pour jeter les d\u00e9chets. Id\u00e9al pour les meubles rembourr\u00e9s, les v\u00eatements, tapis, linge de maison, oreillers, si\u00e8ges de voiture, tous tissus et bien plus encore !","breadcrumb":{"@id":"https:\/\/www.vetorino.com\/boutique\/product\/brosse-wouapy-magique\/#breadcrumb"},"inLanguage":"fr-FR","potentialAction":[{"@type":"ReadAction","target":["https:\/\/www.vetorino.com\/boutique\/product\/brosse-wouapy-magique\/"]}]},{"@type":"ImageObject","inLanguage":"fr-FR","@id":"https:\/\/www.vetorino.com\/boutique\/product\/brosse-wouapy-magique\/#primaryimage","url":"https:\/\/www.vetorino.com\/boutique\/wp-content\/uploads\/2024\/04\/0683-0119-Zoom-02.jpg","contentUrl":"https:\/\/www.vetorino.com\/boutique\/wp-content\/uploads\/2024\/04\/0683-0119-Zoom-02.jpg","width":729,"height":850},{"@type":"BreadcrumbList","@id":"https:\/\/www.vetorino.com\/boutique\/product\/brosse-wouapy-magique\/#breadcrumb","itemListElement":[{"@type":"ListItem","position":1,"name":"Accueil","item":"https:\/\/www.vetorino.com\/boutique\/"},{"@type":"ListItem","position":2,"name":"Produits","item":"https:\/\/www.vetorino.com\/boutique\/"},{"@type":"ListItem","position":3,"name":"Brosse anti-poils chiens et chats magique"}]},{"@type":"WebSite","@id":"https:\/\/www.vetorino.com\/boutique\/#website","url":"https:\/\/www.vetorino.com\/boutique\/","name":"V\u00e9torino","description":"","publisher":{"@id":"https:\/\/www.vetorino.com\/boutique\/#organization"},"potentialAction":[{"@type":"SearchAction","target":{"@type":"EntryPoint","urlTemplate":"https:\/\/www.vetorino.com\/boutique\/?s={search_term_string}"},"query-input":{"@type":"PropertyValueSpecification","valueRequired":true,"valueName":"search_term_string"}}],"inLanguage":"fr-FR"},{"@type":"Organization","@id":"https:\/\/www.vetorino.com\/boutique\/#organization","name":"V\u00e9torino","url":"https:\/\/www.vetorino.com\/boutique\/","logo":{"@type":"ImageObject","inLanguage":"fr-FR","@id":"https:\/\/www.vetorino.com\/boutique\/#\/schema\/logo\/image\/","url":"https:\/\/www.vetorino.com\/boutique\/wp-content\/uploads\/2024\/10\/logo.jpg","contentUrl":"https:\/\/www.vetorino.com\/boutique\/wp-content\/uploads\/2024\/10\/logo.jpg","width":1200,"height":610,"caption":"V\u00e9torino"},"image":{"@id":"https:\/\/www.vetorino.com\/boutique\/#\/schema\/logo\/image\/"},"sameAs":["https:\/\/www.facebook.com\/Vetorino\/","https:\/\/www.instagram.com\/vetorino_off\/","https:\/\/www.linkedin.com\/company\/vtorino\/"]}]},"product_brand":"Wouapy","product_price_amount":"10.32","product_price_currency":"EUR","og_availability":"instock","product_availability":"instock","product_retailer_item_id":"C-BRO721","product_condition":"new"},"_links":{"self":[{"href":"https:\/\/www.vetorino.com\/veterinaire\/gignaclanerthe-13180\/boutique\/wp-json\/wp\/v2\/product\/906366","targetHints":{"allow":["GET"]}}],"collection":[{"href":"https:\/\/www.vetorino.com\/veterinaire\/gignaclanerthe-13180\/boutique\/wp-json\/wp\/v2\/product"}],"about":[{"href":"https:\/\/www.vetorino.com\/veterinaire\/gignaclanerthe-13180\/boutique\/wp-json\/wp\/v2\/types\/product"}],"wp:featuredmedia":[{"embeddable":true,"href":"https:\/\/www.vetorino.com\/veterinaire\/gignaclanerthe-13180\/boutique\/wp-json\/wp\/v2\/media\/908781"}],"wp:attachment":[{"href":"https:\/\/www.vetorino.com\/veterinaire\/gignaclanerthe-13180\/boutique\/wp-json\/wp\/v2\/media?parent=906366"}],"wp:term":[{"taxonomy":"product_cat","embeddable":true,"href":"https:\/\/www.vetorino.com\/veterinaire\/gignaclanerthe-13180\/boutique\/wp-json\/wp\/v2\/product_cat?post=906366"},{"taxonomy":"product_tag","embeddable":true,"href":"https:\/\/www.vetorino.com\/veterinaire\/gignaclanerthe-13180\/boutique\/wp-json\/wp\/v2\/product_tag?post=906366"}],"curies":[{"name":"wp","href":"https:\/\/api.w.org\/{rel}","templated":true}]}}