{"id":94733,"date":"2020-06-29T15:42:07","date_gmt":"2020-06-29T13:42:07","guid":{"rendered":"https:\/\/www.vetorino.com\/boutique\/product\/couverture-frost-back-on-track\/"},"modified":"2024-07-17T09:44:29","modified_gmt":"2024-07-17T07:44:29","slug":"couverture-frost-back-on-track","status":"publish","type":"product","link":"https:\/\/www.vetorino.com\/veterinaire\/gignaclanerthe-13180\/boutique\/product\/couverture-frost-back-on-track\/","title":{"rendered":"Couverture Frost Back On Track"},"content":{"rendered":"<p>La\u00a0<strong>couverture\u00a0Frost\u00a0de Back on Track<\/strong> est parfaite pour permettre \u00e0 votre cheval de passer de l\u2019hiver bien au chaud tout en lui apportant les bienfaits du Welltex\u00ae. Cette couverture d&#8217;ext\u00e9rieur est \u00e9paisse, bien pens\u00e9e et r\u00e9sistante afin d\u2019apporter au cheval le confort dont il a besoin pendant la saison froide.<\/p>\n<p>Cette\u00a0<strong>couverture d\u2019hiver est con\u00e7ue en nylon 1680 deniers Ballistic avec 330g d\u2019\u00e9paisseur<\/strong> afin de garder votre cheval au chaud quand les temp\u00e9ratures baissent.<\/p>\n<ul>\n<li>Fermeture au poitrail \u00e0 l&#8217;aide de deux boucles, sur-sangles crois\u00e9es, rabat de queue.<\/li>\n<li>Disponible dans les tailles 125cm-165cm.<\/li>\n<li>Lavage en machine \u00e0 30\u00b0C avec un d\u00e9tergent doux.<\/li>\n<\/ul>\n","protected":false},"excerpt":{"rendered":"<p>La\u00a0<strong>couverture\u00a0Frost\u00a0de Back on Track<\/strong> est parfaite pour permettre \u00e0 votre cheval de passer de l\u2019hiver bien au chaud tout en lui apportant les bienfaits du Welltex\u00ae. Cette couverture d&#8217;ext\u00e9rieur est \u00e9paisse, bien pens\u00e9e et r\u00e9sistante afin d\u2019apporter au cheval le confort dont il a besoin pendant la saison froide.<\/p>\n<p><em>Retrouver le guide des tailles en photo<\/em><\/p>\n<p>&nbsp;<\/p>\n","protected":false},"featured_media":213036,"template":"","meta":[],"product_cat":[12547,13395,12760],"product_tag":[],"class_list":{"0":"post-94733","1":"product","2":"type-product","3":"status-publish","4":"has-post-thumbnail","6":"product_cat-cheval","7":"product_cat-couverture-et-protection-du-cheval","8":"product_cat-materiel-et-equipement-du-cheval","9":"pa_marque-back-on-track","11":"first","12":"outofstock","13":"taxable","14":"shipping-taxable","15":"purchasable","16":"product-type-variable"},"yoast_head":"<!-- This site is optimized with the Yoast SEO plugin v27.3 - https:\/\/yoast.com\/product\/yoast-seo-wordpress\/ -->\n<title>Couverture Frost Back On Track Back on Track - V\u00e9torino<\/title>\n<meta name=\"description\" content=\"La\u00a0couverture\u00a0Frost\u00a0de Back on Track est parfaite pour permettre \u00e0 votre cheval de passer de l\u2019hiver bien au chaud tout en lui apportant les bienfaits du Welltex\u00ae. Cette couverture d&#039;ext\u00e9rieur est \u00e9paisse, bien pens\u00e9e et r\u00e9sistante afin d\u2019apporter au cheval le confort dont il a besoin pendant la saison froide.  Retrouver le guide des tailles en photo  &nbsp;\" \/>\n<meta name=\"robots\" content=\"noindex, nofollow\" \/>\n<meta property=\"og:locale\" content=\"fr_FR\" \/>\n<meta property=\"og:type\" content=\"article\" \/>\n<meta property=\"og:title\" content=\"Couverture Frost Back On Track Back on Track - V\u00e9torino\" \/>\n<meta property=\"og:description\" content=\"La\u00a0couverture\u00a0Frost\u00a0de Back on Track est parfaite pour permettre \u00e0 votre cheval de passer de l\u2019hiver bien au chaud tout en lui apportant les bienfaits du Welltex\u00ae. Cette couverture d&#039;ext\u00e9rieur est \u00e9paisse, bien pens\u00e9e et r\u00e9sistante afin d\u2019apporter au cheval le confort dont il a besoin pendant la saison froide.  Retrouver le guide des tailles en photo  &nbsp;\" \/>\n<meta property=\"og:url\" content=\"https:\/\/www.vetorino.com\/veterinaire\/gignaclanerthe-13180\/boutique\/product\/couverture-frost-back-on-track\/\" \/>\n<meta property=\"og:site_name\" content=\"V\u00e9torino\" \/>\n<meta property=\"article:publisher\" content=\"https:\/\/www.facebook.com\/Vetorino\/\" \/>\n<meta property=\"article:modified_time\" content=\"2024-07-17T07:44:29+00:00\" \/>\n<meta property=\"og:image\" content=\"https:\/\/www.vetorino.com\/boutique\/wp-content\/uploads\/2020\/06\/couverture-impermeable-cheval-frost-back-on-track.png\" \/>\n\t<meta property=\"og:image:width\" content=\"458\" \/>\n\t<meta property=\"og:image:height\" content=\"458\" \/>\n\t<meta property=\"og:image:type\" content=\"image\/png\" \/>\n<meta name=\"twitter:card\" content=\"summary_large_image\" \/>\n<meta name=\"twitter:label1\" content=\"Disponibilit\u00e9\" \/>\n\t<meta name=\"twitter:data1\" content=\"Rupture de stock\" \/>\n<script type=\"application\/ld+json\" class=\"yoast-schema-graph\">{\"@context\":\"https:\\\/\\\/schema.org\",\"@graph\":[{\"@type\":\"WebPage\",\"@id\":\"https:\\\/\\\/www.vetorino.com\\\/boutique\\\/product\\\/couverture-frost-back-on-track\\\/\",\"url\":\"https:\\\/\\\/www.vetorino.com\\\/boutique\\\/product\\\/couverture-frost-back-on-track\\\/\",\"name\":\"Couverture Frost Back On Track Back on Track - V\u00e9torino\",\"isPartOf\":{\"@id\":\"https:\\\/\\\/www.vetorino.com\\\/boutique\\\/#website\"},\"primaryImageOfPage\":{\"@id\":\"https:\\\/\\\/www.vetorino.com\\\/boutique\\\/product\\\/couverture-frost-back-on-track\\\/#primaryimage\"},\"image\":{\"@id\":\"https:\\\/\\\/www.vetorino.com\\\/boutique\\\/product\\\/couverture-frost-back-on-track\\\/#primaryimage\"},\"thumbnailUrl\":\"https:\\\/\\\/www.vetorino.com\\\/boutique\\\/wp-content\\\/uploads\\\/2020\\\/06\\\/couverture-impermeable-cheval-frost-back-on-track.png\",\"datePublished\":\"2020-06-29T13:42:07+00:00\",\"dateModified\":\"2024-07-17T07:44:29+00:00\",\"description\":\"La\u00a0couverture\u00a0Frost\u00a0de Back on Track est parfaite pour permettre \u00e0 votre cheval de passer de l\u2019hiver bien au chaud tout en lui apportant les bienfaits du Welltex\u00ae. Cette couverture d'ext\u00e9rieur est \u00e9paisse, bien pens\u00e9e et r\u00e9sistante afin d\u2019apporter au cheval le confort dont il a besoin pendant la saison froide. Retrouver le guide des tailles en photo &nbsp;\",\"breadcrumb\":{\"@id\":\"https:\\\/\\\/www.vetorino.com\\\/boutique\\\/product\\\/couverture-frost-back-on-track\\\/#breadcrumb\"},\"inLanguage\":\"fr-FR\",\"potentialAction\":[{\"@type\":\"ReadAction\",\"target\":[\"https:\\\/\\\/www.vetorino.com\\\/boutique\\\/product\\\/couverture-frost-back-on-track\\\/\"]}]},{\"@type\":\"ImageObject\",\"inLanguage\":\"fr-FR\",\"@id\":\"https:\\\/\\\/www.vetorino.com\\\/boutique\\\/product\\\/couverture-frost-back-on-track\\\/#primaryimage\",\"url\":\"https:\\\/\\\/www.vetorino.com\\\/boutique\\\/wp-content\\\/uploads\\\/2020\\\/06\\\/couverture-impermeable-cheval-frost-back-on-track.png\",\"contentUrl\":\"https:\\\/\\\/www.vetorino.com\\\/boutique\\\/wp-content\\\/uploads\\\/2020\\\/06\\\/couverture-impermeable-cheval-frost-back-on-track.png\",\"width\":458,\"height\":458},{\"@type\":\"BreadcrumbList\",\"@id\":\"https:\\\/\\\/www.vetorino.com\\\/boutique\\\/product\\\/couverture-frost-back-on-track\\\/#breadcrumb\",\"itemListElement\":[{\"@type\":\"ListItem\",\"position\":1,\"name\":\"Accueil\",\"item\":\"https:\\\/\\\/www.vetorino.com\\\/boutique\\\/\"},{\"@type\":\"ListItem\",\"position\":2,\"name\":\"Produits\",\"item\":\"https:\\\/\\\/www.vetorino.com\\\/boutique\\\/\"},{\"@type\":\"ListItem\",\"position\":3,\"name\":\"Couverture Frost Back On Track\"}]},{\"@type\":\"WebSite\",\"@id\":\"https:\\\/\\\/www.vetorino.com\\\/boutique\\\/#website\",\"url\":\"https:\\\/\\\/www.vetorino.com\\\/boutique\\\/\",\"name\":\"V\u00e9torino\",\"description\":\"\",\"publisher\":{\"@id\":\"https:\\\/\\\/www.vetorino.com\\\/boutique\\\/#organization\"},\"potentialAction\":[{\"@type\":\"SearchAction\",\"target\":{\"@type\":\"EntryPoint\",\"urlTemplate\":\"https:\\\/\\\/www.vetorino.com\\\/boutique\\\/?s={search_term_string}\"},\"query-input\":{\"@type\":\"PropertyValueSpecification\",\"valueRequired\":true,\"valueName\":\"search_term_string\"}}],\"inLanguage\":\"fr-FR\"},{\"@type\":\"Organization\",\"@id\":\"https:\\\/\\\/www.vetorino.com\\\/boutique\\\/#organization\",\"name\":\"V\u00e9torino\",\"url\":\"https:\\\/\\\/www.vetorino.com\\\/boutique\\\/\",\"logo\":{\"@type\":\"ImageObject\",\"inLanguage\":\"fr-FR\",\"@id\":\"https:\\\/\\\/www.vetorino.com\\\/boutique\\\/#\\\/schema\\\/logo\\\/image\\\/\",\"url\":\"https:\\\/\\\/www.vetorino.com\\\/boutique\\\/wp-content\\\/uploads\\\/2024\\\/10\\\/logo.jpg\",\"contentUrl\":\"https:\\\/\\\/www.vetorino.com\\\/boutique\\\/wp-content\\\/uploads\\\/2024\\\/10\\\/logo.jpg\",\"width\":1200,\"height\":610,\"caption\":\"V\u00e9torino\"},\"image\":{\"@id\":\"https:\\\/\\\/www.vetorino.com\\\/boutique\\\/#\\\/schema\\\/logo\\\/image\\\/\"},\"sameAs\":[\"https:\\\/\\\/www.facebook.com\\\/Vetorino\\\/\",\"https:\\\/\\\/www.instagram.com\\\/vetorino_off\\\/\",\"https:\\\/\\\/www.linkedin.com\\\/company\\\/vtorino\\\/\"]}]}<\/script>\n<meta property=\"product:brand\" content=\"Back on Track\" \/>\n<meta property=\"og:availability\" content=\"out of stock\" \/>\n<meta property=\"product:availability\" content=\"out of stock\" \/>\n<meta property=\"product:condition\" content=\"new\" \/>\n<!-- \/ Yoast SEO plugin. -->","yoast_head_json":{"title":"Couverture Frost Back On Track Back on Track - V\u00e9torino","description":"La\u00a0couverture\u00a0Frost\u00a0de Back on Track est parfaite pour permettre \u00e0 votre cheval de passer de l\u2019hiver bien au chaud tout en lui apportant les bienfaits du Welltex\u00ae. Cette couverture d'ext\u00e9rieur est \u00e9paisse, bien pens\u00e9e et r\u00e9sistante afin d\u2019apporter au cheval le confort dont il a besoin pendant la saison froide.  Retrouver le guide des tailles en photo  &nbsp;","robots":{"index":"noindex","follow":"nofollow"},"og_locale":"fr_FR","og_type":"article","og_title":"Couverture Frost Back On Track Back on Track - V\u00e9torino","og_description":"La\u00a0couverture\u00a0Frost\u00a0de Back on Track est parfaite pour permettre \u00e0 votre cheval de passer de l\u2019hiver bien au chaud tout en lui apportant les bienfaits du Welltex\u00ae. Cette couverture d'ext\u00e9rieur est \u00e9paisse, bien pens\u00e9e et r\u00e9sistante afin d\u2019apporter au cheval le confort dont il a besoin pendant la saison froide.  Retrouver le guide des tailles en photo  &nbsp;","og_url":"https:\/\/www.vetorino.com\/veterinaire\/gignaclanerthe-13180\/boutique\/product\/couverture-frost-back-on-track\/","og_site_name":"V\u00e9torino","article_publisher":"https:\/\/www.facebook.com\/Vetorino\/","article_modified_time":"2024-07-17T07:44:29+00:00","og_image":[{"width":458,"height":458,"url":"https:\/\/www.vetorino.com\/boutique\/wp-content\/uploads\/2020\/06\/couverture-impermeable-cheval-frost-back-on-track.png","type":"image\/png"}],"twitter_card":"summary_large_image","twitter_misc":{"Disponibilit\u00e9":"Rupture de stock"},"schema":{"@context":"https:\/\/schema.org","@graph":[{"@type":"WebPage","@id":"https:\/\/www.vetorino.com\/boutique\/product\/couverture-frost-back-on-track\/","url":"https:\/\/www.vetorino.com\/boutique\/product\/couverture-frost-back-on-track\/","name":"Couverture Frost Back On Track Back on Track - V\u00e9torino","isPartOf":{"@id":"https:\/\/www.vetorino.com\/boutique\/#website"},"primaryImageOfPage":{"@id":"https:\/\/www.vetorino.com\/boutique\/product\/couverture-frost-back-on-track\/#primaryimage"},"image":{"@id":"https:\/\/www.vetorino.com\/boutique\/product\/couverture-frost-back-on-track\/#primaryimage"},"thumbnailUrl":"https:\/\/www.vetorino.com\/boutique\/wp-content\/uploads\/2020\/06\/couverture-impermeable-cheval-frost-back-on-track.png","datePublished":"2020-06-29T13:42:07+00:00","dateModified":"2024-07-17T07:44:29+00:00","description":"La\u00a0couverture\u00a0Frost\u00a0de Back on Track est parfaite pour permettre \u00e0 votre cheval de passer de l\u2019hiver bien au chaud tout en lui apportant les bienfaits du Welltex\u00ae. Cette couverture d'ext\u00e9rieur est \u00e9paisse, bien pens\u00e9e et r\u00e9sistante afin d\u2019apporter au cheval le confort dont il a besoin pendant la saison froide. Retrouver le guide des tailles en photo &nbsp;","breadcrumb":{"@id":"https:\/\/www.vetorino.com\/boutique\/product\/couverture-frost-back-on-track\/#breadcrumb"},"inLanguage":"fr-FR","potentialAction":[{"@type":"ReadAction","target":["https:\/\/www.vetorino.com\/boutique\/product\/couverture-frost-back-on-track\/"]}]},{"@type":"ImageObject","inLanguage":"fr-FR","@id":"https:\/\/www.vetorino.com\/boutique\/product\/couverture-frost-back-on-track\/#primaryimage","url":"https:\/\/www.vetorino.com\/boutique\/wp-content\/uploads\/2020\/06\/couverture-impermeable-cheval-frost-back-on-track.png","contentUrl":"https:\/\/www.vetorino.com\/boutique\/wp-content\/uploads\/2020\/06\/couverture-impermeable-cheval-frost-back-on-track.png","width":458,"height":458},{"@type":"BreadcrumbList","@id":"https:\/\/www.vetorino.com\/boutique\/product\/couverture-frost-back-on-track\/#breadcrumb","itemListElement":[{"@type":"ListItem","position":1,"name":"Accueil","item":"https:\/\/www.vetorino.com\/boutique\/"},{"@type":"ListItem","position":2,"name":"Produits","item":"https:\/\/www.vetorino.com\/boutique\/"},{"@type":"ListItem","position":3,"name":"Couverture Frost Back On Track"}]},{"@type":"WebSite","@id":"https:\/\/www.vetorino.com\/boutique\/#website","url":"https:\/\/www.vetorino.com\/boutique\/","name":"V\u00e9torino","description":"","publisher":{"@id":"https:\/\/www.vetorino.com\/boutique\/#organization"},"potentialAction":[{"@type":"SearchAction","target":{"@type":"EntryPoint","urlTemplate":"https:\/\/www.vetorino.com\/boutique\/?s={search_term_string}"},"query-input":{"@type":"PropertyValueSpecification","valueRequired":true,"valueName":"search_term_string"}}],"inLanguage":"fr-FR"},{"@type":"Organization","@id":"https:\/\/www.vetorino.com\/boutique\/#organization","name":"V\u00e9torino","url":"https:\/\/www.vetorino.com\/boutique\/","logo":{"@type":"ImageObject","inLanguage":"fr-FR","@id":"https:\/\/www.vetorino.com\/boutique\/#\/schema\/logo\/image\/","url":"https:\/\/www.vetorino.com\/boutique\/wp-content\/uploads\/2024\/10\/logo.jpg","contentUrl":"https:\/\/www.vetorino.com\/boutique\/wp-content\/uploads\/2024\/10\/logo.jpg","width":1200,"height":610,"caption":"V\u00e9torino"},"image":{"@id":"https:\/\/www.vetorino.com\/boutique\/#\/schema\/logo\/image\/"},"sameAs":["https:\/\/www.facebook.com\/Vetorino\/","https:\/\/www.instagram.com\/vetorino_off\/","https:\/\/www.linkedin.com\/company\/vtorino\/"]}]},"product_brand":"Back on Track","og_availability":"out of stock","product_availability":"out of stock","product_condition":"new"},"_links":{"self":[{"href":"https:\/\/www.vetorino.com\/veterinaire\/gignaclanerthe-13180\/boutique\/wp-json\/wp\/v2\/product\/94733","targetHints":{"allow":["GET"]}}],"collection":[{"href":"https:\/\/www.vetorino.com\/veterinaire\/gignaclanerthe-13180\/boutique\/wp-json\/wp\/v2\/product"}],"about":[{"href":"https:\/\/www.vetorino.com\/veterinaire\/gignaclanerthe-13180\/boutique\/wp-json\/wp\/v2\/types\/product"}],"wp:featuredmedia":[{"embeddable":true,"href":"https:\/\/www.vetorino.com\/veterinaire\/gignaclanerthe-13180\/boutique\/wp-json\/wp\/v2\/media\/213036"}],"wp:attachment":[{"href":"https:\/\/www.vetorino.com\/veterinaire\/gignaclanerthe-13180\/boutique\/wp-json\/wp\/v2\/media?parent=94733"}],"wp:term":[{"taxonomy":"product_cat","embeddable":true,"href":"https:\/\/www.vetorino.com\/veterinaire\/gignaclanerthe-13180\/boutique\/wp-json\/wp\/v2\/product_cat?post=94733"},{"taxonomy":"product_tag","embeddable":true,"href":"https:\/\/www.vetorino.com\/veterinaire\/gignaclanerthe-13180\/boutique\/wp-json\/wp\/v2\/product_tag?post=94733"}],"curies":[{"name":"wp","href":"https:\/\/api.w.org\/{rel}","templated":true}]}}