{"id":130522,"date":"2020-11-25T20:28:39","date_gmt":"2020-11-25T19:28:39","guid":{"rendered":"https:\/\/www.vetorino.com\/boutique\/product\/kong-softseas\/"},"modified":"2026-03-18T21:16:58","modified_gmt":"2026-03-18T20:16:58","slug":"kong-softseas","status":"publish","type":"product","link":"https:\/\/www.vetorino.com\/veterinaire\/issoudun-36100\/boutique\/product\/kong-softseas\/","title":{"rendered":"Kong SoftSeas Octopus"},"content":{"rendered":"<div class=\"post-interior\">\n<div class=\"grid-container\">\n<div class=\"grid-3\">\n<div class=\"grid-col-3\">\n<div class=\"content\">\n<div class=\"content-element-container container-div\">\n<div id=\"description\" class=\"tab-pane fade active show\" role=\"tabpanel\">\n<div class=\"product-description\">\n<p><strong>Peluche\u00a0au toucher doux et moelleux, id\u00e9ale \u00e0 c\u00e2liner ou pour jouer calmement \u00e0 l\u2019int\u00e9rieur. Ce jouet couine et cr\u00e9pite, pour le plus grand bonheur de votre compagnon.<\/strong><\/p>\n<p>Diff\u00e9rentes mati\u00e8res, diff\u00e9rentes mani\u00e8res de jouer.<\/p>\n<p><strong>Avantages :<\/strong><\/p>\n<ul>\n<li>Forme originale et souple que les chiens auront plaisir \u00e0 secouer.<\/li>\n<li>Les couinements et cr\u00e9pitements offrent plus d&#8217;int\u00e9r\u00eat aux s\u00e9ances de jeu.<\/li>\n<li>En peluche et faux daim.<\/li>\n<\/ul>\n<\/div>\n<\/div>\n<\/div>\n<\/div>\n<\/div>\n<\/div>\n<\/div>\n<\/div>\n","protected":false},"excerpt":{"rendered":"<p>Cette peluche en forme de pieuvre de couleur lilas poss\u00e8de une surface toute douce qui invite aux c\u00e2lins, mais aussi du\u00a0<strong>papier bruissant et un couinement\u00a0<\/strong>qui ne manquera pas de divertir votre chien et de\u00a0<b>l&#8217;occuper pendant des heures<\/b>. Les yeux sont cousus et ce jouet ne poss\u00e8de pas de petits morceaux susceptibles d&#8217;\u00eatre aval\u00e9s. Il est donc id\u00e9al pour divertir les petits et les grands chiens.<\/p>\n","protected":false},"featured_media":1006451,"template":"","meta":[],"product_cat":[12550,2698,12621],"product_tag":[],"class_list":{"0":"post-130522","1":"product","2":"type-product","3":"status-publish","4":"has-post-thumbnail","6":"product_cat-accessoires-du-chien","7":"product_cat-chien","8":"product_cat-jeux-educatifs-pour-chien","9":"pa_marque-kong","11":"first","12":"instock","13":"taxable","14":"shipping-taxable","15":"purchasable","16":"product-type-variable"},"yoast_head":"<!-- This site is optimized with the Yoast SEO plugin v27.3 - https:\/\/yoast.com\/product\/yoast-seo-wordpress\/ -->\n<title>Kong SoftSeas Octopus Kong - V\u00e9torino<\/title>\n<meta name=\"description\" content=\"Cette peluche en forme de pieuvre de couleur lilas poss\u00e8de une surface toute douce qui invite aux c\u00e2lins, mais aussi du\u00a0papier bruissant et un couinement\u00a0qui ne manquera pas de divertir votre chien et de\u00a0l&#039;occuper pendant des heures. Les yeux sont cousus et ce jouet ne poss\u00e8de pas de petits morceaux susceptibles d&#039;\u00eatre aval\u00e9s. Il est donc id\u00e9al pour divertir les petits et les grands chiens.\" \/>\n<meta name=\"robots\" content=\"noindex, nofollow\" \/>\n<meta property=\"og:locale\" content=\"fr_FR\" \/>\n<meta property=\"og:type\" content=\"article\" \/>\n<meta property=\"og:title\" content=\"Kong SoftSeas Octopus Kong - V\u00e9torino\" \/>\n<meta property=\"og:description\" content=\"Cette peluche en forme de pieuvre de couleur lilas poss\u00e8de une surface toute douce qui invite aux c\u00e2lins, mais aussi du\u00a0papier bruissant et un couinement\u00a0qui ne manquera pas de divertir votre chien et de\u00a0l&#039;occuper pendant des heures. Les yeux sont cousus et ce jouet ne poss\u00e8de pas de petits morceaux susceptibles d&#039;\u00eatre aval\u00e9s. Il est donc id\u00e9al pour divertir les petits et les grands chiens.\" \/>\n<meta property=\"og:url\" content=\"https:\/\/www.vetorino.com\/veterinaire\/issoudun-36100\/boutique\/product\/kong-softseas\/\" \/>\n<meta property=\"og:site_name\" content=\"V\u00e9torino\" \/>\n<meta property=\"article:publisher\" content=\"https:\/\/www.facebook.com\/Vetorino\/\" \/>\n<meta property=\"article:modified_time\" content=\"2026-03-18T20:16:58+00:00\" \/>\n<meta property=\"og:image\" content=\"https:\/\/www.vetorino.com\/boutique\/wp-content\/uploads\/2020\/11\/kong-softseas-octopus.jpg\" \/>\n\t<meta property=\"og:image:width\" content=\"540\" \/>\n\t<meta property=\"og:image:height\" content=\"540\" \/>\n\t<meta property=\"og:image:type\" content=\"image\/jpeg\" \/>\n<meta name=\"twitter:card\" content=\"summary_large_image\" \/>\n<meta name=\"twitter:label1\" content=\"Disponibilit\u00e9\" \/>\n\t<meta name=\"twitter:data1\" content=\"En stock\" \/>\n<script type=\"application\/ld+json\" class=\"yoast-schema-graph\">{\"@context\":\"https:\\\/\\\/schema.org\",\"@graph\":[{\"@type\":\"WebPage\",\"@id\":\"https:\\\/\\\/www.vetorino.com\\\/boutique\\\/product\\\/kong-softseas\\\/\",\"url\":\"https:\\\/\\\/www.vetorino.com\\\/boutique\\\/product\\\/kong-softseas\\\/\",\"name\":\"Kong SoftSeas Octopus Kong - V\u00e9torino\",\"isPartOf\":{\"@id\":\"https:\\\/\\\/www.vetorino.com\\\/boutique\\\/#website\"},\"primaryImageOfPage\":{\"@id\":\"https:\\\/\\\/www.vetorino.com\\\/boutique\\\/product\\\/kong-softseas\\\/#primaryimage\"},\"image\":{\"@id\":\"https:\\\/\\\/www.vetorino.com\\\/boutique\\\/product\\\/kong-softseas\\\/#primaryimage\"},\"thumbnailUrl\":\"https:\\\/\\\/www.vetorino.com\\\/boutique\\\/wp-content\\\/uploads\\\/2020\\\/11\\\/kong-softseas-octopus.jpg\",\"datePublished\":\"2020-11-25T19:28:39+00:00\",\"dateModified\":\"2026-03-18T20:16:58+00:00\",\"description\":\"Cette peluche en forme de pieuvre de couleur lilas poss\u00e8de une surface toute douce qui invite aux c\u00e2lins, mais aussi du\u00a0papier bruissant et un couinement\u00a0qui ne manquera pas de divertir votre chien et de\u00a0l'occuper pendant des heures. Les yeux sont cousus et ce jouet ne poss\u00e8de pas de petits morceaux susceptibles d'\u00eatre aval\u00e9s. Il est donc id\u00e9al pour divertir les petits et les grands chiens.\",\"breadcrumb\":{\"@id\":\"https:\\\/\\\/www.vetorino.com\\\/boutique\\\/product\\\/kong-softseas\\\/#breadcrumb\"},\"inLanguage\":\"fr-FR\",\"potentialAction\":[{\"@type\":\"ReadAction\",\"target\":[\"https:\\\/\\\/www.vetorino.com\\\/boutique\\\/product\\\/kong-softseas\\\/\"]}]},{\"@type\":\"ImageObject\",\"inLanguage\":\"fr-FR\",\"@id\":\"https:\\\/\\\/www.vetorino.com\\\/boutique\\\/product\\\/kong-softseas\\\/#primaryimage\",\"url\":\"https:\\\/\\\/www.vetorino.com\\\/boutique\\\/wp-content\\\/uploads\\\/2020\\\/11\\\/kong-softseas-octopus.jpg\",\"contentUrl\":\"https:\\\/\\\/www.vetorino.com\\\/boutique\\\/wp-content\\\/uploads\\\/2020\\\/11\\\/kong-softseas-octopus.jpg\",\"width\":540,\"height\":540},{\"@type\":\"BreadcrumbList\",\"@id\":\"https:\\\/\\\/www.vetorino.com\\\/boutique\\\/product\\\/kong-softseas\\\/#breadcrumb\",\"itemListElement\":[{\"@type\":\"ListItem\",\"position\":1,\"name\":\"Accueil\",\"item\":\"https:\\\/\\\/www.vetorino.com\\\/boutique\\\/\"},{\"@type\":\"ListItem\",\"position\":2,\"name\":\"Produits\",\"item\":\"https:\\\/\\\/www.vetorino.com\\\/boutique\\\/\"},{\"@type\":\"ListItem\",\"position\":3,\"name\":\"Kong SoftSeas Octopus\"}]},{\"@type\":\"WebSite\",\"@id\":\"https:\\\/\\\/www.vetorino.com\\\/boutique\\\/#website\",\"url\":\"https:\\\/\\\/www.vetorino.com\\\/boutique\\\/\",\"name\":\"V\u00e9torino\",\"description\":\"\",\"publisher\":{\"@id\":\"https:\\\/\\\/www.vetorino.com\\\/boutique\\\/#organization\"},\"potentialAction\":[{\"@type\":\"SearchAction\",\"target\":{\"@type\":\"EntryPoint\",\"urlTemplate\":\"https:\\\/\\\/www.vetorino.com\\\/boutique\\\/?s={search_term_string}\"},\"query-input\":{\"@type\":\"PropertyValueSpecification\",\"valueRequired\":true,\"valueName\":\"search_term_string\"}}],\"inLanguage\":\"fr-FR\"},{\"@type\":\"Organization\",\"@id\":\"https:\\\/\\\/www.vetorino.com\\\/boutique\\\/#organization\",\"name\":\"V\u00e9torino\",\"url\":\"https:\\\/\\\/www.vetorino.com\\\/boutique\\\/\",\"logo\":{\"@type\":\"ImageObject\",\"inLanguage\":\"fr-FR\",\"@id\":\"https:\\\/\\\/www.vetorino.com\\\/boutique\\\/#\\\/schema\\\/logo\\\/image\\\/\",\"url\":\"https:\\\/\\\/www.vetorino.com\\\/boutique\\\/wp-content\\\/uploads\\\/2024\\\/10\\\/logo.jpg\",\"contentUrl\":\"https:\\\/\\\/www.vetorino.com\\\/boutique\\\/wp-content\\\/uploads\\\/2024\\\/10\\\/logo.jpg\",\"width\":1200,\"height\":610,\"caption\":\"V\u00e9torino\"},\"image\":{\"@id\":\"https:\\\/\\\/www.vetorino.com\\\/boutique\\\/#\\\/schema\\\/logo\\\/image\\\/\"},\"sameAs\":[\"https:\\\/\\\/www.facebook.com\\\/Vetorino\\\/\",\"https:\\\/\\\/www.instagram.com\\\/vetorino_off\\\/\",\"https:\\\/\\\/www.linkedin.com\\\/company\\\/vtorino\\\/\"]}]}<\/script>\n<meta property=\"product:brand\" content=\"Kong\" \/>\n<meta property=\"og:availability\" content=\"instock\" \/>\n<meta property=\"product:availability\" content=\"instock\" \/>\n<meta property=\"product:condition\" content=\"new\" \/>\n<!-- \/ Yoast SEO plugin. -->","yoast_head_json":{"title":"Kong SoftSeas Octopus Kong - V\u00e9torino","description":"Cette peluche en forme de pieuvre de couleur lilas poss\u00e8de une surface toute douce qui invite aux c\u00e2lins, mais aussi du\u00a0papier bruissant et un couinement\u00a0qui ne manquera pas de divertir votre chien et de\u00a0l'occuper pendant des heures. Les yeux sont cousus et ce jouet ne poss\u00e8de pas de petits morceaux susceptibles d'\u00eatre aval\u00e9s. Il est donc id\u00e9al pour divertir les petits et les grands chiens.","robots":{"index":"noindex","follow":"nofollow"},"og_locale":"fr_FR","og_type":"article","og_title":"Kong SoftSeas Octopus Kong - V\u00e9torino","og_description":"Cette peluche en forme de pieuvre de couleur lilas poss\u00e8de une surface toute douce qui invite aux c\u00e2lins, mais aussi du\u00a0papier bruissant et un couinement\u00a0qui ne manquera pas de divertir votre chien et de\u00a0l'occuper pendant des heures. Les yeux sont cousus et ce jouet ne poss\u00e8de pas de petits morceaux susceptibles d'\u00eatre aval\u00e9s. Il est donc id\u00e9al pour divertir les petits et les grands chiens.","og_url":"https:\/\/www.vetorino.com\/veterinaire\/issoudun-36100\/boutique\/product\/kong-softseas\/","og_site_name":"V\u00e9torino","article_publisher":"https:\/\/www.facebook.com\/Vetorino\/","article_modified_time":"2026-03-18T20:16:58+00:00","og_image":[{"width":540,"height":540,"url":"https:\/\/www.vetorino.com\/boutique\/wp-content\/uploads\/2020\/11\/kong-softseas-octopus.jpg","type":"image\/jpeg"}],"twitter_card":"summary_large_image","twitter_misc":{"Disponibilit\u00e9":"En stock"},"schema":{"@context":"https:\/\/schema.org","@graph":[{"@type":"WebPage","@id":"https:\/\/www.vetorino.com\/boutique\/product\/kong-softseas\/","url":"https:\/\/www.vetorino.com\/boutique\/product\/kong-softseas\/","name":"Kong SoftSeas Octopus Kong - V\u00e9torino","isPartOf":{"@id":"https:\/\/www.vetorino.com\/boutique\/#website"},"primaryImageOfPage":{"@id":"https:\/\/www.vetorino.com\/boutique\/product\/kong-softseas\/#primaryimage"},"image":{"@id":"https:\/\/www.vetorino.com\/boutique\/product\/kong-softseas\/#primaryimage"},"thumbnailUrl":"https:\/\/www.vetorino.com\/boutique\/wp-content\/uploads\/2020\/11\/kong-softseas-octopus.jpg","datePublished":"2020-11-25T19:28:39+00:00","dateModified":"2026-03-18T20:16:58+00:00","description":"Cette peluche en forme de pieuvre de couleur lilas poss\u00e8de une surface toute douce qui invite aux c\u00e2lins, mais aussi du\u00a0papier bruissant et un couinement\u00a0qui ne manquera pas de divertir votre chien et de\u00a0l'occuper pendant des heures. Les yeux sont cousus et ce jouet ne poss\u00e8de pas de petits morceaux susceptibles d'\u00eatre aval\u00e9s. Il est donc id\u00e9al pour divertir les petits et les grands chiens.","breadcrumb":{"@id":"https:\/\/www.vetorino.com\/boutique\/product\/kong-softseas\/#breadcrumb"},"inLanguage":"fr-FR","potentialAction":[{"@type":"ReadAction","target":["https:\/\/www.vetorino.com\/boutique\/product\/kong-softseas\/"]}]},{"@type":"ImageObject","inLanguage":"fr-FR","@id":"https:\/\/www.vetorino.com\/boutique\/product\/kong-softseas\/#primaryimage","url":"https:\/\/www.vetorino.com\/boutique\/wp-content\/uploads\/2020\/11\/kong-softseas-octopus.jpg","contentUrl":"https:\/\/www.vetorino.com\/boutique\/wp-content\/uploads\/2020\/11\/kong-softseas-octopus.jpg","width":540,"height":540},{"@type":"BreadcrumbList","@id":"https:\/\/www.vetorino.com\/boutique\/product\/kong-softseas\/#breadcrumb","itemListElement":[{"@type":"ListItem","position":1,"name":"Accueil","item":"https:\/\/www.vetorino.com\/boutique\/"},{"@type":"ListItem","position":2,"name":"Produits","item":"https:\/\/www.vetorino.com\/boutique\/"},{"@type":"ListItem","position":3,"name":"Kong SoftSeas Octopus"}]},{"@type":"WebSite","@id":"https:\/\/www.vetorino.com\/boutique\/#website","url":"https:\/\/www.vetorino.com\/boutique\/","name":"V\u00e9torino","description":"","publisher":{"@id":"https:\/\/www.vetorino.com\/boutique\/#organization"},"potentialAction":[{"@type":"SearchAction","target":{"@type":"EntryPoint","urlTemplate":"https:\/\/www.vetorino.com\/boutique\/?s={search_term_string}"},"query-input":{"@type":"PropertyValueSpecification","valueRequired":true,"valueName":"search_term_string"}}],"inLanguage":"fr-FR"},{"@type":"Organization","@id":"https:\/\/www.vetorino.com\/boutique\/#organization","name":"V\u00e9torino","url":"https:\/\/www.vetorino.com\/boutique\/","logo":{"@type":"ImageObject","inLanguage":"fr-FR","@id":"https:\/\/www.vetorino.com\/boutique\/#\/schema\/logo\/image\/","url":"https:\/\/www.vetorino.com\/boutique\/wp-content\/uploads\/2024\/10\/logo.jpg","contentUrl":"https:\/\/www.vetorino.com\/boutique\/wp-content\/uploads\/2024\/10\/logo.jpg","width":1200,"height":610,"caption":"V\u00e9torino"},"image":{"@id":"https:\/\/www.vetorino.com\/boutique\/#\/schema\/logo\/image\/"},"sameAs":["https:\/\/www.facebook.com\/Vetorino\/","https:\/\/www.instagram.com\/vetorino_off\/","https:\/\/www.linkedin.com\/company\/vtorino\/"]}]},"product_brand":"Kong","og_availability":"instock","product_availability":"instock","product_condition":"new"},"_links":{"self":[{"href":"https:\/\/www.vetorino.com\/veterinaire\/issoudun-36100\/boutique\/wp-json\/wp\/v2\/product\/130522","targetHints":{"allow":["GET"]}}],"collection":[{"href":"https:\/\/www.vetorino.com\/veterinaire\/issoudun-36100\/boutique\/wp-json\/wp\/v2\/product"}],"about":[{"href":"https:\/\/www.vetorino.com\/veterinaire\/issoudun-36100\/boutique\/wp-json\/wp\/v2\/types\/product"}],"wp:featuredmedia":[{"embeddable":true,"href":"https:\/\/www.vetorino.com\/veterinaire\/issoudun-36100\/boutique\/wp-json\/wp\/v2\/media\/1006451"}],"wp:attachment":[{"href":"https:\/\/www.vetorino.com\/veterinaire\/issoudun-36100\/boutique\/wp-json\/wp\/v2\/media?parent=130522"}],"wp:term":[{"taxonomy":"product_cat","embeddable":true,"href":"https:\/\/www.vetorino.com\/veterinaire\/issoudun-36100\/boutique\/wp-json\/wp\/v2\/product_cat?post=130522"},{"taxonomy":"product_tag","embeddable":true,"href":"https:\/\/www.vetorino.com\/veterinaire\/issoudun-36100\/boutique\/wp-json\/wp\/v2\/product_tag?post=130522"}],"curies":[{"name":"wp","href":"https:\/\/api.w.org\/{rel}","templated":true}]}}