{"id":549942,"date":"2023-01-31T15:13:55","date_gmt":"2023-01-31T14:13:55","guid":{"rendered":"https:\/\/www.vetorino.com\/boutique\/product\/griffoir-trixie-vague-mimi\/"},"modified":"2026-03-15T02:42:53","modified_gmt":"2026-03-15T01:42:53","slug":"griffoir-trixie-vague-mimi","status":"publish","type":"product","link":"https:\/\/www.vetorino.com\/veterinaire\/issoudun-36100\/boutique\/product\/griffoir-trixie-vague-mimi\/","title":{"rendered":"Griffoir Trixie Vague Mimi"},"content":{"rendered":"<p>Avec son aspect ondul\u00e9 en forme de vague, le\u00a0<strong>griffoir Mimi<\/strong>\u00a0va apporter une touche d\u2019originalit\u00e9 dans votre int\u00e9rieur. Cet accessoire va permettre \u00e0 votre animal de compagnie de s\u2019entretenir les griffes et de s\u2019\u00e9tirer \u00e0 son aise gr\u00e2ce \u00e0 une surface \u00e0 griffer de 50 cm. Ce mod\u00e8le de griffoir est fabriqu\u00e9 dans une mati\u00e8re en carton qui r\u00e9siste \u00e0 de longues s\u00e9ances de griffure.<\/p>\n<p>Ce\u00a0<strong>griffoir en forme de vague<\/strong>\u00a0comporte de l\u2019herbe \u00e0 chat pour attirer votre animal de compagnie. Cet accessoire pratique se pose simplement au sol. Il poss\u00e8de \u00e9galement un bel aspect qui va d\u00e9corer votre int\u00e9rieur.<\/p>\n<p>Diam\u00e8tre : 48 x 16 x 22 cm<\/p>\n","protected":false},"excerpt":{"rendered":"<p>Le Griffoir vague Mimi est un griffoir en carton l\u00e9ger pour l &#8216;entretien des griffes de votre chat. Dimensions: 48 \u00d7 16 \u00d7 22 cm<\/p>\n","protected":false},"featured_media":633750,"template":"","meta":[],"product_cat":[2748,2697],"product_tag":[],"class_list":{"0":"post-549942","1":"product","2":"type-product","3":"status-publish","4":"has-post-thumbnail","6":"product_cat-arbres-a-chat-griffoirs","7":"product_cat-chat","8":"pa_marque-trixie","10":"first","11":"instock","12":"taxable","13":"shipping-taxable","14":"purchasable","15":"product-type-variable"},"yoast_head":"<!-- This site is optimized with the Yoast SEO plugin v27.3 - https:\/\/yoast.com\/product\/yoast-seo-wordpress\/ -->\n<title>Griffoir Trixie Vague Mimi Trixie - V\u00e9torino<\/title>\n<meta name=\"description\" content=\"Le Griffoir vague Mimi est un griffoir en carton l\u00e9ger pour l &#039;entretien des griffes de votre chat. Dimensions: 48 \u00d7 16 \u00d7 22 cm\" \/>\n<meta name=\"robots\" content=\"noindex, nofollow\" \/>\n<meta property=\"og:locale\" content=\"fr_FR\" \/>\n<meta property=\"og:type\" content=\"article\" \/>\n<meta property=\"og:title\" content=\"Griffoir Trixie Vague Mimi Trixie - V\u00e9torino\" \/>\n<meta property=\"og:description\" content=\"Le Griffoir vague Mimi est un griffoir en carton l\u00e9ger pour l &#039;entretien des griffes de votre chat. Dimensions: 48 \u00d7 16 \u00d7 22 cm\" \/>\n<meta property=\"og:url\" content=\"https:\/\/www.vetorino.com\/veterinaire\/issoudun-36100\/boutique\/product\/griffoir-trixie-vague-mimi\/\" \/>\n<meta property=\"og:site_name\" content=\"V\u00e9torino\" \/>\n<meta property=\"article:publisher\" content=\"https:\/\/www.facebook.com\/Vetorino\/\" \/>\n<meta property=\"article:modified_time\" content=\"2026-03-15T01:42:53+00:00\" \/>\n<meta property=\"og:image\" content=\"https:\/\/www.vetorino.com\/boutique\/wp-content\/uploads\/2023\/01\/griffoir-vague-mimi-rouge-48-x-16-x-22-cm-pour-chat-animallparadise-ap-tr-48002.jpg\" \/>\n\t<meta property=\"og:image:width\" content=\"1000\" \/>\n\t<meta property=\"og:image:height\" content=\"1000\" \/>\n\t<meta property=\"og:image:type\" content=\"image\/jpeg\" \/>\n<meta name=\"twitter:card\" content=\"summary_large_image\" \/>\n<meta name=\"twitter:label1\" content=\"Disponibilit\u00e9\" \/>\n\t<meta name=\"twitter:data1\" content=\"En stock\" \/>\n<script type=\"application\/ld+json\" class=\"yoast-schema-graph\">{\"@context\":\"https:\\\/\\\/schema.org\",\"@graph\":[{\"@type\":\"WebPage\",\"@id\":\"https:\\\/\\\/www.vetorino.com\\\/boutique\\\/product\\\/griffoir-trixie-vague-mimi\\\/\",\"url\":\"https:\\\/\\\/www.vetorino.com\\\/boutique\\\/product\\\/griffoir-trixie-vague-mimi\\\/\",\"name\":\"Griffoir Trixie Vague Mimi Trixie - V\u00e9torino\",\"isPartOf\":{\"@id\":\"https:\\\/\\\/www.vetorino.com\\\/boutique\\\/#website\"},\"primaryImageOfPage\":{\"@id\":\"https:\\\/\\\/www.vetorino.com\\\/boutique\\\/product\\\/griffoir-trixie-vague-mimi\\\/#primaryimage\"},\"image\":{\"@id\":\"https:\\\/\\\/www.vetorino.com\\\/boutique\\\/product\\\/griffoir-trixie-vague-mimi\\\/#primaryimage\"},\"thumbnailUrl\":\"https:\\\/\\\/www.vetorino.com\\\/boutique\\\/wp-content\\\/uploads\\\/2023\\\/01\\\/griffoir-vague-mimi-rouge-48-x-16-x-22-cm-pour-chat-animallparadise-ap-tr-48002.jpg\",\"datePublished\":\"2023-01-31T14:13:55+00:00\",\"dateModified\":\"2026-03-15T01:42:53+00:00\",\"description\":\"Le Griffoir vague Mimi est un griffoir en carton l\u00e9ger pour l 'entretien des griffes de votre chat. Dimensions: 48 \u00d7 16 \u00d7 22 cm\",\"breadcrumb\":{\"@id\":\"https:\\\/\\\/www.vetorino.com\\\/boutique\\\/product\\\/griffoir-trixie-vague-mimi\\\/#breadcrumb\"},\"inLanguage\":\"fr-FR\",\"potentialAction\":[{\"@type\":\"ReadAction\",\"target\":[\"https:\\\/\\\/www.vetorino.com\\\/boutique\\\/product\\\/griffoir-trixie-vague-mimi\\\/\"]}]},{\"@type\":\"ImageObject\",\"inLanguage\":\"fr-FR\",\"@id\":\"https:\\\/\\\/www.vetorino.com\\\/boutique\\\/product\\\/griffoir-trixie-vague-mimi\\\/#primaryimage\",\"url\":\"https:\\\/\\\/www.vetorino.com\\\/boutique\\\/wp-content\\\/uploads\\\/2023\\\/01\\\/griffoir-vague-mimi-rouge-48-x-16-x-22-cm-pour-chat-animallparadise-ap-tr-48002.jpg\",\"contentUrl\":\"https:\\\/\\\/www.vetorino.com\\\/boutique\\\/wp-content\\\/uploads\\\/2023\\\/01\\\/griffoir-vague-mimi-rouge-48-x-16-x-22-cm-pour-chat-animallparadise-ap-tr-48002.jpg\",\"width\":1000,\"height\":1000},{\"@type\":\"BreadcrumbList\",\"@id\":\"https:\\\/\\\/www.vetorino.com\\\/boutique\\\/product\\\/griffoir-trixie-vague-mimi\\\/#breadcrumb\",\"itemListElement\":[{\"@type\":\"ListItem\",\"position\":1,\"name\":\"Accueil\",\"item\":\"https:\\\/\\\/www.vetorino.com\\\/boutique\\\/\"},{\"@type\":\"ListItem\",\"position\":2,\"name\":\"Produits\",\"item\":\"https:\\\/\\\/www.vetorino.com\\\/boutique\\\/\"},{\"@type\":\"ListItem\",\"position\":3,\"name\":\"Griffoir Trixie Vague Mimi\"}]},{\"@type\":\"WebSite\",\"@id\":\"https:\\\/\\\/www.vetorino.com\\\/boutique\\\/#website\",\"url\":\"https:\\\/\\\/www.vetorino.com\\\/boutique\\\/\",\"name\":\"V\u00e9torino\",\"description\":\"\",\"publisher\":{\"@id\":\"https:\\\/\\\/www.vetorino.com\\\/boutique\\\/#organization\"},\"potentialAction\":[{\"@type\":\"SearchAction\",\"target\":{\"@type\":\"EntryPoint\",\"urlTemplate\":\"https:\\\/\\\/www.vetorino.com\\\/boutique\\\/?s={search_term_string}\"},\"query-input\":{\"@type\":\"PropertyValueSpecification\",\"valueRequired\":true,\"valueName\":\"search_term_string\"}}],\"inLanguage\":\"fr-FR\"},{\"@type\":\"Organization\",\"@id\":\"https:\\\/\\\/www.vetorino.com\\\/boutique\\\/#organization\",\"name\":\"V\u00e9torino\",\"url\":\"https:\\\/\\\/www.vetorino.com\\\/boutique\\\/\",\"logo\":{\"@type\":\"ImageObject\",\"inLanguage\":\"fr-FR\",\"@id\":\"https:\\\/\\\/www.vetorino.com\\\/boutique\\\/#\\\/schema\\\/logo\\\/image\\\/\",\"url\":\"https:\\\/\\\/www.vetorino.com\\\/boutique\\\/wp-content\\\/uploads\\\/2024\\\/10\\\/logo.jpg\",\"contentUrl\":\"https:\\\/\\\/www.vetorino.com\\\/boutique\\\/wp-content\\\/uploads\\\/2024\\\/10\\\/logo.jpg\",\"width\":1200,\"height\":610,\"caption\":\"V\u00e9torino\"},\"image\":{\"@id\":\"https:\\\/\\\/www.vetorino.com\\\/boutique\\\/#\\\/schema\\\/logo\\\/image\\\/\"},\"sameAs\":[\"https:\\\/\\\/www.facebook.com\\\/Vetorino\\\/\",\"https:\\\/\\\/www.instagram.com\\\/vetorino_off\\\/\",\"https:\\\/\\\/www.linkedin.com\\\/company\\\/vtorino\\\/\"]}]}<\/script>\n<meta property=\"product:brand\" content=\"Trixie\" \/>\n<meta property=\"og:availability\" content=\"instock\" \/>\n<meta property=\"product:availability\" content=\"instock\" \/>\n<meta property=\"product:condition\" content=\"new\" \/>\n<!-- \/ Yoast SEO plugin. -->","yoast_head_json":{"title":"Griffoir Trixie Vague Mimi Trixie - V\u00e9torino","description":"Le Griffoir vague Mimi est un griffoir en carton l\u00e9ger pour l 'entretien des griffes de votre chat. Dimensions: 48 \u00d7 16 \u00d7 22 cm","robots":{"index":"noindex","follow":"nofollow"},"og_locale":"fr_FR","og_type":"article","og_title":"Griffoir Trixie Vague Mimi Trixie - V\u00e9torino","og_description":"Le Griffoir vague Mimi est un griffoir en carton l\u00e9ger pour l 'entretien des griffes de votre chat. Dimensions: 48 \u00d7 16 \u00d7 22 cm","og_url":"https:\/\/www.vetorino.com\/veterinaire\/issoudun-36100\/boutique\/product\/griffoir-trixie-vague-mimi\/","og_site_name":"V\u00e9torino","article_publisher":"https:\/\/www.facebook.com\/Vetorino\/","article_modified_time":"2026-03-15T01:42:53+00:00","og_image":[{"width":1000,"height":1000,"url":"https:\/\/www.vetorino.com\/boutique\/wp-content\/uploads\/2023\/01\/griffoir-vague-mimi-rouge-48-x-16-x-22-cm-pour-chat-animallparadise-ap-tr-48002.jpg","type":"image\/jpeg"}],"twitter_card":"summary_large_image","twitter_misc":{"Disponibilit\u00e9":"En stock"},"schema":{"@context":"https:\/\/schema.org","@graph":[{"@type":"WebPage","@id":"https:\/\/www.vetorino.com\/boutique\/product\/griffoir-trixie-vague-mimi\/","url":"https:\/\/www.vetorino.com\/boutique\/product\/griffoir-trixie-vague-mimi\/","name":"Griffoir Trixie Vague Mimi Trixie - V\u00e9torino","isPartOf":{"@id":"https:\/\/www.vetorino.com\/boutique\/#website"},"primaryImageOfPage":{"@id":"https:\/\/www.vetorino.com\/boutique\/product\/griffoir-trixie-vague-mimi\/#primaryimage"},"image":{"@id":"https:\/\/www.vetorino.com\/boutique\/product\/griffoir-trixie-vague-mimi\/#primaryimage"},"thumbnailUrl":"https:\/\/www.vetorino.com\/boutique\/wp-content\/uploads\/2023\/01\/griffoir-vague-mimi-rouge-48-x-16-x-22-cm-pour-chat-animallparadise-ap-tr-48002.jpg","datePublished":"2023-01-31T14:13:55+00:00","dateModified":"2026-03-15T01:42:53+00:00","description":"Le Griffoir vague Mimi est un griffoir en carton l\u00e9ger pour l 'entretien des griffes de votre chat. Dimensions: 48 \u00d7 16 \u00d7 22 cm","breadcrumb":{"@id":"https:\/\/www.vetorino.com\/boutique\/product\/griffoir-trixie-vague-mimi\/#breadcrumb"},"inLanguage":"fr-FR","potentialAction":[{"@type":"ReadAction","target":["https:\/\/www.vetorino.com\/boutique\/product\/griffoir-trixie-vague-mimi\/"]}]},{"@type":"ImageObject","inLanguage":"fr-FR","@id":"https:\/\/www.vetorino.com\/boutique\/product\/griffoir-trixie-vague-mimi\/#primaryimage","url":"https:\/\/www.vetorino.com\/boutique\/wp-content\/uploads\/2023\/01\/griffoir-vague-mimi-rouge-48-x-16-x-22-cm-pour-chat-animallparadise-ap-tr-48002.jpg","contentUrl":"https:\/\/www.vetorino.com\/boutique\/wp-content\/uploads\/2023\/01\/griffoir-vague-mimi-rouge-48-x-16-x-22-cm-pour-chat-animallparadise-ap-tr-48002.jpg","width":1000,"height":1000},{"@type":"BreadcrumbList","@id":"https:\/\/www.vetorino.com\/boutique\/product\/griffoir-trixie-vague-mimi\/#breadcrumb","itemListElement":[{"@type":"ListItem","position":1,"name":"Accueil","item":"https:\/\/www.vetorino.com\/boutique\/"},{"@type":"ListItem","position":2,"name":"Produits","item":"https:\/\/www.vetorino.com\/boutique\/"},{"@type":"ListItem","position":3,"name":"Griffoir Trixie Vague Mimi"}]},{"@type":"WebSite","@id":"https:\/\/www.vetorino.com\/boutique\/#website","url":"https:\/\/www.vetorino.com\/boutique\/","name":"V\u00e9torino","description":"","publisher":{"@id":"https:\/\/www.vetorino.com\/boutique\/#organization"},"potentialAction":[{"@type":"SearchAction","target":{"@type":"EntryPoint","urlTemplate":"https:\/\/www.vetorino.com\/boutique\/?s={search_term_string}"},"query-input":{"@type":"PropertyValueSpecification","valueRequired":true,"valueName":"search_term_string"}}],"inLanguage":"fr-FR"},{"@type":"Organization","@id":"https:\/\/www.vetorino.com\/boutique\/#organization","name":"V\u00e9torino","url":"https:\/\/www.vetorino.com\/boutique\/","logo":{"@type":"ImageObject","inLanguage":"fr-FR","@id":"https:\/\/www.vetorino.com\/boutique\/#\/schema\/logo\/image\/","url":"https:\/\/www.vetorino.com\/boutique\/wp-content\/uploads\/2024\/10\/logo.jpg","contentUrl":"https:\/\/www.vetorino.com\/boutique\/wp-content\/uploads\/2024\/10\/logo.jpg","width":1200,"height":610,"caption":"V\u00e9torino"},"image":{"@id":"https:\/\/www.vetorino.com\/boutique\/#\/schema\/logo\/image\/"},"sameAs":["https:\/\/www.facebook.com\/Vetorino\/","https:\/\/www.instagram.com\/vetorino_off\/","https:\/\/www.linkedin.com\/company\/vtorino\/"]}]},"product_brand":"Trixie","og_availability":"instock","product_availability":"instock","product_condition":"new"},"_links":{"self":[{"href":"https:\/\/www.vetorino.com\/veterinaire\/issoudun-36100\/boutique\/wp-json\/wp\/v2\/product\/549942","targetHints":{"allow":["GET"]}}],"collection":[{"href":"https:\/\/www.vetorino.com\/veterinaire\/issoudun-36100\/boutique\/wp-json\/wp\/v2\/product"}],"about":[{"href":"https:\/\/www.vetorino.com\/veterinaire\/issoudun-36100\/boutique\/wp-json\/wp\/v2\/types\/product"}],"wp:featuredmedia":[{"embeddable":true,"href":"https:\/\/www.vetorino.com\/veterinaire\/issoudun-36100\/boutique\/wp-json\/wp\/v2\/media\/633750"}],"wp:attachment":[{"href":"https:\/\/www.vetorino.com\/veterinaire\/issoudun-36100\/boutique\/wp-json\/wp\/v2\/media?parent=549942"}],"wp:term":[{"taxonomy":"product_cat","embeddable":true,"href":"https:\/\/www.vetorino.com\/veterinaire\/issoudun-36100\/boutique\/wp-json\/wp\/v2\/product_cat?post=549942"},{"taxonomy":"product_tag","embeddable":true,"href":"https:\/\/www.vetorino.com\/veterinaire\/issoudun-36100\/boutique\/wp-json\/wp\/v2\/product_tag?post=549942"}],"curies":[{"name":"wp","href":"https:\/\/api.w.org\/{rel}","templated":true}]}}