{"id":99268,"date":"2020-06-30T01:29:04","date_gmt":"2020-06-29T23:29:04","guid":{"rendered":"https:\/\/www.vetorino.com\/boutique\/product\/litiere-absorbante-perlinette-cristaux\/"},"modified":"2026-03-13T22:04:48","modified_gmt":"2026-03-13T21:04:48","slug":"litiere-absorbante-perlinette-cristaux","status":"publish","type":"product","link":"https:\/\/www.vetorino.com\/veterinaire\/issoudun-36100\/boutique\/product\/litiere-absorbante-perlinette-cristaux\/","title":{"rendered":"Liti\u00e8re absorbante Perlinette Cristaux"},"content":{"rendered":"<div class=\"hidden\">MATERIEL<\/div>\n<div class=\"hidden\">Chats<\/div>\n<p>Elle est compos\u00e9e de petites billes absorbantes qui neutralisent parfaitement les odeurs et ne se collent pas aux pattes de votre chat. Nettoyer les selles quotidiennement avec une pelle de nettoyage et la liti\u00e8re reste propre pendant 1 mois sans odeur.<\/p>\n<p><strong>Avantages<\/strong><\/p>\n<ul>\n<li>Confortable : ne colle pas aux pattes et permet donc de garder propre le coin liti\u00e8re de votre chat.<\/li>\n<li>Tr\u00e8s absorbante, elle retient aussi bien les odeurs que les liquides.<\/li>\n<li>Respect de l&#8217;environnement, elle est biod\u00e9gradable \u00e0 100%.<\/li>\n<li>Inhibe les bact\u00e9ries : gr\u00e2ce \u00e0 son action absorbante, Perlinette liti\u00e8re pour Animaux reste toujours s\u00e8che. Priv\u00e9es d&#8217;eau, les bact\u00e9ries ne se multiplient plus. Vous avez une liti\u00e8re saine.<\/li>\n<\/ul>\n","protected":false},"excerpt":{"rendered":"<p>Liti\u00e8re <strong>biod\u00e9gradable<\/strong> <strong>antistatique<\/strong>, en <strong>silica<\/strong> gel, con\u00e7ue sp\u00e9cialement pour les <strong>chats<\/strong> de tous <strong>\u00e2ges.<\/strong><\/p>\n","protected":false},"featured_media":156381,"template":"","meta":[],"product_cat":[12548,2697,12628],"product_tag":[],"class_list":{"0":"post-99268","1":"product","2":"type-product","3":"status-publish","4":"has-post-thumbnail","6":"product_cat-accessoire-du-chat","7":"product_cat-chat","8":"product_cat-litieres-du-chat","9":"pa_marque-perlinette","11":"first","12":"instock","13":"taxable","14":"shipping-taxable","15":"purchasable","16":"product-type-variable"},"yoast_head":"<!-- This site is optimized with the Yoast SEO plugin v27.3 - https:\/\/yoast.com\/product\/yoast-seo-wordpress\/ -->\n<title>Liti\u00e8re absorbante Perlinette Cristaux Perlinette - V\u00e9torino<\/title>\n<meta name=\"description\" content=\"Liti\u00e8re biod\u00e9gradable antistatique, en silica gel, con\u00e7ue sp\u00e9cialement pour les chats de tous \u00e2ges.\" \/>\n<meta name=\"robots\" content=\"noindex, nofollow\" \/>\n<meta property=\"og:locale\" content=\"fr_FR\" \/>\n<meta property=\"og:type\" content=\"article\" \/>\n<meta property=\"og:title\" content=\"Liti\u00e8re absorbante Perlinette Cristaux Perlinette - V\u00e9torino\" \/>\n<meta property=\"og:description\" content=\"Liti\u00e8re biod\u00e9gradable antistatique, en silica gel, con\u00e7ue sp\u00e9cialement pour les chats de tous \u00e2ges.\" \/>\n<meta property=\"og:url\" content=\"https:\/\/www.vetorino.com\/veterinaire\/issoudun-36100\/boutique\/product\/litiere-absorbante-perlinette-cristaux\/\" \/>\n<meta property=\"og:site_name\" content=\"V\u00e9torino\" \/>\n<meta property=\"article:publisher\" content=\"https:\/\/www.facebook.com\/Vetorino\/\" \/>\n<meta property=\"article:modified_time\" content=\"2026-03-13T21:04:48+00:00\" \/>\n<meta property=\"og:image\" content=\"https:\/\/www.vetorino.com\/boutique\/wp-content\/uploads\/2020\/06\/litiere-cristaux-chats.jpg\" \/>\n\t<meta property=\"og:image:width\" content=\"458\" \/>\n\t<meta property=\"og:image:height\" content=\"458\" \/>\n\t<meta property=\"og:image:type\" content=\"image\/jpeg\" \/>\n<meta name=\"twitter:card\" content=\"summary_large_image\" \/>\n<meta name=\"twitter:label1\" content=\"Disponibilit\u00e9\" \/>\n\t<meta name=\"twitter:data1\" content=\"En stock\" \/>\n<script type=\"application\/ld+json\" class=\"yoast-schema-graph\">{\"@context\":\"https:\\\/\\\/schema.org\",\"@graph\":[{\"@type\":\"WebPage\",\"@id\":\"https:\\\/\\\/www.vetorino.com\\\/veterinaire\\\/marseille-13007\\\/boutique\\\/product\\\/litiere-absorbante-perlinette-cristaux\\\/\",\"url\":\"https:\\\/\\\/www.vetorino.com\\\/veterinaire\\\/marseille-13007\\\/boutique\\\/product\\\/litiere-absorbante-perlinette-cristaux\\\/\",\"name\":\"Liti\u00e8re absorbante Perlinette Cristaux Perlinette - V\u00e9torino\",\"isPartOf\":{\"@id\":\"https:\\\/\\\/www.vetorino.com\\\/boutique\\\/#website\"},\"primaryImageOfPage\":{\"@id\":\"https:\\\/\\\/www.vetorino.com\\\/veterinaire\\\/marseille-13007\\\/boutique\\\/product\\\/litiere-absorbante-perlinette-cristaux\\\/#primaryimage\"},\"image\":{\"@id\":\"https:\\\/\\\/www.vetorino.com\\\/veterinaire\\\/marseille-13007\\\/boutique\\\/product\\\/litiere-absorbante-perlinette-cristaux\\\/#primaryimage\"},\"thumbnailUrl\":\"https:\\\/\\\/www.vetorino.com\\\/boutique\\\/wp-content\\\/uploads\\\/2020\\\/06\\\/litiere-cristaux-chats.jpg\",\"datePublished\":\"2020-06-29T23:29:04+00:00\",\"dateModified\":\"2026-03-13T21:04:48+00:00\",\"description\":\"Liti\u00e8re biod\u00e9gradable antistatique, en silica gel, con\u00e7ue sp\u00e9cialement pour les chats de tous \u00e2ges.\",\"breadcrumb\":{\"@id\":\"https:\\\/\\\/www.vetorino.com\\\/veterinaire\\\/marseille-13007\\\/boutique\\\/product\\\/litiere-absorbante-perlinette-cristaux\\\/#breadcrumb\"},\"inLanguage\":\"fr-FR\",\"potentialAction\":[{\"@type\":\"ReadAction\",\"target\":[\"https:\\\/\\\/www.vetorino.com\\\/veterinaire\\\/marseille-13007\\\/boutique\\\/product\\\/litiere-absorbante-perlinette-cristaux\\\/\"]}]},{\"@type\":\"ImageObject\",\"inLanguage\":\"fr-FR\",\"@id\":\"https:\\\/\\\/www.vetorino.com\\\/veterinaire\\\/marseille-13007\\\/boutique\\\/product\\\/litiere-absorbante-perlinette-cristaux\\\/#primaryimage\",\"url\":\"https:\\\/\\\/www.vetorino.com\\\/boutique\\\/wp-content\\\/uploads\\\/2020\\\/06\\\/litiere-cristaux-chats.jpg\",\"contentUrl\":\"https:\\\/\\\/www.vetorino.com\\\/boutique\\\/wp-content\\\/uploads\\\/2020\\\/06\\\/litiere-cristaux-chats.jpg\",\"width\":458,\"height\":458},{\"@type\":\"BreadcrumbList\",\"@id\":\"https:\\\/\\\/www.vetorino.com\\\/veterinaire\\\/marseille-13007\\\/boutique\\\/product\\\/litiere-absorbante-perlinette-cristaux\\\/#breadcrumb\",\"itemListElement\":[{\"@type\":\"ListItem\",\"position\":1,\"name\":\"Accueil\",\"item\":\"https:\\\/\\\/www.vetorino.com\\\/boutique\\\/\"},{\"@type\":\"ListItem\",\"position\":2,\"name\":\"Produits\",\"item\":\"https:\\\/\\\/www.vetorino.com\\\/boutique\\\/\"},{\"@type\":\"ListItem\",\"position\":3,\"name\":\"Liti\u00e8re absorbante Perlinette Cristaux\"}]},{\"@type\":\"WebSite\",\"@id\":\"https:\\\/\\\/www.vetorino.com\\\/boutique\\\/#website\",\"url\":\"https:\\\/\\\/www.vetorino.com\\\/boutique\\\/\",\"name\":\"V\u00e9torino\",\"description\":\"\",\"publisher\":{\"@id\":\"https:\\\/\\\/www.vetorino.com\\\/boutique\\\/#organization\"},\"potentialAction\":[{\"@type\":\"SearchAction\",\"target\":{\"@type\":\"EntryPoint\",\"urlTemplate\":\"https:\\\/\\\/www.vetorino.com\\\/boutique\\\/?s={search_term_string}\"},\"query-input\":{\"@type\":\"PropertyValueSpecification\",\"valueRequired\":true,\"valueName\":\"search_term_string\"}}],\"inLanguage\":\"fr-FR\"},{\"@type\":\"Organization\",\"@id\":\"https:\\\/\\\/www.vetorino.com\\\/boutique\\\/#organization\",\"name\":\"V\u00e9torino\",\"url\":\"https:\\\/\\\/www.vetorino.com\\\/boutique\\\/\",\"logo\":{\"@type\":\"ImageObject\",\"inLanguage\":\"fr-FR\",\"@id\":\"https:\\\/\\\/www.vetorino.com\\\/boutique\\\/#\\\/schema\\\/logo\\\/image\\\/\",\"url\":\"https:\\\/\\\/www.vetorino.com\\\/boutique\\\/wp-content\\\/uploads\\\/2024\\\/10\\\/logo.jpg\",\"contentUrl\":\"https:\\\/\\\/www.vetorino.com\\\/boutique\\\/wp-content\\\/uploads\\\/2024\\\/10\\\/logo.jpg\",\"width\":1200,\"height\":610,\"caption\":\"V\u00e9torino\"},\"image\":{\"@id\":\"https:\\\/\\\/www.vetorino.com\\\/boutique\\\/#\\\/schema\\\/logo\\\/image\\\/\"},\"sameAs\":[\"https:\\\/\\\/www.facebook.com\\\/Vetorino\\\/\",\"https:\\\/\\\/www.instagram.com\\\/vetorino_off\\\/\",\"https:\\\/\\\/www.linkedin.com\\\/company\\\/vtorino\\\/\"]}]}<\/script>\n<meta property=\"product:brand\" content=\"Perlinette\" \/>\n<meta property=\"og:availability\" content=\"instock\" \/>\n<meta property=\"product:availability\" content=\"instock\" \/>\n<meta property=\"product:condition\" content=\"new\" \/>\n<!-- \/ Yoast SEO plugin. -->","yoast_head_json":{"title":"Liti\u00e8re absorbante Perlinette Cristaux Perlinette - V\u00e9torino","description":"Liti\u00e8re biod\u00e9gradable antistatique, en silica gel, con\u00e7ue sp\u00e9cialement pour les chats de tous \u00e2ges.","robots":{"index":"noindex","follow":"nofollow"},"og_locale":"fr_FR","og_type":"article","og_title":"Liti\u00e8re absorbante Perlinette Cristaux Perlinette - V\u00e9torino","og_description":"Liti\u00e8re biod\u00e9gradable antistatique, en silica gel, con\u00e7ue sp\u00e9cialement pour les chats de tous \u00e2ges.","og_url":"https:\/\/www.vetorino.com\/veterinaire\/issoudun-36100\/boutique\/product\/litiere-absorbante-perlinette-cristaux\/","og_site_name":"V\u00e9torino","article_publisher":"https:\/\/www.facebook.com\/Vetorino\/","article_modified_time":"2026-03-13T21:04:48+00:00","og_image":[{"width":458,"height":458,"url":"https:\/\/www.vetorino.com\/boutique\/wp-content\/uploads\/2020\/06\/litiere-cristaux-chats.jpg","type":"image\/jpeg"}],"twitter_card":"summary_large_image","twitter_misc":{"Disponibilit\u00e9":"En stock"},"schema":{"@context":"https:\/\/schema.org","@graph":[{"@type":"WebPage","@id":"https:\/\/www.vetorino.com\/veterinaire\/marseille-13007\/boutique\/product\/litiere-absorbante-perlinette-cristaux\/","url":"https:\/\/www.vetorino.com\/veterinaire\/marseille-13007\/boutique\/product\/litiere-absorbante-perlinette-cristaux\/","name":"Liti\u00e8re absorbante Perlinette Cristaux Perlinette - V\u00e9torino","isPartOf":{"@id":"https:\/\/www.vetorino.com\/boutique\/#website"},"primaryImageOfPage":{"@id":"https:\/\/www.vetorino.com\/veterinaire\/marseille-13007\/boutique\/product\/litiere-absorbante-perlinette-cristaux\/#primaryimage"},"image":{"@id":"https:\/\/www.vetorino.com\/veterinaire\/marseille-13007\/boutique\/product\/litiere-absorbante-perlinette-cristaux\/#primaryimage"},"thumbnailUrl":"https:\/\/www.vetorino.com\/boutique\/wp-content\/uploads\/2020\/06\/litiere-cristaux-chats.jpg","datePublished":"2020-06-29T23:29:04+00:00","dateModified":"2026-03-13T21:04:48+00:00","description":"Liti\u00e8re biod\u00e9gradable antistatique, en silica gel, con\u00e7ue sp\u00e9cialement pour les chats de tous \u00e2ges.","breadcrumb":{"@id":"https:\/\/www.vetorino.com\/veterinaire\/marseille-13007\/boutique\/product\/litiere-absorbante-perlinette-cristaux\/#breadcrumb"},"inLanguage":"fr-FR","potentialAction":[{"@type":"ReadAction","target":["https:\/\/www.vetorino.com\/veterinaire\/marseille-13007\/boutique\/product\/litiere-absorbante-perlinette-cristaux\/"]}]},{"@type":"ImageObject","inLanguage":"fr-FR","@id":"https:\/\/www.vetorino.com\/veterinaire\/marseille-13007\/boutique\/product\/litiere-absorbante-perlinette-cristaux\/#primaryimage","url":"https:\/\/www.vetorino.com\/boutique\/wp-content\/uploads\/2020\/06\/litiere-cristaux-chats.jpg","contentUrl":"https:\/\/www.vetorino.com\/boutique\/wp-content\/uploads\/2020\/06\/litiere-cristaux-chats.jpg","width":458,"height":458},{"@type":"BreadcrumbList","@id":"https:\/\/www.vetorino.com\/veterinaire\/marseille-13007\/boutique\/product\/litiere-absorbante-perlinette-cristaux\/#breadcrumb","itemListElement":[{"@type":"ListItem","position":1,"name":"Accueil","item":"https:\/\/www.vetorino.com\/boutique\/"},{"@type":"ListItem","position":2,"name":"Produits","item":"https:\/\/www.vetorino.com\/boutique\/"},{"@type":"ListItem","position":3,"name":"Liti\u00e8re absorbante Perlinette Cristaux"}]},{"@type":"WebSite","@id":"https:\/\/www.vetorino.com\/boutique\/#website","url":"https:\/\/www.vetorino.com\/boutique\/","name":"V\u00e9torino","description":"","publisher":{"@id":"https:\/\/www.vetorino.com\/boutique\/#organization"},"potentialAction":[{"@type":"SearchAction","target":{"@type":"EntryPoint","urlTemplate":"https:\/\/www.vetorino.com\/boutique\/?s={search_term_string}"},"query-input":{"@type":"PropertyValueSpecification","valueRequired":true,"valueName":"search_term_string"}}],"inLanguage":"fr-FR"},{"@type":"Organization","@id":"https:\/\/www.vetorino.com\/boutique\/#organization","name":"V\u00e9torino","url":"https:\/\/www.vetorino.com\/boutique\/","logo":{"@type":"ImageObject","inLanguage":"fr-FR","@id":"https:\/\/www.vetorino.com\/boutique\/#\/schema\/logo\/image\/","url":"https:\/\/www.vetorino.com\/boutique\/wp-content\/uploads\/2024\/10\/logo.jpg","contentUrl":"https:\/\/www.vetorino.com\/boutique\/wp-content\/uploads\/2024\/10\/logo.jpg","width":1200,"height":610,"caption":"V\u00e9torino"},"image":{"@id":"https:\/\/www.vetorino.com\/boutique\/#\/schema\/logo\/image\/"},"sameAs":["https:\/\/www.facebook.com\/Vetorino\/","https:\/\/www.instagram.com\/vetorino_off\/","https:\/\/www.linkedin.com\/company\/vtorino\/"]}]},"product_brand":"Perlinette","og_availability":"instock","product_availability":"instock","product_condition":"new"},"_links":{"self":[{"href":"https:\/\/www.vetorino.com\/veterinaire\/issoudun-36100\/boutique\/wp-json\/wp\/v2\/product\/99268","targetHints":{"allow":["GET"]}}],"collection":[{"href":"https:\/\/www.vetorino.com\/veterinaire\/issoudun-36100\/boutique\/wp-json\/wp\/v2\/product"}],"about":[{"href":"https:\/\/www.vetorino.com\/veterinaire\/issoudun-36100\/boutique\/wp-json\/wp\/v2\/types\/product"}],"wp:featuredmedia":[{"embeddable":true,"href":"https:\/\/www.vetorino.com\/veterinaire\/issoudun-36100\/boutique\/wp-json\/wp\/v2\/media\/156381"}],"wp:attachment":[{"href":"https:\/\/www.vetorino.com\/veterinaire\/issoudun-36100\/boutique\/wp-json\/wp\/v2\/media?parent=99268"}],"wp:term":[{"taxonomy":"product_cat","embeddable":true,"href":"https:\/\/www.vetorino.com\/veterinaire\/issoudun-36100\/boutique\/wp-json\/wp\/v2\/product_cat?post=99268"},{"taxonomy":"product_tag","embeddable":true,"href":"https:\/\/www.vetorino.com\/veterinaire\/issoudun-36100\/boutique\/wp-json\/wp\/v2\/product_tag?post=99268"}],"curies":[{"name":"wp","href":"https:\/\/api.w.org\/{rel}","templated":true}]}}