{"id":37890,"date":"2020-03-04T23:57:11","date_gmt":"2020-03-04T22:57:11","guid":{"rendered":"https:\/\/www.vetorino.com\/boutique\/product\/dermoscent-essential-mousse-chat\/"},"modified":"2025-01-31T16:42:48","modified_gmt":"2025-01-31T15:42:48","slug":"dermoscent-essential-mousse-chat","status":"publish","type":"product","link":"https:\/\/www.vetorino.com\/veterinaire\/landos-43340\/boutique\/product\/dermoscent-essential-mousse-chat\/","title":{"rendered":"Essential Mousse Chat"},"content":{"rendered":"<div class=\"hidden\">\n<p style=\"font-weight: 400\"><b><strong>Dermoscent\u00ae Essential Mousse\u00ae est un soin nettoyant protecteur sans rin\u00e7age \u00e0 base d\u2019actifs d\u2019origine naturelle. Nettoie, et prot\u00e8ge la barri\u00e8re cutan\u00e9e tout en hydratant la peau.<\/strong><\/b><\/p>\n<p style=\"font-weight: 400\"><b><strong>Utilisation :<\/strong><\/b><\/p>\n<ul style=\"font-weight: 400\">\n<li>Poil gras, sec, cassant, terne, pellicules, nettoyage localis\u00e9&#8230;<\/li>\n<li>\u00a0Pratique pour nettoyer facilement les animaux turbulents, convalescents (ex. post- chirurgical) ou r\u00e9fractaires \u00e0 l&#8217;eau et aux shampoings classiques.<\/li>\n<\/ul>\n<p style=\"font-weight: 400\"><b><strong>Mode d&#8217;emploi :<\/strong><\/b><\/p>\n<ul style=\"font-weight: 400\">\n<li>Agiter avant emploi. Remplir de mousse le creux de la main et appliquer directement sur l&#8217;animal.<\/li>\n<li>Masser doucement pour faire p\u00e9n\u00e9trer en \u00e9vitant les yeux et la truffe.<\/li>\n<li>Retirer les salissures \u00e0 l&#8217;aide d&#8217;une serviette s\u00e8che.<\/li>\n<\/ul>\n<p style=\"font-weight: 400\"><b><strong><br \/>\nAvantages :<\/strong><\/b><\/p>\n<ul style=\"font-weight: 400\">\n<li>Hydratante, sebo-r\u00e9gulatrice, anti-squame, d\u00e9sodorisante, r\u00e9ductrice de la perte excessive de poils et anti-radicalaire.<\/li>\n<li>D\u00e9sodorise, \u00e9limine les salissures, am\u00e9liore la brillance du poil, pr\u00e9serve l\u2019hydratation de la peau en renfor\u00e7ant le film hydrolipidique.<\/li>\n<\/ul>\n<\/div>\n","protected":false},"excerpt":{"rendered":"<p><b>Dermoscent\u00ae Essential Mousse\u00ae pour Chat est un soin nettoyant protecteur sans rin\u00e7age \u00e0 base d&#8217;actifs d&#8217;origine naturelle. Nettoie, et prot\u00e8ge la barri\u00e8re cutan\u00e9e tout en hydratant la peau. Pour tous types de peau et de poil m\u00eame les plus fragiles.<\/b><\/p>\n<p><strong>Utilisation :<\/strong><\/p>\n<ul>\n<li>Poil gras, sec, cassant, terne, pellicules, nettoyage localis\u00e9&#8230;<\/li>\n<li>Pratique pour nettoyer facilement les animaux turbulents, convalescents (ex. post- chirurgical) ou r\u00e9fractaires \u00e0 l&#8217;eau et aux shampoings classiques.<\/li>\n<\/ul>\n","protected":false},"featured_media":1194729,"template":"","meta":[],"product_cat":[2697,12611,12560],"product_tag":[],"class_list":{"0":"post-37890","1":"product","2":"type-product","3":"status-publish","4":"has-post-thumbnail","6":"product_cat-chat","7":"product_cat-hygiene-de-la-peau-et-du-pelage-du-chat","8":"product_cat-hygiene-du-chat","9":"pa_marque-dermoscent","11":"first","12":"instock","13":"taxable","14":"shipping-taxable","15":"purchasable","16":"product-type-simple"},"yoast_head":"<!-- This site is optimized with the Yoast SEO plugin v27.3 - https:\/\/yoast.com\/product\/yoast-seo-wordpress\/ -->\n<title>Essential Mousse Chat Dermoscent - V\u00e9torino<\/title>\n<meta name=\"description\" content=\"Dermoscent\u00ae Essential Mousse\u00ae pour Chat est un soin nettoyant protecteur sans rin\u00e7age \u00e0 base d&#039;actifs d&#039;origine naturelle. Nettoie, et prot\u00e8ge la barri\u00e8re cutan\u00e9e tout en hydratant la peau. Pour tous types de peau et de poil m\u00eame les plus fragiles.  Utilisation :   Poil gras, sec, cassant, terne, pellicules, nettoyage localis\u00e9...  Pratique pour nettoyer facilement les animaux turbulents, convalescents (ex. post- chirurgical) ou r\u00e9fractaires \u00e0 l&#039;eau et aux shampoings classiques.\" \/>\n<meta name=\"robots\" content=\"noindex, nofollow\" \/>\n<meta property=\"og:locale\" content=\"fr_FR\" \/>\n<meta property=\"og:type\" content=\"article\" \/>\n<meta property=\"og:title\" content=\"Essential Mousse Chat Dermoscent - V\u00e9torino\" \/>\n<meta property=\"og:description\" content=\"Dermoscent\u00ae Essential Mousse\u00ae pour Chat est un soin nettoyant protecteur sans rin\u00e7age \u00e0 base d&#039;actifs d&#039;origine naturelle. Nettoie, et prot\u00e8ge la barri\u00e8re cutan\u00e9e tout en hydratant la peau. Pour tous types de peau et de poil m\u00eame les plus fragiles.  Utilisation :   Poil gras, sec, cassant, terne, pellicules, nettoyage localis\u00e9...  Pratique pour nettoyer facilement les animaux turbulents, convalescents (ex. post- chirurgical) ou r\u00e9fractaires \u00e0 l&#039;eau et aux shampoings classiques.\" \/>\n<meta property=\"og:url\" content=\"https:\/\/www.vetorino.com\/veterinaire\/landos-43340\/boutique\/product\/dermoscent-essential-mousse-chat\/\" \/>\n<meta property=\"og:site_name\" content=\"V\u00e9torino\" \/>\n<meta property=\"article:publisher\" content=\"https:\/\/www.facebook.com\/Vetorino\/\" \/>\n<meta property=\"article:modified_time\" content=\"2025-01-31T15:42:48+00:00\" \/>\n<meta property=\"og:image\" content=\"https:\/\/www.vetorino.com\/boutique\/wp-content\/uploads\/2020\/03\/dermoscent-essential-mousse-chat.webp\" \/>\n\t<meta property=\"og:image:width\" content=\"458\" \/>\n\t<meta property=\"og:image:height\" content=\"458\" \/>\n\t<meta property=\"og:image:type\" content=\"image\/webp\" \/>\n<meta name=\"twitter:card\" content=\"summary_large_image\" \/>\n<meta name=\"twitter:label1\" content=\"Prix\" \/>\n\t<meta name=\"twitter:data1\" content=\"14,72&euro;\" \/>\n\t<meta name=\"twitter:label2\" content=\"Disponibilit\u00e9\" \/>\n\t<meta name=\"twitter:data2\" content=\"En stock\" \/>\n<script type=\"application\/ld+json\" class=\"yoast-schema-graph\">{\"@context\":\"https:\\\/\\\/schema.org\",\"@graph\":[{\"@type\":\"WebPage\",\"@id\":\"https:\\\/\\\/www.vetorino.com\\\/boutique\\\/product\\\/dermoscent-essential-mousse-chat\\\/\",\"url\":\"https:\\\/\\\/www.vetorino.com\\\/boutique\\\/product\\\/dermoscent-essential-mousse-chat\\\/\",\"name\":\"Essential Mousse Chat Dermoscent - V\u00e9torino\",\"isPartOf\":{\"@id\":\"https:\\\/\\\/www.vetorino.com\\\/boutique\\\/#website\"},\"primaryImageOfPage\":{\"@id\":\"https:\\\/\\\/www.vetorino.com\\\/boutique\\\/product\\\/dermoscent-essential-mousse-chat\\\/#primaryimage\"},\"image\":{\"@id\":\"https:\\\/\\\/www.vetorino.com\\\/boutique\\\/product\\\/dermoscent-essential-mousse-chat\\\/#primaryimage\"},\"thumbnailUrl\":\"https:\\\/\\\/www.vetorino.com\\\/boutique\\\/wp-content\\\/uploads\\\/2020\\\/03\\\/dermoscent-essential-mousse-chat.webp\",\"datePublished\":\"2020-03-04T22:57:11+00:00\",\"dateModified\":\"2025-01-31T15:42:48+00:00\",\"description\":\"Dermoscent\u00ae Essential Mousse\u00ae pour Chat est un soin nettoyant protecteur sans rin\u00e7age \u00e0 base d'actifs d'origine naturelle. Nettoie, et prot\u00e8ge la barri\u00e8re cutan\u00e9e tout en hydratant la peau. Pour tous types de peau et de poil m\u00eame les plus fragiles. Utilisation : Poil gras, sec, cassant, terne, pellicules, nettoyage localis\u00e9... Pratique pour nettoyer facilement les animaux turbulents, convalescents (ex. post- chirurgical) ou r\u00e9fractaires \u00e0 l'eau et aux shampoings classiques.\",\"breadcrumb\":{\"@id\":\"https:\\\/\\\/www.vetorino.com\\\/boutique\\\/product\\\/dermoscent-essential-mousse-chat\\\/#breadcrumb\"},\"inLanguage\":\"fr-FR\",\"potentialAction\":[{\"@type\":\"ReadAction\",\"target\":[\"https:\\\/\\\/www.vetorino.com\\\/boutique\\\/product\\\/dermoscent-essential-mousse-chat\\\/\"]}]},{\"@type\":\"ImageObject\",\"inLanguage\":\"fr-FR\",\"@id\":\"https:\\\/\\\/www.vetorino.com\\\/boutique\\\/product\\\/dermoscent-essential-mousse-chat\\\/#primaryimage\",\"url\":\"https:\\\/\\\/www.vetorino.com\\\/boutique\\\/wp-content\\\/uploads\\\/2020\\\/03\\\/dermoscent-essential-mousse-chat.webp\",\"contentUrl\":\"https:\\\/\\\/www.vetorino.com\\\/boutique\\\/wp-content\\\/uploads\\\/2020\\\/03\\\/dermoscent-essential-mousse-chat.webp\",\"width\":458,\"height\":458},{\"@type\":\"BreadcrumbList\",\"@id\":\"https:\\\/\\\/www.vetorino.com\\\/boutique\\\/product\\\/dermoscent-essential-mousse-chat\\\/#breadcrumb\",\"itemListElement\":[{\"@type\":\"ListItem\",\"position\":1,\"name\":\"Accueil\",\"item\":\"https:\\\/\\\/www.vetorino.com\\\/boutique\\\/\"},{\"@type\":\"ListItem\",\"position\":2,\"name\":\"Produits\",\"item\":\"https:\\\/\\\/www.vetorino.com\\\/boutique\\\/\"},{\"@type\":\"ListItem\",\"position\":3,\"name\":\"Essential Mousse Chat\"}]},{\"@type\":\"WebSite\",\"@id\":\"https:\\\/\\\/www.vetorino.com\\\/boutique\\\/#website\",\"url\":\"https:\\\/\\\/www.vetorino.com\\\/boutique\\\/\",\"name\":\"V\u00e9torino\",\"description\":\"\",\"publisher\":{\"@id\":\"https:\\\/\\\/www.vetorino.com\\\/boutique\\\/#organization\"},\"potentialAction\":[{\"@type\":\"SearchAction\",\"target\":{\"@type\":\"EntryPoint\",\"urlTemplate\":\"https:\\\/\\\/www.vetorino.com\\\/boutique\\\/?s={search_term_string}\"},\"query-input\":{\"@type\":\"PropertyValueSpecification\",\"valueRequired\":true,\"valueName\":\"search_term_string\"}}],\"inLanguage\":\"fr-FR\"},{\"@type\":\"Organization\",\"@id\":\"https:\\\/\\\/www.vetorino.com\\\/boutique\\\/#organization\",\"name\":\"V\u00e9torino\",\"url\":\"https:\\\/\\\/www.vetorino.com\\\/boutique\\\/\",\"logo\":{\"@type\":\"ImageObject\",\"inLanguage\":\"fr-FR\",\"@id\":\"https:\\\/\\\/www.vetorino.com\\\/boutique\\\/#\\\/schema\\\/logo\\\/image\\\/\",\"url\":\"https:\\\/\\\/www.vetorino.com\\\/boutique\\\/wp-content\\\/uploads\\\/2024\\\/10\\\/logo.jpg\",\"contentUrl\":\"https:\\\/\\\/www.vetorino.com\\\/boutique\\\/wp-content\\\/uploads\\\/2024\\\/10\\\/logo.jpg\",\"width\":1200,\"height\":610,\"caption\":\"V\u00e9torino\"},\"image\":{\"@id\":\"https:\\\/\\\/www.vetorino.com\\\/boutique\\\/#\\\/schema\\\/logo\\\/image\\\/\"},\"sameAs\":[\"https:\\\/\\\/www.facebook.com\\\/Vetorino\\\/\",\"https:\\\/\\\/www.instagram.com\\\/vetorino_off\\\/\",\"https:\\\/\\\/www.linkedin.com\\\/company\\\/vtorino\\\/\"]}]}<\/script>\n<meta property=\"product:brand\" content=\"Dermoscent\" \/>\n<meta property=\"product:price:amount\" content=\"14.72\" \/>\n<meta property=\"product:price:currency\" content=\"EUR\" \/>\n<meta property=\"og:availability\" content=\"instock\" \/>\n<meta property=\"product:availability\" content=\"instock\" \/>\n<meta property=\"product:retailer_item_id\" content=\"A-4393901\" \/>\n<meta property=\"product:condition\" content=\"new\" \/>\n<!-- \/ Yoast SEO plugin. -->","yoast_head_json":{"title":"Essential Mousse Chat Dermoscent - V\u00e9torino","description":"Dermoscent\u00ae Essential Mousse\u00ae pour Chat est un soin nettoyant protecteur sans rin\u00e7age \u00e0 base d'actifs d'origine naturelle. Nettoie, et prot\u00e8ge la barri\u00e8re cutan\u00e9e tout en hydratant la peau. Pour tous types de peau et de poil m\u00eame les plus fragiles.  Utilisation :   Poil gras, sec, cassant, terne, pellicules, nettoyage localis\u00e9...  Pratique pour nettoyer facilement les animaux turbulents, convalescents (ex. post- chirurgical) ou r\u00e9fractaires \u00e0 l'eau et aux shampoings classiques.","robots":{"index":"noindex","follow":"nofollow"},"og_locale":"fr_FR","og_type":"article","og_title":"Essential Mousse Chat Dermoscent - V\u00e9torino","og_description":"Dermoscent\u00ae Essential Mousse\u00ae pour Chat est un soin nettoyant protecteur sans rin\u00e7age \u00e0 base d'actifs d'origine naturelle. Nettoie, et prot\u00e8ge la barri\u00e8re cutan\u00e9e tout en hydratant la peau. Pour tous types de peau et de poil m\u00eame les plus fragiles.  Utilisation :   Poil gras, sec, cassant, terne, pellicules, nettoyage localis\u00e9...  Pratique pour nettoyer facilement les animaux turbulents, convalescents (ex. post- chirurgical) ou r\u00e9fractaires \u00e0 l'eau et aux shampoings classiques.","og_url":"https:\/\/www.vetorino.com\/veterinaire\/landos-43340\/boutique\/product\/dermoscent-essential-mousse-chat\/","og_site_name":"V\u00e9torino","article_publisher":"https:\/\/www.facebook.com\/Vetorino\/","article_modified_time":"2025-01-31T15:42:48+00:00","og_image":[{"width":458,"height":458,"url":"https:\/\/www.vetorino.com\/boutique\/wp-content\/uploads\/2020\/03\/dermoscent-essential-mousse-chat.webp","type":"image\/webp"}],"twitter_card":"summary_large_image","twitter_misc":{"Prix":"14,72&euro;","Disponibilit\u00e9":"En stock"},"schema":{"@context":"https:\/\/schema.org","@graph":[{"@type":"WebPage","@id":"https:\/\/www.vetorino.com\/boutique\/product\/dermoscent-essential-mousse-chat\/","url":"https:\/\/www.vetorino.com\/boutique\/product\/dermoscent-essential-mousse-chat\/","name":"Essential Mousse Chat Dermoscent - V\u00e9torino","isPartOf":{"@id":"https:\/\/www.vetorino.com\/boutique\/#website"},"primaryImageOfPage":{"@id":"https:\/\/www.vetorino.com\/boutique\/product\/dermoscent-essential-mousse-chat\/#primaryimage"},"image":{"@id":"https:\/\/www.vetorino.com\/boutique\/product\/dermoscent-essential-mousse-chat\/#primaryimage"},"thumbnailUrl":"https:\/\/www.vetorino.com\/boutique\/wp-content\/uploads\/2020\/03\/dermoscent-essential-mousse-chat.webp","datePublished":"2020-03-04T22:57:11+00:00","dateModified":"2025-01-31T15:42:48+00:00","description":"Dermoscent\u00ae Essential Mousse\u00ae pour Chat est un soin nettoyant protecteur sans rin\u00e7age \u00e0 base d'actifs d'origine naturelle. Nettoie, et prot\u00e8ge la barri\u00e8re cutan\u00e9e tout en hydratant la peau. Pour tous types de peau et de poil m\u00eame les plus fragiles. Utilisation : Poil gras, sec, cassant, terne, pellicules, nettoyage localis\u00e9... Pratique pour nettoyer facilement les animaux turbulents, convalescents (ex. post- chirurgical) ou r\u00e9fractaires \u00e0 l'eau et aux shampoings classiques.","breadcrumb":{"@id":"https:\/\/www.vetorino.com\/boutique\/product\/dermoscent-essential-mousse-chat\/#breadcrumb"},"inLanguage":"fr-FR","potentialAction":[{"@type":"ReadAction","target":["https:\/\/www.vetorino.com\/boutique\/product\/dermoscent-essential-mousse-chat\/"]}]},{"@type":"ImageObject","inLanguage":"fr-FR","@id":"https:\/\/www.vetorino.com\/boutique\/product\/dermoscent-essential-mousse-chat\/#primaryimage","url":"https:\/\/www.vetorino.com\/boutique\/wp-content\/uploads\/2020\/03\/dermoscent-essential-mousse-chat.webp","contentUrl":"https:\/\/www.vetorino.com\/boutique\/wp-content\/uploads\/2020\/03\/dermoscent-essential-mousse-chat.webp","width":458,"height":458},{"@type":"BreadcrumbList","@id":"https:\/\/www.vetorino.com\/boutique\/product\/dermoscent-essential-mousse-chat\/#breadcrumb","itemListElement":[{"@type":"ListItem","position":1,"name":"Accueil","item":"https:\/\/www.vetorino.com\/boutique\/"},{"@type":"ListItem","position":2,"name":"Produits","item":"https:\/\/www.vetorino.com\/boutique\/"},{"@type":"ListItem","position":3,"name":"Essential Mousse Chat"}]},{"@type":"WebSite","@id":"https:\/\/www.vetorino.com\/boutique\/#website","url":"https:\/\/www.vetorino.com\/boutique\/","name":"V\u00e9torino","description":"","publisher":{"@id":"https:\/\/www.vetorino.com\/boutique\/#organization"},"potentialAction":[{"@type":"SearchAction","target":{"@type":"EntryPoint","urlTemplate":"https:\/\/www.vetorino.com\/boutique\/?s={search_term_string}"},"query-input":{"@type":"PropertyValueSpecification","valueRequired":true,"valueName":"search_term_string"}}],"inLanguage":"fr-FR"},{"@type":"Organization","@id":"https:\/\/www.vetorino.com\/boutique\/#organization","name":"V\u00e9torino","url":"https:\/\/www.vetorino.com\/boutique\/","logo":{"@type":"ImageObject","inLanguage":"fr-FR","@id":"https:\/\/www.vetorino.com\/boutique\/#\/schema\/logo\/image\/","url":"https:\/\/www.vetorino.com\/boutique\/wp-content\/uploads\/2024\/10\/logo.jpg","contentUrl":"https:\/\/www.vetorino.com\/boutique\/wp-content\/uploads\/2024\/10\/logo.jpg","width":1200,"height":610,"caption":"V\u00e9torino"},"image":{"@id":"https:\/\/www.vetorino.com\/boutique\/#\/schema\/logo\/image\/"},"sameAs":["https:\/\/www.facebook.com\/Vetorino\/","https:\/\/www.instagram.com\/vetorino_off\/","https:\/\/www.linkedin.com\/company\/vtorino\/"]}]},"product_brand":"Dermoscent","product_price_amount":"14.72","product_price_currency":"EUR","og_availability":"instock","product_availability":"instock","product_retailer_item_id":"A-4393901","product_condition":"new"},"_links":{"self":[{"href":"https:\/\/www.vetorino.com\/veterinaire\/landos-43340\/boutique\/wp-json\/wp\/v2\/product\/37890","targetHints":{"allow":["GET"]}}],"collection":[{"href":"https:\/\/www.vetorino.com\/veterinaire\/landos-43340\/boutique\/wp-json\/wp\/v2\/product"}],"about":[{"href":"https:\/\/www.vetorino.com\/veterinaire\/landos-43340\/boutique\/wp-json\/wp\/v2\/types\/product"}],"wp:featuredmedia":[{"embeddable":true,"href":"https:\/\/www.vetorino.com\/veterinaire\/landos-43340\/boutique\/wp-json\/wp\/v2\/media\/1194729"}],"wp:attachment":[{"href":"https:\/\/www.vetorino.com\/veterinaire\/landos-43340\/boutique\/wp-json\/wp\/v2\/media?parent=37890"}],"wp:term":[{"taxonomy":"product_cat","embeddable":true,"href":"https:\/\/www.vetorino.com\/veterinaire\/landos-43340\/boutique\/wp-json\/wp\/v2\/product_cat?post=37890"},{"taxonomy":"product_tag","embeddable":true,"href":"https:\/\/www.vetorino.com\/veterinaire\/landos-43340\/boutique\/wp-json\/wp\/v2\/product_tag?post=37890"}],"curies":[{"name":"wp","href":"https:\/\/api.w.org\/{rel}","templated":true}]}}