{"id":508824,"date":"2022-11-18T20:33:55","date_gmt":"2022-11-18T19:33:55","guid":{"rendered":"https:\/\/www.vetorino.com\/boutique\/product\/oligovet-rumi\/"},"modified":"2025-07-22T10:06:35","modified_gmt":"2025-07-22T08:06:35","slug":"oligovet-rumi","status":"publish","type":"product","link":"https:\/\/www.vetorino.com\/veterinaire\/landos-43340\/boutique\/product\/oligovet-rumi\/","title":{"rendered":"Oligovet Rumi Poudre"},"content":{"rendered":"<p>OLIGOVET RUMI POUDRE <strong>soutient la fonction ruminale<\/strong> en stimulant <strong>la production de salive<\/strong> (et donc de bicarbonate pour r\u00e9guler le pH), <strong>les fermentations<\/strong> ainsi que<strong> la fragmentation du bolus alimentaire<\/strong>.<\/p>\n<p>Ses \u00e9l\u00e9ments innovants permettent \u00e9galement de <strong>soutenir la flore du rumen<\/strong>, <strong>la fonction h\u00e9patique<\/strong> et \u00e9galement d&#8217;apporter <strong>des \u00e9l\u00e9ments nutritifs et \u00e9nerg\u00e9tiques.<\/strong><\/p>\n","protected":false},"excerpt":{"rendered":"<p>OLIGOVET RUMI POUDRE <strong>soutient la fonction ruminale<\/strong> en stimulant <strong>la production de salive<\/strong> (et donc de bicarbonate pour r\u00e9guler le pH), <strong>les fermentations<\/strong> ainsi que<strong> la fragmentation du bolus alimentaire<\/strong>.<\/p>\n<p>Ses \u00e9l\u00e9ments innovants permettent \u00e9galement de <strong>soutenir la flore du rumen<\/strong>, <strong>la fonction h\u00e9patique<\/strong> et \u00e9galement d&#8217;apporter <strong>des \u00e9l\u00e9ments nutritifs et \u00e9nerg\u00e9tiques.<\/strong><\/p>\n","protected":false},"featured_media":1423657,"template":"","meta":[],"product_cat":[6864,6870],"product_tag":[],"class_list":{"0":"post-508824","1":"product","2":"type-product","3":"status-publish","4":"has-post-thumbnail","6":"product_cat-animaux-delevage","7":"product_cat-bovins","8":"pa_marque-vetalis","10":"first","11":"outofstock","12":"taxable","13":"shipping-taxable","14":"purchasable","15":"product-type-simple"},"yoast_head":"<!-- This site is optimized with the Yoast SEO plugin v27.3 - https:\/\/yoast.com\/product\/yoast-seo-wordpress\/ -->\n<title>Oligovet Rumi Poudre Vetalis - V\u00e9torino<\/title>\n<meta name=\"description\" content=\"OLIGOVET RUMI POUDRE soutient la fonction ruminale en stimulant la production de salive (et donc de bicarbonate pour r\u00e9guler le pH), les fermentations ainsi que la fragmentation du bolus alimentaire.  Ses \u00e9l\u00e9ments innovants permettent \u00e9galement de soutenir la flore du rumen, la fonction h\u00e9patique et \u00e9galement d&#039;apporter des \u00e9l\u00e9ments nutritifs et \u00e9nerg\u00e9tiques.\" \/>\n<meta name=\"robots\" content=\"noindex, nofollow\" \/>\n<meta property=\"og:locale\" content=\"fr_FR\" \/>\n<meta property=\"og:type\" content=\"article\" \/>\n<meta property=\"og:title\" content=\"Oligovet Rumi Poudre Vetalis - V\u00e9torino\" \/>\n<meta property=\"og:description\" content=\"OLIGOVET RUMI POUDRE soutient la fonction ruminale en stimulant la production de salive (et donc de bicarbonate pour r\u00e9guler le pH), les fermentations ainsi que la fragmentation du bolus alimentaire.  Ses \u00e9l\u00e9ments innovants permettent \u00e9galement de soutenir la flore du rumen, la fonction h\u00e9patique et \u00e9galement d&#039;apporter des \u00e9l\u00e9ments nutritifs et \u00e9nerg\u00e9tiques.\" \/>\n<meta property=\"og:url\" content=\"https:\/\/www.vetorino.com\/veterinaire\/landos-43340\/boutique\/product\/oligovet-rumi\/\" \/>\n<meta property=\"og:site_name\" content=\"V\u00e9torino\" \/>\n<meta property=\"article:publisher\" content=\"https:\/\/www.facebook.com\/Vetorino\/\" \/>\n<meta property=\"article:modified_time\" content=\"2025-07-22T08:06:35+00:00\" \/>\n<meta property=\"og:image\" content=\"https:\/\/www.vetorino.com\/boutique\/wp-content\/uploads\/2022\/11\/oligovet-rumi-poudre.jpg\" \/>\n\t<meta property=\"og:image:width\" content=\"1200\" \/>\n\t<meta property=\"og:image:height\" content=\"1200\" \/>\n\t<meta property=\"og:image:type\" content=\"image\/jpeg\" \/>\n<meta name=\"twitter:card\" content=\"summary_large_image\" \/>\n<meta name=\"twitter:label1\" content=\"Prix\" \/>\n\t<meta name=\"twitter:data1\" content=\"202,92&euro;\" \/>\n\t<meta name=\"twitter:label2\" content=\"Disponibilit\u00e9\" \/>\n\t<meta name=\"twitter:data2\" content=\"Rupture de stock\" \/>\n<script type=\"application\/ld+json\" class=\"yoast-schema-graph\">{\"@context\":\"https:\\\/\\\/schema.org\",\"@graph\":[{\"@type\":\"WebPage\",\"@id\":\"https:\\\/\\\/www.vetorino.com\\\/boutique\\\/product\\\/oligovet-rumi\\\/\",\"url\":\"https:\\\/\\\/www.vetorino.com\\\/boutique\\\/product\\\/oligovet-rumi\\\/\",\"name\":\"Oligovet Rumi Poudre Vetalis - V\u00e9torino\",\"isPartOf\":{\"@id\":\"https:\\\/\\\/www.vetorino.com\\\/boutique\\\/#website\"},\"primaryImageOfPage\":{\"@id\":\"https:\\\/\\\/www.vetorino.com\\\/boutique\\\/product\\\/oligovet-rumi\\\/#primaryimage\"},\"image\":{\"@id\":\"https:\\\/\\\/www.vetorino.com\\\/boutique\\\/product\\\/oligovet-rumi\\\/#primaryimage\"},\"thumbnailUrl\":\"https:\\\/\\\/www.vetorino.com\\\/boutique\\\/wp-content\\\/uploads\\\/2022\\\/11\\\/oligovet-rumi-poudre.jpg\",\"datePublished\":\"2022-11-18T19:33:55+00:00\",\"dateModified\":\"2025-07-22T08:06:35+00:00\",\"description\":\"OLIGOVET RUMI POUDRE soutient la fonction ruminale en stimulant la production de salive (et donc de bicarbonate pour r\u00e9guler le pH), les fermentations ainsi que la fragmentation du bolus alimentaire. Ses \u00e9l\u00e9ments innovants permettent \u00e9galement de soutenir la flore du rumen, la fonction h\u00e9patique et \u00e9galement d'apporter des \u00e9l\u00e9ments nutritifs et \u00e9nerg\u00e9tiques.\",\"breadcrumb\":{\"@id\":\"https:\\\/\\\/www.vetorino.com\\\/boutique\\\/product\\\/oligovet-rumi\\\/#breadcrumb\"},\"inLanguage\":\"fr-FR\",\"potentialAction\":[{\"@type\":\"ReadAction\",\"target\":[\"https:\\\/\\\/www.vetorino.com\\\/boutique\\\/product\\\/oligovet-rumi\\\/\"]}]},{\"@type\":\"ImageObject\",\"inLanguage\":\"fr-FR\",\"@id\":\"https:\\\/\\\/www.vetorino.com\\\/boutique\\\/product\\\/oligovet-rumi\\\/#primaryimage\",\"url\":\"https:\\\/\\\/www.vetorino.com\\\/boutique\\\/wp-content\\\/uploads\\\/2022\\\/11\\\/oligovet-rumi-poudre.jpg\",\"contentUrl\":\"https:\\\/\\\/www.vetorino.com\\\/boutique\\\/wp-content\\\/uploads\\\/2022\\\/11\\\/oligovet-rumi-poudre.jpg\",\"width\":1200,\"height\":1200},{\"@type\":\"BreadcrumbList\",\"@id\":\"https:\\\/\\\/www.vetorino.com\\\/boutique\\\/product\\\/oligovet-rumi\\\/#breadcrumb\",\"itemListElement\":[{\"@type\":\"ListItem\",\"position\":1,\"name\":\"Accueil\",\"item\":\"https:\\\/\\\/www.vetorino.com\\\/boutique\\\/\"},{\"@type\":\"ListItem\",\"position\":2,\"name\":\"Produits\",\"item\":\"https:\\\/\\\/www.vetorino.com\\\/boutique\\\/\"},{\"@type\":\"ListItem\",\"position\":3,\"name\":\"Oligovet Rumi Poudre\"}]},{\"@type\":\"WebSite\",\"@id\":\"https:\\\/\\\/www.vetorino.com\\\/boutique\\\/#website\",\"url\":\"https:\\\/\\\/www.vetorino.com\\\/boutique\\\/\",\"name\":\"V\u00e9torino\",\"description\":\"\",\"publisher\":{\"@id\":\"https:\\\/\\\/www.vetorino.com\\\/boutique\\\/#organization\"},\"potentialAction\":[{\"@type\":\"SearchAction\",\"target\":{\"@type\":\"EntryPoint\",\"urlTemplate\":\"https:\\\/\\\/www.vetorino.com\\\/boutique\\\/?s={search_term_string}\"},\"query-input\":{\"@type\":\"PropertyValueSpecification\",\"valueRequired\":true,\"valueName\":\"search_term_string\"}}],\"inLanguage\":\"fr-FR\"},{\"@type\":\"Organization\",\"@id\":\"https:\\\/\\\/www.vetorino.com\\\/boutique\\\/#organization\",\"name\":\"V\u00e9torino\",\"url\":\"https:\\\/\\\/www.vetorino.com\\\/boutique\\\/\",\"logo\":{\"@type\":\"ImageObject\",\"inLanguage\":\"fr-FR\",\"@id\":\"https:\\\/\\\/www.vetorino.com\\\/boutique\\\/#\\\/schema\\\/logo\\\/image\\\/\",\"url\":\"https:\\\/\\\/www.vetorino.com\\\/boutique\\\/wp-content\\\/uploads\\\/2024\\\/10\\\/logo.jpg\",\"contentUrl\":\"https:\\\/\\\/www.vetorino.com\\\/boutique\\\/wp-content\\\/uploads\\\/2024\\\/10\\\/logo.jpg\",\"width\":1200,\"height\":610,\"caption\":\"V\u00e9torino\"},\"image\":{\"@id\":\"https:\\\/\\\/www.vetorino.com\\\/boutique\\\/#\\\/schema\\\/logo\\\/image\\\/\"},\"sameAs\":[\"https:\\\/\\\/www.facebook.com\\\/Vetorino\\\/\",\"https:\\\/\\\/www.instagram.com\\\/vetorino_off\\\/\",\"https:\\\/\\\/www.linkedin.com\\\/company\\\/vtorino\\\/\"]}]}<\/script>\n<meta property=\"product:brand\" content=\"Vetalis\" \/>\n<meta property=\"product:price:amount\" content=\"202.92\" \/>\n<meta property=\"product:price:currency\" content=\"EUR\" \/>\n<meta property=\"og:availability\" content=\"out of stock\" \/>\n<meta property=\"product:availability\" content=\"out of stock\" \/>\n<meta property=\"product:retailer_item_id\" content=\"A-1861590\" \/>\n<meta property=\"product:condition\" content=\"new\" \/>\n<!-- \/ Yoast SEO plugin. -->","yoast_head_json":{"title":"Oligovet Rumi Poudre Vetalis - V\u00e9torino","description":"OLIGOVET RUMI POUDRE soutient la fonction ruminale en stimulant la production de salive (et donc de bicarbonate pour r\u00e9guler le pH), les fermentations ainsi que la fragmentation du bolus alimentaire.  Ses \u00e9l\u00e9ments innovants permettent \u00e9galement de soutenir la flore du rumen, la fonction h\u00e9patique et \u00e9galement d'apporter des \u00e9l\u00e9ments nutritifs et \u00e9nerg\u00e9tiques.","robots":{"index":"noindex","follow":"nofollow"},"og_locale":"fr_FR","og_type":"article","og_title":"Oligovet Rumi Poudre Vetalis - V\u00e9torino","og_description":"OLIGOVET RUMI POUDRE soutient la fonction ruminale en stimulant la production de salive (et donc de bicarbonate pour r\u00e9guler le pH), les fermentations ainsi que la fragmentation du bolus alimentaire.  Ses \u00e9l\u00e9ments innovants permettent \u00e9galement de soutenir la flore du rumen, la fonction h\u00e9patique et \u00e9galement d'apporter des \u00e9l\u00e9ments nutritifs et \u00e9nerg\u00e9tiques.","og_url":"https:\/\/www.vetorino.com\/veterinaire\/landos-43340\/boutique\/product\/oligovet-rumi\/","og_site_name":"V\u00e9torino","article_publisher":"https:\/\/www.facebook.com\/Vetorino\/","article_modified_time":"2025-07-22T08:06:35+00:00","og_image":[{"width":1200,"height":1200,"url":"https:\/\/www.vetorino.com\/boutique\/wp-content\/uploads\/2022\/11\/oligovet-rumi-poudre.jpg","type":"image\/jpeg"}],"twitter_card":"summary_large_image","twitter_misc":{"Prix":"202,92&euro;","Disponibilit\u00e9":"Rupture de stock"},"schema":{"@context":"https:\/\/schema.org","@graph":[{"@type":"WebPage","@id":"https:\/\/www.vetorino.com\/boutique\/product\/oligovet-rumi\/","url":"https:\/\/www.vetorino.com\/boutique\/product\/oligovet-rumi\/","name":"Oligovet Rumi Poudre Vetalis - V\u00e9torino","isPartOf":{"@id":"https:\/\/www.vetorino.com\/boutique\/#website"},"primaryImageOfPage":{"@id":"https:\/\/www.vetorino.com\/boutique\/product\/oligovet-rumi\/#primaryimage"},"image":{"@id":"https:\/\/www.vetorino.com\/boutique\/product\/oligovet-rumi\/#primaryimage"},"thumbnailUrl":"https:\/\/www.vetorino.com\/boutique\/wp-content\/uploads\/2022\/11\/oligovet-rumi-poudre.jpg","datePublished":"2022-11-18T19:33:55+00:00","dateModified":"2025-07-22T08:06:35+00:00","description":"OLIGOVET RUMI POUDRE soutient la fonction ruminale en stimulant la production de salive (et donc de bicarbonate pour r\u00e9guler le pH), les fermentations ainsi que la fragmentation du bolus alimentaire. Ses \u00e9l\u00e9ments innovants permettent \u00e9galement de soutenir la flore du rumen, la fonction h\u00e9patique et \u00e9galement d'apporter des \u00e9l\u00e9ments nutritifs et \u00e9nerg\u00e9tiques.","breadcrumb":{"@id":"https:\/\/www.vetorino.com\/boutique\/product\/oligovet-rumi\/#breadcrumb"},"inLanguage":"fr-FR","potentialAction":[{"@type":"ReadAction","target":["https:\/\/www.vetorino.com\/boutique\/product\/oligovet-rumi\/"]}]},{"@type":"ImageObject","inLanguage":"fr-FR","@id":"https:\/\/www.vetorino.com\/boutique\/product\/oligovet-rumi\/#primaryimage","url":"https:\/\/www.vetorino.com\/boutique\/wp-content\/uploads\/2022\/11\/oligovet-rumi-poudre.jpg","contentUrl":"https:\/\/www.vetorino.com\/boutique\/wp-content\/uploads\/2022\/11\/oligovet-rumi-poudre.jpg","width":1200,"height":1200},{"@type":"BreadcrumbList","@id":"https:\/\/www.vetorino.com\/boutique\/product\/oligovet-rumi\/#breadcrumb","itemListElement":[{"@type":"ListItem","position":1,"name":"Accueil","item":"https:\/\/www.vetorino.com\/boutique\/"},{"@type":"ListItem","position":2,"name":"Produits","item":"https:\/\/www.vetorino.com\/boutique\/"},{"@type":"ListItem","position":3,"name":"Oligovet Rumi Poudre"}]},{"@type":"WebSite","@id":"https:\/\/www.vetorino.com\/boutique\/#website","url":"https:\/\/www.vetorino.com\/boutique\/","name":"V\u00e9torino","description":"","publisher":{"@id":"https:\/\/www.vetorino.com\/boutique\/#organization"},"potentialAction":[{"@type":"SearchAction","target":{"@type":"EntryPoint","urlTemplate":"https:\/\/www.vetorino.com\/boutique\/?s={search_term_string}"},"query-input":{"@type":"PropertyValueSpecification","valueRequired":true,"valueName":"search_term_string"}}],"inLanguage":"fr-FR"},{"@type":"Organization","@id":"https:\/\/www.vetorino.com\/boutique\/#organization","name":"V\u00e9torino","url":"https:\/\/www.vetorino.com\/boutique\/","logo":{"@type":"ImageObject","inLanguage":"fr-FR","@id":"https:\/\/www.vetorino.com\/boutique\/#\/schema\/logo\/image\/","url":"https:\/\/www.vetorino.com\/boutique\/wp-content\/uploads\/2024\/10\/logo.jpg","contentUrl":"https:\/\/www.vetorino.com\/boutique\/wp-content\/uploads\/2024\/10\/logo.jpg","width":1200,"height":610,"caption":"V\u00e9torino"},"image":{"@id":"https:\/\/www.vetorino.com\/boutique\/#\/schema\/logo\/image\/"},"sameAs":["https:\/\/www.facebook.com\/Vetorino\/","https:\/\/www.instagram.com\/vetorino_off\/","https:\/\/www.linkedin.com\/company\/vtorino\/"]}]},"product_brand":"Vetalis","product_price_amount":"202.92","product_price_currency":"EUR","og_availability":"out of stock","product_availability":"out of stock","product_retailer_item_id":"A-1861590","product_condition":"new"},"_links":{"self":[{"href":"https:\/\/www.vetorino.com\/veterinaire\/landos-43340\/boutique\/wp-json\/wp\/v2\/product\/508824","targetHints":{"allow":["GET"]}}],"collection":[{"href":"https:\/\/www.vetorino.com\/veterinaire\/landos-43340\/boutique\/wp-json\/wp\/v2\/product"}],"about":[{"href":"https:\/\/www.vetorino.com\/veterinaire\/landos-43340\/boutique\/wp-json\/wp\/v2\/types\/product"}],"wp:featuredmedia":[{"embeddable":true,"href":"https:\/\/www.vetorino.com\/veterinaire\/landos-43340\/boutique\/wp-json\/wp\/v2\/media\/1423657"}],"wp:attachment":[{"href":"https:\/\/www.vetorino.com\/veterinaire\/landos-43340\/boutique\/wp-json\/wp\/v2\/media?parent=508824"}],"wp:term":[{"taxonomy":"product_cat","embeddable":true,"href":"https:\/\/www.vetorino.com\/veterinaire\/landos-43340\/boutique\/wp-json\/wp\/v2\/product_cat?post=508824"},{"taxonomy":"product_tag","embeddable":true,"href":"https:\/\/www.vetorino.com\/veterinaire\/landos-43340\/boutique\/wp-json\/wp\/v2\/product_tag?post=508824"}],"curies":[{"name":"wp","href":"https:\/\/api.w.org\/{rel}","templated":true}]}}