{"id":508876,"date":"2022-11-18T20:35:53","date_gmt":"2022-11-18T19:35:53","guid":{"rendered":"https:\/\/www.vetorino.com\/boutique\/product\/ultra-pure-shampooing\/"},"modified":"2024-06-17T15:39:11","modified_gmt":"2024-06-17T13:39:11","slug":"ultra-pure-shampooing","status":"publish","type":"product","link":"https:\/\/www.vetorino.com\/veterinaire\/landos-43340\/boutique\/product\/ultra-pure-shampooing\/","title":{"rendered":"Ultra pure shampooing"},"content":{"rendered":"<p><strong>Pourquoi choisir le shampooing Ultra Pure de chez Miloa ?<br \/>\n<\/strong><br \/>\nUltra Pure de chez Miloa est un shampooing doux qui purifie et apaise la peau sensible de votre animal gr\u00e2ce \u00e0 sa formule aux huiles essentielles. Il prot\u00e8ge la peau de votre compagnon.<\/p>\n<p>Les vertus des huiles essentielles ont d\u00e9montr\u00e9 leur activit\u00e9 puissante contre la surpopulation bact\u00e9rienne, les champignons et elles apaisent les d\u00e9mangeaisons et irritations.<\/p>\n<p>Ultra Pure permet d&#8217;apaiser les chiens ayant des probl\u00e8mes de peau, il deviendra vite un indispensable \u00e0 vos s\u00e9ances de toilettage.<\/p>\n<p><strong>Les plus de ce produit: :<\/strong><\/p>\n<ul>\n<li>Sans parab\u00e8ne<\/li>\n<li>Sans laureth sulfate<\/li>\n<li>Doux pour la peau<\/li>\n<li>95 % de composants naturels<\/li>\n<\/ul>\n","protected":false},"excerpt":{"rendered":"<p>Ultra pure de chez Miloa est un shampooing qui purifie et apaise, sa formule aux huiles essentielles permettra un nettoyage en douceur en particulier pour les animaux ayant des maladies de peau. Les vertus merveilleuses des huiles essentielles agissent efficacement contre la surpopulation bact\u00e9rienne, les champignons et apaisent les d\u00e9mangeaisons et irritations.<\/p>\n","protected":false},"featured_media":690980,"template":"","meta":[],"product_cat":[12573,2761,2697,2698,12611,12612,12560,12561],"product_tag":[],"class_list":{"0":"post-508876","1":"product","2":"type-product","3":"status-publish","4":"has-post-thumbnail","6":"product_cat-accessoire-pour-lhygiene-du-chien","7":"product_cat-accessoires-de-toilettage-pour-chat","8":"product_cat-chat","9":"product_cat-chien","10":"product_cat-hygiene-de-la-peau-et-du-pelage-du-chat","11":"product_cat-hygiene-de-la-peau-et-du-pelage-du-chien","12":"product_cat-hygiene-du-chat","13":"product_cat-hygiene-du-chien","14":"pa_marque-miloa","16":"first","17":"instock","18":"taxable","19":"shipping-taxable","20":"purchasable","21":"product-type-variable"},"yoast_head":"<!-- This site is optimized with the Yoast SEO plugin v27.3 - https:\/\/yoast.com\/product\/yoast-seo-wordpress\/ -->\n<title>Ultra pure shampooing Miloa - V\u00e9torino<\/title>\n<meta name=\"description\" content=\"Ultra pure de chez Miloa est un shampooing qui purifie et apaise, sa formule aux huiles essentielles permettra un nettoyage en douceur en particulier pour les animaux ayant des maladies de peau. Les vertus merveilleuses des huiles essentielles agissent efficacement contre la surpopulation bact\u00e9rienne, les champignons et apaisent les d\u00e9mangeaisons et irritations.\" \/>\n<meta name=\"robots\" content=\"noindex, nofollow\" \/>\n<meta property=\"og:locale\" content=\"fr_FR\" \/>\n<meta property=\"og:type\" content=\"article\" \/>\n<meta property=\"og:title\" content=\"Ultra pure shampooing Miloa - V\u00e9torino\" \/>\n<meta property=\"og:description\" content=\"Ultra pure de chez Miloa est un shampooing qui purifie et apaise, sa formule aux huiles essentielles permettra un nettoyage en douceur en particulier pour les animaux ayant des maladies de peau. Les vertus merveilleuses des huiles essentielles agissent efficacement contre la surpopulation bact\u00e9rienne, les champignons et apaisent les d\u00e9mangeaisons et irritations.\" \/>\n<meta property=\"og:url\" content=\"https:\/\/www.vetorino.com\/veterinaire\/landos-43340\/boutique\/product\/ultra-pure-shampooing\/\" \/>\n<meta property=\"og:site_name\" content=\"V\u00e9torino\" \/>\n<meta property=\"article:publisher\" content=\"https:\/\/www.facebook.com\/Vetorino\/\" \/>\n<meta property=\"article:modified_time\" content=\"2024-06-17T13:39:11+00:00\" \/>\n<meta property=\"og:image\" content=\"https:\/\/www.vetorino.com\/boutique\/wp-content\/uploads\/2022\/11\/miloa_ultra_pure.jpg\" \/>\n\t<meta property=\"og:image:width\" content=\"700\" \/>\n\t<meta property=\"og:image:height\" content=\"700\" \/>\n\t<meta property=\"og:image:type\" content=\"image\/jpeg\" \/>\n<meta name=\"twitter:card\" content=\"summary_large_image\" \/>\n<meta name=\"twitter:label1\" content=\"Disponibilit\u00e9\" \/>\n\t<meta name=\"twitter:data1\" content=\"En stock\" \/>\n<script type=\"application\/ld+json\" class=\"yoast-schema-graph\">{\"@context\":\"https:\\\/\\\/schema.org\",\"@graph\":[{\"@type\":\"WebPage\",\"@id\":\"https:\\\/\\\/www.vetorino.com\\\/boutique\\\/product\\\/ultra-pure-shampooing\\\/\",\"url\":\"https:\\\/\\\/www.vetorino.com\\\/boutique\\\/product\\\/ultra-pure-shampooing\\\/\",\"name\":\"Ultra pure shampooing Miloa - V\u00e9torino\",\"isPartOf\":{\"@id\":\"https:\\\/\\\/www.vetorino.com\\\/boutique\\\/#website\"},\"primaryImageOfPage\":{\"@id\":\"https:\\\/\\\/www.vetorino.com\\\/boutique\\\/product\\\/ultra-pure-shampooing\\\/#primaryimage\"},\"image\":{\"@id\":\"https:\\\/\\\/www.vetorino.com\\\/boutique\\\/product\\\/ultra-pure-shampooing\\\/#primaryimage\"},\"thumbnailUrl\":\"https:\\\/\\\/www.vetorino.com\\\/boutique\\\/wp-content\\\/uploads\\\/2022\\\/11\\\/miloa_ultra_pure.jpg\",\"datePublished\":\"2022-11-18T19:35:53+00:00\",\"dateModified\":\"2024-06-17T13:39:11+00:00\",\"description\":\"Ultra pure de chez Miloa est un shampooing qui purifie et apaise, sa formule aux huiles essentielles permettra un nettoyage en douceur en particulier pour les animaux ayant des maladies de peau. Les vertus merveilleuses des huiles essentielles agissent efficacement contre la surpopulation bact\u00e9rienne, les champignons et apaisent les d\u00e9mangeaisons et irritations.\",\"breadcrumb\":{\"@id\":\"https:\\\/\\\/www.vetorino.com\\\/boutique\\\/product\\\/ultra-pure-shampooing\\\/#breadcrumb\"},\"inLanguage\":\"fr-FR\",\"potentialAction\":[{\"@type\":\"ReadAction\",\"target\":[\"https:\\\/\\\/www.vetorino.com\\\/boutique\\\/product\\\/ultra-pure-shampooing\\\/\"]}]},{\"@type\":\"ImageObject\",\"inLanguage\":\"fr-FR\",\"@id\":\"https:\\\/\\\/www.vetorino.com\\\/boutique\\\/product\\\/ultra-pure-shampooing\\\/#primaryimage\",\"url\":\"https:\\\/\\\/www.vetorino.com\\\/boutique\\\/wp-content\\\/uploads\\\/2022\\\/11\\\/miloa_ultra_pure.jpg\",\"contentUrl\":\"https:\\\/\\\/www.vetorino.com\\\/boutique\\\/wp-content\\\/uploads\\\/2022\\\/11\\\/miloa_ultra_pure.jpg\",\"width\":700,\"height\":700},{\"@type\":\"BreadcrumbList\",\"@id\":\"https:\\\/\\\/www.vetorino.com\\\/boutique\\\/product\\\/ultra-pure-shampooing\\\/#breadcrumb\",\"itemListElement\":[{\"@type\":\"ListItem\",\"position\":1,\"name\":\"Accueil\",\"item\":\"https:\\\/\\\/www.vetorino.com\\\/boutique\\\/\"},{\"@type\":\"ListItem\",\"position\":2,\"name\":\"Produits\",\"item\":\"https:\\\/\\\/www.vetorino.com\\\/boutique\\\/\"},{\"@type\":\"ListItem\",\"position\":3,\"name\":\"Ultra pure shampooing\"}]},{\"@type\":\"WebSite\",\"@id\":\"https:\\\/\\\/www.vetorino.com\\\/boutique\\\/#website\",\"url\":\"https:\\\/\\\/www.vetorino.com\\\/boutique\\\/\",\"name\":\"V\u00e9torino\",\"description\":\"\",\"publisher\":{\"@id\":\"https:\\\/\\\/www.vetorino.com\\\/boutique\\\/#organization\"},\"potentialAction\":[{\"@type\":\"SearchAction\",\"target\":{\"@type\":\"EntryPoint\",\"urlTemplate\":\"https:\\\/\\\/www.vetorino.com\\\/boutique\\\/?s={search_term_string}\"},\"query-input\":{\"@type\":\"PropertyValueSpecification\",\"valueRequired\":true,\"valueName\":\"search_term_string\"}}],\"inLanguage\":\"fr-FR\"},{\"@type\":\"Organization\",\"@id\":\"https:\\\/\\\/www.vetorino.com\\\/boutique\\\/#organization\",\"name\":\"V\u00e9torino\",\"url\":\"https:\\\/\\\/www.vetorino.com\\\/boutique\\\/\",\"logo\":{\"@type\":\"ImageObject\",\"inLanguage\":\"fr-FR\",\"@id\":\"https:\\\/\\\/www.vetorino.com\\\/boutique\\\/#\\\/schema\\\/logo\\\/image\\\/\",\"url\":\"https:\\\/\\\/www.vetorino.com\\\/boutique\\\/wp-content\\\/uploads\\\/2024\\\/10\\\/logo.jpg\",\"contentUrl\":\"https:\\\/\\\/www.vetorino.com\\\/boutique\\\/wp-content\\\/uploads\\\/2024\\\/10\\\/logo.jpg\",\"width\":1200,\"height\":610,\"caption\":\"V\u00e9torino\"},\"image\":{\"@id\":\"https:\\\/\\\/www.vetorino.com\\\/boutique\\\/#\\\/schema\\\/logo\\\/image\\\/\"},\"sameAs\":[\"https:\\\/\\\/www.facebook.com\\\/Vetorino\\\/\",\"https:\\\/\\\/www.instagram.com\\\/vetorino_off\\\/\",\"https:\\\/\\\/www.linkedin.com\\\/company\\\/vtorino\\\/\"]}]}<\/script>\n<meta property=\"product:brand\" content=\"Miloa\" \/>\n<meta property=\"og:availability\" content=\"instock\" \/>\n<meta property=\"product:availability\" content=\"instock\" \/>\n<meta property=\"product:condition\" content=\"new\" \/>\n<!-- \/ Yoast SEO plugin. -->","yoast_head_json":{"title":"Ultra pure shampooing Miloa - V\u00e9torino","description":"Ultra pure de chez Miloa est un shampooing qui purifie et apaise, sa formule aux huiles essentielles permettra un nettoyage en douceur en particulier pour les animaux ayant des maladies de peau. Les vertus merveilleuses des huiles essentielles agissent efficacement contre la surpopulation bact\u00e9rienne, les champignons et apaisent les d\u00e9mangeaisons et irritations.","robots":{"index":"noindex","follow":"nofollow"},"og_locale":"fr_FR","og_type":"article","og_title":"Ultra pure shampooing Miloa - V\u00e9torino","og_description":"Ultra pure de chez Miloa est un shampooing qui purifie et apaise, sa formule aux huiles essentielles permettra un nettoyage en douceur en particulier pour les animaux ayant des maladies de peau. Les vertus merveilleuses des huiles essentielles agissent efficacement contre la surpopulation bact\u00e9rienne, les champignons et apaisent les d\u00e9mangeaisons et irritations.","og_url":"https:\/\/www.vetorino.com\/veterinaire\/landos-43340\/boutique\/product\/ultra-pure-shampooing\/","og_site_name":"V\u00e9torino","article_publisher":"https:\/\/www.facebook.com\/Vetorino\/","article_modified_time":"2024-06-17T13:39:11+00:00","og_image":[{"width":700,"height":700,"url":"https:\/\/www.vetorino.com\/boutique\/wp-content\/uploads\/2022\/11\/miloa_ultra_pure.jpg","type":"image\/jpeg"}],"twitter_card":"summary_large_image","twitter_misc":{"Disponibilit\u00e9":"En stock"},"schema":{"@context":"https:\/\/schema.org","@graph":[{"@type":"WebPage","@id":"https:\/\/www.vetorino.com\/boutique\/product\/ultra-pure-shampooing\/","url":"https:\/\/www.vetorino.com\/boutique\/product\/ultra-pure-shampooing\/","name":"Ultra pure shampooing Miloa - V\u00e9torino","isPartOf":{"@id":"https:\/\/www.vetorino.com\/boutique\/#website"},"primaryImageOfPage":{"@id":"https:\/\/www.vetorino.com\/boutique\/product\/ultra-pure-shampooing\/#primaryimage"},"image":{"@id":"https:\/\/www.vetorino.com\/boutique\/product\/ultra-pure-shampooing\/#primaryimage"},"thumbnailUrl":"https:\/\/www.vetorino.com\/boutique\/wp-content\/uploads\/2022\/11\/miloa_ultra_pure.jpg","datePublished":"2022-11-18T19:35:53+00:00","dateModified":"2024-06-17T13:39:11+00:00","description":"Ultra pure de chez Miloa est un shampooing qui purifie et apaise, sa formule aux huiles essentielles permettra un nettoyage en douceur en particulier pour les animaux ayant des maladies de peau. Les vertus merveilleuses des huiles essentielles agissent efficacement contre la surpopulation bact\u00e9rienne, les champignons et apaisent les d\u00e9mangeaisons et irritations.","breadcrumb":{"@id":"https:\/\/www.vetorino.com\/boutique\/product\/ultra-pure-shampooing\/#breadcrumb"},"inLanguage":"fr-FR","potentialAction":[{"@type":"ReadAction","target":["https:\/\/www.vetorino.com\/boutique\/product\/ultra-pure-shampooing\/"]}]},{"@type":"ImageObject","inLanguage":"fr-FR","@id":"https:\/\/www.vetorino.com\/boutique\/product\/ultra-pure-shampooing\/#primaryimage","url":"https:\/\/www.vetorino.com\/boutique\/wp-content\/uploads\/2022\/11\/miloa_ultra_pure.jpg","contentUrl":"https:\/\/www.vetorino.com\/boutique\/wp-content\/uploads\/2022\/11\/miloa_ultra_pure.jpg","width":700,"height":700},{"@type":"BreadcrumbList","@id":"https:\/\/www.vetorino.com\/boutique\/product\/ultra-pure-shampooing\/#breadcrumb","itemListElement":[{"@type":"ListItem","position":1,"name":"Accueil","item":"https:\/\/www.vetorino.com\/boutique\/"},{"@type":"ListItem","position":2,"name":"Produits","item":"https:\/\/www.vetorino.com\/boutique\/"},{"@type":"ListItem","position":3,"name":"Ultra pure shampooing"}]},{"@type":"WebSite","@id":"https:\/\/www.vetorino.com\/boutique\/#website","url":"https:\/\/www.vetorino.com\/boutique\/","name":"V\u00e9torino","description":"","publisher":{"@id":"https:\/\/www.vetorino.com\/boutique\/#organization"},"potentialAction":[{"@type":"SearchAction","target":{"@type":"EntryPoint","urlTemplate":"https:\/\/www.vetorino.com\/boutique\/?s={search_term_string}"},"query-input":{"@type":"PropertyValueSpecification","valueRequired":true,"valueName":"search_term_string"}}],"inLanguage":"fr-FR"},{"@type":"Organization","@id":"https:\/\/www.vetorino.com\/boutique\/#organization","name":"V\u00e9torino","url":"https:\/\/www.vetorino.com\/boutique\/","logo":{"@type":"ImageObject","inLanguage":"fr-FR","@id":"https:\/\/www.vetorino.com\/boutique\/#\/schema\/logo\/image\/","url":"https:\/\/www.vetorino.com\/boutique\/wp-content\/uploads\/2024\/10\/logo.jpg","contentUrl":"https:\/\/www.vetorino.com\/boutique\/wp-content\/uploads\/2024\/10\/logo.jpg","width":1200,"height":610,"caption":"V\u00e9torino"},"image":{"@id":"https:\/\/www.vetorino.com\/boutique\/#\/schema\/logo\/image\/"},"sameAs":["https:\/\/www.facebook.com\/Vetorino\/","https:\/\/www.instagram.com\/vetorino_off\/","https:\/\/www.linkedin.com\/company\/vtorino\/"]}]},"product_brand":"Miloa","og_availability":"instock","product_availability":"instock","product_condition":"new"},"_links":{"self":[{"href":"https:\/\/www.vetorino.com\/veterinaire\/landos-43340\/boutique\/wp-json\/wp\/v2\/product\/508876","targetHints":{"allow":["GET"]}}],"collection":[{"href":"https:\/\/www.vetorino.com\/veterinaire\/landos-43340\/boutique\/wp-json\/wp\/v2\/product"}],"about":[{"href":"https:\/\/www.vetorino.com\/veterinaire\/landos-43340\/boutique\/wp-json\/wp\/v2\/types\/product"}],"wp:featuredmedia":[{"embeddable":true,"href":"https:\/\/www.vetorino.com\/veterinaire\/landos-43340\/boutique\/wp-json\/wp\/v2\/media\/690980"}],"wp:attachment":[{"href":"https:\/\/www.vetorino.com\/veterinaire\/landos-43340\/boutique\/wp-json\/wp\/v2\/media?parent=508876"}],"wp:term":[{"taxonomy":"product_cat","embeddable":true,"href":"https:\/\/www.vetorino.com\/veterinaire\/landos-43340\/boutique\/wp-json\/wp\/v2\/product_cat?post=508876"},{"taxonomy":"product_tag","embeddable":true,"href":"https:\/\/www.vetorino.com\/veterinaire\/landos-43340\/boutique\/wp-json\/wp\/v2\/product_tag?post=508876"}],"curies":[{"name":"wp","href":"https:\/\/api.w.org\/{rel}","templated":true}]}}