{"id":794844,"date":"2024-01-04T10:42:23","date_gmt":"2024-01-04T09:42:23","guid":{"rendered":"https:\/\/www.vetorino.com\/boutique\/product\/weenect-xs-gps-tracker-chat\/"},"modified":"2024-01-05T17:40:40","modified_gmt":"2024-01-05T16:40:40","slug":"weenect-xs-gps-tracker-chat","status":"publish","type":"product","link":"https:\/\/www.vetorino.com\/veterinaire\/landos-43340\/boutique\/product\/weenect-xs-gps-tracker-chat\/","title":{"rendered":"GPS Weenect XS &#8211;  Collier GPS chat"},"content":{"rendered":"<p><strong>Suivez les aventures de votre chat depuis votre t\u00e9l\u00e9phone !<\/strong><\/p>\n<p><strong>HISTORIQUE DES POSITIONS <\/strong>&#8211; Revivez le trac\u00e9 de vos balades avec notre historique de localisation. Vous disposez \u00e9galement d&#8217;un suivi d&#8217;activit\u00e9 : vitesse moyenne, kilom\u00e8tres parcourus, temps pass\u00e9 \u00e0 jouer ou \u00e0 dormir. Une meilleure compr\u00e9hension de ses besoins.<\/p>\n<p><strong>ATTACHE UNIVERSELLE<\/strong> &#8211; Nos coques en silicone sont flexibles et peuvent s&#8217;adapter \u00e0 toutes les tailles de colliers ou harnais. Vous pouvez facilement ins\u00e9rer ou enlever le traceur de la coque sans pour autant lui enlever le collier du cou.<\/p>\n<p><strong>BATTERIE<\/strong> &#8211; La batterie dure jusqu&#8217;\u00e0 3 jours en utilisation quotidienne (cela peut d\u00e9pendre du temps pass\u00e9 en mouvement, de la force du signal GPS et du r\u00e9seau GSM). Elle se recharge en 2 heures.<\/p>\n<p><strong>ALERTE ANTI-FUGUE <\/strong>&#8211; Param\u00e9trez des zones de s\u00e9curit\u00e9 afin d&#8217;\u00eatre automatiquement pr\u00e9venu si votre\u00a0chat entre ou sort de ces zones. L&#8217;alerte s&#8217;affiche sur votre t\u00e9l\u00e9phone et vous pouvez r\u00e9agir rapidement.<\/p>\n<p><strong>GARANTIE\u00a0&#8211;<\/strong> le 1er GPS garanti \u00e0 vie.<\/p>\n<p><strong>ABONNEMENT REQUIS<\/strong> &#8211; Le traceur GPS est \u00e9quip\u00e9 d&#8217;une carte SIM (fournie). Il n\u00e9cessite donc un abonnement pour couvrir les frais de service. Les abonnements disponibles\u00a0sont : abonnement mensuel (engagement minimum de 3 mois), abonnement pr\u00e9pay\u00e9 1 an, abonnement pr\u00e9pay\u00e9 3 ans.<\/p>\n<p><strong>SUIVI GPS EN TEMPS R\u00c9EL <\/strong>&#8211; Le traceur GPS\u00a0envoie sa position en continu : mise \u00e0 jour de sa position toutes les secondes. Le suivi de la position est illimit\u00e9.<\/p>\n<p><strong>SANS LIMITE DE DISTANCE <\/strong>&#8211; Le traceur GPS fonctionne sans limite de distance. Suivez votre chien depuis votre t\u00e9l\u00e9phone (iPhone et Android) partout dans le monde (plus de 100 pays couverts).<\/p>\n<p><strong>CARTE SIM MULTI-RESEAUX <\/strong>&#8211; Carte SIM incluse dans le produit. Nous offrons la meilleure couverture r\u00e9seau du march\u00e9. Une bonne connexion r\u00e9seau (2G\/NB-loT\/LTE-M\/5G) est n\u00e9cessaire pour utiliser le traceur et obtenir les meilleures performances.<\/p>\n","protected":false},"excerpt":{"rendered":"<p>Le Weenect XS est \u00e9quip\u00e9 d\u2019un module GPS Thal\u00e8s qui lui donne acc\u00e8s \u00e0 toutes les constellations satellites existantes (GPS, Galileo, Beidou et Glonass) pour une pr\u00e9cision exceptionnelle.<br \/>\nEt parce qu\u2019en cas de perte d\u2019un chat il faut agir au plus vite, Weenect est le seul fabricant \u00e0 proposer une nouvelle position GPS toutes les secondes, en illimit\u00e9.<\/p>\n","protected":false},"featured_media":794846,"template":"","meta":[],"product_cat":[12548,2697],"product_tag":[],"class_list":{"0":"post-794844","1":"product","2":"type-product","3":"status-publish","4":"has-post-thumbnail","6":"product_cat-accessoire-du-chat","7":"product_cat-chat","8":"pa_marque-weenect","10":"first","11":"instock","12":"taxable","13":"shipping-taxable","14":"purchasable","15":"product-type-simple"},"yoast_head":"<!-- This site is optimized with the Yoast SEO plugin v27.3 - https:\/\/yoast.com\/product\/yoast-seo-wordpress\/ -->\n<title>GPS Weenect XS - Collier GPS chat Weenect - V\u00e9torino<\/title>\n<meta name=\"description\" content=\"Le Weenect XS est \u00e9quip\u00e9 d\u2019un module GPS Thal\u00e8s qui lui donne acc\u00e8s \u00e0 toutes les constellations satellites existantes (GPS, Galileo, Beidou et Glonass) pour une pr\u00e9cision exceptionnelle. Et parce qu\u2019en cas de perte d\u2019un chat il faut agir au plus vite, Weenect est le seul fabricant \u00e0 proposer une nouvelle position GPS toutes les secondes, en illimit\u00e9.\" \/>\n<meta name=\"robots\" content=\"noindex, nofollow\" \/>\n<meta property=\"og:locale\" content=\"fr_FR\" \/>\n<meta property=\"og:type\" content=\"article\" \/>\n<meta property=\"og:title\" content=\"GPS Weenect XS - Collier GPS chat Weenect - V\u00e9torino\" \/>\n<meta property=\"og:description\" content=\"Le Weenect XS est \u00e9quip\u00e9 d\u2019un module GPS Thal\u00e8s qui lui donne acc\u00e8s \u00e0 toutes les constellations satellites existantes (GPS, Galileo, Beidou et Glonass) pour une pr\u00e9cision exceptionnelle. Et parce qu\u2019en cas de perte d\u2019un chat il faut agir au plus vite, Weenect est le seul fabricant \u00e0 proposer une nouvelle position GPS toutes les secondes, en illimit\u00e9.\" \/>\n<meta property=\"og:url\" content=\"https:\/\/www.vetorino.com\/veterinaire\/landos-43340\/boutique\/product\/weenect-xs-gps-tracker-chat\/\" \/>\n<meta property=\"og:site_name\" content=\"V\u00e9torino\" \/>\n<meta property=\"article:publisher\" content=\"https:\/\/www.facebook.com\/Vetorino\/\" \/>\n<meta property=\"article:modified_time\" content=\"2024-01-05T16:40:40+00:00\" \/>\n<meta property=\"og:image\" content=\"https:\/\/www.vetorino.com\/boutique\/wp-content\/uploads\/2024\/01\/1149630-1.png\" \/>\n\t<meta property=\"og:image:width\" content=\"600\" \/>\n\t<meta property=\"og:image:height\" content=\"600\" \/>\n\t<meta property=\"og:image:type\" content=\"image\/png\" \/>\n<meta name=\"twitter:card\" content=\"summary_large_image\" \/>\n<meta name=\"twitter:label1\" content=\"Prix\" \/>\n\t<meta name=\"twitter:data1\" content=\"59,71&euro;\" \/>\n\t<meta name=\"twitter:label2\" content=\"Disponibilit\u00e9\" \/>\n\t<meta name=\"twitter:data2\" content=\"En stock\" \/>\n<script type=\"application\/ld+json\" class=\"yoast-schema-graph\">{\"@context\":\"https:\\\/\\\/schema.org\",\"@graph\":[{\"@type\":\"WebPage\",\"@id\":\"https:\\\/\\\/www.vetorino.com\\\/boutique\\\/product\\\/weenect-xs-gps-tracker-chat\\\/\",\"url\":\"https:\\\/\\\/www.vetorino.com\\\/boutique\\\/product\\\/weenect-xs-gps-tracker-chat\\\/\",\"name\":\"GPS Weenect XS - Collier GPS chat Weenect - V\u00e9torino\",\"isPartOf\":{\"@id\":\"https:\\\/\\\/www.vetorino.com\\\/boutique\\\/#website\"},\"primaryImageOfPage\":{\"@id\":\"https:\\\/\\\/www.vetorino.com\\\/boutique\\\/product\\\/weenect-xs-gps-tracker-chat\\\/#primaryimage\"},\"image\":{\"@id\":\"https:\\\/\\\/www.vetorino.com\\\/boutique\\\/product\\\/weenect-xs-gps-tracker-chat\\\/#primaryimage\"},\"thumbnailUrl\":\"https:\\\/\\\/www.vetorino.com\\\/boutique\\\/wp-content\\\/uploads\\\/2024\\\/01\\\/1149630-1.png\",\"datePublished\":\"2024-01-04T09:42:23+00:00\",\"dateModified\":\"2024-01-05T16:40:40+00:00\",\"description\":\"Le Weenect XS est \u00e9quip\u00e9 d\u2019un module GPS Thal\u00e8s qui lui donne acc\u00e8s \u00e0 toutes les constellations satellites existantes (GPS, Galileo, Beidou et Glonass) pour une pr\u00e9cision exceptionnelle. Et parce qu\u2019en cas de perte d\u2019un chat il faut agir au plus vite, Weenect est le seul fabricant \u00e0 proposer une nouvelle position GPS toutes les secondes, en illimit\u00e9.\",\"breadcrumb\":{\"@id\":\"https:\\\/\\\/www.vetorino.com\\\/boutique\\\/product\\\/weenect-xs-gps-tracker-chat\\\/#breadcrumb\"},\"inLanguage\":\"fr-FR\",\"potentialAction\":[{\"@type\":\"ReadAction\",\"target\":[\"https:\\\/\\\/www.vetorino.com\\\/boutique\\\/product\\\/weenect-xs-gps-tracker-chat\\\/\"]}]},{\"@type\":\"ImageObject\",\"inLanguage\":\"fr-FR\",\"@id\":\"https:\\\/\\\/www.vetorino.com\\\/boutique\\\/product\\\/weenect-xs-gps-tracker-chat\\\/#primaryimage\",\"url\":\"https:\\\/\\\/www.vetorino.com\\\/boutique\\\/wp-content\\\/uploads\\\/2024\\\/01\\\/1149630-1.png\",\"contentUrl\":\"https:\\\/\\\/www.vetorino.com\\\/boutique\\\/wp-content\\\/uploads\\\/2024\\\/01\\\/1149630-1.png\",\"width\":600,\"height\":600},{\"@type\":\"BreadcrumbList\",\"@id\":\"https:\\\/\\\/www.vetorino.com\\\/boutique\\\/product\\\/weenect-xs-gps-tracker-chat\\\/#breadcrumb\",\"itemListElement\":[{\"@type\":\"ListItem\",\"position\":1,\"name\":\"Accueil\",\"item\":\"https:\\\/\\\/www.vetorino.com\\\/boutique\\\/\"},{\"@type\":\"ListItem\",\"position\":2,\"name\":\"Produits\",\"item\":\"https:\\\/\\\/www.vetorino.com\\\/boutique\\\/\"},{\"@type\":\"ListItem\",\"position\":3,\"name\":\"GPS Weenect XS &#8211; Collier GPS chat\"}]},{\"@type\":\"WebSite\",\"@id\":\"https:\\\/\\\/www.vetorino.com\\\/boutique\\\/#website\",\"url\":\"https:\\\/\\\/www.vetorino.com\\\/boutique\\\/\",\"name\":\"V\u00e9torino\",\"description\":\"\",\"publisher\":{\"@id\":\"https:\\\/\\\/www.vetorino.com\\\/boutique\\\/#organization\"},\"potentialAction\":[{\"@type\":\"SearchAction\",\"target\":{\"@type\":\"EntryPoint\",\"urlTemplate\":\"https:\\\/\\\/www.vetorino.com\\\/boutique\\\/?s={search_term_string}\"},\"query-input\":{\"@type\":\"PropertyValueSpecification\",\"valueRequired\":true,\"valueName\":\"search_term_string\"}}],\"inLanguage\":\"fr-FR\"},{\"@type\":\"Organization\",\"@id\":\"https:\\\/\\\/www.vetorino.com\\\/boutique\\\/#organization\",\"name\":\"V\u00e9torino\",\"url\":\"https:\\\/\\\/www.vetorino.com\\\/boutique\\\/\",\"logo\":{\"@type\":\"ImageObject\",\"inLanguage\":\"fr-FR\",\"@id\":\"https:\\\/\\\/www.vetorino.com\\\/boutique\\\/#\\\/schema\\\/logo\\\/image\\\/\",\"url\":\"https:\\\/\\\/www.vetorino.com\\\/boutique\\\/wp-content\\\/uploads\\\/2024\\\/10\\\/logo.jpg\",\"contentUrl\":\"https:\\\/\\\/www.vetorino.com\\\/boutique\\\/wp-content\\\/uploads\\\/2024\\\/10\\\/logo.jpg\",\"width\":1200,\"height\":610,\"caption\":\"V\u00e9torino\"},\"image\":{\"@id\":\"https:\\\/\\\/www.vetorino.com\\\/boutique\\\/#\\\/schema\\\/logo\\\/image\\\/\"},\"sameAs\":[\"https:\\\/\\\/www.facebook.com\\\/Vetorino\\\/\",\"https:\\\/\\\/www.instagram.com\\\/vetorino_off\\\/\",\"https:\\\/\\\/www.linkedin.com\\\/company\\\/vtorino\\\/\"]}]}<\/script>\n<meta property=\"product:brand\" content=\"Weenect\" \/>\n<meta property=\"product:price:amount\" content=\"59.71\" \/>\n<meta property=\"product:price:currency\" content=\"EUR\" \/>\n<meta property=\"og:availability\" content=\"instock\" \/>\n<meta property=\"product:availability\" content=\"instock\" \/>\n<meta property=\"product:retailer_item_id\" content=\"A-1149630\" \/>\n<meta property=\"product:condition\" content=\"new\" \/>\n<!-- \/ Yoast SEO plugin. -->","yoast_head_json":{"title":"GPS Weenect XS - Collier GPS chat Weenect - V\u00e9torino","description":"Le Weenect XS est \u00e9quip\u00e9 d\u2019un module GPS Thal\u00e8s qui lui donne acc\u00e8s \u00e0 toutes les constellations satellites existantes (GPS, Galileo, Beidou et Glonass) pour une pr\u00e9cision exceptionnelle. Et parce qu\u2019en cas de perte d\u2019un chat il faut agir au plus vite, Weenect est le seul fabricant \u00e0 proposer une nouvelle position GPS toutes les secondes, en illimit\u00e9.","robots":{"index":"noindex","follow":"nofollow"},"og_locale":"fr_FR","og_type":"article","og_title":"GPS Weenect XS - Collier GPS chat Weenect - V\u00e9torino","og_description":"Le Weenect XS est \u00e9quip\u00e9 d\u2019un module GPS Thal\u00e8s qui lui donne acc\u00e8s \u00e0 toutes les constellations satellites existantes (GPS, Galileo, Beidou et Glonass) pour une pr\u00e9cision exceptionnelle. Et parce qu\u2019en cas de perte d\u2019un chat il faut agir au plus vite, Weenect est le seul fabricant \u00e0 proposer une nouvelle position GPS toutes les secondes, en illimit\u00e9.","og_url":"https:\/\/www.vetorino.com\/veterinaire\/landos-43340\/boutique\/product\/weenect-xs-gps-tracker-chat\/","og_site_name":"V\u00e9torino","article_publisher":"https:\/\/www.facebook.com\/Vetorino\/","article_modified_time":"2024-01-05T16:40:40+00:00","og_image":[{"width":600,"height":600,"url":"https:\/\/www.vetorino.com\/boutique\/wp-content\/uploads\/2024\/01\/1149630-1.png","type":"image\/png"}],"twitter_card":"summary_large_image","twitter_misc":{"Prix":"59,71&euro;","Disponibilit\u00e9":"En stock"},"schema":{"@context":"https:\/\/schema.org","@graph":[{"@type":"WebPage","@id":"https:\/\/www.vetorino.com\/boutique\/product\/weenect-xs-gps-tracker-chat\/","url":"https:\/\/www.vetorino.com\/boutique\/product\/weenect-xs-gps-tracker-chat\/","name":"GPS Weenect XS - Collier GPS chat Weenect - V\u00e9torino","isPartOf":{"@id":"https:\/\/www.vetorino.com\/boutique\/#website"},"primaryImageOfPage":{"@id":"https:\/\/www.vetorino.com\/boutique\/product\/weenect-xs-gps-tracker-chat\/#primaryimage"},"image":{"@id":"https:\/\/www.vetorino.com\/boutique\/product\/weenect-xs-gps-tracker-chat\/#primaryimage"},"thumbnailUrl":"https:\/\/www.vetorino.com\/boutique\/wp-content\/uploads\/2024\/01\/1149630-1.png","datePublished":"2024-01-04T09:42:23+00:00","dateModified":"2024-01-05T16:40:40+00:00","description":"Le Weenect XS est \u00e9quip\u00e9 d\u2019un module GPS Thal\u00e8s qui lui donne acc\u00e8s \u00e0 toutes les constellations satellites existantes (GPS, Galileo, Beidou et Glonass) pour une pr\u00e9cision exceptionnelle. Et parce qu\u2019en cas de perte d\u2019un chat il faut agir au plus vite, Weenect est le seul fabricant \u00e0 proposer une nouvelle position GPS toutes les secondes, en illimit\u00e9.","breadcrumb":{"@id":"https:\/\/www.vetorino.com\/boutique\/product\/weenect-xs-gps-tracker-chat\/#breadcrumb"},"inLanguage":"fr-FR","potentialAction":[{"@type":"ReadAction","target":["https:\/\/www.vetorino.com\/boutique\/product\/weenect-xs-gps-tracker-chat\/"]}]},{"@type":"ImageObject","inLanguage":"fr-FR","@id":"https:\/\/www.vetorino.com\/boutique\/product\/weenect-xs-gps-tracker-chat\/#primaryimage","url":"https:\/\/www.vetorino.com\/boutique\/wp-content\/uploads\/2024\/01\/1149630-1.png","contentUrl":"https:\/\/www.vetorino.com\/boutique\/wp-content\/uploads\/2024\/01\/1149630-1.png","width":600,"height":600},{"@type":"BreadcrumbList","@id":"https:\/\/www.vetorino.com\/boutique\/product\/weenect-xs-gps-tracker-chat\/#breadcrumb","itemListElement":[{"@type":"ListItem","position":1,"name":"Accueil","item":"https:\/\/www.vetorino.com\/boutique\/"},{"@type":"ListItem","position":2,"name":"Produits","item":"https:\/\/www.vetorino.com\/boutique\/"},{"@type":"ListItem","position":3,"name":"GPS Weenect XS &#8211; Collier GPS chat"}]},{"@type":"WebSite","@id":"https:\/\/www.vetorino.com\/boutique\/#website","url":"https:\/\/www.vetorino.com\/boutique\/","name":"V\u00e9torino","description":"","publisher":{"@id":"https:\/\/www.vetorino.com\/boutique\/#organization"},"potentialAction":[{"@type":"SearchAction","target":{"@type":"EntryPoint","urlTemplate":"https:\/\/www.vetorino.com\/boutique\/?s={search_term_string}"},"query-input":{"@type":"PropertyValueSpecification","valueRequired":true,"valueName":"search_term_string"}}],"inLanguage":"fr-FR"},{"@type":"Organization","@id":"https:\/\/www.vetorino.com\/boutique\/#organization","name":"V\u00e9torino","url":"https:\/\/www.vetorino.com\/boutique\/","logo":{"@type":"ImageObject","inLanguage":"fr-FR","@id":"https:\/\/www.vetorino.com\/boutique\/#\/schema\/logo\/image\/","url":"https:\/\/www.vetorino.com\/boutique\/wp-content\/uploads\/2024\/10\/logo.jpg","contentUrl":"https:\/\/www.vetorino.com\/boutique\/wp-content\/uploads\/2024\/10\/logo.jpg","width":1200,"height":610,"caption":"V\u00e9torino"},"image":{"@id":"https:\/\/www.vetorino.com\/boutique\/#\/schema\/logo\/image\/"},"sameAs":["https:\/\/www.facebook.com\/Vetorino\/","https:\/\/www.instagram.com\/vetorino_off\/","https:\/\/www.linkedin.com\/company\/vtorino\/"]}]},"product_brand":"Weenect","product_price_amount":"59.71","product_price_currency":"EUR","og_availability":"instock","product_availability":"instock","product_retailer_item_id":"A-1149630","product_condition":"new"},"_links":{"self":[{"href":"https:\/\/www.vetorino.com\/veterinaire\/landos-43340\/boutique\/wp-json\/wp\/v2\/product\/794844","targetHints":{"allow":["GET"]}}],"collection":[{"href":"https:\/\/www.vetorino.com\/veterinaire\/landos-43340\/boutique\/wp-json\/wp\/v2\/product"}],"about":[{"href":"https:\/\/www.vetorino.com\/veterinaire\/landos-43340\/boutique\/wp-json\/wp\/v2\/types\/product"}],"wp:featuredmedia":[{"embeddable":true,"href":"https:\/\/www.vetorino.com\/veterinaire\/landos-43340\/boutique\/wp-json\/wp\/v2\/media\/794846"}],"wp:attachment":[{"href":"https:\/\/www.vetorino.com\/veterinaire\/landos-43340\/boutique\/wp-json\/wp\/v2\/media?parent=794844"}],"wp:term":[{"taxonomy":"product_cat","embeddable":true,"href":"https:\/\/www.vetorino.com\/veterinaire\/landos-43340\/boutique\/wp-json\/wp\/v2\/product_cat?post=794844"},{"taxonomy":"product_tag","embeddable":true,"href":"https:\/\/www.vetorino.com\/veterinaire\/landos-43340\/boutique\/wp-json\/wp\/v2\/product_tag?post=794844"}],"curies":[{"name":"wp","href":"https:\/\/api.w.org\/{rel}","templated":true}]}}